This is the mail archive of the gcc-testresults@gcc.gnu.org mailing list for the GCC project.


Index Nav: [Date Index] [Subject Index] [Author Index] [Thread Index]
Message Nav: [Date Prev] [Date Next] [Thread Prev] [Thread Next]
Other format: [Raw text]

Results for 4.5.0 20100227 (experimental) [trunk revision 157109] (Debian 4.5-20100227-1) testsuite on x86_64-pc-linux-gnu


LAST_UPDATED: Sat Feb 27 17:16:58 UTC 2010 (revision 157109)

Target: x86_64-linux-gnu
gcc version 4.5.0 20100227 (experimental) [trunk revision 157109] (Debian 4.5-20100227-1) 
Native configuration is x86_64-pc-linux-gnu

		=== g++ tests ===


Running target unix
FAIL: g++.dg/graphite/pr42130.C execution test

		=== g++ Summary for unix ===

# of expected passes		22605
# of unexpected failures	1
# of expected failures		150
# of unsupported tests		303

Running target unix/-fstack-protector
FAIL: c-c++-common/dwarf2/vla1.c scan-assembler DW_AT_upper_bound
FAIL: g++.dg/graphite/pr42130.C execution test

		=== g++ Summary for unix/-fstack-protector ===

# of expected passes		22604
# of unexpected failures	2
# of expected failures		150
# of unsupported tests		303

Running target unix/-m32

		=== g++ Summary for unix/-m32 ===

# of expected passes		23003
# of expected failures		150
# of unsupported tests		113

		=== g++ Summary ===

# of expected passes		68212
# of unexpected failures	3
# of expected failures		450
# of unsupported tests		719
/scratch/packages/gcc/4.5/gcc-4.5-4.5-20100227/build/gcc/testsuite/g++/../../g++  version 4.5.0 20100227 (experimental) [trunk revision 157109] (Debian 4.5-20100227-1) 

		=== gcc tests ===


Running target unix
FAIL: gcc.dg/cpp/pragma-1.c reminder message (test for errors, line 9)
FAIL: gcc.dg/cpp/pragma-1.c (test for excess errors)
FAIL: gcc.dg/cpp/pragma-2.c reminder message (test for errors, line 13)
FAIL: gcc.dg/cpp/pragma-2.c (test for excess errors)
FAIL: gcc.dg/990506-0.c reminder message (test for errors, line 6)
FAIL: gcc.dg/990506-0.c (test for excess errors)
FAIL: gcc.dg/pr34668-1.c (internal compiler error)
FAIL: gcc.dg/pr34668-1.c (test for excess errors)
FAIL: gcc.dg/gomp/atomic-5.c (test for excess errors)
FAIL: gcc.dg/noncompile/20040629-1.c  -O0  (test for excess errors)
FAIL: gcc.dg/noncompile/20040629-1.c  -O1  (test for excess errors)
FAIL: gcc.dg/noncompile/20040629-1.c  -O2  (test for excess errors)
FAIL: gcc.dg/noncompile/20040629-1.c  -O3 -fomit-frame-pointer  (test for excess errors)
FAIL: gcc.dg/noncompile/20040629-1.c  -O3 -g  (test for excess errors)
FAIL: gcc.dg/noncompile/20040629-1.c  -Os  (test for excess errors)
FAIL: gcc.dg/noncompile/20040629-1.c  -O2 -flto  (test for excess errors)
FAIL: gcc.dg/noncompile/20040629-1.c  -O2 -fwhopr  (test for excess errors)

		=== gcc Summary for unix ===

# of expected passes		71107
# of unexpected failures	17
# of expected failures		180
# of unsupported tests		932

Running target unix/-fstack-protector
FAIL: gcc.dg/cpp/pragma-1.c reminder message (test for errors, line 9)
FAIL: gcc.dg/cpp/pragma-1.c (test for excess errors)
FAIL: gcc.dg/cpp/pragma-2.c reminder message (test for errors, line 13)
FAIL: gcc.dg/cpp/pragma-2.c (test for excess errors)
FAIL: c-c++-common/dwarf2/vla1.c scan-assembler DW_AT_upper_bound
FAIL: gcc.dg/990506-0.c reminder message (test for errors, line 6)
FAIL: gcc.dg/990506-0.c (test for excess errors)
FAIL: gcc.dg/pr34668-1.c (internal compiler error)
FAIL: gcc.dg/pr34668-1.c (test for excess errors)
FAIL: gcc.dg/gomp/atomic-5.c (test for excess errors)
FAIL: gcc.dg/noncompile/20040629-1.c  -O0  (test for excess errors)
FAIL: gcc.dg/noncompile/20040629-1.c  -O1  (test for excess errors)
FAIL: gcc.dg/noncompile/20040629-1.c  -O2  (test for excess errors)
FAIL: gcc.dg/noncompile/20040629-1.c  -O3 -fomit-frame-pointer  (test for excess errors)
FAIL: gcc.dg/noncompile/20040629-1.c  -O3 -g  (test for excess errors)
FAIL: gcc.dg/noncompile/20040629-1.c  -Os  (test for excess errors)
FAIL: gcc.dg/noncompile/20040629-1.c  -O2 -flto  (test for excess errors)
FAIL: gcc.dg/noncompile/20040629-1.c  -O2 -fwhopr  (test for excess errors)

		=== gcc Summary for unix/-fstack-protector ===

# of expected passes		71106
# of unexpected failures	18
# of expected failures		180
# of unsupported tests		932

Running target unix/-m32
FAIL: gcc.dg/cpp/pragma-1.c reminder message (test for errors, line 9)
FAIL: gcc.dg/cpp/pragma-1.c (test for excess errors)
FAIL: gcc.dg/cpp/pragma-2.c reminder message (test for errors, line 13)
FAIL: gcc.dg/cpp/pragma-2.c (test for excess errors)
FAIL: gcc.dg/990506-0.c reminder message (test for errors, line 6)
FAIL: gcc.dg/990506-0.c (test for excess errors)
FAIL: gcc.dg/pr34668-1.c (internal compiler error)
FAIL: gcc.dg/pr34668-1.c (test for excess errors)
FAIL: gcc.dg/gomp/atomic-5.c (test for excess errors)
FAIL: gcc.dg/noncompile/20040629-1.c  -O0  (test for excess errors)
FAIL: gcc.dg/noncompile/20040629-1.c  -O1  (test for excess errors)
FAIL: gcc.dg/noncompile/20040629-1.c  -O2  (test for excess errors)
FAIL: gcc.dg/noncompile/20040629-1.c  -O3 -fomit-frame-pointer  (test for excess errors)
FAIL: gcc.dg/noncompile/20040629-1.c  -O3 -g  (test for excess errors)
FAIL: gcc.dg/noncompile/20040629-1.c  -Os  (test for excess errors)
FAIL: gcc.dg/noncompile/20040629-1.c  -O2 -flto  (test for excess errors)
FAIL: gcc.dg/noncompile/20040629-1.c  -O2 -fwhopr  (test for excess errors)

		=== gcc Summary for unix/-m32 ===

# of expected passes		71574
# of unexpected failures	17
# of expected failures		181
# of unsupported tests		580

		=== gcc Summary ===

# of expected passes		213787
# of unexpected failures	52
# of expected failures		541
# of unsupported tests		2444
/scratch/packages/gcc/4.5/gcc-4.5-4.5-20100227/build/gcc/xgcc  version 4.5.0 20100227 (experimental) [trunk revision 157109] (Debian 4.5-20100227-1) 

		=== gfortran tests ===


Running target unix

		=== gfortran Summary for unix ===

# of expected passes		33866
# of expected failures		32
# of unsupported tests		67

Running target unix/-fstack-protector

		=== gfortran Summary for unix/-fstack-protector ===

# of expected passes		33866
# of expected failures		32
# of unsupported tests		67

Running target unix/-m32

		=== gfortran Summary for unix/-m32 ===

# of expected passes		33721
# of expected failures		32
# of unsupported tests		135

		=== gfortran Summary ===

# of expected passes		101453
# of expected failures		96
# of unsupported tests		269
/scratch/packages/gcc/4.5/gcc-4.5-4.5-20100227/build/gcc/testsuite/gfortran/../../gfortran  version 4.5.0 20100227 (experimental) [trunk revision 157109] (Debian 4.5-20100227-1) 

		=== obj-c++ tests ===


Running target unix
UNRESOLVED: obj-c++.dg/lookup-2.mm compilation failed to produce executable
UNRESOLVED: obj-c++.dg/try-catch-2.mm compilation failed to produce executable
UNRESOLVED: obj-c++.dg/try-catch-9.mm compilation failed to produce executable

		=== obj-c++ Summary for unix ===

# of expected passes		430
# of expected failures		18
# of unresolved testcases	3
# of unsupported tests		13

Running target unix/-fstack-protector
UNRESOLVED: obj-c++.dg/lookup-2.mm compilation failed to produce executable
UNRESOLVED: obj-c++.dg/try-catch-2.mm compilation failed to produce executable
UNRESOLVED: obj-c++.dg/try-catch-9.mm compilation failed to produce executable

		=== obj-c++ Summary for unix/-fstack-protector ===

# of expected passes		430
# of expected failures		18
# of unresolved testcases	3
# of unsupported tests		13

Running target unix/-m32
UNRESOLVED: obj-c++.dg/lookup-2.mm compilation failed to produce executable
UNRESOLVED: obj-c++.dg/try-catch-2.mm compilation failed to produce executable
UNRESOLVED: obj-c++.dg/try-catch-9.mm compilation failed to produce executable

		=== obj-c++ Summary for unix/-m32 ===

# of expected passes		438
# of expected failures		10
# of unresolved testcases	3
# of unsupported tests		13

		=== obj-c++ Summary ===

# of expected passes		1298
# of expected failures		46
# of unresolved testcases	9
# of unsupported tests		39
/scratch/packages/gcc/4.5/gcc-4.5-4.5-20100227/build/gcc/testsuite/obj-c++/../../g++  version 4.5.0 20100227 (experimental) [trunk revision 157109] (Debian 4.5-20100227-1) 

		=== objc tests ===


Running target unix
FAIL: objc.dg/private-1.m  (test for errors, line 37)
FAIL: objc.dg/private-1.m (test for excess errors)

		=== objc Summary for unix ===

# of expected passes		1865
# of unexpected failures	2
# of expected failures		15
# of unsupported tests		24

Running target unix/-fstack-protector
FAIL: objc.dg/private-1.m  (test for errors, line 37)
FAIL: objc.dg/private-1.m (test for excess errors)

		=== objc Summary for unix/-fstack-protector ===

# of expected passes		1865
# of unexpected failures	2
# of expected failures		15
# of unsupported tests		24

Running target unix/-m32
FAIL: objc.dg/private-1.m  (test for errors, line 37)
FAIL: objc.dg/private-1.m (test for excess errors)

		=== objc Summary for unix/-m32 ===

# of expected passes		1873
# of unexpected failures	2
# of expected failures		7
# of unsupported tests		24

		=== objc Summary ===

# of expected passes		5603
# of unexpected failures	6
# of expected failures		37
# of unsupported tests		72
/scratch/packages/gcc/4.5/gcc-4.5-4.5-20100227/build/gcc/xgcc  version 4.5.0 20100227 (experimental) [trunk revision 157109] (Debian 4.5-20100227-1) 

		=== libffi tests ===


Running target unix

		=== libffi Summary for unix ===

# of expected passes		1624
# of expected failures		10
# of unsupported tests		15

Running target unix/-fstack-protector

		=== libffi Summary for unix/-fstack-protector ===

# of expected passes		1624
# of expected failures		10
# of unsupported tests		15

Running target unix/-m32

		=== libffi Summary for unix/-m32 ===

# of expected passes		1624
# of expected failures		10
# of unsupported tests		15

		=== libffi Summary ===

# of expected passes		4872
# of expected failures		30
# of unsupported tests		45
		=== libgomp tests ===


Running target unix

		=== libgomp Summary for unix ===

# of expected passes		2504

Running target unix/-fstack-protector

		=== libgomp Summary for unix/-fstack-protector ===

# of expected passes		2504

Running target unix/-m32

		=== libgomp Summary for unix/-m32 ===

# of expected passes		2504

		=== libgomp Summary ===

# of expected passes		7512
		=== libjava tests ===


Running target unix

		=== libjava Summary for unix ===

# of expected passes		2574

Running target unix/-fstack-protector

		=== libjava Summary for unix/-fstack-protector ===

# of expected passes		2574

		=== libjava Summary ===

# of expected passes		5148
		=== libmudflap tests ===


Running target unix
FAIL: libmudflap.c/fail31-frag.c (-O3) output pattern test
FAIL: libmudflap.c/pass45-frag.c (-O3) execution test
FAIL: libmudflap.c/pass45-frag.c (-O3) output pattern test
FAIL: libmudflap.c/pass45-frag.c (-O3) execution test
FAIL: libmudflap.c/pass45-frag.c (-O3) output pattern test
FAIL: libmudflap.c++/pass41-frag.cxx execution test
FAIL: libmudflap.c++/pass41-frag.cxx (-static) execution test
FAIL: libmudflap.c++/pass41-frag.cxx ( -O) execution test
FAIL: libmudflap.c++/pass41-frag.cxx (-O2) execution test
FAIL: libmudflap.c++/pass41-frag.cxx (-O3) execution test

		=== libmudflap Summary for unix ===

# of expected passes		1884
# of unexpected failures	10

Running target unix/-fstack-protector
FAIL: libmudflap.c/fail31-frag.c (-O3) crash test
FAIL: libmudflap.c/fail31-frag.c (-O3) output pattern test
FAIL: libmudflap.c/pass45-frag.c (-O3) execution test
FAIL: libmudflap.c/pass45-frag.c (-O3) output pattern test
FAIL: libmudflap.c/pass45-frag.c (-O3) execution test
FAIL: libmudflap.c/pass45-frag.c (-O3) output pattern test
FAIL: libmudflap.c++/pass41-frag.cxx execution test
FAIL: libmudflap.c++/pass41-frag.cxx (-static) execution test
FAIL: libmudflap.c++/pass41-frag.cxx ( -O) execution test
FAIL: libmudflap.c++/pass41-frag.cxx (-O2) execution test
FAIL: libmudflap.c++/pass41-frag.cxx (-O3) execution test

		=== libmudflap Summary for unix/-fstack-protector ===

# of expected passes		1883
# of unexpected failures	11

Running target unix/-m32
FAIL: libmudflap.c/fail31-frag.c (-O3) output pattern test
FAIL: libmudflap.c/pass45-frag.c (-O3) execution test
FAIL: libmudflap.c/pass45-frag.c (-O3) output pattern test
FAIL: libmudflap.c/pass45-frag.c (-O3) execution test
FAIL: libmudflap.c/pass45-frag.c (-O3) output pattern test
FAIL: libmudflap.c++/pass41-frag.cxx execution test
FAIL: libmudflap.c++/pass41-frag.cxx (-static) execution test
FAIL: libmudflap.c++/pass41-frag.cxx ( -O) execution test
FAIL: libmudflap.c++/pass41-frag.cxx (-O2) execution test
FAIL: libmudflap.c++/pass41-frag.cxx (-O3) execution test

		=== libmudflap Summary for unix/-m32 ===

# of expected passes		1884
# of unexpected failures	10

		=== libmudflap Summary ===

# of expected passes		5651
# of unexpected failures	31
		=== libstdc++ tests ===


Running target unix

		=== libstdc++ Summary for unix ===

# of expected passes		6739
# of expected failures		95
# of unsupported tests		335

Running target unix/-fstack-protector

		=== libstdc++ Summary for unix/-fstack-protector ===

# of expected passes		6739
# of expected failures		95
# of unsupported tests		335

Running target unix/-m32

		=== libstdc++ Summary for unix/-m32 ===

# of expected passes		6739
# of expected failures		95
# of unsupported tests		335

		=== libstdc++ Summary ===

# of expected passes		20217
# of expected failures		285
# of unsupported tests		1005

Compiler version: 4.5.0 20100227 (experimental) [trunk revision 157109] (Debian 4.5-20100227-1) 
Platform: x86_64-pc-linux-gnu
configure flags: -v --with-pkgversion='Debian 4.5-20100227-1' --with-bugurl=file:///usr/share/doc/gcc-4.5/README.Bugs --enable-languages=c,c++,java,fortran,objc,obj-c++ --prefix=/usr --enable-shared --enable-multiarch --enable-linker-build-id --with-system-zlib --libexecdir=/usr/lib --without-included-gettext --enable-threads=posix --with-gxx-include-dir=/usr/include/c++/4.5 --program-suffix=-4.5 --enable-nls --enable-clocale=gnu --enable-libstdcxx-debug --enable-plugin --disable-browser-plugin --enable-java-awt=gtk --enable-gtk-cairo --with-java-home=/usr/lib/jvm/java-1.5.0-gcj-4.5/jre --enable-java-home --with-jvm-root-dir=/usr/lib/jvm/java-1.5.0-gcj-4.5 --with-jvm-jar-dir=/usr/lib/jvm-exports/java-1.5.0-gcj-4.5 --with-arch-directory=amd64 --with-ecj-jar=/usr/share/java/eclipse-ecj.jar --enable-objc-gc --with-arch-32=i486 --with-tune=generic --enable-checking=yes --build=x86_64-linux-gnu --host=x86_64-linux-gnu --target=x86_64-linux-gnu
BOOT_CFLAGS=


Build Dependencies:
Desired=Unknown/Install/Remove/Purge/Hold
| Status=Not/Inst/Cfg-files/Unpacked/Failed-cfg/Half-inst/trig-aWait/Trig-pend
|/ Err?=(none)/Reinst-required (Status,Err: uppercase=bad)
||/ Name                            Version                    Description
+++-===============================-==========================-==============================================
ii  binutils                        2.20-6                     The GNU assembler, linker and binary utilities
ii  g++-4.4                         4.4.3-3                    The GNU C++ compiler
ii  g++-4.4-multilib                4.4.3-3                    The GNU C++ compiler (multilib files)
ii  g++-multilib                    4:4.4.2-3                  The GNU C++ compiler (multilib files)
ii  libc6                           2.10.2-6                   Embedded GNU C Library: Shared libraries
ii  libcloog-ppl-dev                0.15.8-1                   the Chunky Loop Generator (development files)
ii  libgmp3-dev                     2:4.3.2+dfsg-1             Multiprecision arithmetic library developers t
ii  libmpc-dev                      0.8.1-1                    multiple precision complex floating-point libr
ii  libmpfr-dev                     2.4.2-3                    multiple precision floating-point computation 
ii  libppl0.10-dev                  0.10.2-4                   Parma Polyhedra Library (development)


rename-info-files:
  Allow transformations on info file names. Reference the
  transformed info file names in the texinfo files.

gcc-textdomain:
  Set gettext's domain and textdomain to the versioned package name.

gcc-driver-extra-langs:
  Add options and specs for languages that are not built from a source
  (but built from separate sources).

gcc-hash-style-both:
  Link using --hash-style=both (alpha, amd64, ia64, i386, powerpc, ppc64, s390, sparc)

libstdc++-pic:
  Build and install libstdc++_pic.a library.

libstdc++-doclink:
  adjust hrefs to point to the local documentation

libstdc++-man-3cxx:
  Install libstdc++ man pages with suffix .3cxx instead of .3

libjava-stacktrace:
  libgcj: Lookup source file name and line number in separated
  debug files found in /usr/lib/debug

libjava-subdir:
  - Set the libjava sublibdir to /usr/lib/gcj-4.5
  - Set the default libgcj database dir to /var/lib/gcj-4.5

libjava-jnipath:
  - Add /usr/lib/jni to java.library.path.
  - When running the i386 binaries on amd64, look in
  - /usr/lib32/gcj-x.y and /usr/lib32/jni instead.

libjava-sjlj:
  Don't try to use _Unwind_Backtrace on SJLJ targets.
  See bug #387875, #388505, GCC PR 29206.

libjava-disable-plugin:
  Don't build the gcjwebplugin, even when configured with --enable-plugin

alpha-no-ev4-directive:
  never emit .ev4 directive.

boehm-gc-getnprocs:
  boehm-gc/pthread_support.c (GC_get_nprocs): Use sysconf as fallback.

note-gnu-stack:
  Add .note.GNU-stack sections for gcc's crt files, libffi and boehm-gc
  Taken from FC.

m68k-allow-gnu99:
  patch to allow gnu99 mode on m68k

libgomp-omp_h-multilib:
  Fix up omp.h for multilibs.

sparc-force-cpu:
  On sparc default to ultrasparc (v9a) in 32bit mode

pr40521-revert-workaround:
  Revert the dwarf2cfi_asm workaround, obsoleted by PR debug/40521.

pr41848:
  Fix PR objc/41848 - workaround ObjC and -fsection-anchors.

libstdc++-nothumb-check:
  Don't run the libstdc++-v3 testsuite in thumb mode on armel

gcc-ice-hack:
  Retry the build on an ice, save the calling options and preprocessed
  source when the ice is reproducible.

gcc-ice-apport:
  Report an ICE to apport (if apport is available
  and the environment variable GCC_NOAPPORT is not set)

libjava-disable-static:
  Disable building the static libjava.

libjava-fixed-symlinks:
  Remove unneed '..' elements from symlinks in JAVA_HOME

libstdc++-arm-wno-abi:
  Temporary work around:
  On arm-linux-gnueabi run the libstdc++v3 testsuite with -Wno-abi

gcc-using-ld-and-gold:
  Allow using both GNU ld and gold with LTO
  
  The following pat^Whack allows switching between GNU ld and gold for
  LTO.  -fuse-linker-plugin will select gold (with a hardcoded path,
  avoiding collect2 and thus breaking -frepo) for linking while
  without that option the standard system linker will be used.

gcc-arch-64bit:

ada-mips:
  Improve support for mips.

arm-unbreak-eabi-armv4t:
  Fix armv4t build on ARM

gcc-multiarch:
  Add multiarch support to GCC.
  
  Convert the multilib option to a target triplet,
  add multiarch include directories and libraries path:
  	/usr/local/include/<arch>-linux-gnu
  	/usr/include/<arch>-linux-gnu
  	/usr/lib/<arch>-linux-gnu
  to the system paths.

libjava-nobiarch-check:
  For biarch builds, disable the testsuite for the non-default architecture
  for runtime libraries, which are not built by default (libjava).

config-ml:
  disable some biarch libraries for biarch builds

gcc-multilib64dir:
  Use lib instead of lib64 as multilibdir on amd64 and ppc64.

Counting all warnings,
there are 0 warnings in stage3 of this bootstrap.

Number of warnings per file:

Number of warning types:


Index Nav: [Date Index] [Subject Index] [Author Index] [Thread Index]
Message Nav: [Date Prev] [Date Next] [Thread Prev] [Thread Next]