This is the mail archive of the gcc-testresults@gcc.gnu.org mailing list for the GCC project.


Index Nav: [Date Index] [Subject Index] [Author Index] [Thread Index]
Message Nav: [Date Prev] [Date Next] [Thread Prev] [Thread Next]
Other format: [Raw text]

Results for 4.4.3 (Debian 4.4.3-3) testsuite on hppa-unknown-linux-gnu


LAST_UPDATED: Obtained from SVN: tags/gcc_4_4_3_release revision 156151

Target: hppa-linux-gnu
gcc version 4.4.3 (Debian 4.4.3-3) 
Native configuration is hppa-unknown-linux-gnu

		=== g++ tests ===


Running target unix
		=== gcc tests ===


Running target unix
FAIL: gcc.c-torture/compile/pr42559.c  -O1  (internal compiler error)
FAIL: gcc.c-torture/compile/pr42559.c  -O1  (test for excess errors)
FAIL: gcc.c-torture/compile/pr42559.c  -O2  (internal compiler error)
FAIL: gcc.c-torture/compile/pr42559.c  -O2  (test for excess errors)
FAIL: gcc.c-torture/compile/pr42559.c  -O3 -fomit-frame-pointer  (internal compiler error)
FAIL: gcc.c-torture/compile/pr42559.c  -O3 -fomit-frame-pointer  (test for excess errors)
FAIL: gcc.c-torture/compile/pr42559.c  -O3 -g  (internal compiler error)
FAIL: gcc.c-torture/compile/pr42559.c  -O3 -g  (test for excess errors)
FAIL: gcc.c-torture/compile/pr42559.c  -Os  (internal compiler error)
FAIL: gcc.c-torture/compile/pr42559.c  -Os  (test for excess errors)
FAIL: gcc.dg/debug/dwarf2/inline2.c scan-assembler-times \\(DIE \\(.*?\\) DW_TAG_inlined_subroutine 6
FAIL: gcc.dg/debug/dwarf2/inline2.c scan-assembler-times \\(DIE \\(.*?\\) DW_TAG_lexical_block 6
XPASS: gcc.dg/tree-ssa/loop-1.c scan-assembler-times foo 5

		=== gcc Summary ===

# of expected passes		50491
# of unexpected failures	12
# of unexpected successes	1
# of expected failures		116
# of unsupported tests		538
/build/buildd-gcc-4.4_4.4.3-3-hppa-yyAE7t/gcc-4.4-4.4.3/build/gcc/xgcc  version 4.4.3 (Debian 4.4.3-3) 

		=== gfortran tests ===


Running target unix
FAIL: gfortran.dg/pr41928.f90  -O  (internal compiler error)
FAIL: gfortran.dg/pr41928.f90  -O  (test for excess errors)
		=== obj-c++ tests ===


Running target unix
XPASS: obj-c++.dg/comp-types-10.mm (test for excess errors)
UNRESOLVED: obj-c++.dg/lookup-2.mm compilation failed to produce executable
UNRESOLVED: obj-c++.dg/try-catch-2.mm compilation failed to produce executable
UNRESOLVED: obj-c++.dg/try-catch-9.mm compilation failed to produce executable

		=== obj-c++ Summary ===

# of expected passes		436
# of unexpected successes	1
# of expected failures		9
# of unresolved testcases	3
# of unsupported tests		13
/build/buildd-gcc-4.4_4.4.3-3-hppa-yyAE7t/gcc-4.4-4.4.3/build/gcc/testsuite/obj-c++/../../g++  version 4.4.3 (Debian 4.4.3-3) 

		=== objc tests ===


Running target unix

		=== objc Summary ===

# of expected passes		1866
# of expected failures		15
# of unsupported tests		24
/build/buildd-gcc-4.4_4.4.3-3-hppa-yyAE7t/gcc-4.4-4.4.3/build/gcc/xgcc  version 4.4.3 (Debian 4.4.3-3) 

		=== libgomp tests ===


Running target unix
FAIL: libgomp.c/omp-loop03.c execution test
FAIL: libgomp.c++/loop-3.C  -O  execution test

		=== libgomp Summary ===

# of expected passes		2424
# of unexpected failures	2
# of unsupported tests		7
		=== libmudflap tests ===


Running target unix
FAIL: libmudflap.c++/pass41-frag.cxx execution test
FAIL: libmudflap.c++/pass41-frag.cxx (-static) execution test
FAIL: libmudflap.c++/pass41-frag.cxx ( -O) execution test
FAIL: libmudflap.c++/pass41-frag.cxx (-O2) execution test
FAIL: libmudflap.c++/pass41-frag.cxx (-O3) execution test
WARNING: program timed out.
		=== libstdc++ tests ===


Running target unix
FAIL: abi_check
FAIL: 29_atomics/atomic_flag/clear/1.c execution test
FAIL: 29_atomics/atomic_flag/test_and_set/explicit.c execution test

		=== libstdc++ Summary ===

# of expected passes		5880
# of unexpected failures	3
# of expected failures		80
# of unsupported tests		331

Compiler version: 4.4.3 (Debian 4.4.3-3) 
Platform: hppa-unknown-linux-gnu
configure flags: -v --with-pkgversion='Debian 4.4.3-3' --with-bugurl=file:///usr/share/doc/gcc-4.4/README.Bugs --enable-languages=c,c++,fortran,objc,obj-c++ --prefix=/usr --enable-shared --enable-multiarch --enable-linker-build-id --with-system-zlib --libexecdir=/usr/lib --without-included-gettext --enable-threads=posix --with-gxx-include-dir=/usr/include/c++/4.4 --program-suffix=-4.4 --enable-nls --enable-clocale=gnu --enable-libstdcxx-debug --disable-libssp --enable-objc-gc --disable-libstdcxx-pch --enable-checking=release --build=hppa-linux-gnu --host=hppa-linux-gnu --target=hppa-linux-gnu
BOOT_CFLAGS=


Build Dependencies:
Desired=Unknown/Install/Remove/Purge/Hold
| Status=Not/Inst/Cfg-files/Unpacked/Failed-cfg/Half-inst/trig-aWait/Trig-pend
|/ Err?=(none)/Reinst-required (Status,Err: uppercase=bad)
||/ Name                                             Version                Description
+++-================================================-======================-==============================================
ii  binutils                                         2.20-6                 The GNU assembler, linker and binary utilities
pi  binutils-hppa64                                  2.20-6                 The GNU assembler, linker and binary utilities
ii  g++-4.4                                          4.4.3-2                The GNU C++ compiler
ii  libc6                                            2.10.2-6               Embedded GNU C Library: Shared libraries
pi  libcloog-ppl-dev                                 0.15.8-1               the Chunky Loop Generator (development files)
pi  libgmp3-dev                                      2:4.3.2+dfsg-1         Multiprecision arithmetic library developers t
pi  libmpfr-dev                                      2.4.2-3                multiple precision floating-point computation 
pi  libppl0.10-dev                                   0.10.2-4               Parma Polyhedra Library (development)


svn-updates:
  updates from the 4.4 branch upto 20100226 (r157081).

gcc-textdomain:
  Set gettext's domain and textdomain to the versioned package name.

gcc-driver-extra-langs:
  Add options and specs for languages that are not built from a source
  (but built from separate sources).

gcc-hash-style-both:
  Link using --hash-style=both (alpha, amd64, ia64, i386, powerpc, ppc64, s390, sparc)

gcc-build-id:

libstdc++-pic:
  Build and install libstdc++_pic.a library.

libstdc++-doclink:
  adjust hrefs to point to the local documentation

libstdc++-man-3cxx:
  Install libstdc++ man pages with suffix .3cxx instead of .3

libjava-stacktrace:
  libgcj: Lookup source file name and line number in separated
  debug files found in /usr/lib/debug

libjava-subdir:
  - Set the libjava sublibdir to /usr/lib/gcj-4.4
  - Set the default libgcj database dir to /var/lib/gcj-4.4

libjava-jnipath:
  - Add /usr/lib/jni to java.library.path.
  - When running the i386 binaries on amd64, look in
  - /usr/lib32/gcj-x.y and /usr/lib32/jni instead.

libjava-sjlj:
  Don't try to use _Unwind_Backtrace on SJLJ targets.
  See bug #387875, #388505, GCC PR 29206.

libjava-atomic-builtins-eabi:
  libjava: Use atomic builtins For Linux ARM/EABI.

libjava-disable-plugin:
  Don't build the gcjwebplugin, even when configured with --enable-plugin

alpha-no-ev4-directive:
  never emit .ev4 directive.

boehm-gc-getnprocs:
  boehm-gc/pthread_support.c (GC_get_nprocs): Use sysconf as fallback.

note-gnu-stack:
  Add .note.GNU-stack sections for gcc's crt files, libffi and boehm-gc
  Taken from FC.

m68k-allow-gnu99:
  patch to allow gnu99 mode on m68k

pr25509:
  Backport of PR c/25509, new option -Wno-unused-result

pr38333:

pr39429:
  Proposed patch for PR target/39429, an ARM wrong-code error.

rev146451:
  Fix a typo in the arm back-end.

lp432222:
  Proposed patch to fix wrong-code on powerpc (Alan Modra)

gcc-cloog-dl:
  Link against -ldl instead of -lcloog -lppl. Exit with an error when using
  the Graphite loop transformation infrastructure without having the
  libcloog-ppl0 package installed. Packages using these optimizations
  should build-depend on libcloog-ppl0.

gcc-unwind-debug-hook:
  Install a hook _Unwind_DebugHook, called during unwinding. Intended as
  a hook for a debugger to intercept exceptions. CFA is the CFA of the
  target frame.  HANDLER is the PC to which control will be transferred.

libgomp-omp_h-multilib:
  Fix up omp.h for multilibs.

sparc-force-cpu:
  On sparc default to v9a (ultrasparc) in 32bit mode

gcc-stack_chk_fail-check:
  Fix __stack_chk_fail check for cross builds configured --with-headers

pr40521-revert-workaround:
  Revert the dwarf2cfi_asm workaround, obsoleted by PR debug/40521.

pr41848:
  Fix PR objc/41848 - workaround ObjC and -fsection-anchors.

gcc-arm-thumb2-sched:
  [arm] enable scheduling for Thumb-2, fix PR target/42031.

arm-boehm-gc-locks:
  Fix boehm-gc build on ARM --with-mode=thumb

gcj-use-atomic-builtins:
  gcj: add option -fuse-atomic-builtins

sh4_atomic_update:

sh4-scheduling:

libstdc++-arm-wno-abi:
  Temporary work around:
  On arm-linux-gnueabi run the libstdc++v3 testsuite with -Wno-abi

pr42748:
  Fix PR c++/42748, do not warn about changes to mangling of va_list
  in system headers.

pr39491:
  Proposed patch for PR libstdc++/39491.

deb-protoize:
  build protoize/unprotoize binaries

pr40133:
  Do link tests to check for the atomic builtins

pr40134:
  Backport of PR target/40134 from the trunk

gcc-ice-hack:
  Retry the build on an ice, save the calling options and preprocessed
  source when the ice is reproducible.

gcc-ice-apport:
  Report an ICE to apport (if apport is available
  and the environment variable GCC_NOAPPORT is not set)

libjava-disable-static:
  Disable building the static libjava.

libjava-fixed-symlinks:
  Remove unneed '..' elements from symlinks in JAVA_HOME

ada-arm-eabi:
  Add preliminary Ada support for ARM/EABI to gcc-4.4 (sjlj only).

ada-mips:
  Improve support for mips.

arm-unbreak-eabi-armv4t:
  Fix armv4t build on ARM

gcc-multiarch:
  Add multiarch support to GCC.
  
  Convert the multilib option to a target triplet,
  add multiarch include directories and libraries path:
  	/usr/local/include/<arch>-linux-gnu
  	/usr/include/<arch>-linux-gnu
  	/usr/lib/<arch>-linux-gnu
  to the system paths.

Counting all warnings,
there are 0 warnings in stage3 of this bootstrap.

Number of warnings per file:

Number of warning types:


Index Nav: [Date Index] [Subject Index] [Author Index] [Thread Index]
Message Nav: [Date Prev] [Date Next] [Thread Prev] [Thread Next]