This is the mail archive of the
gcc-testresults@gcc.gnu.org
mailing list for the GCC project.
Results for 4.5.0 20100227 (experimental) [trunk revision 157105] (GCC) testsuite on hppa-unknown-linux-gnu
- From: dave at mx3210 dot hia dot nrc dot ca (John David Anglin)
- To: dave dot anglin at nrc-cnrc dot gc dot ca, gcc-testresults at gcc dot gnu dot org
- Date: Sun, 28 Feb 2010 12:51:07 -0500 (EST)
- Subject: Results for 4.5.0 20100227 (experimental) [trunk revision 157105] (GCC) testsuite on hppa-unknown-linux-gnu
LAST_UPDATED: Sat Feb 27 02:52:18 UTC 2010 (revision 157105)
=== acats tests ===
=== acats Summary ===
# of expected passes 2321
# of unexpected failures 0
Native configuration is hppa-unknown-linux-gnu
=== g++ tests ===
Running target unix
FAIL: g++.dg/torture/pr34099.C -O1 (internal compiler error)
FAIL: g++.dg/torture/pr34099.C -O1 (test for excess errors)
UNRESOLVED: g++.dg/torture/pr34099.C -O1 compilation failed to produce executable
FAIL: g++.dg/torture/pr34099.C -O2 (internal compiler error)
FAIL: g++.dg/torture/pr34099.C -O2 (test for excess errors)
UNRESOLVED: g++.dg/torture/pr34099.C -O2 compilation failed to produce executable
FAIL: g++.dg/torture/pr34099.C -O3 -fomit-frame-pointer (internal compiler error)
FAIL: g++.dg/torture/pr34099.C -O3 -fomit-frame-pointer (test for excess errors)
UNRESOLVED: g++.dg/torture/pr34099.C -O3 -fomit-frame-pointer compilation failed to produce executable
FAIL: g++.dg/torture/pr34099.C -O3 -fomit-frame-pointer -funroll-loops (internal compiler error)
FAIL: g++.dg/torture/pr34099.C -O3 -fomit-frame-pointer -funroll-loops (test for excess errors)
UNRESOLVED: g++.dg/torture/pr34099.C -O3 -fomit-frame-pointer -funroll-loops compilation failed to produce executable
FAIL: g++.dg/torture/pr34099.C -O3 -fomit-frame-pointer -funroll-all-loops -finline-functions (internal compiler error)
FAIL: g++.dg/torture/pr34099.C -O3 -fomit-frame-pointer -funroll-all-loops -finline-functions (test for excess errors)
UNRESOLVED: g++.dg/torture/pr34099.C -O3 -fomit-frame-pointer -funroll-all-loops -finline-functions compilation failed to produce executable
FAIL: g++.dg/torture/pr34099.C -O3 -g (internal compiler error)
FAIL: g++.dg/torture/pr34099.C -O3 -g (test for excess errors)
UNRESOLVED: g++.dg/torture/pr34099.C -O3 -g compilation failed to produce executable
FAIL: g++.dg/torture/pr34099.C -Os execution test
FAIL: g++.dg/torture/pr34099.C -O2 -flto (internal compiler error)
FAIL: g++.dg/torture/pr34099.C -O2 -flto (test for excess errors)
UNRESOLVED: g++.dg/torture/pr34099.C -O2 -flto compilation failed to produce executable
FAIL: g++.dg/torture/pr34099.C -O2 -fwhopr (internal compiler error)
FAIL: g++.dg/torture/pr34099.C -O2 -fwhopr (test for excess errors)
UNRESOLVED: g++.dg/torture/pr34099.C -O2 -fwhopr compilation failed to produce executable
=== g++ Summary ===
# of expected passes 21951
# of unexpected failures 17
# of expected failures 150
# of unresolved testcases 8
# of unsupported tests 186
/home/dave/gnu/gcc/objdir/gcc/testsuite/g++/../../g++ version 4.5.0 20100227 (experimental) [trunk revision 157105] (GCC)
=== gcc tests ===
Running target unix
WARNING: program timed out.
FAIL: gcc.c-torture/execute/builtins/strncpy-chk.c compilation, -O3 -fomit-frame-pointer -funroll-all-loops -finline-functions
UNRESOLVED: gcc.c-torture/execute/builtins/strncpy-chk.c execution, -O3 -fomit-frame-pointer -funroll-all-loops -finline-functions
WARNING: program timed out.
FAIL: gcc.c-torture/execute/20050713-1.c compilation, -O3 -fomit-frame-pointer
UNRESOLVED: gcc.c-torture/execute/20050713-1.c execution, -O3 -fomit-frame-pointer
FAIL: gcc.c-torture/execute/pr42248.c compilation, -O1 (internal compiler error)
UNRESOLVED: gcc.c-torture/execute/pr42248.c execution, -O1
FAIL: gcc.c-torture/execute/pr42248.c compilation, -O2 (internal compiler error)
UNRESOLVED: gcc.c-torture/execute/pr42248.c execution, -O2
FAIL: gcc.c-torture/execute/pr42248.c compilation, -O3 -fomit-frame-pointer (internal compiler error)
UNRESOLVED: gcc.c-torture/execute/pr42248.c execution, -O3 -fomit-frame-pointer
FAIL: gcc.c-torture/execute/pr42248.c compilation, -O3 -g (internal compiler error)
UNRESOLVED: gcc.c-torture/execute/pr42248.c execution, -O3 -g
FAIL: gcc.c-torture/execute/pr42248.c compilation, -Os (internal compiler error)
UNRESOLVED: gcc.c-torture/execute/pr42248.c execution, -Os
FAIL: gcc.c-torture/execute/pr42248.c compilation, -O2 -flto (internal compiler error)
UNRESOLVED: gcc.c-torture/execute/pr42248.c execution, -O2 -flto
FAIL: gcc.c-torture/execute/pr42248.c compilation, -O2 -fwhopr (internal compiler error)
UNRESOLVED: gcc.c-torture/execute/pr42248.c execution, -O2 -fwhopr
FAIL: gcc.dg/cpp/pragma-1.c reminder message (test for errors, line 9)
FAIL: gcc.dg/cpp/pragma-1.c (test for excess errors)
FAIL: gcc.dg/cpp/pragma-2.c reminder message (test for errors, line 13)
FAIL: gcc.dg/cpp/pragma-2.c (test for excess errors)
FAIL: gcc.dg/990506-0.c reminder message (test for errors, line 6)
FAIL: gcc.dg/990506-0.c (test for excess errors)
FAIL: gcc.dg/pr34668-1.c (internal compiler error)
FAIL: gcc.dg/pr34668-1.c (test for excess errors)
FAIL: gcc.dg/gomp/atomic-5.c (test for excess errors)
FAIL: gcc.dg/noncompile/20040629-1.c -O0 (test for excess errors)
FAIL: gcc.dg/noncompile/20040629-1.c -O1 (test for excess errors)
FAIL: gcc.dg/noncompile/20040629-1.c -O2 (test for excess errors)
FAIL: gcc.dg/noncompile/20040629-1.c -O3 -fomit-frame-pointer (test for excess errors)
FAIL: gcc.dg/noncompile/20040629-1.c -O3 -g (test for excess errors)
FAIL: gcc.dg/noncompile/20040629-1.c -Os (test for excess errors)
FAIL: gcc.dg/noncompile/20040629-1.c -O2 -flto (test for excess errors)
FAIL: gcc.dg/noncompile/20040629-1.c -O2 -fwhopr (test for excess errors)
XPASS: gcc.dg/tree-ssa/loop-1.c scan-assembler-times foo 5
=== gcc Summary ===
# of expected passes 62821
# of unexpected failures 26
# of unexpected successes 1
# of expected failures 86
# of unresolved testcases 9
# of unsupported tests 721
/home/dave/gnu/gcc/objdir/gcc/xgcc version 4.5.0 20100227 (experimental) [trunk revision 157105] (GCC)
=== gfortran tests ===
Running target unix
WARNING: program timed out.
FAIL: gfortran.dg/lrshift_1.f90 -O3 -fomit-frame-pointer (test for excess errors)
UNRESOLVED: gfortran.dg/lrshift_1.f90 -O3 -fomit-frame-pointer compilation failed to produce executable
FAIL: gfortran.dg/pr41928.f90 -O (internal compiler error)
FAIL: gfortran.dg/pr41928.f90 -O (test for excess errors)
WARNING: program timed out.
FAIL: gfortran.fortran-torture/execute/forall_7.f90 compilation, -O3 -g
=== gfortran Summary ===
# of expected passes 32768
# of unexpected failures 4
# of expected failures 21
# of unresolved testcases 1
# of untested testcases 1
# of unsupported tests 288
/home/dave/gnu/gcc/objdir/gcc/testsuite/gfortran/../../gfortran version 4.5.0 20100227 (experimental) [trunk revision 157105] (GCC)
=== gnat tests ===
Running target unix
=== gnat Summary ===
# of expected passes 751
# of expected failures 7
# of unsupported tests 1
=== obj-c++ tests ===
Running target unix
UNRESOLVED: obj-c++.dg/lookup-2.mm compilation failed to produce executable
UNRESOLVED: obj-c++.dg/try-catch-2.mm compilation failed to produce executable
UNRESOLVED: obj-c++.dg/try-catch-9.mm compilation failed to produce executable
=== obj-c++ Summary ===
# of expected passes 438
# of expected failures 10
# of unresolved testcases 3
# of unsupported tests 13
/home/dave/gnu/gcc/objdir/gcc/testsuite/obj-c++/../../g++ version 4.5.0 20100227 (experimental) [trunk revision 157105] (GCC)
=== objc tests ===
Running target unix
FAIL: objc.dg/private-1.m (test for errors, line 37)
FAIL: objc.dg/private-1.m (test for excess errors)
WARNING: program timed out.
FAIL: objc.dg-struct-layout-encoding-1/t025_main.m (test for excess errors)
UNRESOLVED: objc.dg-struct-layout-encoding-1/t025_main.m compilation failed to produce executable
=== objc Summary ===
# of expected passes 1864
# of unexpected failures 3
# of expected failures 14
# of unresolved testcases 1
# of unsupported tests 24
/home/dave/gnu/gcc/objdir/gcc/xgcc version 4.5.0 20100227 (experimental) [trunk revision 157105] (GCC)
=== libffi tests ===
Running target unix
=== libffi Summary ===
# of expected passes 1624
# of expected failures 10
# of unsupported tests 15
=== libgomp tests ===
Running target unix
=== libgomp Summary ===
# of expected passes 2444
# of unsupported tests 7
=== libjava tests ===
Running target unix
WARNING: program timed out.
FAIL: PR26858 -O3 -findirect-dispatch compilation from source
FAIL: Process_6 execution - source compiled test
=== libjava Summary ===
# of expected passes 2569
# of unexpected failures 2
# of untested testcases 3
=== libmudflap tests ===
Running target unix
FAIL: libmudflap.c/fail31-frag.c (-O3) crash test
FAIL: libmudflap.c/fail31-frag.c (-O3) output pattern test
FAIL: libmudflap.c/pass45-frag.c (-O3) execution test
FAIL: libmudflap.c/pass45-frag.c (-O3) output pattern test
FAIL: libmudflap.c/pass45-frag.c (-O3) execution test
FAIL: libmudflap.c/pass45-frag.c (-O3) output pattern test
FAIL: libmudflap.c++/pass41-frag.cxx execution test
FAIL: libmudflap.c++/pass41-frag.cxx (-static) execution test
FAIL: libmudflap.c++/pass41-frag.cxx ( -O) execution test
FAIL: libmudflap.c++/pass41-frag.cxx (-O2) execution test
FAIL: libmudflap.c++/pass41-frag.cxx (-O3) execution test
=== libmudflap Summary ===
# of expected passes 1883
# of unexpected failures 11
=== libstdc++ tests ===
Running target unix
FAIL: ext/profile/all.cc (test for excess errors)
FAIL: ext/profile/mh.cc (test for excess errors)
=== libstdc++ Summary ===
# of expected passes 6737
# of unexpected failures 2
# of expected failures 95
# of unsupported tests 351
Compiler version: 4.5.0 20100227 (experimental) [trunk revision 157105] (GCC)
Platform: hppa-unknown-linux-gnu
configure flags: --with-gnu-as --with-gnu-ld --enable-shared --prefix=/home/dave/opt/gnu/gcc/gcc-4.5.0 --with-local-prefix=/home/dave/opt/gnu --enable-threads=posix --enable-__cxa_atexit --build=hppa-linux --enable-clocale=gnu --enable-java-gc=boehm --enable-java-awt=xlib --enable-languages=c,c++,objc,fortran,obj-c++,java,ada --without-cloog --without-ppl