This is the mail archive of the gcc-testresults@gcc.gnu.org mailing list for the GCC project.


Index Nav: [Date Index] [Subject Index] [Author Index] [Thread Index]
Message Nav: [Date Prev] [Date Next] [Thread Prev] [Thread Next]
Other format: [Raw text]

Results for 4.5.0 20100215 (experimental) [trunk revision 156535] (GCC) testsuite on ia64-unknown-linux-gnu


LAST_UPDATED: Sat Feb  6 03:11:49 UTC 2010 (revision 156535)

Native configuration is ia64-unknown-linux-gnu

		=== gcc tests ===


Running target unix
FAIL: gcc.c-torture/unsorted/dump-noaddr.c.046i.inline,  -O3 -fomit-frame-pointer -funroll-loops  comparison
FAIL: gcc.c-torture/unsorted/dump-noaddr.c.062t.alias,  -O3 -fomit-frame-pointer -funroll-loops  comparison
FAIL: gcc.c-torture/unsorted/dump-noaddr.c.209r.mach,  -O3 -fomit-frame-pointer -funroll-loops  comparison
FAIL: gcc.c-torture/unsorted/dump-noaddr.c.210r.barriers,  -O3 -fomit-frame-pointer -funroll-loops  comparison
FAIL: gcc.c-torture/unsorted/dump-noaddr.c.214r.shorten,  -O3 -fomit-frame-pointer -funroll-loops  comparison
FAIL: gcc.c-torture/unsorted/dump-noaddr.c.215r.nothrow,  -O3 -fomit-frame-pointer -funroll-loops  comparison
FAIL: gcc.c-torture/unsorted/dump-noaddr.c.216r.final,  -O3 -fomit-frame-pointer -funroll-loops  comparison
FAIL: gcc.c-torture/unsorted/dump-noaddr.c.217r.dfinish,  -O3 -fomit-frame-pointer -funroll-loops  comparison
FAIL: gcc.c-torture/unsorted/dump-noaddr.c.197r.rnreg,  -O3 -fomit-frame-pointer -funroll-all-loops -finline-functions  comparison
FAIL: gcc.c-torture/unsorted/dump-noaddr.c.198r.cprop_hardreg,  -O3 -fomit-frame-pointer -funroll-all-loops -finline-functions  comparison
FAIL: gcc.c-torture/unsorted/dump-noaddr.c.199r.dce,  -O3 -fomit-frame-pointer -funroll-all-loops -finline-functions  comparison
FAIL: gcc.c-torture/unsorted/dump-noaddr.c.200r.bbro,  -O3 -fomit-frame-pointer -funroll-all-loops -finline-functions  comparison
FAIL: gcc.dg/builtin-apply4.c execution test
FAIL: gcc.dg/pr34668-1.c (internal compiler error)
FAIL: gcc.dg/pr34668-1.c (test for excess errors)
XPASS: gcc.dg/guality/example.c  -O0  execution test
WARNING: program timed out.
XPASS: gcc.dg/guality/guality.c  -O0  execution test
WARNING: program timed out.
XPASS: gcc.dg/guality/pr41353-1.c  -O0  line 28 j == 28 + 37
FAIL: gcc.dg/guality/pr41353-1.c  -O3 -fomit-frame-pointer  line 39 i == 12
FAIL: gcc.dg/guality/pr41353-1.c  -O3 -g  line 39 i == 12
XPASS: gcc.dg/guality/pr41447-1.c  -O0  execution test
XPASS: gcc.dg/guality/pr41447-1.c  -O2  execution test
XPASS: gcc.dg/guality/pr41447-1.c  -O3 -fomit-frame-pointer  execution test
XPASS: gcc.dg/guality/pr41447-1.c  -O3 -g  execution test
WARNING: program timed out.
XPASS: gcc.dg/guality/pr41616-1.c  -O0  execution test
XPASS: gcc.dg/tree-ssa/loop-1.c scan-assembler-times foo 5

		=== gcc Summary ===

# of expected passes		53613
# of unexpected failures	17
# of unexpected successes	9
# of expected failures		251
# of unsupported tests		681
/home/guerby/build/gcc/xgcc  version 4.5.0 20100215 (experimental) [trunk revision 156535] (GCC) 

		=== gnat tests ===


Running target unix
FAIL: gnat.dg/abstract_with_anonymous_result.adb (test for excess errors)
UNRESOLVED: gnat.dg/abstract_with_anonymous_result.adb compilation failed to produce executable
FAIL: gnat.dg/access2.adb (test for excess errors)
FAIL: gnat.dg/access3.adb (test for excess errors)

		=== gnat Summary ===

# of expected passes		747
# of unexpected failures	3
# of expected failures		7
# of unresolved testcases	1
# of unsupported tests		1
		=== libgomp tests ===


Running target unix

		=== libgomp Summary ===

# of expected passes		262
		=== libmudflap tests ===


Running target unix
FAIL: libmudflap.c/pass54-frag.c execution test
FAIL: libmudflap.c/pass54-frag.c execution test
FAIL: libmudflap.c/pass54-frag.c (-static) execution test
FAIL: libmudflap.c/pass54-frag.c (-static) execution test
FAIL: libmudflap.c/fail31-frag.c (-O3) crash test
FAIL: libmudflap.c/fail31-frag.c (-O3) output pattern test
FAIL: libmudflap.c/pass45-frag.c (-O3) execution test
FAIL: libmudflap.c/pass45-frag.c (-O3) output pattern test
FAIL: libmudflap.c/pass45-frag.c (-O3) execution test
FAIL: libmudflap.c/pass45-frag.c (-O3) output pattern test

		=== libmudflap Summary ===

# of expected passes		1730
# of unexpected failures	10
# of unsupported tests		2

Compiler version: 4.5.0 20100215 (experimental) [trunk revision 156535] (GCC) 
Platform: ia64-unknown-linux-gnu
configure flags: --prefix=/n/60/guerby/install-trunk --enable-languages=c,ada --enable-__cxa_atexit --disable-nls --enable-threads=posix --with-mpfr=/opt/cfarm/mpfr-2.4.1 --with-gmp=/opt/cfarm/gmp-4.2.4 --with-mpc=/opt/cfarm/mpc-0.8


Index Nav: [Date Index] [Subject Index] [Author Index] [Thread Index]
Message Nav: [Date Prev] [Date Next] [Thread Prev] [Thread Next]