This is the mail archive of the
gcc-testresults@gcc.gnu.org
mailing list for the GCC project.
Results for 4.5.0 20100218 (experimental) (GCC) testsuite on i686-pc-cygwin
- From: Tim Prince <n8tm at aol dot com>
- To: gcc-testresults at gcc dot gnu dot org
- Date: Fri, 19 Feb 2010 14:21:02 -0800
- Subject: Results for 4.5.0 20100218 (experimental) (GCC) testsuite on i686-pc-cygwin
- Reply-to: tprince at computer dot org
Native configuration is i686-pc-cygwin
=== g++ tests ===
Running target unix
FAIL: g++.dg/compat/decimal/pass-1 cp_compat_x_tst.o-cp_compat_y_tst.o link
UNRESOLVED: g++.dg/compat/decimal/pass-1 cp_compat_x_tst.o-cp_compat_y_tst.o execute
FAIL: g++.dg/compat/decimal/pass-2 cp_compat_x_tst.o-cp_compat_y_tst.o link
UNRESOLVED: g++.dg/compat/decimal/pass-2 cp_compat_x_tst.o-cp_compat_y_tst.o execute
FAIL: g++.dg/compat/decimal/pass-3 cp_compat_x_tst.o-cp_compat_y_tst.o link
UNRESOLVED: g++.dg/compat/decimal/pass-3 cp_compat_x_tst.o-cp_compat_y_tst.o execute
FAIL: g++.dg/compat/decimal/pass-4 cp_compat_x_tst.o-cp_compat_y_tst.o link
UNRESOLVED: g++.dg/compat/decimal/pass-4 cp_compat_x_tst.o-cp_compat_y_tst.o execute
FAIL: g++.dg/compat/decimal/pass-5 cp_compat_x_tst.o-cp_compat_y_tst.o link
UNRESOLVED: g++.dg/compat/decimal/pass-5 cp_compat_x_tst.o-cp_compat_y_tst.o execute
FAIL: g++.dg/compat/decimal/pass-6 cp_compat_x_tst.o-cp_compat_y_tst.o link
UNRESOLVED: g++.dg/compat/decimal/pass-6 cp_compat_x_tst.o-cp_compat_y_tst.o execute
FAIL: g++.dg/compat/decimal/return-1 cp_compat_x_tst.o-cp_compat_y_tst.o link
UNRESOLVED: g++.dg/compat/decimal/return-1 cp_compat_x_tst.o-cp_compat_y_tst.o execute
FAIL: g++.dg/compat/decimal/return-2 cp_compat_x_tst.o-cp_compat_y_tst.o link
UNRESOLVED: g++.dg/compat/decimal/return-2 cp_compat_x_tst.o-cp_compat_y_tst.o execute
FAIL: g++.dg/compat/decimal/return-3 cp_compat_x_tst.o-cp_compat_y_tst.o link
UNRESOLVED: g++.dg/compat/decimal/return-3 cp_compat_x_tst.o-cp_compat_y_tst.o execute
FAIL: g++.dg/compat/decimal/return-4 cp_compat_x_tst.o-cp_compat_y_tst.o link
UNRESOLVED: g++.dg/compat/decimal/return-4 cp_compat_x_tst.o-cp_compat_y_tst.o execute
FAIL: g++.dg/compat/decimal/return-5 cp_compat_x_tst.o-cp_compat_y_tst.o link
UNRESOLVED: g++.dg/compat/decimal/return-5 cp_compat_x_tst.o-cp_compat_y_tst.o execute
FAIL: g++.dg/compat/decimal/return-6 cp_compat_x_tst.o-cp_compat_y_tst.o link
UNRESOLVED: g++.dg/compat/decimal/return-6 cp_compat_x_tst.o-cp_compat_y_tst.o execute
FAIL: c-c++-common/dfp/func-vararg-mixed-2.c (test for excess errors)
WARNING: c-c++-common/dfp/func-vararg-mixed-2.c compilation failed to produce executable
FAIL: c-c++-common/dfp/pr36800.c (test for excess errors)
WARNING: c-c++-common/dfp/pr36800.c compilation failed to produce executable
FAIL: c-c++-common/dfp/pr39034.c (test for excess errors)
WARNING: c-c++-common/dfp/pr39034.c compilation failed to produce executable
FAIL: c-c++-common/dfp/pr39035.c (test for excess errors)
WARNING: c-c++-common/dfp/pr39035.c compilation failed to produce executable
FAIL: g++.dg/abi/local1.C execution test
FAIL: g++.dg/abi/thunk5.C scan-assembler weak.*ZTv
FAIL: g++.dg/eh/weak1.C execution test
FAIL: g++.dg/ext/dllimport7.C C++ specific error (test for errors, line 24)
FAIL: g++.dg/ext/selectany1.C scan-assembler-dem \\nguard variable for x:
FAIL: g++.dg/init/cleanup3.C scan-assembler-not _tcf
FAIL: g++.old-deja/g++.eh/badalloc1.C execution test
XPASS: g++.old-deja/g++.ext/attrib5.C execution test
FAIL: g++.old-deja/g++.other/init5.C execution test
=== g++ Summary ===
# of expected passes 21905
# of unexpected failures 24
# of unexpected successes 1
# of expected failures 146
# of unresolved testcases 12
# of unsupported tests 205
/cygdrive/e/gnu/xp/gcc/testsuite/g++/../../g++ version 4.5.0 20100218 (experimental) (GCC)
=== gcc tests ===
Running target unix
FAIL: gcc.dg/dfp/fe-binop.c (test for excess errors)
FAIL: gcc.dg/dfp/fe-convert-1.c (test for excess errors)
FAIL: gcc.dg/dfp/fe-convert-2.c (test for excess errors)
FAIL: gcc.dg/dfp/fe-convert-3.c (test for excess errors)
FAIL: c-c++-common/dfp/func-vararg-mixed-2.c (test for excess errors)
WARNING: c-c++-common/dfp/func-vararg-mixed-2.c compilation failed to produce executable
FAIL: c-c++-common/dfp/pr36800.c (test for excess errors)
WARNING: c-c++-common/dfp/pr36800.c compilation failed to produce executable
FAIL: c-c++-common/dfp/pr39034.c (test for excess errors)
WARNING: c-c++-common/dfp/pr39034.c compilation failed to produce executable
FAIL: c-c++-common/dfp/pr39035.c (test for excess errors)
WARNING: c-c++-common/dfp/pr39035.c compilation failed to produce executable
FAIL: gcc.dg/graphite/run-id-1.c execution test
FAIL: gcc.dg/graphite/interchange-9.c execution test
WARNING: program timed out.
FAIL: gcc.dg/graphite/block-3.c (test for excess errors)
WARNING: gcc.dg/graphite/block-3.c compilation failed to produce executable
FAIL: gcc.dg/graphite/block-3.c scan-tree-dump-times graphite "will be loop blocked" 1
FAIL: gcc.dg/graphite/pr43012.c execution test
WARNING: program timed out.
FAIL: gcc.dg/pch/macro-3.c -O2 -I. (test for excess errors)
FAIL: largefile.c -O0 -g -I. (test for excess errors)
FAIL: gcc.dg/pch/largefile.c -O0 -g assembly comparison
FAIL: largefile.c -O0 -I. (test for excess errors)
FAIL: gcc.dg/pch/largefile.c -O0 assembly comparison
FAIL: largefile.c -O1 -I. (test for excess errors)
FAIL: gcc.dg/pch/largefile.c -O1 assembly comparison
FAIL: largefile.c -O2 -I. (test for excess errors)
FAIL: gcc.dg/pch/largefile.c -O2 assembly comparison
FAIL: largefile.c -O3 -fomit-frame-pointer -I. (test for excess errors)
FAIL: gcc.dg/pch/largefile.c -O3 -fomit-frame-pointer assembly comparison
FAIL: largefile.c -O3 -g -I. (test for excess errors)
FAIL: gcc.dg/pch/largefile.c -O3 -g assembly comparison
FAIL: largefile.c -Os -I. (test for excess errors)
FAIL: gcc.dg/pch/largefile.c -Os assembly comparison
FAIL: gcc.dg/tree-ssa/pr27781.c scan-tree-dump optimized "func \\(\\);"
FAIL: gcc.dg/tree-ssa/pr36881.c scan-assembler-not CSWTCH
FAIL: gcc.dg/tree-ssa/pr36881.c scan-tree-dump switchconv "need runtime relocations"
FAIL: gcc.dg/tree-ssa/ssa-store-ccp-2.c scan-tree-dump-times optimized "conststaticvariable" 1
FAIL: gcc.dg/tree-ssa/ssa-store-ccp-4.c scan-tree-dump-times optimized "conststaticvariable" 1
=== gcc Summary ===
# of expected passes 20062
# of unexpected failures 33
# of expected failures 132
# of unsupported tests 387
/cygdrive/e/gnu/xp/gcc/xgcc version 4.5.0 20100218 (experimental) (GCC)
=== gfortran tests ===
Running target unix
WARNING: program timed out.
FAIL: gfortran.dg/debug/pr35154-dwarf2.f -gdwarf-2 (test for excess errors)
=== gfortran Summary ===
# of expected passes 4975
# of unexpected failures 1
# of expected failures 14
# of unsupported tests 61
/cygdrive/e/gnu/xp/gcc/testsuite/gfortran/../../gfortran version 4.5.0 20100218 (experimental) (GCC)
=== objc tests ===
Running target unix
=== objc Summary ===
# of expected passes 1875
# of expected failures 7
# of unsupported tests 24
/cygdrive/e/gnu/xp/gcc/xgcc version 4.5.0 20100218 (experimental) (GCC)
=== libstdc++ tests ===
Running target unix
FAIL: 22_locale/codecvt/encoding/wchar_t/1.cc execution test
FAIL: 22_locale/codecvt/max_length/wchar_t/1.cc execution test
FAIL: 22_locale/ctype/narrow/wchar_t/2.cc execution test
FAIL: 22_locale/ctype/scan/wchar_t/1.cc execution test
FAIL: 25_algorithms/copy/streambuf_iterators/char/1.cc (test for excess errors)
WARNING: 25_algorithms/copy/streambuf_iterators/char/1.cc compilation failed to produce executable
FAIL: 27_io/basic_filebuf/seekoff/wchar_t/3.cc execution test
FAIL: 27_io/basic_filebuf/seekpos/wchar_t/1.cc execution test
FAIL: 27_io/basic_istream/seekg/wchar_t/fstream.cc execution test
FAIL: 27_io/basic_istream/tellg/wchar_t/fstream.cc execution test
FAIL: 27_io/basic_ostream/inserters_arithmetic/wchar_t/4402.cc execution test
FAIL: ext/bitmap_allocator/variadic_construct.cc execution test
=== libstdc++ Summary ===
# of expected passes 4522
# of unexpected failures 11
# of expected failures 61
# of unsupported tests 595
=== libstdc++ Summary ===
Compiler version: 4.5.0 20100218 (experimental) (GCC)
Platform: i686-pc-cygwin
configure flags: --prefix=/usr/local/gcc45 --enable-languages='c c++ fortran objc' --enable-threads=posix --disable-sjlj-exceptions --enable-maintainer-mode --disable-shared --disable-mudflap --with-dwarf2 --enable-decimal-float --disable-libssp
BOOT_CFLAGS=-O2 -march=pentium-m -pipe