This is the mail archive of the
gcc-testresults@gcc.gnu.org
mailing list for the GCC project.
Results for 4.5.0 20100215 (experimental) [trunk revision 156535] (GCC) testsuite on ia64-unknown-linux-gnu
- From: "Laurent GUERBY gcc60" <guerby at Babe dot esiee dot fr>
- To: gcc-testresults at gcc dot gnu dot org
- Date: Wed, 17 Feb 2010 22:10:55 +0100
- Subject: Results for 4.5.0 20100215 (experimental) [trunk revision 156535] (GCC) testsuite on ia64-unknown-linux-gnu
=== acats tests ===
FAIL: c23003a
FAIL: c23003b
FAIL: c23003g
FAIL: c23003i
FAIL: c23006a
FAIL: c250001
FAIL: c2a008a
FAIL: c392a01
FAIL: c392c05
FAIL: c392c07
FAIL: c392d01
FAIL: c392d02
FAIL: c392d03
FAIL: c393a02
FAIL: c393a03
FAIL: c393a05
FAIL: c393a06
FAIL: c62003b
FAIL: c64103f
FAIL: c64104a
FAIL: c64104b
FAIL: c64104c
FAIL: c64104d
FAIL: c64108a
FAIL: c64201b
FAIL: c64201c
FAIL: c65003a
FAIL: c65003b
FAIL: c67002e
FAIL: c730004
FAIL: c760001
FAIL: c760002
FAIL: c761010
FAIL: c761011
FAIL: c761012
FAIL: c85004b
FAIL: c85018a
FAIL: c85018b
FAIL: c85019a
FAIL: c86004b
FAIL: c86004c
FAIL: c86007a
FAIL: c87b02a
FAIL: c87b07c
FAIL: c87b07d
FAIL: c87b08a
FAIL: c87b09a
FAIL: c87b09c
FAIL: c87b10a
FAIL: c87b14d
FAIL: c87b15a
FAIL: c87b16a
FAIL: c87b17a
FAIL: c87b18a
FAIL: c87b18b
FAIL: c87b19a
FAIL: c87b23a
FAIL: c87b24a
FAIL: c87b24b
FAIL: c87b26b
FAIL: c87b27a
FAIL: c87b28a
FAIL: c87b29a
FAIL: c87b30a
FAIL: c87b31a
FAIL: c87b32a
FAIL: c87b33a
FAIL: c87b34a
FAIL: c87b34b
FAIL: c87b34c
FAIL: c87b35c
FAIL: c87b38a
FAIL: c87b39a
FAIL: c87b40a
FAIL: c87b41a
FAIL: c87b42a
FAIL: c87b43a
FAIL: c87b44a
FAIL: c87b45a
FAIL: c87b45c
FAIL: c87b47a
FAIL: c87b48b
FAIL: c87b50a
FAIL: c87b54a
FAIL: c87b57a
FAIL: c87b62a
FAIL: c87b62b
FAIL: c87b62c
FAIL: c87b62d
FAIL: c910002
FAIL: c910003
FAIL: c91004c
FAIL: c91006a
FAIL: c91007a
FAIL: c92002a
FAIL: c92005a
FAIL: c92005b
FAIL: c92006a
FAIL: c930001
FAIL: c93001a
FAIL: c93003a
FAIL: c93004a
FAIL: c93004c
FAIL: c93004d
FAIL: c93005b
FAIL: c93005c
FAIL: c93005d
FAIL: c93005f
FAIL: c93005g
FAIL: c93005h
FAIL: c93006a
FAIL: c93007a
FAIL: c93008b
FAIL: c940001
FAIL: c940002
FAIL: c940004
FAIL: c940005
FAIL: c940006
FAIL: c940010
FAIL: c940011
FAIL: c940012
FAIL: c940013
FAIL: c940014
FAIL: c94001a
FAIL: c94001b
FAIL: c94001c
FAIL: c94001e
FAIL: c94001f
FAIL: c94001g
FAIL: c94002a
FAIL: c94002b
FAIL: c94002d
FAIL: c94002e
FAIL: c94002f
FAIL: c94004a
FAIL: c94004b
FAIL: c94004c
FAIL: c94005a
FAIL: c94005b
FAIL: c94006a
FAIL: c94007b
FAIL: c94008a
FAIL: c94008b
FAIL: c94008d
FAIL: c94010a
FAIL: c94011a
FAIL: c94020a
FAIL: c940a03
FAIL: c95009a
FAIL: c95010a
FAIL: c95012a
FAIL: c95021a
FAIL: c95022a
FAIL: c95033a
FAIL: c95033b
FAIL: c95034a
FAIL: c95040b
FAIL: c95040c
FAIL: c95040d
FAIL: c95041a
FAIL: c95065a
FAIL: c95065b
FAIL: c95065c
FAIL: c95065e
FAIL: c95065f
FAIL: c95066a
FAIL: c95071a
FAIL: c95072a
FAIL: c95074c
FAIL: c95078a
FAIL: c95080b
FAIL: c95082g
FAIL: c95085b
FAIL: c95085c
FAIL: c95085d
FAIL: c95085f
FAIL: c95085g
FAIL: c95085h
FAIL: c95085j
FAIL: c95085k
FAIL: c95085l
FAIL: c95085n
FAIL: c95085o
FAIL: c95086a
FAIL: c95086b
FAIL: c95086e
FAIL: c95086f
FAIL: c95087a
FAIL: c95087c
FAIL: c95087d
FAIL: c95089a
FAIL: c95090a
FAIL: c95092a
FAIL: c95093a
FAIL: c95095a
FAIL: c95095b
FAIL: c95095d
FAIL: c95095e
FAIL: c953001
FAIL: c953002
FAIL: c953003
FAIL: c954001
FAIL: c954012
FAIL: c954013
FAIL: c954014
FAIL: c954015
FAIL: c954016
FAIL: c954017
FAIL: c954021
FAIL: c954022
FAIL: c954023
FAIL: c954024
FAIL: c954025
FAIL: c954a01
FAIL: c954a02
FAIL: c954a03
FAIL: c960004
FAIL: c96001a
FAIL: c96004a
FAIL: c96005a
FAIL: c96005b
FAIL: c96005d
FAIL: c96005f
FAIL: c96006a
FAIL: c96008a
FAIL: c96008b
FAIL: c97113a
FAIL: c97114a
FAIL: c97115a
FAIL: c97117a
FAIL: c97117b
FAIL: c97118a
FAIL: c97120a
FAIL: c97201a
FAIL: c97201d
FAIL: c97201e
FAIL: c97201h
FAIL: c97201x
FAIL: c97203a
FAIL: c97203b
FAIL: c97203c
FAIL: c97204a
FAIL: c97204b
FAIL: c97301b
FAIL: c97301c
FAIL: c97301d
FAIL: c97302a
FAIL: c97303a
FAIL: c97303c
FAIL: c97304b
FAIL: c97305a
FAIL: c97305b
FAIL: c97305c
FAIL: c974001
FAIL: c974002
FAIL: c974006
FAIL: c974007
FAIL: c974008
FAIL: c974009
FAIL: c974010
FAIL: c974011
FAIL: c974014
FAIL: c980001
FAIL: c99004a
FAIL: c9a003a
FAIL: c9a004a
FAIL: c9a007a
FAIL: c9a009a
FAIL: c9a009f
FAIL: c9a011a
FAIL: c9a011b
=== acats Summary ===
# of expected passes 724
# of unexpected failures
Native configuration is ia64-unknown-linux-gnu
=== gcc tests ===
Running target unix
FAIL: gcc.dg/builtin-apply4.c execution test
FAIL: gcc.dg/pr34668-1.c (internal compiler error)
FAIL: gcc.dg/pr34668-1.c (test for excess errors)
XPASS: gcc.dg/guality/example.c -O0 execution test
WARNING: program timed out.
XPASS: gcc.dg/guality/guality.c -O0 execution test
WARNING: program timed out.
XPASS: gcc.dg/guality/pr41353-1.c -O0 line 28 j == 28 + 37
FAIL: gcc.dg/guality/pr41353-1.c -O3 -fomit-frame-pointer line 39 i == 12
FAIL: gcc.dg/guality/pr41353-1.c -O3 -g line 39 i == 12
XPASS: gcc.dg/guality/pr41447-1.c -O0 execution test
XPASS: gcc.dg/guality/pr41447-1.c -O2 execution test
XPASS: gcc.dg/guality/pr41447-1.c -O3 -fomit-frame-pointer execution test
XPASS: gcc.dg/guality/pr41447-1.c -O3 -g execution test
WARNING: program timed out.
XPASS: gcc.dg/guality/pr41616-1.c -O0 execution test
XPASS: gcc.dg/tree-ssa/loop-1.c scan-assembler-times foo 5
=== gcc Summary ===
# of expected passes 53625
# of unexpected failures 5
# of unexpected successes 9
# of expected failures 251
# of unsupported tests 681
/home/guerby/build/gcc/xgcc version 4.5.0 20100215 (experimental) [trunk revision 156535] (GCC)
Compiler version: 4.5.0 20100215 (experimental) [trunk revision 156535] (GCC)
Platform: ia64-unknown-linux-gnu
configure flags: === acats configuration ===