This is the mail archive of the
gcc-testresults@gcc.gnu.org
mailing list for the GCC project.
Results for 4.5.0 20100215 (experimental) [trunk revision 156535] (GCC) testsuite on ia64-unknown-linux-gnu
- From: "Laurent GUERBY gcc60" <guerby at Babe dot esiee dot fr>
- To: gcc-testresults at gcc dot gnu dot org
- Date: Wed, 17 Feb 2010 11:57:06 +0100
- Subject: Results for 4.5.0 20100215 (experimental) [trunk revision 156535] (GCC) testsuite on ia64-unknown-linux-gnu
LAST_UPDATED: Sat Feb 6 03:11:49 UTC 2010 (revision 156535)
=== acats tests ===
FAIL: c32001b
FAIL: c34001f
FAIL: c34003c
FAIL: c34005a
FAIL: c34007f
FAIL: c34007j
FAIL: c34007r
FAIL: c34007v
FAIL: c34008a
FAIL: c340a02
FAIL: c35003a
FAIL: c35102a
FAIL: c35502b
FAIL: c35502d
FAIL: c35505f
FAIL: c35508b
FAIL: c35703a
FAIL: c36180a
FAIL: c36205a
FAIL: c36205e
FAIL: c36205i
FAIL: c37003a
FAIL: c371001
FAIL: c37105a
FAIL: c37209b
FAIL: c37211c
FAIL: c37213d
FAIL: c37213h
FAIL: c37213l
FAIL: c37217c
FAIL: c37404a
FAIL: c380001
FAIL: c38005a
FAIL: c38108d
FAIL: c38202a
FAIL: c39006f
FAIL: c39008c
FAIL: c390a02
FAIL: c393a03
FAIL: c3a0005
FAIL: c3a0014
FAIL: cb1010c
FAIL: cb1010d
FAIL: cd1009m
FAIL: cd1009v
FAIL: cd1009w
FAIL: cd1c04d
FAIL: cd3014c
FAIL: cd3014f
FAIL: cd3015c
FAIL: cd3015e
FAIL: cd3015f
FAIL: cd3015h
FAIL: cd3015k
FAIL: ce3305a
FAIL: ce3402c
FAIL: ce3405a
FAIL: ce3405d
FAIL: ce3409c
FAIL: ce3410c
FAIL: ce3602b
FAIL: ce3605d
FAIL: ce3605e
FAIL: ce3606a
FAIL: ce3606b
FAIL: ce3706f
FAIL: ce3806e
FAIL: ce3806h
FAIL: ce3906a
FAIL: ce3906e
FAIL: ce3906f
FAIL: ee3203a
FAIL: ee3402b
=== acats Summary ===
# of expected passes 1127
# of unexpected failures 73
Native configuration is ia64-unknown-linux-gnu
=== gcc tests ===
Running target unix
FAIL: gcc.dg/builtin-apply4.c execution test
FAIL: gcc.dg/pr34668-1.c (internal compiler error)
FAIL: gcc.dg/pr34668-1.c (test for excess errors)
XPASS: gcc.dg/guality/example.c -O0 execution test
WARNING: program timed out.
XPASS: gcc.dg/guality/guality.c -O0 execution test
WARNING: program timed out.
XPASS: gcc.dg/guality/pr41353-1.c -O0 line 28 j == 28 + 37
FAIL: gcc.dg/guality/pr41353-1.c -O3 -fomit-frame-pointer line 39 i == 12
FAIL: gcc.dg/guality/pr41353-1.c -O3 -g line 39 i == 12
XPASS: gcc.dg/guality/pr41447-1.c -O0 execution test
XPASS: gcc.dg/guality/pr41447-1.c -O2 execution test
XPASS: gcc.dg/guality/pr41447-1.c -O3 -fomit-frame-pointer execution test
XPASS: gcc.dg/guality/pr41447-1.c -O3 -g execution test
WARNING: program timed out.
XPASS: gcc.dg/guality/pr41616-1.c -O0 execution test
XPASS: gcc.dg/tree-ssa/loop-1.c scan-assembler-times foo 5
=== gcc Summary ===
# of expected passes 53625
# of unexpected failures 5
# of unexpected successes 9
# of expected failures 251
# of unsupported tests 681
/home/guerby/build/gcc/xgcc version 4.5.0 20100215 (experimental) [trunk revision 156535] (GCC)
=== gnat tests ===
Running target unix
=== gnat Summary ===
# of expected passes 751
# of expected failures 7
# of unsupported tests 1
=== libgomp tests ===
Running target unix
=== libgomp Summary ===
# of expected passes 262
=== libmudflap tests ===
Running target unix
FAIL: libmudflap.c/pass54-frag.c execution test
FAIL: libmudflap.c/pass54-frag.c execution test
FAIL: libmudflap.c/pass54-frag.c (-static) execution test
FAIL: libmudflap.c/pass54-frag.c (-static) execution test
FAIL: libmudflap.c/fail31-frag.c (-O3) crash test
FAIL: libmudflap.c/fail31-frag.c (-O3) output pattern test
FAIL: libmudflap.c/pass45-frag.c (-O3) execution test
FAIL: libmudflap.c/pass45-frag.c (-O3) output pattern test
FAIL: libmudflap.c/pass45-frag.c (-O3) execution test
FAIL: libmudflap.c/pass45-frag.c (-O3) output pattern test
=== libmudflap Summary ===
# of expected passes 1730
# of unexpected failures 10
# of unsupported tests 2
Compiler version: 4.5.0 20100215 (experimental) [trunk revision 156535] (GCC)
Platform: ia64-unknown-linux-gnu
configure flags: --prefix=/n/60/guerby/install-trunk --enable-languages=c,ada --enable-__cxa_atexit --disable-nls --enable-threads=posix --with-mpfr=/opt/cfarm/mpfr-2.4.1 --with-gmp=/opt/cfarm/gmp-4.2.4 --with-mpc=/opt/cfarm/mpc-0.8