This is the mail archive of the gcc-testresults@gcc.gnu.org mailing list for the GCC project.


Index Nav: [Date Index] [Subject Index] [Author Index] [Thread Index]
Message Nav: [Date Prev] [Date Next] [Thread Prev] [Thread Next]
Other format: [Raw text]

Results for 4.4.4 20100211 (prerelease) [gcc-4_4-branch revision 156683] (GCC) testsuite on i686-pc-linux-gnu


LAST_UPDATED: Thu Feb 11 06:10:54 UTC 2010 (revision 156683)

Native configuration is i686-pc-linux-gnu

		=== g++ tests ===


Running target unix

		=== g++ Summary ===

# of expected passes		20211
# of expected failures		156
# of unsupported tests		99
/export/gnu/import/svn/gcc-test/bld/gcc/testsuite/g++/../../g++  version 4.4.4 20100211 (prerelease) [gcc-4_4-branch revision 156683] (GCC) 

		=== gcc tests ===


Running target unix

		=== gcc Summary ===

# of expected passes		57923
# of expected failures		193
# of unsupported tests		443
/export/gnu/import/svn/gcc-test/bld/gcc/xgcc  version 4.4.4 20100211 (prerelease) [gcc-4_4-branch revision 156683] (GCC) 

		=== gfortran tests ===


Running target unix

		=== gfortran Summary ===

# of expected passes		29932
# of expected failures		14
# of unsupported tests		106
/export/gnu/import/svn/gcc-test/bld/gcc/testsuite/gfortran/../../gfortran  version 4.4.4 20100211 (prerelease) [gcc-4_4-branch revision 156683] (GCC) 

		=== objc tests ===


Running target unix

		=== objc Summary ===

# of expected passes		1874
# of expected failures		7
# of unsupported tests		24
/export/gnu/import/svn/gcc-test/bld/gcc/xgcc  version 4.4.4 20100211 (prerelease) [gcc-4_4-branch revision 156683] (GCC) 

		=== libffi tests ===


Running target unix

		=== libffi Summary ===

# of expected passes		1389
# of unsupported tests		10
		=== libgomp tests ===


Running target unix

		=== libgomp Summary ===

# of expected passes		2440
		=== libjava tests ===


Running target unix

		=== libjava Summary ===

# of expected passes		2574
		=== libmudflap tests ===


Running target unix
FAIL: libmudflap.c++/pass41-frag.cxx execution test
FAIL: libmudflap.c++/pass41-frag.cxx (-static) execution test
FAIL: libmudflap.c++/pass41-frag.cxx ( -O) execution test
FAIL: libmudflap.c++/pass41-frag.cxx (-O2) execution test
FAIL: libmudflap.c++/pass41-frag.cxx (-O3) execution test

		=== libmudflap Summary ===

# of expected passes		1889
# of unexpected failures	5
		=== libstdc++ tests ===


Running target unix
XPASS: 26_numerics/headers/cmath/c99_classification_macros_c.cc (test for excess errors)

		=== libstdc++ Summary ===

# of expected passes		6510
# of unexpected successes	1
# of expected failures		79
# of unsupported tests		18

Compiler version: 4.4.4 20100211 (prerelease) [gcc-4_4-branch revision 156683] (GCC) 
Platform: i686-pc-linux-gnu
configure flags: --enable-clocale=gnu --with-system-zlib --enable-shared --with-demangler-in-ld


Index Nav: [Date Index] [Subject Index] [Author Index] [Thread Index]
Message Nav: [Date Prev] [Date Next] [Thread Prev] [Thread Next]