This is the mail archive of the gcc-testresults@gcc.gnu.org mailing list for the GCC project.


Index Nav: [Date Index] [Subject Index] [Author Index] [Thread Index]
Message Nav: [Date Prev] [Date Next] [Thread Prev] [Thread Next]
Other format: [Raw text]

Results for 4.5.0 20100209 (experimental) (GCC) testsuite on ia64-debian-linux-gnu


Native configuration is ia64-debian-linux-gnu

		=== gcc tests ===


Running target unix
FAIL: gcc.c-torture/compile/limits-exprparen.c  -O0  (test for excess errors)
FAIL: gcc.c-torture/compile/limits-exprparen.c  -O1  (test for excess errors)
FAIL: gcc.c-torture/compile/limits-exprparen.c  -O2  (test for excess errors)
FAIL: gcc.c-torture/compile/limits-exprparen.c  -O3 -fomit-frame-pointer  (test for excess errors)
FAIL: gcc.c-torture/compile/limits-exprparen.c  -O3 -g  (test for excess errors)
FAIL: gcc.c-torture/compile/limits-exprparen.c  -Os  (test for excess errors)
FAIL: gcc.dg/20020425-1.c (test for excess errors)
FAIL: gcc.dg/builtin-apply4.c execution test
FAIL: gcc.dg/pr34668-1.c (internal compiler error)
FAIL: gcc.dg/pr34668-1.c (test for excess errors)
XPASS: gcc.dg/guality/example.c  -O0  execution test
WARNING: program timed out.
XPASS: gcc.dg/guality/guality.c  -O0  execution test
WARNING: program timed out.
XPASS: gcc.dg/guality/inline-params.c  -O0  execution test
XPASS: gcc.dg/guality/inline-params.c  -O2  execution test
XPASS: gcc.dg/guality/pr41353-1.c  -O0  line 28 j == 28 + 37
FAIL: gcc.dg/guality/pr41353-1.c  -O3 -fomit-frame-pointer  line 17 vari1 == 2 * 17
FAIL: gcc.dg/guality/pr41353-1.c  -O3 -fomit-frame-pointer  line 17 vari2 == 3 * 17
FAIL: gcc.dg/guality/pr41353-1.c  -O3 -fomit-frame-pointer  line 17 vari3 == 2 * 17
FAIL: gcc.dg/guality/pr41353-1.c  -O3 -fomit-frame-pointer  line 17 vari4 == 3 * 17
FAIL: gcc.dg/guality/pr41353-1.c  -O3 -fomit-frame-pointer  line 17 vari5 == 4 * 17
FAIL: gcc.dg/guality/pr41353-1.c  -O3 -fomit-frame-pointer  line 17 vari6 == 5 * 17
FAIL: gcc.dg/guality/pr41353-1.c  -O3 -fomit-frame-pointer  line 28 i1 == 2 * 37
FAIL: gcc.dg/guality/pr41353-1.c  -O3 -fomit-frame-pointer  line 28 i2 == 3 * 37
FAIL: gcc.dg/guality/pr41353-1.c  -O3 -fomit-frame-pointer  line 39 i == 12
FAIL: gcc.dg/guality/pr41353-1.c  -O3 -fomit-frame-pointer  line 39 i1 == 2 * 12
FAIL: gcc.dg/guality/pr41353-1.c  -O3 -fomit-frame-pointer  line 39 i2 == 2 * 12
FAIL: gcc.dg/guality/pr41353-1.c  -O3 -fomit-frame-pointer  line 39 i3 == 3 * 12
FAIL: gcc.dg/guality/pr41353-1.c  -O3 -g  line 17 vari1 == 2 * 17
FAIL: gcc.dg/guality/pr41353-1.c  -O3 -g  line 17 vari2 == 3 * 17
FAIL: gcc.dg/guality/pr41353-1.c  -O3 -g  line 17 vari3 == 2 * 17
FAIL: gcc.dg/guality/pr41353-1.c  -O3 -g  line 17 vari4 == 3 * 17
FAIL: gcc.dg/guality/pr41353-1.c  -O3 -g  line 17 vari5 == 4 * 17
FAIL: gcc.dg/guality/pr41353-1.c  -O3 -g  line 17 vari6 == 5 * 17
FAIL: gcc.dg/guality/pr41353-1.c  -O3 -g  line 28 i1 == 2 * 37
FAIL: gcc.dg/guality/pr41353-1.c  -O3 -g  line 28 i2 == 3 * 37
FAIL: gcc.dg/guality/pr41353-1.c  -O3 -g  line 39 i == 12
FAIL: gcc.dg/guality/pr41353-1.c  -O3 -g  line 39 i1 == 2 * 12
FAIL: gcc.dg/guality/pr41353-1.c  -O3 -g  line 39 i2 == 2 * 12
FAIL: gcc.dg/guality/pr41353-1.c  -O3 -g  line 39 i3 == 3 * 12
FAIL: gcc.dg/guality/pr41353-2.c  -O3 -fomit-frame-pointer  line 13 vari1 == 2 * 17
FAIL: gcc.dg/guality/pr41353-2.c  -O3 -fomit-frame-pointer  line 13 vari2 == 3 * 17
FAIL: gcc.dg/guality/pr41353-2.c  -O3 -g  line 13 vari1 == 2 * 17
FAIL: gcc.dg/guality/pr41353-2.c  -O3 -g  line 13 vari2 == 3 * 17
FAIL: gcc.dg/guality/pr41404-1.c  -O1  line 10 *foo == 'f'
FAIL: gcc.dg/guality/pr41404-1.c  -O2  line 10 *foo == 'f'
FAIL: gcc.dg/guality/pr41404-1.c  -Os  line 10 *foo == 'f'
XPASS: gcc.dg/guality/pr41447-1.c  -O0  execution test
XPASS: gcc.dg/guality/pr41447-1.c  -O2  execution test
XPASS: gcc.dg/guality/pr41447-1.c  -O3 -fomit-frame-pointer  execution test
XPASS: gcc.dg/guality/pr41447-1.c  -O3 -g  execution test
WARNING: program timed out.
XPASS: gcc.dg/guality/pr41616-1.c  -O0  execution test
XPASS: gcc.dg/guality/pr41616-1.c  -O2  execution test
XPASS: gcc.dg/tree-ssa/loop-1.c scan-assembler-times foo 5

		=== gcc Summary ===

# of expected passes		53591
# of unexpected failures	41
# of unexpected successes	12
# of expected failures		248
# of unsupported tests		607
/proj/opensrc_nobackup/nightly2/build-ia64-debian-linux-gnu-trunk/obj_gcc/gcc/xgcc  version 4.5.0 20100209 (experimental) (GCC) 

		=== gfortran tests ===


Running target unix
FAIL: gfortran.dg/func_assign_3.f90  -O1  (internal compiler error)
FAIL: gfortran.dg/func_assign_3.f90  -O1  (test for excess errors)
WARNING: gfortran.dg/func_assign_3.f90  -O1  compilation failed to produce executable

		=== gfortran Summary ===

# of expected passes		33568
# of unexpected failures	2
# of expected failures		30
# of unsupported tests		54
/proj/opensrc_nobackup/nightly2/build-ia64-debian-linux-gnu-trunk/obj_gcc/gcc/testsuite/gfortran/../../gfortran  version 4.5.0 20100209 (experimental) (GCC) 

		=== g++ tests ===


Running target unix

		=== g++ Summary ===

# of expected passes		20219
# of expected failures		145
# of unsupported tests		185
/proj/opensrc_nobackup/nightly2/build-ia64-debian-linux-gnu-trunk/obj_gcc/gcc/testsuite/g++/../../g++  version 4.5.0 20100209 (experimental) (GCC) 

		=== objc tests ===


Running target unix

		=== objc Summary ===

# of expected passes		1865
# of expected failures		15
# of unsupported tests		25
/proj/opensrc_nobackup/nightly2/build-ia64-debian-linux-gnu-trunk/obj_gcc/gcc/xgcc  version 4.5.0 20100209 (experimental) (GCC) 

		=== libffi tests ===


Running target unix

		=== libffi Summary ===

# of expected passes		1624
# of expected failures		10
# of unsupported tests		15
		=== libgomp tests ===


Running target unix

		=== libgomp Summary ===

# of expected passes		2458
		=== libjava tests ===


Running target unix
FAIL: getlocalvartable output
FAIL: Throw_3 -O3 output - source compiled test
FAIL: Throw_3 -O3 -findirect-dispatch output - source compiled test

		=== libjava Summary ===

# of expected passes		2571
# of unexpected failures	3
		=== libstdc++ tests ===


Running target unix
FAIL: abi_check

		=== libstdc++ Summary ===

# of expected passes		6654
# of unexpected failures	1
# of expected failures		94
# of unsupported tests		337

Compiler version: 4.5.0 20100209 (experimental) (GCC) 
Platform: ia64-debian-linux-gnu
configure flags: --host=ia64-debian-linux-gnu --build=ia64-debian-linux-gnu --prefix=/proj/opensrc_nobackup/nightly2/gcc-ia64-debian-linux-gnu-trunk --with-local-prefix=/proj/opensrc_nobackup/nightly2/gcc-ia64-debian-linux-gnu-trunk --disable-nls --with-gmp=/proj/opensrc/be/ia64-debian-linux-gnu --with-mpfr=/proj/opensrc/be/ia64-debian-linux-gnu --disable-libmudflap


Index Nav: [Date Index] [Subject Index] [Author Index] [Thread Index]
Message Nav: [Date Prev] [Date Next] [Thread Prev] [Thread Next]