This is the mail archive of the gcc-testresults@gcc.gnu.org mailing list for the GCC project.


Index Nav: [Date Index] [Subject Index] [Author Index] [Thread Index]
Message Nav: [Date Prev] [Date Next] [Thread Prev] [Thread Next]
Other format: [Raw text]

Results for 4.5.0 20100209 (experimental) (GCC) testsuite on ia64-hp-hpux11.23


Native configuration is ia64-hp-hpux11.23

		=== g++ tests ===


Running target unix/-milp32
FAIL: g++.dg/abi/packed1.C execution test

		=== g++ Summary for unix/-milp32 ===

# of expected passes		20181
# of unexpected failures	1
# of expected failures		151
# of unsupported tests		213

Running target unix/-mlp64
FAIL: g++.dg/abi/packed1.C execution test

		=== g++ Summary for unix/-mlp64 ===

# of expected passes		20142
# of unexpected failures	1
# of expected failures		151
# of unsupported tests		214

		=== g++ Summary ===

# of expected passes		40323
# of unexpected failures	2
# of expected failures		302
# of unsupported tests		427
/proj/opensrc_nobackup/nightly2/build-ia64-hp-hpux11.23-trunk/obj_gcc/gcc/testsuite/g++/../../g++  version 4.5.0 20100209 (experimental) (GCC) 

		=== gcc tests ===


Running target unix/-milp32
FAIL: gcc.dg/builtin-apply4.c execution test
FAIL: gcc.dg/errno-1.c scan-assembler do_not_optimize_away
FAIL: gcc.dg/pr34668-1.c (internal compiler error)
FAIL: gcc.dg/pr34668-1.c (test for excess errors)

		=== gcc Summary for unix/-milp32 ===

# of expected passes		53254
# of unexpected failures	4
# of expected failures		221
# of unsupported tests		678

Running target unix/-mlp64
FAIL: gcc.dg/builtin-apply4.c execution test
FAIL: gcc.dg/errno-1.c scan-assembler do_not_optimize_away
FAIL: gcc.dg/pr34668-1.c (internal compiler error)
FAIL: gcc.dg/pr34668-1.c (test for excess errors)

		=== gcc Summary for unix/-mlp64 ===

# of expected passes		53269
# of unexpected failures	4
# of expected failures		222
# of unsupported tests		667

		=== gcc Summary ===

# of expected passes		106523
# of unexpected failures	8
# of expected failures		443
# of unsupported tests		1345
/proj/opensrc_nobackup/nightly2/build-ia64-hp-hpux11.23-trunk/obj_gcc/gcc/xgcc  version 4.5.0 20100209 (experimental) (GCC) 

		=== gfortran tests ===


Running target unix/-milp32
FAIL: gfortran.dg/complex_intrinsic_8.f90  -O  (internal compiler error)
FAIL: gfortran.dg/complex_intrinsic_8.f90  -O  (test for excess errors)

		=== gfortran Summary for unix/-milp32 ===

# of expected passes		33536
# of unexpected failures	2
# of expected failures		30
# of unsupported tests		71

Running target unix/-mlp64
FAIL: gfortran.dg/complex_intrinsic_8.f90  -O  (internal compiler error)
FAIL: gfortran.dg/complex_intrinsic_8.f90  -O  (test for excess errors)

		=== gfortran Summary for unix/-mlp64 ===

# of expected passes		33536
# of unexpected failures	2
# of expected failures		30
# of unsupported tests		71

		=== gfortran Summary ===

# of expected passes		67072
# of unexpected failures	4
# of expected failures		60
# of unsupported tests		142
/proj/opensrc_nobackup/nightly2/build-ia64-hp-hpux11.23-trunk/obj_gcc/gcc/testsuite/gfortran/../../gfortran  version 4.5.0 20100209 (experimental) (GCC) 

		=== libgomp tests ===


Running target unix/-mlp64

		=== libgomp Summary for unix/-mlp64 ===

# of expected passes		2454
# of unsupported tests		2

Running target unix/-milp32

		=== libgomp Summary for unix/-milp32 ===

# of expected passes		2454
# of unsupported tests		2

		=== libgomp Summary ===

# of expected passes		4908
# of unsupported tests		4
		=== libstdc++ tests ===


Running target unix/-milp32
XPASS: 22_locale/collate/hash/char/1.cc (test for excess errors)
XPASS: 22_locale/collate/requirements/base_classes.cc (test for excess errors)
XPASS: 22_locale/collate/transform/wchar_t/28277.cc (test for excess errors)
XPASS: 22_locale/collate_byname/requirements/base_classes.cc (test for excess errors)
FAIL: 27_io/objects/wchar_t/7.cc execution test
FAIL: 27_io/objects/wchar_t/9661-1.cc execution test
FAIL: ext/codecvt/wchar_t.cc execution test
FAIL: ext/new_allocator/deallocate_global.cc execution test
FAIL: ext/profile/all.cc (test for excess errors)
FAIL: ext/throw_allocator/deallocate_global.cc execution test
WARNING: program timed out.
WARNING: program timed out.

		=== libstdc++ Summary for unix/-milp32 ===

# of expected passes		6114
# of unexpected successes	4
# of unexpected failures	6
# of expected failures		89
# of unsupported tests		617

Running target unix/-mlp64
XPASS: 22_locale/collate/hash/char/1.cc (test for excess errors)
XPASS: 22_locale/collate/requirements/base_classes.cc (test for excess errors)
XPASS: 22_locale/collate/transform/wchar_t/28277.cc (test for excess errors)
XPASS: 22_locale/collate_byname/requirements/base_classes.cc (test for excess errors)
FAIL: 27_io/objects/wchar_t/7.cc execution test
FAIL: 27_io/objects/wchar_t/9661-1.cc execution test
FAIL: ext/codecvt/wchar_t.cc execution test
FAIL: ext/new_allocator/deallocate_global.cc execution test
FAIL: ext/profile/all.cc (test for excess errors)
FAIL: ext/throw_allocator/deallocate_global.cc execution test
WARNING: program timed out.
WARNING: program timed out.

		=== libstdc++ Summary for unix/-mlp64 ===

# of expected passes		6114
# of unexpected successes	4
# of unexpected failures	6
# of expected failures		89
# of unsupported tests		617

		=== libstdc++ Summary ===

# of expected passes		12228
# of unexpected failures	12
# of unexpected successes	8
# of expected failures		178
# of unsupported tests		1234

		=== libstdc++ Summary ===


Compiler version: 4.5.0 20100209 (experimental) (GCC) 
Platform: ia64-hp-hpux11.23
configure flags: --host=ia64-hp-hpux11.23 --build=ia64-hp-hpux11.23 --prefix=/proj/opensrc_nobackup/nightly2/gcc-ia64-hp-hpux11.23-trunk --with-local-prefix=/proj/opensrc_nobackup/nightly2/gcc-ia64-hp-hpux11.23-trunk --disable-nls --with-gmp=/proj/opensrc/be/ia64-hp-hpux11.23 --with-mpfr=/proj/opensrc/be/ia64-hp-hpux11.23 --disable-libmudflap --enable-libunwind-exceptions SED=/usr/bin/sed --enable-languages=c,c++,fortran


Index Nav: [Date Index] [Subject Index] [Author Index] [Thread Index]
Message Nav: [Date Prev] [Date Next] [Thread Prev] [Thread Next]