This is the mail archive of the gcc-testresults@gcc.gnu.org mailing list for the GCC project.


Index Nav: [Date Index] [Subject Index] [Author Index] [Thread Index]
Message Nav: [Date Prev] [Date Next] [Thread Prev] [Thread Next]
Other format: [Raw text]

Results for 4.5.0 20100202 (experimental) [trunk revision 156452] (Debian 4.5-20100202-1) testsuite on x86_64-pc-kfreebsd-gnu


LAST_UPDATED: Tue Feb  2 18:22:40 UTC 2010 (revision 156452)

Target: x86_64-kfreebsd-gnu
gcc version 4.5.0 20100202 (experimental) [trunk revision 156452] (Debian 4.5-20100202-1) 
Native configuration is x86_64-pc-kfreebsd-gnu

		=== g++ tests ===


Running target unix
FAIL: g++.dg/graphite/pr42130.C execution test

		=== g++ Summary for unix ===

# of expected passes		22022
# of unexpected failures	1
# of expected failures		147
# of unsupported tests		317

Running target unix/-fstack-protector
FAIL: g++.dg/graphite/pr42130.C execution test

		=== g++ Summary for unix/-fstack-protector ===

# of expected passes		22022
# of unexpected failures	1
# of expected failures		147
# of unsupported tests		317

Running target unix/-m32

		=== g++ Summary for unix/-m32 ===

# of expected passes		22400
# of expected failures		147
# of unsupported tests		137

		=== g++ Summary ===

# of expected passes		66444
# of unexpected failures	2
# of expected failures		441
# of unsupported tests		771
/build/buildd-gcc-4.5_4.5-20100202-1-kfreebsd-amd64-viM6F_/gcc-4.5-4.5-20100202/build/gcc/testsuite/g++/../../g++  version 4.5.0 20100202 (experimental) [trunk revision 156452] (Debian 4.5-20100202-1) 

		=== gcc tests ===


Running target unix
FAIL: gcc.dg/pr34668-1.c (internal compiler error)
FAIL: gcc.dg/pr34668-1.c (test for excess errors)
FAIL: largefile.c -O0 -g -I. (test for excess errors)
FAIL: gcc.dg/pch/largefile.c -O0 -g assembly comparison
FAIL: largefile.c  -O0  -I. (test for excess errors)
FAIL: gcc.dg/pch/largefile.c  -O0  assembly comparison
FAIL: largefile.c  -O1  -I. (test for excess errors)
FAIL: gcc.dg/pch/largefile.c  -O1  assembly comparison
FAIL: largefile.c  -O2  -I. (test for excess errors)
FAIL: gcc.dg/pch/largefile.c  -O2  assembly comparison
FAIL: largefile.c  -O3 -fomit-frame-pointer  -I. (test for excess errors)
FAIL: gcc.dg/pch/largefile.c  -O3 -fomit-frame-pointer  assembly comparison
FAIL: largefile.c  -O3 -g  -I. (test for excess errors)
FAIL: gcc.dg/pch/largefile.c  -O3 -g  assembly comparison
FAIL: largefile.c  -Os  -I. (test for excess errors)
FAIL: gcc.dg/pch/largefile.c  -Os  assembly comparison
FAIL: gcc.dg/torture/pr42898.c  -O1  scan-tree-dump-times optimized "\\*ptr" 1
FAIL: gcc.dg/torture/pr42898.c  -O2  scan-tree-dump-times optimized "\\*ptr" 1
FAIL: gcc.dg/torture/pr42898.c  -O3 -fomit-frame-pointer  scan-tree-dump-times optimized "\\*ptr" 1
FAIL: gcc.dg/torture/pr42898.c  -O3 -g  scan-tree-dump-times optimized "\\*ptr" 1
FAIL: gcc.dg/torture/pr42898.c  -Os  scan-tree-dump-times optimized "\\*ptr" 1
FAIL: gcc.dg/torture/pr42898.c  -O2 -flto  scan-tree-dump-times optimized "\\*ptr" 1
FAIL: gcc.dg/torture/pr42898.c  -O2 -fwhopr  scan-tree-dump-times optimized "\\*ptr" 1

		=== gcc Summary for unix ===

# of expected passes		69712
# of unexpected failures	23
# of expected failures		175
# of unsupported tests		1011

Running target unix/-fstack-protector
FAIL: gcc.dg/pr34668-1.c (internal compiler error)
FAIL: gcc.dg/pr34668-1.c (test for excess errors)
FAIL: largefile.c -O0 -g -I. (test for excess errors)
FAIL: gcc.dg/pch/largefile.c -O0 -g assembly comparison
FAIL: largefile.c  -O0  -I. (test for excess errors)
FAIL: gcc.dg/pch/largefile.c  -O0  assembly comparison
FAIL: largefile.c  -O1  -I. (test for excess errors)
FAIL: gcc.dg/pch/largefile.c  -O1  assembly comparison
FAIL: largefile.c  -O2  -I. (test for excess errors)
FAIL: gcc.dg/pch/largefile.c  -O2  assembly comparison
FAIL: largefile.c  -O3 -fomit-frame-pointer  -I. (test for excess errors)
FAIL: gcc.dg/pch/largefile.c  -O3 -fomit-frame-pointer  assembly comparison
FAIL: largefile.c  -O3 -g  -I. (test for excess errors)
FAIL: gcc.dg/pch/largefile.c  -O3 -g  assembly comparison
FAIL: largefile.c  -Os  -I. (test for excess errors)
FAIL: gcc.dg/pch/largefile.c  -Os  assembly comparison
FAIL: gcc.dg/torture/pr42898.c  -O1  scan-tree-dump-times optimized "\\*ptr" 1
FAIL: gcc.dg/torture/pr42898.c  -O2  scan-tree-dump-times optimized "\\*ptr" 1
FAIL: gcc.dg/torture/pr42898.c  -O3 -fomit-frame-pointer  scan-tree-dump-times optimized "\\*ptr" 1
FAIL: gcc.dg/torture/pr42898.c  -O3 -g  scan-tree-dump-times optimized "\\*ptr" 1
FAIL: gcc.dg/torture/pr42898.c  -Os  scan-tree-dump-times optimized "\\*ptr" 1
FAIL: gcc.dg/torture/pr42898.c  -O2 -flto  scan-tree-dump-times optimized "\\*ptr" 1
FAIL: gcc.dg/torture/pr42898.c  -O2 -fwhopr  scan-tree-dump-times optimized "\\*ptr" 1

		=== gcc Summary for unix/-fstack-protector ===

# of expected passes		69712
# of unexpected failures	23
# of expected failures		175
# of unsupported tests		1011

Running target unix/-m32
FAIL: gcc.dg/pr34668-1.c (internal compiler error)
FAIL: gcc.dg/pr34668-1.c (test for excess errors)
FAIL: largefile.c -O0 -g -I. (test for excess errors)
FAIL: gcc.dg/pch/largefile.c -O0 -g assembly comparison
FAIL: largefile.c  -O0  -I. (test for excess errors)
FAIL: gcc.dg/pch/largefile.c  -O0  assembly comparison
FAIL: largefile.c  -O1  -I. (test for excess errors)
FAIL: gcc.dg/pch/largefile.c  -O1  assembly comparison
FAIL: largefile.c  -O2  -I. (test for excess errors)
FAIL: gcc.dg/pch/largefile.c  -O2  assembly comparison
FAIL: largefile.c  -O3 -fomit-frame-pointer  -I. (test for excess errors)
FAIL: gcc.dg/pch/largefile.c  -O3 -fomit-frame-pointer  assembly comparison
FAIL: largefile.c  -O3 -g  -I. (test for excess errors)
FAIL: gcc.dg/pch/largefile.c  -O3 -g  assembly comparison
FAIL: largefile.c  -Os  -I. (test for excess errors)
FAIL: gcc.dg/pch/largefile.c  -Os  assembly comparison
FAIL: gcc.dg/torture/pr42898.c  -O1  scan-tree-dump-times optimized "\\*ptr" 1
FAIL: gcc.dg/torture/pr42898.c  -O2  scan-tree-dump-times optimized "\\*ptr" 1
FAIL: gcc.dg/torture/pr42898.c  -O3 -fomit-frame-pointer  scan-tree-dump-times optimized "\\*ptr" 1
FAIL: gcc.dg/torture/pr42898.c  -O3 -g  scan-tree-dump-times optimized "\\*ptr" 1
FAIL: gcc.dg/torture/pr42898.c  -Os  scan-tree-dump-times optimized "\\*ptr" 1
FAIL: gcc.dg/torture/pr42898.c  -O2 -flto  scan-tree-dump-times optimized "\\*ptr" 1
FAIL: gcc.dg/torture/pr42898.c  -O2 -fwhopr  scan-tree-dump-times optimized "\\*ptr" 1
FAIL: gcc.misc-tests/linkage.c link

		=== gcc Summary for unix/-m32 ===

# of expected passes		70163
# of unexpected failures	24
# of expected failures		176
# of unsupported tests		665

		=== gcc Summary ===

# of expected passes		209587
# of unexpected failures	70
# of expected failures		526
# of unsupported tests		2687
/build/buildd-gcc-4.5_4.5-20100202-1-kfreebsd-amd64-viM6F_/gcc-4.5-4.5-20100202/build/gcc/xgcc  version 4.5.0 20100202 (experimental) [trunk revision 156452] (Debian 4.5-20100202-1) 

		=== gfortran tests ===


Running target unix
FAIL: gfortran.dg/allocatable_function_1.f90  -O0  scan-tree-dump-times original "free" 10
FAIL: gfortran.dg/allocatable_function_1.f90  -O1  scan-tree-dump-times original "free" 10
FAIL: gfortran.dg/allocatable_function_1.f90  -O2  scan-tree-dump-times original "free" 10
FAIL: gfortran.dg/allocatable_function_1.f90  -O3 -fomit-frame-pointer  scan-tree-dump-times original "free" 10
FAIL: gfortran.dg/allocatable_function_1.f90  -O3 -fomit-frame-pointer -funroll-loops  scan-tree-dump-times original "free" 10
FAIL: gfortran.dg/allocatable_function_1.f90  -O3 -fomit-frame-pointer -funroll-all-loops -finline-functions  scan-tree-dump-times original "free" 10
FAIL: gfortran.dg/allocatable_function_1.f90  -O3 -g  scan-tree-dump-times original "free" 10
FAIL: gfortran.dg/allocatable_function_1.f90  -Os  scan-tree-dump-times original "free" 10
FAIL: gfortran.dg/stat_1.f90  -O0  execution test
FAIL: gfortran.dg/stat_1.f90  -O1  execution test
FAIL: gfortran.dg/stat_1.f90  -O2  execution test
FAIL: gfortran.dg/stat_1.f90  -O3 -fomit-frame-pointer  execution test
FAIL: gfortran.dg/stat_1.f90  -O3 -fomit-frame-pointer -funroll-loops  execution test
FAIL: gfortran.dg/stat_1.f90  -O3 -fomit-frame-pointer -funroll-all-loops -finline-functions  execution test
FAIL: gfortran.dg/stat_1.f90  -O3 -g  execution test
FAIL: gfortran.dg/stat_1.f90  -Os  execution test
FAIL: gfortran.dg/stat_2.f90  -O0  execution test
FAIL: gfortran.dg/stat_2.f90  -O1  execution test
FAIL: gfortran.dg/stat_2.f90  -O2  execution test
FAIL: gfortran.dg/stat_2.f90  -O3 -fomit-frame-pointer  execution test
FAIL: gfortran.dg/stat_2.f90  -O3 -fomit-frame-pointer -funroll-loops  execution test
FAIL: gfortran.dg/stat_2.f90  -O3 -fomit-frame-pointer -funroll-all-loops -finline-functions  execution test
FAIL: gfortran.dg/stat_2.f90  -O3 -g  execution test
FAIL: gfortran.dg/stat_2.f90  -Os  execution test
FAIL: gfortran.dg/lto/pr40725 f_lto_pr40725_0.o-f_lto_pr40725_1.o execute -O2 -fwhopr
FAIL: gfortran.dg/lto/pr40725 f_lto_pr40725_0.o-f_lto_pr40725_1.o execute -O2 -flto

		=== gfortran Summary for unix ===

# of expected passes		33649
# of unexpected failures	26
# of expected failures		28
# of unsupported tests		67

Running target unix/-fstack-protector
FAIL: gfortran.dg/allocatable_function_1.f90  -O0  scan-tree-dump-times original "free" 10
FAIL: gfortran.dg/allocatable_function_1.f90  -O1  scan-tree-dump-times original "free" 10
FAIL: gfortran.dg/allocatable_function_1.f90  -O2  scan-tree-dump-times original "free" 10
FAIL: gfortran.dg/allocatable_function_1.f90  -O3 -fomit-frame-pointer  scan-tree-dump-times original "free" 10
FAIL: gfortran.dg/allocatable_function_1.f90  -O3 -fomit-frame-pointer -funroll-loops  scan-tree-dump-times original "free" 10
FAIL: gfortran.dg/allocatable_function_1.f90  -O3 -fomit-frame-pointer -funroll-all-loops -finline-functions  scan-tree-dump-times original "free" 10
FAIL: gfortran.dg/allocatable_function_1.f90  -O3 -g  scan-tree-dump-times original "free" 10
FAIL: gfortran.dg/allocatable_function_1.f90  -Os  scan-tree-dump-times original "free" 10
FAIL: gfortran.dg/stat_1.f90  -O0  execution test
FAIL: gfortran.dg/stat_1.f90  -O1  execution test
FAIL: gfortran.dg/stat_1.f90  -O2  execution test
FAIL: gfortran.dg/stat_1.f90  -O3 -fomit-frame-pointer  execution test
FAIL: gfortran.dg/stat_1.f90  -O3 -fomit-frame-pointer -funroll-loops  execution test
FAIL: gfortran.dg/stat_1.f90  -O3 -fomit-frame-pointer -funroll-all-loops -finline-functions  execution test
FAIL: gfortran.dg/stat_1.f90  -O3 -g  execution test
FAIL: gfortran.dg/stat_1.f90  -Os  execution test
FAIL: gfortran.dg/stat_2.f90  -O0  execution test
FAIL: gfortran.dg/stat_2.f90  -O1  execution test
FAIL: gfortran.dg/stat_2.f90  -O2  execution test
FAIL: gfortran.dg/stat_2.f90  -O3 -fomit-frame-pointer  execution test
FAIL: gfortran.dg/stat_2.f90  -O3 -fomit-frame-pointer -funroll-loops  execution test
FAIL: gfortran.dg/stat_2.f90  -O3 -fomit-frame-pointer -funroll-all-loops -finline-functions  execution test
FAIL: gfortran.dg/stat_2.f90  -O3 -g  execution test
FAIL: gfortran.dg/stat_2.f90  -Os  execution test
FAIL: gfortran.dg/lto/pr40725 f_lto_pr40725_0.o-f_lto_pr40725_1.o execute -O2 -fwhopr
FAIL: gfortran.dg/lto/pr40725 f_lto_pr40725_0.o-f_lto_pr40725_1.o execute -O2 -flto

		=== gfortran Summary for unix/-fstack-protector ===

# of expected passes		33649
# of unexpected failures	26
# of expected failures		28
# of unsupported tests		67

Running target unix/-m32
FAIL: gfortran.dg/allocatable_function_1.f90  -O0  scan-tree-dump-times original "free" 10
FAIL: gfortran.dg/allocatable_function_1.f90  -O1  scan-tree-dump-times original "free" 10
FAIL: gfortran.dg/allocatable_function_1.f90  -O2  scan-tree-dump-times original "free" 10
FAIL: gfortran.dg/allocatable_function_1.f90  -O3 -fomit-frame-pointer  scan-tree-dump-times original "free" 10
FAIL: gfortran.dg/allocatable_function_1.f90  -O3 -fomit-frame-pointer -funroll-loops  scan-tree-dump-times original "free" 10
FAIL: gfortran.dg/allocatable_function_1.f90  -O3 -fomit-frame-pointer -funroll-all-loops -finline-functions  scan-tree-dump-times original "free" 10
FAIL: gfortran.dg/allocatable_function_1.f90  -O3 -g  scan-tree-dump-times original "free" 10
FAIL: gfortran.dg/allocatable_function_1.f90  -Os  scan-tree-dump-times original "free" 10
FAIL: gfortran.dg/stat_1.f90  -O0  execution test
FAIL: gfortran.dg/stat_1.f90  -O1  execution test
FAIL: gfortran.dg/stat_1.f90  -O2  execution test
FAIL: gfortran.dg/stat_1.f90  -O3 -fomit-frame-pointer  execution test
FAIL: gfortran.dg/stat_1.f90  -O3 -fomit-frame-pointer -funroll-loops  execution test
FAIL: gfortran.dg/stat_1.f90  -O3 -fomit-frame-pointer -funroll-all-loops -finline-functions  execution test
FAIL: gfortran.dg/stat_1.f90  -O3 -g  execution test
FAIL: gfortran.dg/stat_1.f90  -Os  execution test
FAIL: gfortran.dg/stat_2.f90  -O0  execution test
FAIL: gfortran.dg/stat_2.f90  -O1  execution test
FAIL: gfortran.dg/stat_2.f90  -O2  execution test
FAIL: gfortran.dg/stat_2.f90  -O3 -fomit-frame-pointer  execution test
FAIL: gfortran.dg/stat_2.f90  -O3 -fomit-frame-pointer -funroll-loops  execution test
FAIL: gfortran.dg/stat_2.f90  -O3 -fomit-frame-pointer -funroll-all-loops -finline-functions  execution test
FAIL: gfortran.dg/stat_2.f90  -O3 -g  execution test
FAIL: gfortran.dg/stat_2.f90  -Os  execution test
FAIL: gfortran.dg/lto/pr40725 f_lto_pr40725_0.o-f_lto_pr40725_1.o execute -O2 -fwhopr
FAIL: gfortran.dg/lto/pr40725 f_lto_pr40725_0.o-f_lto_pr40725_1.o execute -O2 -flto

		=== gfortran Summary for unix/-m32 ===

# of expected passes		33504
# of unexpected failures	26
# of expected failures		28
# of unsupported tests		135

		=== gfortran Summary ===

# of expected passes		100802
# of unexpected failures	78
# of expected failures		84
# of unsupported tests		269
/build/buildd-gcc-4.5_4.5-20100202-1-kfreebsd-amd64-viM6F_/gcc-4.5-4.5-20100202/build/gcc/testsuite/gfortran/../../gfortran  version 4.5.0 20100202 (experimental) [trunk revision 156452] (Debian 4.5-20100202-1) 

		=== obj-c++ tests ===


Running target unix
UNRESOLVED: obj-c++.dg/lookup-2.mm compilation failed to produce executable
UNRESOLVED: obj-c++.dg/try-catch-2.mm compilation failed to produce executable
UNRESOLVED: obj-c++.dg/try-catch-9.mm compilation failed to produce executable

		=== obj-c++ Summary for unix ===

# of expected passes		430
# of expected failures		18
# of unresolved testcases	3
# of unsupported tests		13

Running target unix/-fstack-protector
UNRESOLVED: obj-c++.dg/lookup-2.mm compilation failed to produce executable
UNRESOLVED: obj-c++.dg/try-catch-2.mm compilation failed to produce executable
UNRESOLVED: obj-c++.dg/try-catch-9.mm compilation failed to produce executable

		=== obj-c++ Summary for unix/-fstack-protector ===

# of expected passes		430
# of expected failures		18
# of unresolved testcases	3
# of unsupported tests		13

Running target unix/-m32
UNRESOLVED: obj-c++.dg/lookup-2.mm compilation failed to produce executable
UNRESOLVED: obj-c++.dg/try-catch-2.mm compilation failed to produce executable
UNRESOLVED: obj-c++.dg/try-catch-9.mm compilation failed to produce executable

		=== obj-c++ Summary for unix/-m32 ===

# of expected passes		438
# of expected failures		10
# of unresolved testcases	3
# of unsupported tests		13

		=== obj-c++ Summary ===

# of expected passes		1298
# of expected failures		46
# of unresolved testcases	9
# of unsupported tests		39
/build/buildd-gcc-4.5_4.5-20100202-1-kfreebsd-amd64-viM6F_/gcc-4.5-4.5-20100202/build/gcc/testsuite/obj-c++/../../g++  version 4.5.0 20100202 (experimental) [trunk revision 156452] (Debian 4.5-20100202-1) 

		=== objc tests ===


Running target unix
FAIL: objc/execute/forward-1.m execution,  -O0 -fgnu-runtime
FAIL: objc/execute/forward-1.m execution,  -O1 -fgnu-runtime
FAIL: objc/execute/forward-1.m execution,  -O2 -fgnu-runtime
FAIL: objc/execute/forward-1.m execution,  -O3 -fomit-frame-pointer -fgnu-runtime
FAIL: objc/execute/forward-1.m execution,  -O3 -fomit-frame-pointer -funroll-loops -fgnu-runtime
FAIL: objc/execute/forward-1.m execution,  -O3 -fomit-frame-pointer -funroll-all-loops -finline-functions -fgnu-runtime
FAIL: objc/execute/forward-1.m execution,  -O3 -g -fgnu-runtime
FAIL: objc/execute/forward-1.m execution,  -Os -fgnu-runtime

		=== objc Summary for unix ===

# of expected passes		1867
# of unexpected failures	8
# of expected failures		7
# of unsupported tests		24

Running target unix/-fstack-protector
FAIL: objc/execute/forward-1.m execution,  -O0 -fgnu-runtime
FAIL: objc/execute/forward-1.m execution,  -O1 -fgnu-runtime
FAIL: objc/execute/forward-1.m execution,  -O2 -fgnu-runtime
FAIL: objc/execute/forward-1.m execution,  -O3 -fomit-frame-pointer -fgnu-runtime
FAIL: objc/execute/forward-1.m execution,  -O3 -fomit-frame-pointer -funroll-loops -fgnu-runtime
FAIL: objc/execute/forward-1.m execution,  -O3 -fomit-frame-pointer -funroll-all-loops -finline-functions -fgnu-runtime
FAIL: objc/execute/forward-1.m execution,  -O3 -g -fgnu-runtime
FAIL: objc/execute/forward-1.m execution,  -Os -fgnu-runtime

		=== objc Summary for unix/-fstack-protector ===

# of expected passes		1867
# of unexpected failures	8
# of expected failures		7
# of unsupported tests		24

Running target unix/-m32

		=== objc Summary for unix/-m32 ===

# of expected passes		1875
# of expected failures		7
# of unsupported tests		24

		=== objc Summary ===

# of expected passes		5609
# of unexpected failures	16
# of expected failures		21
# of unsupported tests		72
/build/buildd-gcc-4.5_4.5-20100202-1-kfreebsd-amd64-viM6F_/gcc-4.5-4.5-20100202/build/gcc/xgcc  version 4.5.0 20100202 (experimental) [trunk revision 156452] (Debian 4.5-20100202-1) 

		=== libffi tests ===


Running target unix
FAIL: libffi.call/closure_fn0.c -O0 -W -Wall execution test
FAIL: libffi.call/closure_fn1.c -O0 -W -Wall execution test
FAIL: libffi.call/closure_fn2.c -O0 -W -Wall execution test
FAIL: libffi.call/closure_fn3.c -O0 -W -Wall execution test
FAIL: libffi.call/closure_fn4.c -O0 -W -Wall execution test
FAIL: libffi.call/closure_fn5.c -O0 -W -Wall execution test
FAIL: libffi.call/closure_fn6.c -O0 -W -Wall execution test
FAIL: libffi.call/closure_loc_fn0.c -O0 -W -Wall execution test
FAIL: libffi.call/cls_12byte.c -O0 -W -Wall execution test
FAIL: libffi.call/cls_16byte.c -O0 -W -Wall execution test
FAIL: libffi.call/cls_18byte.c -O0 -W -Wall execution test
FAIL: libffi.call/cls_19byte.c -O0 -W -Wall execution test
FAIL: libffi.call/cls_1_1byte.c -O0 -W -Wall execution test
FAIL: libffi.call/cls_20byte.c -O0 -W -Wall execution test
FAIL: libffi.call/cls_20byte1.c -O0 -W -Wall execution test
FAIL: libffi.call/cls_24byte.c -O0 -W -Wall execution test
FAIL: libffi.call/cls_2byte.c -O0 -W -Wall execution test
FAIL: libffi.call/cls_3_1byte.c -O0 -W -Wall execution test
FAIL: libffi.call/cls_3byte1.c -O0 -W -Wall execution test
FAIL: libffi.call/cls_3byte2.c -O0 -W -Wall execution test
FAIL: libffi.call/cls_4_1byte.c -O0 -W -Wall execution test
FAIL: libffi.call/cls_4byte.c -O0 -W -Wall execution test
FAIL: libffi.call/cls_5_1_byte.c -O0 -W -Wall execution test
FAIL: libffi.call/cls_5byte.c -O0 -W -Wall execution test
FAIL: libffi.call/cls_64byte.c -O0 -W -Wall execution test
FAIL: libffi.call/cls_6_1_byte.c -O0 -W -Wall execution test
FAIL: libffi.call/cls_6byte.c -O0 -W -Wall execution test
FAIL: libffi.call/cls_7_1_byte.c -O0 -W -Wall execution test
FAIL: libffi.call/cls_7byte.c -O0 -W -Wall execution test
FAIL: libffi.call/cls_8byte.c -O0 -W -Wall execution test
FAIL: libffi.call/cls_9byte1.c -O0 -W -Wall execution test
FAIL: libffi.call/cls_9byte2.c -O0 -W -Wall execution test
FAIL: libffi.call/cls_align_double.c -O0 -W -Wall execution test
FAIL: libffi.call/cls_align_float.c -O0 -W -Wall execution test
FAIL: libffi.call/cls_align_longdouble.c -O0 -W -Wall execution test
FAIL: libffi.call/cls_align_longdouble_split.c -O0 -W -Wall execution test
FAIL: libffi.call/cls_align_longdouble_split2.c -O0 -W -Wall execution test
FAIL: libffi.call/cls_align_pointer.c -O0 -W -Wall execution test
FAIL: libffi.call/cls_align_sint16.c -O0 -W -Wall execution test
FAIL: libffi.call/cls_align_sint32.c -O0 -W -Wall execution test
FAIL: libffi.call/cls_align_sint64.c -O0 -W -Wall execution test
FAIL: libffi.call/cls_align_uint16.c -O0 -W -Wall execution test
FAIL: libffi.call/cls_align_uint32.c -O0 -W -Wall execution test
FAIL: libffi.call/cls_align_uint64.c -O0 -W -Wall execution test
FAIL: libffi.call/cls_double.c -O0 -W -Wall execution test
FAIL: libffi.call/cls_double_va.c -O0 -W -Wall execution test
FAIL: libffi.call/cls_float.c -O0 -W -Wall execution test
FAIL: libffi.call/cls_longdouble.c -O0 -W -Wall execution test
FAIL: libffi.call/cls_longdouble_va.c -O0 -W -Wall execution test
FAIL: libffi.call/cls_multi_schar.c -O0 -W -Wall execution test
FAIL: libffi.call/cls_multi_sshort.c -O0 -W -Wall execution test
FAIL: libffi.call/cls_multi_sshortchar.c -O0 -W -Wall execution test
FAIL: libffi.call/cls_multi_uchar.c -O0 -W -Wall execution test
FAIL: libffi.call/cls_multi_ushort.c -O0 -W -Wall execution test
FAIL: libffi.call/cls_multi_ushortchar.c -O0 -W -Wall execution test
FAIL: libffi.call/cls_pointer.c -O0 -W -Wall execution test
FAIL: libffi.call/cls_pointer_stack.c -O0 -W -Wall execution test
FAIL: libffi.call/cls_schar.c -O0 -W -Wall execution test
FAIL: libffi.call/cls_sint.c -O0 -W -Wall execution test
FAIL: libffi.call/cls_sshort.c -O0 -W -Wall execution test
FAIL: libffi.call/cls_uchar.c -O0 -W -Wall execution test
FAIL: libffi.call/cls_uint.c -O0 -W -Wall execution test
FAIL: libffi.call/cls_ulonglong.c -O0 -W -Wall execution test
FAIL: libffi.call/cls_ushort.c -O0 -W -Wall execution test
FAIL: libffi.call/huge_struct.c -O0 -W -Wall execution test
FAIL: libffi.call/nested_struct.c -O0 -W -Wall execution test
FAIL: libffi.call/nested_struct1.c -O0 -W -Wall execution test
FAIL: libffi.call/nested_struct10.c -O0 -W -Wall execution test
FAIL: libffi.call/nested_struct2.c -O0 -W -Wall execution test
FAIL: libffi.call/nested_struct3.c -O0 -W -Wall execution test
FAIL: libffi.call/nested_struct4.c -O0 -W -Wall execution test
FAIL: libffi.call/nested_struct5.c -O0 -W -Wall execution test
FAIL: libffi.call/nested_struct6.c -O0 -W -Wall execution test
FAIL: libffi.call/nested_struct7.c -O0 -W -Wall execution test
FAIL: libffi.call/nested_struct8.c -O0 -W -Wall execution test
FAIL: libffi.call/nested_struct9.c -O0 -W -Wall execution test
FAIL: libffi.call/problem1.c -O0 -W -Wall execution test
FAIL: libffi.call/stret_large.c -O0 -W -Wall execution test
FAIL: libffi.call/stret_large2.c -O0 -W -Wall execution test
FAIL: libffi.call/stret_medium.c -O0 -W -Wall execution test
FAIL: libffi.call/stret_medium2.c -O0 -W -Wall execution test
FAIL: libffi.call/testclosure.c -O0 -W -Wall execution test
FAIL: libffi.call/closure_fn0.c -O2 execution test
FAIL: libffi.call/closure_fn1.c -O2 execution test
FAIL: libffi.call/closure_fn2.c -O2 execution test
FAIL: libffi.call/closure_fn3.c -O2 execution test
FAIL: libffi.call/closure_fn4.c -O2 execution test
FAIL: libffi.call/closure_fn5.c -O2 execution test
FAIL: libffi.call/closure_fn6.c -O2 execution test
FAIL: libffi.call/closure_loc_fn0.c -O2 execution test
FAIL: libffi.call/cls_12byte.c -O2 execution test
FAIL: libffi.call/cls_16byte.c -O2 execution test
FAIL: libffi.call/cls_18byte.c -O2 execution test
FAIL: libffi.call/cls_19byte.c -O2 execution test
FAIL: libffi.call/cls_1_1byte.c -O2 execution test
FAIL: libffi.call/cls_20byte.c -O2 execution test
FAIL: libffi.call/cls_20byte1.c -O2 execution test
FAIL: libffi.call/cls_24byte.c -O2 execution test
FAIL: libffi.call/cls_2byte.c -O2 execution test
FAIL: libffi.call/cls_3_1byte.c -O2 execution test
FAIL: libffi.call/cls_3byte1.c -O2 execution test
FAIL: libffi.call/cls_3byte2.c -O2 execution test
FAIL: libffi.call/cls_4_1byte.c -O2 execution test
FAIL: libffi.call/cls_4byte.c -O2 execution test
FAIL: libffi.call/cls_5_1_byte.c -O2 execution test
FAIL: libffi.call/cls_5byte.c -O2 execution test
FAIL: libffi.call/cls_64byte.c -O2 execution test
FAIL: libffi.call/cls_6_1_byte.c -O2 execution test
FAIL: libffi.call/cls_6byte.c -O2 execution test
FAIL: libffi.call/cls_7_1_byte.c -O2 execution test
FAIL: libffi.call/cls_7byte.c -O2 execution test
FAIL: libffi.call/cls_8byte.c -O2 execution test
FAIL: libffi.call/cls_9byte1.c -O2 execution test
FAIL: libffi.call/cls_9byte2.c -O2 execution test
FAIL: libffi.call/cls_align_double.c -O2 execution test
FAIL: libffi.call/cls_align_float.c -O2 execution test
FAIL: libffi.call/cls_align_longdouble.c -O2 execution test
FAIL: libffi.call/cls_align_longdouble_split.c -O2 execution test
FAIL: libffi.call/cls_align_longdouble_split2.c -O2 execution test
FAIL: libffi.call/cls_align_pointer.c -O2 execution test
FAIL: libffi.call/cls_align_sint16.c -O2 execution test
FAIL: libffi.call/cls_align_sint32.c -O2 execution test
FAIL: libffi.call/cls_align_sint64.c -O2 execution test
FAIL: libffi.call/cls_align_uint16.c -O2 execution test
FAIL: libffi.call/cls_align_uint32.c -O2 execution test
FAIL: libffi.call/cls_align_uint64.c -O2 execution test
FAIL: libffi.call/cls_double.c -O2 execution test
FAIL: libffi.call/cls_double_va.c -O2 execution test
FAIL: libffi.call/cls_float.c -O2 execution test
FAIL: libffi.call/cls_longdouble.c -O2 execution test
FAIL: libffi.call/cls_longdouble_va.c -O2 execution test
FAIL: libffi.call/cls_multi_sshortchar.c -O2 execution test
FAIL: libffi.call/cls_multi_uchar.c -O2 execution test
FAIL: libffi.call/cls_multi_ushortchar.c -O2 execution test
FAIL: libffi.call/cls_pointer.c -O2 execution test
FAIL: libffi.call/cls_pointer_stack.c -O2 execution test
FAIL: libffi.call/cls_schar.c -O2 execution test
FAIL: libffi.call/cls_sint.c -O2 execution test
FAIL: libffi.call/cls_sshort.c -O2 execution test
FAIL: libffi.call/cls_uchar.c -O2 execution test
FAIL: libffi.call/cls_uint.c -O2 execution test
FAIL: libffi.call/cls_ulonglong.c -O2 execution test
FAIL: libffi.call/cls_ushort.c -O2 execution test
FAIL: libffi.call/huge_struct.c -O2 execution test
FAIL: libffi.call/nested_struct.c -O2 execution test
FAIL: libffi.call/nested_struct1.c -O2 execution test
FAIL: libffi.call/nested_struct10.c -O2 execution test
FAIL: libffi.call/nested_struct2.c -O2 execution test
FAIL: libffi.call/nested_struct3.c -O2 execution test
FAIL: libffi.call/nested_struct4.c -O2 execution test
FAIL: libffi.call/nested_struct5.c -O2 execution test
FAIL: libffi.call/nested_struct6.c -O2 execution test
FAIL: libffi.call/nested_struct7.c -O2 execution test
FAIL: libffi.call/nested_struct8.c -O2 execution test
FAIL: libffi.call/nested_struct9.c -O2 execution test
FAIL: libffi.call/problem1.c -O2 execution test
FAIL: libffi.call/stret_large.c -O2 execution test
FAIL: libffi.call/stret_large2.c -O2 execution test
FAIL: libffi.call/stret_medium.c -O2 execution test
FAIL: libffi.call/stret_medium2.c -O2 execution test
FAIL: libffi.call/testclosure.c -O2 execution test
FAIL: libffi.call/closure_fn0.c -O3 execution test
FAIL: libffi.call/closure_fn1.c -O3 execution test
FAIL: libffi.call/closure_fn2.c -O3 execution test
FAIL: libffi.call/closure_fn3.c -O3 execution test
FAIL: libffi.call/closure_fn4.c -O3 execution test
FAIL: libffi.call/closure_fn5.c -O3 execution test
FAIL: libffi.call/closure_fn6.c -O3 execution test
FAIL: libffi.call/closure_loc_fn0.c -O3 execution test
FAIL: libffi.call/cls_12byte.c -O3 execution test
FAIL: libffi.call/cls_16byte.c -O3 execution test
FAIL: libffi.call/cls_18byte.c -O3 execution test
FAIL: libffi.call/cls_19byte.c -O3 execution test
FAIL: libffi.call/cls_1_1byte.c -O3 execution test
FAIL: libffi.call/cls_20byte.c -O3 execution test
FAIL: libffi.call/cls_20byte1.c -O3 execution test
FAIL: libffi.call/cls_24byte.c -O3 execution test
FAIL: libffi.call/cls_2byte.c -O3 execution test
FAIL: libffi.call/cls_3_1byte.c -O3 execution test
FAIL: libffi.call/cls_3byte1.c -O3 execution test
FAIL: libffi.call/cls_3byte2.c -O3 execution test
FAIL: libffi.call/cls_4_1byte.c -O3 execution test
FAIL: libffi.call/cls_4byte.c -O3 execution test
FAIL: libffi.call/cls_5_1_byte.c -O3 execution test
FAIL: libffi.call/cls_5byte.c -O3 execution test
FAIL: libffi.call/cls_64byte.c -O3 execution test
FAIL: libffi.call/cls_6_1_byte.c -O3 execution test
FAIL: libffi.call/cls_6byte.c -O3 execution test
FAIL: libffi.call/cls_7_1_byte.c -O3 execution test
FAIL: libffi.call/cls_7byte.c -O3 execution test
FAIL: libffi.call/cls_8byte.c -O3 execution test
FAIL: libffi.call/cls_9byte1.c -O3 execution test
FAIL: libffi.call/cls_9byte2.c -O3 execution test
FAIL: libffi.call/cls_align_double.c -O3 execution test
FAIL: libffi.call/cls_align_float.c -O3 execution test
FAIL: libffi.call/cls_align_longdouble.c -O3 execution test
FAIL: libffi.call/cls_align_longdouble_split.c -O3 execution test
FAIL: libffi.call/cls_align_longdouble_split2.c -O3 execution test
FAIL: libffi.call/cls_align_pointer.c -O3 execution test
FAIL: libffi.call/cls_align_sint16.c -O3 execution test
FAIL: libffi.call/cls_align_sint32.c -O3 execution test
FAIL: libffi.call/cls_align_sint64.c -O3 execution test
FAIL: libffi.call/cls_align_uint16.c -O3 execution test
FAIL: libffi.call/cls_align_uint32.c -O3 execution test
FAIL: libffi.call/cls_align_uint64.c -O3 execution test
FAIL: libffi.call/cls_double.c -O3 execution test
FAIL: libffi.call/cls_double_va.c -O3 execution test
FAIL: libffi.call/cls_float.c -O3 execution test
FAIL: libffi.call/cls_longdouble.c -O3 execution test
FAIL: libffi.call/cls_longdouble_va.c -O3 execution test
FAIL: libffi.call/cls_multi_sshortchar.c -O3 execution test
FAIL: libffi.call/cls_multi_uchar.c -O3 execution test
FAIL: libffi.call/cls_multi_ushortchar.c -O3 execution test
FAIL: libffi.call/cls_pointer.c -O3 execution test
FAIL: libffi.call/cls_pointer_stack.c -O3 execution test
FAIL: libffi.call/cls_schar.c -O3 execution test
FAIL: libffi.call/cls_sint.c -O3 execution test
FAIL: libffi.call/cls_sshort.c -O3 execution test
FAIL: libffi.call/cls_uchar.c -O3 execution test
FAIL: libffi.call/cls_uint.c -O3 execution test
FAIL: libffi.call/cls_ulonglong.c -O3 execution test
FAIL: libffi.call/cls_ushort.c -O3 execution test
FAIL: libffi.call/huge_struct.c -O3 execution test
FAIL: libffi.call/nested_struct.c -O3 execution test
FAIL: libffi.call/nested_struct1.c -O3 execution test
FAIL: libffi.call/nested_struct10.c -O3 execution test
FAIL: libffi.call/nested_struct2.c -O3 execution test
FAIL: libffi.call/nested_struct3.c -O3 execution test
FAIL: libffi.call/nested_struct4.c -O3 execution test
FAIL: libffi.call/nested_struct5.c -O3 execution test
FAIL: libffi.call/nested_struct6.c -O3 execution test
FAIL: libffi.call/nested_struct7.c -O3 execution test
FAIL: libffi.call/nested_struct8.c -O3 execution test
FAIL: libffi.call/nested_struct9.c -O3 execution test
FAIL: libffi.call/problem1.c -O3 execution test
FAIL: libffi.call/stret_large.c -O3 execution test
FAIL: libffi.call/stret_large2.c -O3 execution test
FAIL: libffi.call/stret_medium.c -O3 execution test
FAIL: libffi.call/stret_medium2.c -O3 execution test
FAIL: libffi.call/testclosure.c -O3 execution test
FAIL: libffi.call/closure_fn0.c -Os execution test
FAIL: libffi.call/closure_fn1.c -Os execution test
FAIL: libffi.call/closure_fn2.c -Os execution test
FAIL: libffi.call/closure_fn3.c -Os execution test
FAIL: libffi.call/closure_fn4.c -Os execution test
FAIL: libffi.call/closure_fn5.c -Os execution test
FAIL: libffi.call/closure_fn6.c -Os execution test
FAIL: libffi.call/closure_loc_fn0.c -Os execution test
FAIL: libffi.call/cls_12byte.c -Os execution test
FAIL: libffi.call/cls_16byte.c -Os execution test
FAIL: libffi.call/cls_18byte.c -Os execution test
FAIL: libffi.call/cls_19byte.c -Os execution test
FAIL: libffi.call/cls_1_1byte.c -Os execution test
FAIL: libffi.call/cls_20byte.c -Os execution test
FAIL: libffi.call/cls_20byte1.c -Os execution test
FAIL: libffi.call/cls_24byte.c -Os execution test
FAIL: libffi.call/cls_2byte.c -Os execution test
FAIL: libffi.call/cls_3_1byte.c -Os execution test
FAIL: libffi.call/cls_3byte1.c -Os execution test
FAIL: libffi.call/cls_3byte2.c -Os execution test
FAIL: libffi.call/cls_4_1byte.c -Os execution test
FAIL: libffi.call/cls_4byte.c -Os execution test
FAIL: libffi.call/cls_5_1_byte.c -Os execution test
FAIL: libffi.call/cls_5byte.c -Os execution test
FAIL: libffi.call/cls_64byte.c -Os execution test
FAIL: libffi.call/cls_6_1_byte.c -Os execution test
FAIL: libffi.call/cls_6byte.c -Os execution test
FAIL: libffi.call/cls_7_1_byte.c -Os execution test
FAIL: libffi.call/cls_7byte.c -Os execution test
FAIL: libffi.call/cls_8byte.c -Os execution test
FAIL: libffi.call/cls_9byte1.c -Os execution test
FAIL: libffi.call/cls_9byte2.c -Os execution test
FAIL: libffi.call/cls_align_double.c -Os execution test
FAIL: libffi.call/cls_align_float.c -Os execution test
FAIL: libffi.call/cls_align_longdouble.c -Os execution test
FAIL: libffi.call/cls_align_longdouble_split.c -Os execution test
FAIL: libffi.call/cls_align_longdouble_split2.c -Os execution test
FAIL: libffi.call/cls_align_pointer.c -Os execution test
FAIL: libffi.call/cls_align_sint16.c -Os execution test
FAIL: libffi.call/cls_align_sint32.c -Os execution test
FAIL: libffi.call/cls_align_sint64.c -Os execution test
FAIL: libffi.call/cls_align_uint16.c -Os execution test
FAIL: libffi.call/cls_align_uint32.c -Os execution test
FAIL: libffi.call/cls_align_uint64.c -Os execution test
FAIL: libffi.call/cls_double.c -Os execution test
FAIL: libffi.call/cls_double_va.c -Os execution test
FAIL: libffi.call/cls_float.c -Os execution test
FAIL: libffi.call/cls_longdouble.c -Os execution test
FAIL: libffi.call/cls_longdouble_va.c -Os execution test
FAIL: libffi.call/cls_multi_sshortchar.c -Os execution test
FAIL: libffi.call/cls_multi_uchar.c -Os execution test
FAIL: libffi.call/cls_multi_ushortchar.c -Os execution test
FAIL: libffi.call/cls_pointer_stack.c -Os execution test
FAIL: libffi.call/cls_schar.c -Os execution test
FAIL: libffi.call/cls_sint.c -Os execution test
FAIL: libffi.call/cls_sshort.c -Os execution test
FAIL: libffi.call/cls_uchar.c -Os execution test
FAIL: libffi.call/cls_uint.c -Os execution test
FAIL: libffi.call/cls_ulonglong.c -Os execution test
FAIL: libffi.call/cls_ushort.c -Os execution test
FAIL: libffi.call/huge_struct.c -Os execution test
FAIL: libffi.call/nested_struct.c -Os execution test
FAIL: libffi.call/nested_struct1.c -Os execution test
FAIL: libffi.call/nested_struct10.c -Os execution test
FAIL: libffi.call/nested_struct2.c -Os execution test
FAIL: libffi.call/nested_struct3.c -Os execution test
FAIL: libffi.call/nested_struct4.c -Os execution test
FAIL: libffi.call/nested_struct5.c -Os execution test
FAIL: libffi.call/nested_struct6.c -Os execution test
FAIL: libffi.call/nested_struct7.c -Os execution test
FAIL: libffi.call/nested_struct8.c -Os execution test
FAIL: libffi.call/nested_struct9.c -Os execution test
FAIL: libffi.call/problem1.c -Os execution test
FAIL: libffi.call/stret_large.c -Os execution test
FAIL: libffi.call/stret_large2.c -Os execution test
FAIL: libffi.call/stret_medium.c -Os execution test
FAIL: libffi.call/stret_medium2.c -Os execution test
FAIL: libffi.call/testclosure.c -Os execution test
FAIL: libffi.call/closure_fn0.c -O2 -fomit-frame-pointer execution test
FAIL: libffi.call/closure_fn1.c -O2 -fomit-frame-pointer execution test
FAIL: libffi.call/closure_fn2.c -O2 -fomit-frame-pointer execution test
FAIL: libffi.call/closure_fn3.c -O2 -fomit-frame-pointer execution test
FAIL: libffi.call/closure_fn4.c -O2 -fomit-frame-pointer execution test
FAIL: libffi.call/closure_fn5.c -O2 -fomit-frame-pointer execution test
FAIL: libffi.call/closure_fn6.c -O2 -fomit-frame-pointer execution test
FAIL: libffi.call/closure_loc_fn0.c -O2 -fomit-frame-pointer execution test
FAIL: libffi.call/cls_12byte.c -O2 -fomit-frame-pointer execution test
FAIL: libffi.call/cls_16byte.c -O2 -fomit-frame-pointer execution test
FAIL: libffi.call/cls_18byte.c -O2 -fomit-frame-pointer execution test
FAIL: libffi.call/cls_19byte.c -O2 -fomit-frame-pointer execution test
FAIL: libffi.call/cls_1_1byte.c -O2 -fomit-frame-pointer execution test
FAIL: libffi.call/cls_20byte.c -O2 -fomit-frame-pointer execution test
FAIL: libffi.call/cls_20byte1.c -O2 -fomit-frame-pointer execution test
FAIL: libffi.call/cls_24byte.c -O2 -fomit-frame-pointer execution test
FAIL: libffi.call/cls_2byte.c -O2 -fomit-frame-pointer execution test
FAIL: libffi.call/cls_3_1byte.c -O2 -fomit-frame-pointer execution test
FAIL: libffi.call/cls_3byte1.c -O2 -fomit-frame-pointer execution test
FAIL: libffi.call/cls_3byte2.c -O2 -fomit-frame-pointer execution test
FAIL: libffi.call/cls_4_1byte.c -O2 -fomit-frame-pointer execution test
FAIL: libffi.call/cls_4byte.c -O2 -fomit-frame-pointer execution test
FAIL: libffi.call/cls_5_1_byte.c -O2 -fomit-frame-pointer execution test
FAIL: libffi.call/cls_5byte.c -O2 -fomit-frame-pointer execution test
FAIL: libffi.call/cls_64byte.c -O2 -fomit-frame-pointer execution test
FAIL: libffi.call/cls_6_1_byte.c -O2 -fomit-frame-pointer execution test
FAIL: libffi.call/cls_6byte.c -O2 -fomit-frame-pointer execution test
FAIL: libffi.call/cls_7_1_byte.c -O2 -fomit-frame-pointer execution test
FAIL: libffi.call/cls_7byte.c -O2 -fomit-frame-pointer execution test
FAIL: libffi.call/cls_8byte.c -O2 -fomit-frame-pointer execution test
FAIL: libffi.call/cls_9byte1.c -O2 -fomit-frame-pointer execution test
FAIL: libffi.call/cls_9byte2.c -O2 -fomit-frame-pointer execution test
FAIL: libffi.call/cls_align_double.c -O2 -fomit-frame-pointer execution test
FAIL: libffi.call/cls_align_float.c -O2 -fomit-frame-pointer execution test
FAIL: libffi.call/cls_align_longdouble.c -O2 -fomit-frame-pointer execution test
FAIL: libffi.call/cls_align_longdouble_split.c -O2 -fomit-frame-pointer execution test
FAIL: libffi.call/cls_align_longdouble_split2.c -O2 -fomit-frame-pointer execution test
FAIL: libffi.call/cls_align_pointer.c -O2 -fomit-frame-pointer execution test
FAIL: libffi.call/cls_align_sint16.c -O2 -fomit-frame-pointer execution test
FAIL: libffi.call/cls_align_sint32.c -O2 -fomit-frame-pointer execution test
FAIL: libffi.call/cls_align_sint64.c -O2 -fomit-frame-pointer execution test
FAIL: libffi.call/cls_align_uint16.c -O2 -fomit-frame-pointer execution test
FAIL: libffi.call/cls_align_uint32.c -O2 -fomit-frame-pointer execution test
FAIL: libffi.call/cls_align_uint64.c -O2 -fomit-frame-pointer execution test
FAIL: libffi.call/cls_double.c -O2 -fomit-frame-pointer execution test
FAIL: libffi.call/cls_double_va.c -O2 -fomit-frame-pointer execution test
FAIL: libffi.call/cls_float.c -O2 -fomit-frame-pointer execution test
FAIL: libffi.call/cls_longdouble.c -O2 -fomit-frame-pointer execution test
FAIL: libffi.call/cls_longdouble_va.c -O2 -fomit-frame-pointer execution test
FAIL: libffi.call/cls_multi_sshortchar.c -O2 -fomit-frame-pointer execution test
FAIL: libffi.call/cls_multi_uchar.c -O2 -fomit-frame-pointer execution test
FAIL: libffi.call/cls_multi_ushortchar.c -O2 -fomit-frame-pointer execution test
FAIL: libffi.call/cls_pointer.c -O2 -fomit-frame-pointer execution test
FAIL: libffi.call/cls_pointer_stack.c -O2 -fomit-frame-pointer execution test
FAIL: libffi.call/cls_schar.c -O2 -fomit-frame-pointer execution test
FAIL: libffi.call/cls_sint.c -O2 -fomit-frame-pointer execution test
FAIL: libffi.call/cls_sshort.c -O2 -fomit-frame-pointer execution test
FAIL: libffi.call/cls_uchar.c -O2 -fomit-frame-pointer execution test
FAIL: libffi.call/cls_uint.c -O2 -fomit-frame-pointer execution test
FAIL: libffi.call/cls_ulonglong.c -O2 -fomit-frame-pointer execution test
FAIL: libffi.call/cls_ushort.c -O2 -fomit-frame-pointer execution test
FAIL: libffi.call/huge_struct.c -O2 -fomit-frame-pointer execution test
FAIL: libffi.call/nested_struct.c -O2 -fomit-frame-pointer execution test
FAIL: libffi.call/nested_struct1.c -O2 -fomit-frame-pointer execution test
FAIL: libffi.call/nested_struct10.c -O2 -fomit-frame-pointer execution test
FAIL: libffi.call/nested_struct2.c -O2 -fomit-frame-pointer execution test
FAIL: libffi.call/nested_struct3.c -O2 -fomit-frame-pointer execution test
FAIL: libffi.call/nested_struct4.c -O2 -fomit-frame-pointer execution test
FAIL: libffi.call/nested_struct5.c -O2 -fomit-frame-pointer execution test
FAIL: libffi.call/nested_struct6.c -O2 -fomit-frame-pointer execution test
FAIL: libffi.call/nested_struct7.c -O2 -fomit-frame-pointer execution test
FAIL: libffi.call/nested_struct8.c -O2 -fomit-frame-pointer execution test
FAIL: libffi.call/nested_struct9.c -O2 -fomit-frame-pointer execution test
FAIL: libffi.call/problem1.c -O2 -fomit-frame-pointer execution test
FAIL: libffi.call/stret_large.c -O2 -fomit-frame-pointer execution test
FAIL: libffi.call/stret_large2.c -O2 -fomit-frame-pointer execution test
FAIL: libffi.call/stret_medium.c -O2 -fomit-frame-pointer execution test
FAIL: libffi.call/stret_medium2.c -O2 -fomit-frame-pointer execution test
FAIL: libffi.call/testclosure.c -O2 -fomit-frame-pointer execution test
FAIL: libffi.special/unwindtest.cc  -shared-libgcc -lstdc++ execution test
FAIL: libffi.special/unwindtest.cc  -shared-libgcc -lstdc++ execution test
FAIL: libffi.special/unwindtest.cc  -shared-libgcc -lstdc++ execution test
FAIL: libffi.special/unwindtest.cc  -shared-libgcc -lstdc++ execution test

		=== libffi Summary for unix ===

# of expected passes		822
# of unexpected failures	401
# of expected failures		10
# of unsupported tests		15

Running target unix/-fstack-protector
FAIL: libffi.call/closure_fn0.c -O0 -W -Wall execution test
FAIL: libffi.call/closure_fn1.c -O0 -W -Wall execution test
FAIL: libffi.call/closure_fn2.c -O0 -W -Wall execution test
FAIL: libffi.call/closure_fn3.c -O0 -W -Wall execution test
FAIL: libffi.call/closure_fn4.c -O0 -W -Wall execution test
FAIL: libffi.call/closure_fn5.c -O0 -W -Wall execution test
FAIL: libffi.call/closure_fn6.c -O0 -W -Wall execution test
FAIL: libffi.call/closure_loc_fn0.c -O0 -W -Wall execution test
FAIL: libffi.call/cls_12byte.c -O0 -W -Wall execution test
FAIL: libffi.call/cls_16byte.c -O0 -W -Wall execution test
FAIL: libffi.call/cls_18byte.c -O0 -W -Wall execution test
FAIL: libffi.call/cls_19byte.c -O0 -W -Wall execution test
FAIL: libffi.call/cls_1_1byte.c -O0 -W -Wall execution test
FAIL: libffi.call/cls_20byte.c -O0 -W -Wall execution test
FAIL: libffi.call/cls_20byte1.c -O0 -W -Wall execution test
FAIL: libffi.call/cls_24byte.c -O0 -W -Wall execution test
FAIL: libffi.call/cls_2byte.c -O0 -W -Wall execution test
FAIL: libffi.call/cls_3_1byte.c -O0 -W -Wall execution test
FAIL: libffi.call/cls_3byte1.c -O0 -W -Wall execution test
FAIL: libffi.call/cls_3byte2.c -O0 -W -Wall execution test
FAIL: libffi.call/cls_4_1byte.c -O0 -W -Wall execution test
FAIL: libffi.call/cls_4byte.c -O0 -W -Wall execution test
FAIL: libffi.call/cls_5_1_byte.c -O0 -W -Wall execution test
FAIL: libffi.call/cls_5byte.c -O0 -W -Wall execution test
FAIL: libffi.call/cls_64byte.c -O0 -W -Wall execution test
FAIL: libffi.call/cls_6_1_byte.c -O0 -W -Wall execution test
FAIL: libffi.call/cls_6byte.c -O0 -W -Wall execution test
FAIL: libffi.call/cls_7_1_byte.c -O0 -W -Wall execution test
FAIL: libffi.call/cls_7byte.c -O0 -W -Wall execution test
FAIL: libffi.call/cls_8byte.c -O0 -W -Wall execution test
FAIL: libffi.call/cls_9byte1.c -O0 -W -Wall execution test
FAIL: libffi.call/cls_9byte2.c -O0 -W -Wall execution test
FAIL: libffi.call/cls_align_double.c -O0 -W -Wall execution test
FAIL: libffi.call/cls_align_float.c -O0 -W -Wall execution test
FAIL: libffi.call/cls_align_longdouble.c -O0 -W -Wall execution test
FAIL: libffi.call/cls_align_longdouble_split.c -O0 -W -Wall execution test
FAIL: libffi.call/cls_align_longdouble_split2.c -O0 -W -Wall execution test
FAIL: libffi.call/cls_align_pointer.c -O0 -W -Wall execution test
FAIL: libffi.call/cls_align_sint16.c -O0 -W -Wall execution test
FAIL: libffi.call/cls_align_sint32.c -O0 -W -Wall execution test
FAIL: libffi.call/cls_align_sint64.c -O0 -W -Wall execution test
FAIL: libffi.call/cls_align_uint16.c -O0 -W -Wall execution test
FAIL: libffi.call/cls_align_uint32.c -O0 -W -Wall execution test
FAIL: libffi.call/cls_align_uint64.c -O0 -W -Wall execution test
FAIL: libffi.call/cls_double.c -O0 -W -Wall execution test
FAIL: libffi.call/cls_double_va.c -O0 -W -Wall execution test
FAIL: libffi.call/cls_float.c -O0 -W -Wall execution test
FAIL: libffi.call/cls_longdouble.c -O0 -W -Wall execution test
FAIL: libffi.call/cls_longdouble_va.c -O0 -W -Wall execution test
FAIL: libffi.call/cls_multi_schar.c -O0 -W -Wall execution test
FAIL: libffi.call/cls_multi_sshort.c -O0 -W -Wall execution test
FAIL: libffi.call/cls_multi_sshortchar.c -O0 -W -Wall execution test
FAIL: libffi.call/cls_multi_uchar.c -O0 -W -Wall execution test
FAIL: libffi.call/cls_multi_ushort.c -O0 -W -Wall execution test
FAIL: libffi.call/cls_multi_ushortchar.c -O0 -W -Wall execution test
FAIL: libffi.call/cls_pointer.c -O0 -W -Wall execution test
FAIL: libffi.call/cls_pointer_stack.c -O0 -W -Wall execution test
FAIL: libffi.call/cls_schar.c -O0 -W -Wall execution test
FAIL: libffi.call/cls_sint.c -O0 -W -Wall execution test
FAIL: libffi.call/cls_sshort.c -O0 -W -Wall execution test
FAIL: libffi.call/cls_uchar.c -O0 -W -Wall execution test
FAIL: libffi.call/cls_uint.c -O0 -W -Wall execution test
FAIL: libffi.call/cls_ulonglong.c -O0 -W -Wall execution test
FAIL: libffi.call/cls_ushort.c -O0 -W -Wall execution test
FAIL: libffi.call/huge_struct.c -O0 -W -Wall execution test
FAIL: libffi.call/nested_struct.c -O0 -W -Wall execution test
FAIL: libffi.call/nested_struct1.c -O0 -W -Wall execution test
FAIL: libffi.call/nested_struct10.c -O0 -W -Wall execution test
FAIL: libffi.call/nested_struct2.c -O0 -W -Wall execution test
FAIL: libffi.call/nested_struct3.c -O0 -W -Wall execution test
FAIL: libffi.call/nested_struct4.c -O0 -W -Wall execution test
FAIL: libffi.call/nested_struct5.c -O0 -W -Wall execution test
FAIL: libffi.call/nested_struct6.c -O0 -W -Wall execution test
FAIL: libffi.call/nested_struct7.c -O0 -W -Wall execution test
FAIL: libffi.call/nested_struct8.c -O0 -W -Wall execution test
FAIL: libffi.call/nested_struct9.c -O0 -W -Wall execution test
FAIL: libffi.call/problem1.c -O0 -W -Wall execution test
FAIL: libffi.call/stret_large.c -O0 -W -Wall execution test
FAIL: libffi.call/stret_large2.c -O0 -W -Wall execution test
FAIL: libffi.call/stret_medium.c -O0 -W -Wall execution test
FAIL: libffi.call/stret_medium2.c -O0 -W -Wall execution test
FAIL: libffi.call/testclosure.c -O0 -W -Wall execution test
FAIL: libffi.call/closure_fn0.c -O2 execution test
FAIL: libffi.call/closure_fn1.c -O2 execution test
FAIL: libffi.call/closure_fn2.c -O2 execution test
FAIL: libffi.call/closure_fn3.c -O2 execution test
FAIL: libffi.call/closure_fn4.c -O2 execution test
FAIL: libffi.call/closure_fn5.c -O2 execution test
FAIL: libffi.call/closure_fn6.c -O2 execution test
FAIL: libffi.call/closure_loc_fn0.c -O2 execution test
FAIL: libffi.call/cls_12byte.c -O2 execution test
FAIL: libffi.call/cls_16byte.c -O2 execution test
FAIL: libffi.call/cls_18byte.c -O2 execution test
FAIL: libffi.call/cls_19byte.c -O2 execution test
FAIL: libffi.call/cls_1_1byte.c -O2 execution test
FAIL: libffi.call/cls_20byte.c -O2 execution test
FAIL: libffi.call/cls_20byte1.c -O2 execution test
FAIL: libffi.call/cls_24byte.c -O2 execution test
FAIL: libffi.call/cls_2byte.c -O2 execution test
FAIL: libffi.call/cls_3_1byte.c -O2 execution test
FAIL: libffi.call/cls_3byte1.c -O2 execution test
FAIL: libffi.call/cls_3byte2.c -O2 execution test
FAIL: libffi.call/cls_4_1byte.c -O2 execution test
FAIL: libffi.call/cls_4byte.c -O2 execution test
FAIL: libffi.call/cls_5_1_byte.c -O2 execution test
FAIL: libffi.call/cls_5byte.c -O2 execution test
FAIL: libffi.call/cls_64byte.c -O2 execution test
FAIL: libffi.call/cls_6_1_byte.c -O2 execution test
FAIL: libffi.call/cls_6byte.c -O2 execution test
FAIL: libffi.call/cls_7_1_byte.c -O2 execution test
FAIL: libffi.call/cls_7byte.c -O2 execution test
FAIL: libffi.call/cls_8byte.c -O2 execution test
FAIL: libffi.call/cls_9byte1.c -O2 execution test
FAIL: libffi.call/cls_9byte2.c -O2 execution test
FAIL: libffi.call/cls_align_double.c -O2 execution test
FAIL: libffi.call/cls_align_float.c -O2 execution test
FAIL: libffi.call/cls_align_longdouble.c -O2 execution test
FAIL: libffi.call/cls_align_longdouble_split.c -O2 execution test
FAIL: libffi.call/cls_align_longdouble_split2.c -O2 execution test
FAIL: libffi.call/cls_align_pointer.c -O2 execution test
FAIL: libffi.call/cls_align_sint16.c -O2 execution test
FAIL: libffi.call/cls_align_sint32.c -O2 execution test
FAIL: libffi.call/cls_align_sint64.c -O2 execution test
FAIL: libffi.call/cls_align_uint16.c -O2 execution test
FAIL: libffi.call/cls_align_uint32.c -O2 execution test
FAIL: libffi.call/cls_align_uint64.c -O2 execution test
FAIL: libffi.call/cls_double.c -O2 execution test
FAIL: libffi.call/cls_double_va.c -O2 execution test
FAIL: libffi.call/cls_float.c -O2 execution test
FAIL: libffi.call/cls_longdouble.c -O2 execution test
FAIL: libffi.call/cls_longdouble_va.c -O2 execution test
FAIL: libffi.call/cls_multi_sshortchar.c -O2 execution test
FAIL: libffi.call/cls_multi_uchar.c -O2 execution test
FAIL: libffi.call/cls_multi_ushortchar.c -O2 execution test
FAIL: libffi.call/cls_pointer.c -O2 execution test
FAIL: libffi.call/cls_pointer_stack.c -O2 execution test
FAIL: libffi.call/cls_schar.c -O2 execution test
FAIL: libffi.call/cls_sint.c -O2 execution test
FAIL: libffi.call/cls_sshort.c -O2 execution test
FAIL: libffi.call/cls_uchar.c -O2 execution test
FAIL: libffi.call/cls_uint.c -O2 execution test
FAIL: libffi.call/cls_ulonglong.c -O2 execution test
FAIL: libffi.call/cls_ushort.c -O2 execution test
FAIL: libffi.call/huge_struct.c -O2 execution test
FAIL: libffi.call/nested_struct.c -O2 execution test
FAIL: libffi.call/nested_struct1.c -O2 execution test
FAIL: libffi.call/nested_struct10.c -O2 execution test
FAIL: libffi.call/nested_struct2.c -O2 execution test
FAIL: libffi.call/nested_struct3.c -O2 execution test
FAIL: libffi.call/nested_struct4.c -O2 execution test
FAIL: libffi.call/nested_struct5.c -O2 execution test
FAIL: libffi.call/nested_struct6.c -O2 execution test
FAIL: libffi.call/nested_struct7.c -O2 execution test
FAIL: libffi.call/nested_struct8.c -O2 execution test
FAIL: libffi.call/nested_struct9.c -O2 execution test
FAIL: libffi.call/problem1.c -O2 execution test
FAIL: libffi.call/stret_large.c -O2 execution test
FAIL: libffi.call/stret_large2.c -O2 execution test
FAIL: libffi.call/stret_medium.c -O2 execution test
FAIL: libffi.call/stret_medium2.c -O2 execution test
FAIL: libffi.call/testclosure.c -O2 execution test
FAIL: libffi.call/closure_fn0.c -O3 execution test
FAIL: libffi.call/closure_fn1.c -O3 execution test
FAIL: libffi.call/closure_fn2.c -O3 execution test
FAIL: libffi.call/closure_fn3.c -O3 execution test
FAIL: libffi.call/closure_fn4.c -O3 execution test
FAIL: libffi.call/closure_fn5.c -O3 execution test
FAIL: libffi.call/closure_fn6.c -O3 execution test
FAIL: libffi.call/closure_loc_fn0.c -O3 execution test
FAIL: libffi.call/cls_12byte.c -O3 execution test
FAIL: libffi.call/cls_16byte.c -O3 execution test
FAIL: libffi.call/cls_18byte.c -O3 execution test
FAIL: libffi.call/cls_19byte.c -O3 execution test
FAIL: libffi.call/cls_1_1byte.c -O3 execution test
FAIL: libffi.call/cls_20byte.c -O3 execution test
FAIL: libffi.call/cls_20byte1.c -O3 execution test
FAIL: libffi.call/cls_24byte.c -O3 execution test
FAIL: libffi.call/cls_2byte.c -O3 execution test
FAIL: libffi.call/cls_3_1byte.c -O3 execution test
FAIL: libffi.call/cls_3byte1.c -O3 execution test
FAIL: libffi.call/cls_3byte2.c -O3 execution test
FAIL: libffi.call/cls_4_1byte.c -O3 execution test
FAIL: libffi.call/cls_4byte.c -O3 execution test
FAIL: libffi.call/cls_5_1_byte.c -O3 execution test
FAIL: libffi.call/cls_5byte.c -O3 execution test
FAIL: libffi.call/cls_64byte.c -O3 execution test
FAIL: libffi.call/cls_6_1_byte.c -O3 execution test
FAIL: libffi.call/cls_6byte.c -O3 execution test
FAIL: libffi.call/cls_7_1_byte.c -O3 execution test
FAIL: libffi.call/cls_7byte.c -O3 execution test
FAIL: libffi.call/cls_8byte.c -O3 execution test
FAIL: libffi.call/cls_9byte1.c -O3 execution test
FAIL: libffi.call/cls_9byte2.c -O3 execution test
FAIL: libffi.call/cls_align_double.c -O3 execution test
FAIL: libffi.call/cls_align_float.c -O3 execution test
FAIL: libffi.call/cls_align_longdouble.c -O3 execution test
FAIL: libffi.call/cls_align_longdouble_split.c -O3 execution test
FAIL: libffi.call/cls_align_longdouble_split2.c -O3 execution test
FAIL: libffi.call/cls_align_pointer.c -O3 execution test
FAIL: libffi.call/cls_align_sint16.c -O3 execution test
FAIL: libffi.call/cls_align_sint32.c -O3 execution test
FAIL: libffi.call/cls_align_sint64.c -O3 execution test
FAIL: libffi.call/cls_align_uint16.c -O3 execution test
FAIL: libffi.call/cls_align_uint32.c -O3 execution test
FAIL: libffi.call/cls_align_uint64.c -O3 execution test
FAIL: libffi.call/cls_double.c -O3 execution test
FAIL: libffi.call/cls_double_va.c -O3 execution test
FAIL: libffi.call/cls_float.c -O3 execution test
FAIL: libffi.call/cls_longdouble.c -O3 execution test
FAIL: libffi.call/cls_longdouble_va.c -O3 execution test
FAIL: libffi.call/cls_multi_sshortchar.c -O3 execution test
FAIL: libffi.call/cls_multi_uchar.c -O3 execution test
FAIL: libffi.call/cls_multi_ushortchar.c -O3 execution test
FAIL: libffi.call/cls_pointer.c -O3 execution test
FAIL: libffi.call/cls_pointer_stack.c -O3 execution test
FAIL: libffi.call/cls_schar.c -O3 execution test
FAIL: libffi.call/cls_sint.c -O3 execution test
FAIL: libffi.call/cls_sshort.c -O3 execution test
FAIL: libffi.call/cls_uchar.c -O3 execution test
FAIL: libffi.call/cls_uint.c -O3 execution test
FAIL: libffi.call/cls_ulonglong.c -O3 execution test
FAIL: libffi.call/cls_ushort.c -O3 execution test
FAIL: libffi.call/huge_struct.c -O3 execution test
FAIL: libffi.call/nested_struct.c -O3 execution test
FAIL: libffi.call/nested_struct1.c -O3 execution test
FAIL: libffi.call/nested_struct10.c -O3 execution test
FAIL: libffi.call/nested_struct2.c -O3 execution test
FAIL: libffi.call/nested_struct3.c -O3 execution test
FAIL: libffi.call/nested_struct4.c -O3 execution test
FAIL: libffi.call/nested_struct5.c -O3 execution test
FAIL: libffi.call/nested_struct6.c -O3 execution test
FAIL: libffi.call/nested_struct7.c -O3 execution test
FAIL: libffi.call/nested_struct8.c -O3 execution test
FAIL: libffi.call/nested_struct9.c -O3 execution test
FAIL: libffi.call/problem1.c -O3 execution test
FAIL: libffi.call/stret_large.c -O3 execution test
FAIL: libffi.call/stret_large2.c -O3 execution test
FAIL: libffi.call/stret_medium.c -O3 execution test
FAIL: libffi.call/stret_medium2.c -O3 execution test
FAIL: libffi.call/testclosure.c -O3 execution test
FAIL: libffi.call/closure_fn0.c -Os execution test
FAIL: libffi.call/closure_fn1.c -Os execution test
FAIL: libffi.call/closure_fn2.c -Os execution test
FAIL: libffi.call/closure_fn3.c -Os execution test
FAIL: libffi.call/closure_fn4.c -Os execution test
FAIL: libffi.call/closure_fn5.c -Os execution test
FAIL: libffi.call/closure_fn6.c -Os execution test
FAIL: libffi.call/closure_loc_fn0.c -Os execution test
FAIL: libffi.call/cls_12byte.c -Os execution test
FAIL: libffi.call/cls_16byte.c -Os execution test
FAIL: libffi.call/cls_18byte.c -Os execution test
FAIL: libffi.call/cls_19byte.c -Os execution test
FAIL: libffi.call/cls_1_1byte.c -Os execution test
FAIL: libffi.call/cls_20byte.c -Os execution test
FAIL: libffi.call/cls_20byte1.c -Os execution test
FAIL: libffi.call/cls_24byte.c -Os execution test
FAIL: libffi.call/cls_2byte.c -Os execution test
FAIL: libffi.call/cls_3_1byte.c -Os execution test
FAIL: libffi.call/cls_3byte1.c -Os execution test
FAIL: libffi.call/cls_3byte2.c -Os execution test
FAIL: libffi.call/cls_4_1byte.c -Os execution test
FAIL: libffi.call/cls_4byte.c -Os execution test
FAIL: libffi.call/cls_5_1_byte.c -Os execution test
FAIL: libffi.call/cls_5byte.c -Os execution test
FAIL: libffi.call/cls_64byte.c -Os execution test
FAIL: libffi.call/cls_6_1_byte.c -Os execution test
FAIL: libffi.call/cls_6byte.c -Os execution test
FAIL: libffi.call/cls_7_1_byte.c -Os execution test
FAIL: libffi.call/cls_7byte.c -Os execution test
FAIL: libffi.call/cls_8byte.c -Os execution test
FAIL: libffi.call/cls_9byte1.c -Os execution test
FAIL: libffi.call/cls_9byte2.c -Os execution test
FAIL: libffi.call/cls_align_double.c -Os execution test
FAIL: libffi.call/cls_align_float.c -Os execution test
FAIL: libffi.call/cls_align_longdouble.c -Os execution test
FAIL: libffi.call/cls_align_longdouble_split.c -Os execution test
FAIL: libffi.call/cls_align_longdouble_split2.c -Os execution test
FAIL: libffi.call/cls_align_pointer.c -Os execution test
FAIL: libffi.call/cls_align_sint16.c -Os execution test
FAIL: libffi.call/cls_align_sint32.c -Os execution test
FAIL: libffi.call/cls_align_sint64.c -Os execution test
FAIL: libffi.call/cls_align_uint16.c -Os execution test
FAIL: libffi.call/cls_align_uint32.c -Os execution test
FAIL: libffi.call/cls_align_uint64.c -Os execution test
FAIL: libffi.call/cls_double.c -Os execution test
FAIL: libffi.call/cls_double_va.c -Os execution test
FAIL: libffi.call/cls_float.c -Os execution test
FAIL: libffi.call/cls_longdouble.c -Os execution test
FAIL: libffi.call/cls_longdouble_va.c -Os execution test
FAIL: libffi.call/cls_multi_sshortchar.c -Os execution test
FAIL: libffi.call/cls_multi_uchar.c -Os execution test
FAIL: libffi.call/cls_multi_ushortchar.c -Os execution test
FAIL: libffi.call/cls_pointer_stack.c -Os execution test
FAIL: libffi.call/cls_schar.c -Os execution test
FAIL: libffi.call/cls_sint.c -Os execution test
FAIL: libffi.call/cls_sshort.c -Os execution test
FAIL: libffi.call/cls_uchar.c -Os execution test
FAIL: libffi.call/cls_uint.c -Os execution test
FAIL: libffi.call/cls_ulonglong.c -Os execution test
FAIL: libffi.call/cls_ushort.c -Os execution test
FAIL: libffi.call/huge_struct.c -Os execution test
FAIL: libffi.call/nested_struct.c -Os execution test
FAIL: libffi.call/nested_struct1.c -Os execution test
FAIL: libffi.call/nested_struct10.c -Os execution test
FAIL: libffi.call/nested_struct2.c -Os execution test
FAIL: libffi.call/nested_struct3.c -Os execution test
FAIL: libffi.call/nested_struct4.c -Os execution test
FAIL: libffi.call/nested_struct5.c -Os execution test
FAIL: libffi.call/nested_struct6.c -Os execution test
FAIL: libffi.call/nested_struct7.c -Os execution test
FAIL: libffi.call/nested_struct8.c -Os execution test
FAIL: libffi.call/nested_struct9.c -Os execution test
FAIL: libffi.call/problem1.c -Os execution test
FAIL: libffi.call/stret_large.c -Os execution test
FAIL: libffi.call/stret_large2.c -Os execution test
FAIL: libffi.call/stret_medium.c -Os execution test
FAIL: libffi.call/stret_medium2.c -Os execution test
FAIL: libffi.call/testclosure.c -Os execution test
FAIL: libffi.call/closure_fn0.c -O2 -fomit-frame-pointer execution test
FAIL: libffi.call/closure_fn1.c -O2 -fomit-frame-pointer execution test
FAIL: libffi.call/closure_fn2.c -O2 -fomit-frame-pointer execution test
FAIL: libffi.call/closure_fn3.c -O2 -fomit-frame-pointer execution test
FAIL: libffi.call/closure_fn4.c -O2 -fomit-frame-pointer execution test
FAIL: libffi.call/closure_fn5.c -O2 -fomit-frame-pointer execution test
FAIL: libffi.call/closure_fn6.c -O2 -fomit-frame-pointer execution test
FAIL: libffi.call/closure_loc_fn0.c -O2 -fomit-frame-pointer execution test
FAIL: libffi.call/cls_12byte.c -O2 -fomit-frame-pointer execution test
FAIL: libffi.call/cls_16byte.c -O2 -fomit-frame-pointer execution test
FAIL: libffi.call/cls_18byte.c -O2 -fomit-frame-pointer execution test
FAIL: libffi.call/cls_19byte.c -O2 -fomit-frame-pointer execution test
FAIL: libffi.call/cls_1_1byte.c -O2 -fomit-frame-pointer execution test
FAIL: libffi.call/cls_20byte.c -O2 -fomit-frame-pointer execution test
FAIL: libffi.call/cls_20byte1.c -O2 -fomit-frame-pointer execution test
FAIL: libffi.call/cls_24byte.c -O2 -fomit-frame-pointer execution test
FAIL: libffi.call/cls_2byte.c -O2 -fomit-frame-pointer execution test
FAIL: libffi.call/cls_3_1byte.c -O2 -fomit-frame-pointer execution test
FAIL: libffi.call/cls_3byte1.c -O2 -fomit-frame-pointer execution test
FAIL: libffi.call/cls_3byte2.c -O2 -fomit-frame-pointer execution test
FAIL: libffi.call/cls_4_1byte.c -O2 -fomit-frame-pointer execution test
FAIL: libffi.call/cls_4byte.c -O2 -fomit-frame-pointer execution test
FAIL: libffi.call/cls_5_1_byte.c -O2 -fomit-frame-pointer execution test
FAIL: libffi.call/cls_5byte.c -O2 -fomit-frame-pointer execution test
FAIL: libffi.call/cls_64byte.c -O2 -fomit-frame-pointer execution test
FAIL: libffi.call/cls_6_1_byte.c -O2 -fomit-frame-pointer execution test
FAIL: libffi.call/cls_6byte.c -O2 -fomit-frame-pointer execution test
FAIL: libffi.call/cls_7_1_byte.c -O2 -fomit-frame-pointer execution test
FAIL: libffi.call/cls_7byte.c -O2 -fomit-frame-pointer execution test
FAIL: libffi.call/cls_8byte.c -O2 -fomit-frame-pointer execution test
FAIL: libffi.call/cls_9byte1.c -O2 -fomit-frame-pointer execution test
FAIL: libffi.call/cls_9byte2.c -O2 -fomit-frame-pointer execution test
FAIL: libffi.call/cls_align_double.c -O2 -fomit-frame-pointer execution test
FAIL: libffi.call/cls_align_float.c -O2 -fomit-frame-pointer execution test
FAIL: libffi.call/cls_align_longdouble.c -O2 -fomit-frame-pointer execution test
FAIL: libffi.call/cls_align_longdouble_split.c -O2 -fomit-frame-pointer execution test
FAIL: libffi.call/cls_align_longdouble_split2.c -O2 -fomit-frame-pointer execution test
FAIL: libffi.call/cls_align_pointer.c -O2 -fomit-frame-pointer execution test
FAIL: libffi.call/cls_align_sint16.c -O2 -fomit-frame-pointer execution test
FAIL: libffi.call/cls_align_sint32.c -O2 -fomit-frame-pointer execution test
FAIL: libffi.call/cls_align_sint64.c -O2 -fomit-frame-pointer execution test
FAIL: libffi.call/cls_align_uint16.c -O2 -fomit-frame-pointer execution test
FAIL: libffi.call/cls_align_uint32.c -O2 -fomit-frame-pointer execution test
FAIL: libffi.call/cls_align_uint64.c -O2 -fomit-frame-pointer execution test
FAIL: libffi.call/cls_double.c -O2 -fomit-frame-pointer execution test
FAIL: libffi.call/cls_double_va.c -O2 -fomit-frame-pointer execution test
FAIL: libffi.call/cls_float.c -O2 -fomit-frame-pointer execution test
FAIL: libffi.call/cls_longdouble.c -O2 -fomit-frame-pointer execution test
FAIL: libffi.call/cls_longdouble_va.c -O2 -fomit-frame-pointer execution test
FAIL: libffi.call/cls_multi_sshortchar.c -O2 -fomit-frame-pointer execution test
FAIL: libffi.call/cls_multi_uchar.c -O2 -fomit-frame-pointer execution test
FAIL: libffi.call/cls_multi_ushortchar.c -O2 -fomit-frame-pointer execution test
FAIL: libffi.call/cls_pointer.c -O2 -fomit-frame-pointer execution test
FAIL: libffi.call/cls_pointer_stack.c -O2 -fomit-frame-pointer execution test
FAIL: libffi.call/cls_schar.c -O2 -fomit-frame-pointer execution test
FAIL: libffi.call/cls_sint.c -O2 -fomit-frame-pointer execution test
FAIL: libffi.call/cls_sshort.c -O2 -fomit-frame-pointer execution test
FAIL: libffi.call/cls_uchar.c -O2 -fomit-frame-pointer execution test
FAIL: libffi.call/cls_uint.c -O2 -fomit-frame-pointer execution test
FAIL: libffi.call/cls_ulonglong.c -O2 -fomit-frame-pointer execution test
FAIL: libffi.call/cls_ushort.c -O2 -fomit-frame-pointer execution test
FAIL: libffi.call/huge_struct.c -O2 -fomit-frame-pointer execution test
FAIL: libffi.call/nested_struct.c -O2 -fomit-frame-pointer execution test
FAIL: libffi.call/nested_struct1.c -O2 -fomit-frame-pointer execution test
FAIL: libffi.call/nested_struct10.c -O2 -fomit-frame-pointer execution test
FAIL: libffi.call/nested_struct2.c -O2 -fomit-frame-pointer execution test
FAIL: libffi.call/nested_struct3.c -O2 -fomit-frame-pointer execution test
FAIL: libffi.call/nested_struct4.c -O2 -fomit-frame-pointer execution test
FAIL: libffi.call/nested_struct5.c -O2 -fomit-frame-pointer execution test
FAIL: libffi.call/nested_struct6.c -O2 -fomit-frame-pointer execution test
FAIL: libffi.call/nested_struct7.c -O2 -fomit-frame-pointer execution test
FAIL: libffi.call/nested_struct8.c -O2 -fomit-frame-pointer execution test
FAIL: libffi.call/nested_struct9.c -O2 -fomit-frame-pointer execution test
FAIL: libffi.call/problem1.c -O2 -fomit-frame-pointer execution test
FAIL: libffi.call/stret_large.c -O2 -fomit-frame-pointer execution test
FAIL: libffi.call/stret_large2.c -O2 -fomit-frame-pointer execution test
FAIL: libffi.call/stret_medium.c -O2 -fomit-frame-pointer execution test
FAIL: libffi.call/stret_medium2.c -O2 -fomit-frame-pointer execution test
FAIL: libffi.call/testclosure.c -O2 -fomit-frame-pointer execution test
FAIL: libffi.special/unwindtest.cc  -shared-libgcc -lstdc++ execution test
FAIL: libffi.special/unwindtest.cc  -shared-libgcc -lstdc++ execution test
FAIL: libffi.special/unwindtest.cc  -shared-libgcc -lstdc++ execution test
FAIL: libffi.special/unwindtest.cc  -shared-libgcc -lstdc++ execution test

		=== libffi Summary for unix/-fstack-protector ===

# of expected passes		822
# of unexpected failures	401
# of expected failures		10
# of unsupported tests		15

Running target unix/-m32
FAIL: libffi.call/closure_fn2.c -O0 -W -Wall execution test
FAIL: libffi.call/closure_fn4.c -O0 -W -Wall execution test
FAIL: libffi.call/closure_fn5.c -O0 -W -Wall execution test
FAIL: libffi.call/closure_fn6.c -O0 -W -Wall execution test
FAIL: libffi.call/closure_loc_fn0.c -O0 -W -Wall execution test
FAIL: libffi.call/cls_12byte.c -O0 -W -Wall execution test
FAIL: libffi.call/cls_16byte.c -O0 -W -Wall execution test
FAIL: libffi.call/cls_18byte.c -O0 -W -Wall execution test
FAIL: libffi.call/cls_1_1byte.c -O0 -W -Wall execution test
FAIL: libffi.call/cls_20byte.c -O0 -W -Wall execution test
FAIL: libffi.call/cls_20byte1.c -O0 -W -Wall execution test
FAIL: libffi.call/cls_24byte.c -O0 -W -Wall execution test
FAIL: libffi.call/cls_2byte.c -O0 -W -Wall execution test
FAIL: libffi.call/cls_3_1byte.c -O0 -W -Wall execution test
FAIL: libffi.call/cls_3byte1.c -O0 -W -Wall execution test
FAIL: libffi.call/cls_3byte2.c -O0 -W -Wall execution test
FAIL: libffi.call/cls_4_1byte.c -O0 -W -Wall execution test
FAIL: libffi.call/cls_4byte.c -O0 -W -Wall execution test
FAIL: libffi.call/cls_5_1_byte.c -O0 -W -Wall execution test
FAIL: libffi.call/cls_5byte.c -O0 -W -Wall execution test
FAIL: libffi.call/cls_64byte.c -O0 -W -Wall execution test
FAIL: libffi.call/cls_6_1_byte.c -O0 -W -Wall execution test
FAIL: libffi.call/cls_6byte.c -O0 -W -Wall execution test
FAIL: libffi.call/cls_7_1_byte.c -O0 -W -Wall execution test
FAIL: libffi.call/cls_7byte.c -O0 -W -Wall execution test
FAIL: libffi.call/cls_8byte.c -O0 -W -Wall execution test
FAIL: libffi.call/cls_9byte1.c -O0 -W -Wall execution test
FAIL: libffi.call/cls_9byte2.c -O0 -W -Wall execution test
FAIL: libffi.call/cls_align_double.c -O0 -W -Wall execution test
FAIL: libffi.call/cls_align_float.c -O0 -W -Wall execution test
FAIL: libffi.call/cls_align_longdouble.c -O0 -W -Wall execution test
FAIL: libffi.call/cls_align_longdouble_split.c -O0 -W -Wall execution test
FAIL: libffi.call/cls_align_longdouble_split2.c -O0 -W -Wall execution test
FAIL: libffi.call/cls_align_pointer.c -O0 -W -Wall execution test
FAIL: libffi.call/cls_align_sint16.c -O0 -W -Wall execution test
FAIL: libffi.call/cls_align_sint32.c -O0 -W -Wall execution test
FAIL: libffi.call/cls_align_sint64.c -O0 -W -Wall execution test
FAIL: libffi.call/cls_align_uint16.c -O0 -W -Wall execution test
FAIL: libffi.call/cls_align_uint32.c -O0 -W -Wall execution test
FAIL: libffi.call/cls_align_uint64.c -O0 -W -Wall execution test
FAIL: libffi.call/cls_dbls_struct.c -O0 -W -Wall execution test
FAIL: libffi.call/cls_double.c -O0 -W -Wall execution test
FAIL: libffi.call/cls_double_va.c -O0 -W -Wall execution test
FAIL: libffi.call/cls_float.c -O0 -W -Wall execution test
FAIL: libffi.call/cls_longdouble.c -O0 -W -Wall execution test
FAIL: libffi.call/cls_longdouble_va.c -O0 -W -Wall execution test
FAIL: libffi.call/cls_multi_schar.c -O0 -W -Wall execution test
FAIL: libffi.call/cls_multi_sshort.c -O0 -W -Wall execution test
FAIL: libffi.call/cls_multi_sshortchar.c -O0 -W -Wall execution test
FAIL: libffi.call/cls_multi_uchar.c -O0 -W -Wall execution test
FAIL: libffi.call/cls_multi_ushort.c -O0 -W -Wall execution test
FAIL: libffi.call/cls_multi_ushortchar.c -O0 -W -Wall execution test
FAIL: libffi.call/cls_pointer.c -O0 -W -Wall execution test
FAIL: libffi.call/cls_pointer_stack.c -O0 -W -Wall execution test
FAIL: libffi.call/cls_schar.c -O0 -W -Wall execution test
FAIL: libffi.call/cls_sint.c -O0 -W -Wall execution test
FAIL: libffi.call/cls_sshort.c -O0 -W -Wall execution test
FAIL: libffi.call/cls_uchar.c -O0 -W -Wall execution test
FAIL: libffi.call/cls_uint.c -O0 -W -Wall execution test
FAIL: libffi.call/cls_ulonglong.c -O0 -W -Wall execution test
FAIL: libffi.call/cls_ushort.c -O0 -W -Wall execution test
FAIL: libffi.call/huge_struct.c -O0 -W -Wall execution test
FAIL: libffi.call/nested_struct.c -O0 -W -Wall execution test
FAIL: libffi.call/nested_struct1.c -O0 -W -Wall execution test
FAIL: libffi.call/nested_struct10.c -O0 -W -Wall execution test
FAIL: libffi.call/nested_struct2.c -O0 -W -Wall execution test
FAIL: libffi.call/nested_struct3.c -O0 -W -Wall execution test
FAIL: libffi.call/nested_struct4.c -O0 -W -Wall execution test
FAIL: libffi.call/nested_struct5.c -O0 -W -Wall execution test
FAIL: libffi.call/nested_struct6.c -O0 -W -Wall execution test
FAIL: libffi.call/nested_struct7.c -O0 -W -Wall execution test
FAIL: libffi.call/nested_struct8.c -O0 -W -Wall execution test
FAIL: libffi.call/nested_struct9.c -O0 -W -Wall execution test
FAIL: libffi.call/problem1.c -O0 -W -Wall execution test
FAIL: libffi.call/stret_large.c -O0 -W -Wall execution test
FAIL: libffi.call/stret_large2.c -O0 -W -Wall execution test
FAIL: libffi.call/stret_medium.c -O0 -W -Wall execution test
FAIL: libffi.call/stret_medium2.c -O0 -W -Wall execution test
FAIL: libffi.call/testclosure.c -O0 -W -Wall execution test
FAIL: libffi.call/closure_fn0.c -O2 execution test
FAIL: libffi.call/closure_fn1.c -O2 execution test
FAIL: libffi.call/closure_fn2.c -O2 execution test
FAIL: libffi.call/closure_fn3.c -O2 execution test
FAIL: libffi.call/closure_fn4.c -O2 execution test
FAIL: libffi.call/closure_fn5.c -O2 execution test
FAIL: libffi.call/closure_fn6.c -O2 execution test
FAIL: libffi.call/closure_loc_fn0.c -O2 execution test
FAIL: libffi.call/cls_12byte.c -O2 execution test
FAIL: libffi.call/cls_16byte.c -O2 execution test
FAIL: libffi.call/cls_18byte.c -O2 execution test
FAIL: libffi.call/cls_19byte.c -O2 execution test
FAIL: libffi.call/cls_1_1byte.c -O2 execution test
FAIL: libffi.call/cls_20byte.c -O2 execution test
FAIL: libffi.call/cls_20byte1.c -O2 execution test
FAIL: libffi.call/cls_24byte.c -O2 execution test
FAIL: libffi.call/cls_2byte.c -O2 execution test
FAIL: libffi.call/cls_3_1byte.c -O2 execution test
FAIL: libffi.call/cls_3byte1.c -O2 execution test
FAIL: libffi.call/cls_3byte2.c -O2 execution test
FAIL: libffi.call/cls_4_1byte.c -O2 execution test
FAIL: libffi.call/cls_4byte.c -O2 execution test
FAIL: libffi.call/cls_5_1_byte.c -O2 execution test
FAIL: libffi.call/cls_5byte.c -O2 execution test
FAIL: libffi.call/cls_64byte.c -O2 execution test
FAIL: libffi.call/cls_6_1_byte.c -O2 execution test
FAIL: libffi.call/cls_6byte.c -O2 execution test
FAIL: libffi.call/cls_7_1_byte.c -O2 execution test
FAIL: libffi.call/cls_7byte.c -O2 execution test
FAIL: libffi.call/cls_8byte.c -O2 execution test
FAIL: libffi.call/cls_9byte1.c -O2 execution test
FAIL: libffi.call/cls_9byte2.c -O2 execution test
FAIL: libffi.call/cls_align_double.c -O2 execution test
FAIL: libffi.call/cls_align_float.c -O2 execution test
FAIL: libffi.call/cls_align_longdouble.c -O2 execution test
FAIL: libffi.call/cls_align_longdouble_split.c -O2 execution test
FAIL: libffi.call/cls_align_longdouble_split2.c -O2 execution test
FAIL: libffi.call/cls_align_pointer.c -O2 execution test
FAIL: libffi.call/cls_align_sint16.c -O2 execution test
FAIL: libffi.call/cls_align_sint32.c -O2 execution test
FAIL: libffi.call/cls_align_sint64.c -O2 execution test
FAIL: libffi.call/cls_align_uint16.c -O2 execution test
FAIL: libffi.call/cls_align_uint32.c -O2 execution test
FAIL: libffi.call/cls_align_uint64.c -O2 execution test
FAIL: libffi.call/cls_dbls_struct.c -O2 execution test
FAIL: libffi.call/cls_double.c -O2 execution test
FAIL: libffi.call/cls_double_va.c -O2 execution test
FAIL: libffi.call/cls_float.c -O2 execution test
FAIL: libffi.call/cls_longdouble.c -O2 execution test
FAIL: libffi.call/cls_longdouble_va.c -O2 execution test
FAIL: libffi.call/cls_multi_schar.c -O2 execution test
FAIL: libffi.call/cls_multi_sshort.c -O2 execution test
FAIL: libffi.call/cls_multi_sshortchar.c -O2 execution test
FAIL: libffi.call/cls_multi_uchar.c -O2 execution test
FAIL: libffi.call/cls_multi_ushort.c -O2 execution test
FAIL: libffi.call/cls_multi_ushortchar.c -O2 execution test
FAIL: libffi.call/cls_pointer.c -O2 execution test
FAIL: libffi.call/cls_pointer_stack.c -O2 execution test
FAIL: libffi.call/cls_schar.c -O2 execution test
FAIL: libffi.call/cls_sint.c -O2 execution test
FAIL: libffi.call/cls_sshort.c -O2 execution test
FAIL: libffi.call/cls_uchar.c -O2 execution test
FAIL: libffi.call/cls_uint.c -O2 execution test
FAIL: libffi.call/cls_ulonglong.c -O2 execution test
FAIL: libffi.call/cls_ushort.c -O2 execution test
FAIL: libffi.call/huge_struct.c -O2 execution test
FAIL: libffi.call/nested_struct.c -O2 execution test
FAIL: libffi.call/nested_struct1.c -O2 execution test
FAIL: libffi.call/nested_struct10.c -O2 execution test
FAIL: libffi.call/nested_struct2.c -O2 execution test
FAIL: libffi.call/nested_struct3.c -O2 execution test
FAIL: libffi.call/nested_struct4.c -O2 execution test
FAIL: libffi.call/nested_struct5.c -O2 execution test
FAIL: libffi.call/nested_struct6.c -O2 execution test
FAIL: libffi.call/nested_struct7.c -O2 execution test
FAIL: libffi.call/nested_struct8.c -O2 execution test
FAIL: libffi.call/nested_struct9.c -O2 execution test
FAIL: libffi.call/problem1.c -O2 execution test
FAIL: libffi.call/stret_large.c -O2 execution test
FAIL: libffi.call/stret_large2.c -O2 execution test
FAIL: libffi.call/stret_medium.c -O2 execution test
FAIL: libffi.call/stret_medium2.c -O2 execution test
FAIL: libffi.call/testclosure.c -O2 execution test
FAIL: libffi.call/closure_fn0.c -O3 execution test
FAIL: libffi.call/closure_fn1.c -O3 execution test
FAIL: libffi.call/closure_fn2.c -O3 execution test
FAIL: libffi.call/closure_fn3.c -O3 execution test
FAIL: libffi.call/closure_fn4.c -O3 execution test
FAIL: libffi.call/closure_fn5.c -O3 execution test
FAIL: libffi.call/closure_fn6.c -O3 execution test
FAIL: libffi.call/closure_loc_fn0.c -O3 execution test
FAIL: libffi.call/cls_12byte.c -O3 execution test
FAIL: libffi.call/cls_16byte.c -O3 execution test
FAIL: libffi.call/cls_18byte.c -O3 execution test
FAIL: libffi.call/cls_19byte.c -O3 execution test
FAIL: libffi.call/cls_1_1byte.c -O3 execution test
FAIL: libffi.call/cls_20byte.c -O3 execution test
FAIL: libffi.call/cls_20byte1.c -O3 execution test
FAIL: libffi.call/cls_24byte.c -O3 execution test
FAIL: libffi.call/cls_2byte.c -O3 execution test
FAIL: libffi.call/cls_3_1byte.c -O3 execution test
FAIL: libffi.call/cls_3byte1.c -O3 execution test
FAIL: libffi.call/cls_3byte2.c -O3 execution test
FAIL: libffi.call/cls_4_1byte.c -O3 execution test
FAIL: libffi.call/cls_4byte.c -O3 execution test
FAIL: libffi.call/cls_5_1_byte.c -O3 execution test
FAIL: libffi.call/cls_5byte.c -O3 execution test
FAIL: libffi.call/cls_64byte.c -O3 execution test
FAIL: libffi.call/cls_6_1_byte.c -O3 execution test
FAIL: libffi.call/cls_6byte.c -O3 execution test
FAIL: libffi.call/cls_7byte.c -O3 execution test
FAIL: libffi.call/cls_8byte.c -O3 execution test
FAIL: libffi.call/cls_9byte1.c -O3 execution test
FAIL: libffi.call/cls_9byte2.c -O3 execution test
FAIL: libffi.call/cls_align_double.c -O3 execution test
FAIL: libffi.call/cls_align_float.c -O3 execution test
FAIL: libffi.call/cls_align_longdouble.c -O3 execution test
FAIL: libffi.call/cls_align_longdouble_split.c -O3 execution test
FAIL: libffi.call/cls_align_longdouble_split2.c -O3 execution test
FAIL: libffi.call/cls_align_pointer.c -O3 execution test
FAIL: libffi.call/cls_align_sint16.c -O3 execution test
FAIL: libffi.call/cls_align_sint32.c -O3 execution test
FAIL: libffi.call/cls_align_sint64.c -O3 execution test
FAIL: libffi.call/cls_align_uint16.c -O3 execution test
FAIL: libffi.call/cls_align_uint32.c -O3 execution test
FAIL: libffi.call/cls_align_uint64.c -O3 execution test
FAIL: libffi.call/cls_dbls_struct.c -O3 execution test
FAIL: libffi.call/cls_double.c -O3 execution test
FAIL: libffi.call/cls_double_va.c -O3 execution test
FAIL: libffi.call/cls_float.c -O3 execution test
FAIL: libffi.call/cls_longdouble.c -O3 execution test
FAIL: libffi.call/cls_longdouble_va.c -O3 execution test
FAIL: libffi.call/cls_multi_schar.c -O3 execution test
FAIL: libffi.call/cls_multi_sshort.c -O3 execution test
FAIL: libffi.call/cls_multi_sshortchar.c -O3 execution test
FAIL: libffi.call/cls_multi_uchar.c -O3 execution test
FAIL: libffi.call/cls_multi_ushort.c -O3 execution test
FAIL: libffi.call/cls_multi_ushortchar.c -O3 execution test
FAIL: libffi.call/cls_pointer.c -O3 execution test
FAIL: libffi.call/cls_pointer_stack.c -O3 execution test
FAIL: libffi.call/cls_schar.c -O3 execution test
FAIL: libffi.call/cls_sint.c -O3 execution test
FAIL: libffi.call/cls_sshort.c -O3 execution test
FAIL: libffi.call/cls_uchar.c -O3 execution test
FAIL: libffi.call/cls_uint.c -O3 execution test
FAIL: libffi.call/cls_ulonglong.c -O3 execution test
FAIL: libffi.call/cls_ushort.c -O3 execution test
FAIL: libffi.call/huge_struct.c -O3 execution test
FAIL: libffi.call/nested_struct.c -O3 execution test
FAIL: libffi.call/nested_struct1.c -O3 execution test
FAIL: libffi.call/nested_struct10.c -O3 execution test
FAIL: libffi.call/nested_struct2.c -O3 execution test
FAIL: libffi.call/nested_struct3.c -O3 execution test
FAIL: libffi.call/nested_struct4.c -O3 execution test
FAIL: libffi.call/nested_struct5.c -O3 execution test
FAIL: libffi.call/nested_struct6.c -O3 execution test
FAIL: libffi.call/nested_struct7.c -O3 execution test
FAIL: libffi.call/nested_struct8.c -O3 execution test
FAIL: libffi.call/nested_struct9.c -O3 execution test
FAIL: libffi.call/problem1.c -O3 execution test
FAIL: libffi.call/stret_large.c -O3 execution test
FAIL: libffi.call/stret_large2.c -O3 execution test
FAIL: libffi.call/stret_medium.c -O3 execution test
FAIL: libffi.call/stret_medium2.c -O3 execution test
FAIL: libffi.call/testclosure.c -O3 execution test
FAIL: libffi.call/closure_fn0.c -Os execution test
FAIL: libffi.call/closure_fn1.c -Os execution test
FAIL: libffi.call/closure_fn2.c -Os execution test
FAIL: libffi.call/closure_fn3.c -Os execution test
FAIL: libffi.call/closure_fn4.c -Os execution test
FAIL: libffi.call/closure_fn5.c -Os execution test
FAIL: libffi.call/closure_fn6.c -Os execution test
FAIL: libffi.call/closure_loc_fn0.c -Os execution test
FAIL: libffi.call/cls_12byte.c -Os execution test
FAIL: libffi.call/cls_16byte.c -Os execution test
FAIL: libffi.call/cls_18byte.c -Os execution test
FAIL: libffi.call/cls_19byte.c -Os execution test
FAIL: libffi.call/cls_1_1byte.c -Os execution test
FAIL: libffi.call/cls_20byte.c -Os execution test
FAIL: libffi.call/cls_20byte1.c -Os execution test
FAIL: libffi.call/cls_24byte.c -Os execution test
FAIL: libffi.call/cls_2byte.c -Os execution test
FAIL: libffi.call/cls_3_1byte.c -Os execution test
FAIL: libffi.call/cls_3byte1.c -Os execution test
FAIL: libffi.call/cls_3byte2.c -Os execution test
FAIL: libffi.call/cls_4_1byte.c -Os execution test
FAIL: libffi.call/cls_4byte.c -Os execution test
FAIL: libffi.call/cls_5_1_byte.c -Os execution test
FAIL: libffi.call/cls_5byte.c -Os execution test
FAIL: libffi.call/cls_64byte.c -Os execution test
FAIL: libffi.call/cls_6_1_byte.c -Os execution test
FAIL: libffi.call/cls_6byte.c -Os execution test
FAIL: libffi.call/cls_7_1_byte.c -Os execution test
FAIL: libffi.call/cls_7byte.c -Os execution test
FAIL: libffi.call/cls_8byte.c -Os execution test
FAIL: libffi.call/cls_9byte1.c -Os execution test
FAIL: libffi.call/cls_9byte2.c -Os execution test
FAIL: libffi.call/cls_align_double.c -Os execution test
FAIL: libffi.call/cls_align_float.c -Os execution test
FAIL: libffi.call/cls_align_longdouble.c -Os execution test
FAIL: libffi.call/cls_align_longdouble_split.c -Os execution test
FAIL: libffi.call/cls_align_longdouble_split2.c -Os execution test
FAIL: libffi.call/cls_align_pointer.c -Os execution test
FAIL: libffi.call/cls_align_sint16.c -Os execution test
FAIL: libffi.call/cls_align_sint32.c -Os execution test
FAIL: libffi.call/cls_align_sint64.c -Os execution test
FAIL: libffi.call/cls_align_uint16.c -Os execution test
FAIL: libffi.call/cls_align_uint32.c -Os execution test
FAIL: libffi.call/cls_align_uint64.c -Os execution test
FAIL: libffi.call/cls_dbls_struct.c -Os execution test
FAIL: libffi.call/cls_double.c -Os execution test
FAIL: libffi.call/cls_double_va.c -Os execution test
FAIL: libffi.call/cls_float.c -Os execution test
FAIL: libffi.call/cls_longdouble.c -Os execution test
FAIL: libffi.call/cls_longdouble_va.c -Os execution test
FAIL: libffi.call/cls_multi_schar.c -Os execution test
FAIL: libffi.call/cls_multi_sshort.c -Os execution test
FAIL: libffi.call/cls_multi_sshortchar.c -Os execution test
FAIL: libffi.call/cls_multi_uchar.c -Os execution test
FAIL: libffi.call/cls_multi_ushort.c -Os execution test
FAIL: libffi.call/cls_multi_ushortchar.c -Os execution test
FAIL: libffi.call/cls_pointer.c -Os execution test
FAIL: libffi.call/cls_pointer_stack.c -Os execution test
FAIL: libffi.call/cls_schar.c -Os execution test
FAIL: libffi.call/cls_sint.c -Os execution test
FAIL: libffi.call/cls_sshort.c -Os execution test
FAIL: libffi.call/cls_uchar.c -Os execution test
FAIL: libffi.call/cls_uint.c -Os execution test
FAIL: libffi.call/cls_ulonglong.c -Os execution test
FAIL: libffi.call/cls_ushort.c -Os execution test
FAIL: libffi.call/huge_struct.c -Os execution test
FAIL: libffi.call/nested_struct.c -Os execution test
FAIL: libffi.call/nested_struct1.c -Os execution test
FAIL: libffi.call/nested_struct10.c -Os execution test
FAIL: libffi.call/nested_struct2.c -Os execution test
FAIL: libffi.call/nested_struct3.c -Os execution test
FAIL: libffi.call/nested_struct4.c -Os execution test
FAIL: libffi.call/nested_struct5.c -Os execution test
FAIL: libffi.call/nested_struct6.c -Os execution test
FAIL: libffi.call/nested_struct7.c -Os execution test
FAIL: libffi.call/nested_struct8.c -Os execution test
FAIL: libffi.call/nested_struct9.c -Os execution test
FAIL: libffi.call/problem1.c -Os execution test
FAIL: libffi.call/stret_large.c -Os execution test
FAIL: libffi.call/stret_large2.c -Os execution test
FAIL: libffi.call/stret_medium.c -Os execution test
FAIL: libffi.call/stret_medium2.c -Os execution test
FAIL: libffi.call/testclosure.c -Os execution test
FAIL: libffi.call/closure_fn0.c -O2 -fomit-frame-pointer execution test
FAIL: libffi.call/closure_fn1.c -O2 -fomit-frame-pointer execution test
FAIL: libffi.call/closure_fn2.c -O2 -fomit-frame-pointer execution test
FAIL: libffi.call/closure_fn3.c -O2 -fomit-frame-pointer execution test
FAIL: libffi.call/closure_fn4.c -O2 -fomit-frame-pointer execution test
FAIL: libffi.call/closure_fn5.c -O2 -fomit-frame-pointer execution test
FAIL: libffi.call/closure_fn6.c -O2 -fomit-frame-pointer execution test
FAIL: libffi.call/closure_loc_fn0.c -O2 -fomit-frame-pointer execution test
FAIL: libffi.call/cls_12byte.c -O2 -fomit-frame-pointer execution test
FAIL: libffi.call/cls_16byte.c -O2 -fomit-frame-pointer execution test
FAIL: libffi.call/cls_18byte.c -O2 -fomit-frame-pointer execution test
FAIL: libffi.call/cls_19byte.c -O2 -fomit-frame-pointer execution test
FAIL: libffi.call/cls_1_1byte.c -O2 -fomit-frame-pointer execution test
FAIL: libffi.call/cls_20byte.c -O2 -fomit-frame-pointer execution test
FAIL: libffi.call/cls_20byte1.c -O2 -fomit-frame-pointer execution test
FAIL: libffi.call/cls_24byte.c -O2 -fomit-frame-pointer execution test
FAIL: libffi.call/cls_2byte.c -O2 -fomit-frame-pointer execution test
FAIL: libffi.call/cls_3_1byte.c -O2 -fomit-frame-pointer execution test
FAIL: libffi.call/cls_3byte1.c -O2 -fomit-frame-pointer execution test
FAIL: libffi.call/cls_3byte2.c -O2 -fomit-frame-pointer execution test
FAIL: libffi.call/cls_4_1byte.c -O2 -fomit-frame-pointer execution test
FAIL: libffi.call/cls_4byte.c -O2 -fomit-frame-pointer execution test
FAIL: libffi.call/cls_5_1_byte.c -O2 -fomit-frame-pointer execution test
FAIL: libffi.call/cls_5byte.c -O2 -fomit-frame-pointer execution test
FAIL: libffi.call/cls_64byte.c -O2 -fomit-frame-pointer execution test
FAIL: libffi.call/cls_6_1_byte.c -O2 -fomit-frame-pointer execution test
FAIL: libffi.call/cls_6byte.c -O2 -fomit-frame-pointer execution test
FAIL: libffi.call/cls_7_1_byte.c -O2 -fomit-frame-pointer execution test
FAIL: libffi.call/cls_7byte.c -O2 -fomit-frame-pointer execution test
FAIL: libffi.call/cls_8byte.c -O2 -fomit-frame-pointer execution test
FAIL: libffi.call/cls_9byte1.c -O2 -fomit-frame-pointer execution test
FAIL: libffi.call/cls_9byte2.c -O2 -fomit-frame-pointer execution test
FAIL: libffi.call/cls_align_double.c -O2 -fomit-frame-pointer execution test
FAIL: libffi.call/cls_align_float.c -O2 -fomit-frame-pointer execution test
FAIL: libffi.call/cls_align_longdouble.c -O2 -fomit-frame-pointer execution test
FAIL: libffi.call/cls_align_longdouble_split.c -O2 -fomit-frame-pointer execution test
FAIL: libffi.call/cls_align_longdouble_split2.c -O2 -fomit-frame-pointer execution test
FAIL: libffi.call/cls_align_pointer.c -O2 -fomit-frame-pointer execution test
FAIL: libffi.call/cls_align_sint16.c -O2 -fomit-frame-pointer execution test
FAIL: libffi.call/cls_align_sint32.c -O2 -fomit-frame-pointer execution test
FAIL: libffi.call/cls_align_sint64.c -O2 -fomit-frame-pointer execution test
FAIL: libffi.call/cls_align_uint16.c -O2 -fomit-frame-pointer execution test
FAIL: libffi.call/cls_align_uint32.c -O2 -fomit-frame-pointer execution test
FAIL: libffi.call/cls_align_uint64.c -O2 -fomit-frame-pointer execution test
FAIL: libffi.call/cls_dbls_struct.c -O2 -fomit-frame-pointer execution test
FAIL: libffi.call/cls_double.c -O2 -fomit-frame-pointer execution test
FAIL: libffi.call/cls_double_va.c -O2 -fomit-frame-pointer execution test
FAIL: libffi.call/cls_float.c -O2 -fomit-frame-pointer execution test
FAIL: libffi.call/cls_longdouble.c -O2 -fomit-frame-pointer execution test
FAIL: libffi.call/cls_longdouble_va.c -O2 -fomit-frame-pointer execution test
FAIL: libffi.call/cls_multi_schar.c -O2 -fomit-frame-pointer execution test
FAIL: libffi.call/cls_multi_sshort.c -O2 -fomit-frame-pointer execution test
FAIL: libffi.call/cls_multi_sshortchar.c -O2 -fomit-frame-pointer execution test
FAIL: libffi.call/cls_multi_uchar.c -O2 -fomit-frame-pointer execution test
FAIL: libffi.call/cls_multi_ushort.c -O2 -fomit-frame-pointer execution test
FAIL: libffi.call/cls_multi_ushortchar.c -O2 -fomit-frame-pointer execution test
FAIL: libffi.call/cls_pointer.c -O2 -fomit-frame-pointer execution test
FAIL: libffi.call/cls_pointer_stack.c -O2 -fomit-frame-pointer execution test
FAIL: libffi.call/cls_schar.c -O2 -fomit-frame-pointer execution test
FAIL: libffi.call/cls_sint.c -O2 -fomit-frame-pointer execution test
FAIL: libffi.call/cls_sshort.c -O2 -fomit-frame-pointer execution test
FAIL: libffi.call/cls_uchar.c -O2 -fomit-frame-pointer execution test
FAIL: libffi.call/cls_uint.c -O2 -fomit-frame-pointer execution test
FAIL: libffi.call/cls_ulonglong.c -O2 -fomit-frame-pointer execution test
FAIL: libffi.call/cls_ushort.c -O2 -fomit-frame-pointer execution test
FAIL: libffi.call/huge_struct.c -O2 -fomit-frame-pointer execution test
FAIL: libffi.call/nested_struct.c -O2 -fomit-frame-pointer execution test
FAIL: libffi.call/nested_struct1.c -O2 -fomit-frame-pointer execution test
FAIL: libffi.call/nested_struct10.c -O2 -fomit-frame-pointer execution test
FAIL: libffi.call/nested_struct2.c -O2 -fomit-frame-pointer execution test
FAIL: libffi.call/nested_struct3.c -O2 -fomit-frame-pointer execution test
FAIL: libffi.call/nested_struct4.c -O2 -fomit-frame-pointer execution test
FAIL: libffi.call/nested_struct5.c -O2 -fomit-frame-pointer execution test
FAIL: libffi.call/nested_struct7.c -O2 -fomit-frame-pointer execution test
FAIL: libffi.call/nested_struct9.c -O2 -fomit-frame-pointer execution test
FAIL: libffi.call/problem1.c -O2 -fomit-frame-pointer execution test
FAIL: libffi.call/stret_large.c -O2 -fomit-frame-pointer execution test
FAIL: libffi.call/stret_large2.c -O2 -fomit-frame-pointer execution test
FAIL: libffi.call/stret_medium.c -O2 -fomit-frame-pointer execution test
FAIL: libffi.call/stret_medium2.c -O2 -fomit-frame-pointer execution test
FAIL: libffi.call/testclosure.c -O2 -fomit-frame-pointer execution test
FAIL: libffi.special/unwindtest.cc  -shared-libgcc -lstdc++ execution test
FAIL: libffi.special/unwindtest.cc  -shared-libgcc -lstdc++ execution test
FAIL: libffi.special/unwindtest.cc  -shared-libgcc -lstdc++ execution test
FAIL: libffi.special/unwindtest.cc  -shared-libgcc -lstdc++ execution test

		=== libffi Summary for unix/-m32 ===

# of expected passes		800
# of unexpected failures	412
# of expected failures		10
# of unsupported tests		15

		=== libffi Summary ===

# of expected passes		2444
# of unexpected failures	1214
# of expected failures		30
# of unsupported tests		45
		=== libgomp tests ===


Running target unix
FAIL: libgomp.c/lock-1.c execution test
FAIL: libgomp.c/lock-2.c execution test
XPASS: libgomp.graphite/force-parallel-5.c scan-tree-dump-times optimized "loopfn.1" 5

		=== libgomp Summary for unix ===

# of expected passes		2497
# of unexpected failures	2
# of unexpected successes	1
# of unsupported tests		2

Running target unix/-fstack-protector
FAIL: libgomp.c/lib-1.c execution test
FAIL: libgomp.c/lock-1.c execution test
FAIL: libgomp.c/lock-2.c execution test
XPASS: libgomp.graphite/force-parallel-5.c scan-tree-dump-times optimized "loopfn.1" 5

		=== libgomp Summary for unix/-fstack-protector ===

# of expected passes		2496
# of unexpected failures	3
# of unexpected successes	1
# of unsupported tests		2

Running target unix/-m32
FAIL: libgomp.c/lock-1.c execution test
XPASS: libgomp.graphite/force-parallel-5.c scan-tree-dump-times optimized "loopfn.1" 5

		=== libgomp Summary for unix/-m32 ===

# of expected passes		2498
# of unexpected failures	1
# of unexpected successes	1
# of unsupported tests		2

		=== libgomp Summary ===

# of expected passes		7491
# of unexpected failures	6
# of unexpected successes	3
# of unsupported tests		6
		=== libjava tests ===


Running target unix
FAIL: Throw_2 execution - source compiled test
FAIL: Throw_2 -findirect-dispatch execution - source compiled test
FAIL: Throw_2 -O3 execution - source compiled test
FAIL: Throw_2 -O3 -findirect-dispatch execution - source compiled test

		=== libjava Summary for unix ===

# of expected passes		2566
# of unexpected failures	4
# of untested testcases		4

Running target unix/-fstack-protector
FAIL: Throw_2 execution - source compiled test
FAIL: Throw_2 -findirect-dispatch execution - source compiled test
FAIL: Throw_2 -O3 execution - source compiled test
FAIL: Throw_2 -O3 -findirect-dispatch execution - source compiled test

		=== libjava Summary for unix/-fstack-protector ===

# of expected passes		2566
# of unexpected failures	4
# of untested testcases		4

		=== libjava Summary ===

# of expected passes		5132
# of unexpected failures	8
# of untested testcases		8
		=== libmudflap tests ===


Running target unix
FAIL: libmudflap.c/fail31-frag.c (-O3) output pattern test
FAIL: libmudflap.c/pass45-frag.c (-O3) execution test
FAIL: libmudflap.c/pass45-frag.c (-O3) output pattern test
FAIL: libmudflap.c/pass45-frag.c (-O3) execution test
FAIL: libmudflap.c/pass45-frag.c (-O3) output pattern test
FAIL: libmudflap.c++/pass41-frag.cxx execution test
FAIL: libmudflap.c++/pass41-frag.cxx (-static) execution test
FAIL: libmudflap.c++/pass41-frag.cxx ( -O) execution test
FAIL: libmudflap.c++/pass41-frag.cxx (-O2) execution test
FAIL: libmudflap.c++/pass41-frag.cxx (-O3) execution test

		=== libmudflap Summary for unix ===

# of expected passes		1884
# of unexpected failures	10

Running target unix/-fstack-protector
FAIL: libmudflap.c/fail31-frag.c (-O3) crash test
FAIL: libmudflap.c/fail31-frag.c (-O3) output pattern test
FAIL: libmudflap.c/pass45-frag.c (-O3) execution test
FAIL: libmudflap.c/pass45-frag.c (-O3) output pattern test
FAIL: libmudflap.c/pass45-frag.c (-O3) execution test
FAIL: libmudflap.c/pass45-frag.c (-O3) output pattern test
FAIL: libmudflap.c++/pass41-frag.cxx execution test
FAIL: libmudflap.c++/pass41-frag.cxx (-static) execution test
FAIL: libmudflap.c++/pass41-frag.cxx ( -O) execution test
FAIL: libmudflap.c++/pass41-frag.cxx (-O2) execution test
FAIL: libmudflap.c++/pass41-frag.cxx (-O3) execution test

		=== libmudflap Summary for unix/-fstack-protector ===

# of expected passes		1883
# of unexpected failures	11

Running target unix/-m32
FAIL: libmudflap.c/fail31-frag.c (-O3) output pattern test
FAIL: libmudflap.c/pass45-frag.c (-O3) execution test
FAIL: libmudflap.c/pass45-frag.c (-O3) output pattern test
FAIL: libmudflap.c/pass45-frag.c (-O3) execution test
FAIL: libmudflap.c/pass45-frag.c (-O3) output pattern test
FAIL: libmudflap.c++/pass41-frag.cxx execution test
FAIL: libmudflap.c++/pass41-frag.cxx (-static) execution test
FAIL: libmudflap.c++/pass41-frag.cxx ( -O) execution test
FAIL: libmudflap.c++/pass41-frag.cxx (-O2) execution test
FAIL: libmudflap.c++/pass41-frag.cxx (-O3) execution test

		=== libmudflap Summary for unix/-m32 ===

# of expected passes		1884
# of unexpected failures	10

		=== libmudflap Summary ===

# of expected passes		5651
# of unexpected failures	31
		=== libstdc++ tests ===


Running target unix
FAIL: 26_numerics/headers/cmath/c99_classification_macros_c.cc (test for excess errors)

		=== libstdc++ Summary for unix ===

# of expected passes		6378
# of unexpected failures	1
# of expected failures		91
# of unsupported tests		481

Running target unix/-fstack-protector
FAIL: 26_numerics/headers/cmath/c99_classification_macros_c.cc (test for excess errors)

		=== libstdc++ Summary for unix/-fstack-protector ===

# of expected passes		6378
# of unexpected failures	1
# of expected failures		91
# of unsupported tests		481

Running target unix/-m32
FAIL: 26_numerics/headers/cmath/c99_classification_macros_c.cc (test for excess errors)

		=== libstdc++ Summary for unix/-m32 ===

# of expected passes		6378
# of unexpected failures	1
# of expected failures		91
# of unsupported tests		481

		=== libstdc++ Summary ===

# of expected passes		19134
# of unexpected failures	3
# of expected failures		273
# of unsupported tests		1443

		=== libstdc++ Summary ===


Compiler version: 4.5.0 20100202 (experimental) [trunk revision 156452] (Debian 4.5-20100202-1) 
Platform: x86_64-pc-kfreebsd-gnu
configure flags: -v --with-pkgversion='Debian 4.5-20100202-1' --with-bugurl=file:///usr/share/doc/gcc-4.5/README.Bugs --enable-languages=c,c++,java,fortran,objc,obj-c++ --prefix=/usr --enable-shared --enable-multiarch --enable-linker-build-id --with-system-zlib --libexecdir=/usr/lib --without-included-gettext --enable-threads=posix --with-gxx-include-dir=/usr/include/c++/4.5 --program-suffix=-4.5 --enable-nls --enable-clocale=gnu --enable-libstdcxx-debug --enable-plugin --disable-browser-plugin --enable-java-awt=gtk --enable-gtk-cairo --with-java-home=/usr/lib/jvm/java-1.5.0-gcj-4.5/jre --enable-java-home --with-jvm-root-dir=/usr/lib/jvm/java-1.5.0-gcj-4.5 --with-jvm-jar-dir=/usr/lib/jvm-exports/java-1.5.0-gcj-4.5 --with-arch-directory=amd64 --with-ecj-jar=/usr/share/java/eclipse-ecj.jar --enable-objc-gc --with-arch-32=i486 --with-tune=generic --enable-checking=yes --build=x86_64-kfreebsd-gnu --host=x86_64-kfreebsd-gnu --target=x86_64-kfreebsd-gnu
BOOT_CFLAGS=


Build Dependencies:
Desired=Unknown/Install/Remove/Purge/Hold
| Status=Not/Inst/Cfg-files/Unpacked/Failed-cfg/Half-inst/trig-aWait/Trig-pend
|/ Err?=(none)/Reinst-required (Status,Err: uppercase=bad)
||/ Name                                                 Version                Description
+++-====================================================-======================-==============================================
ii  binutils                                             2.20-5                 The GNU assembler, linker and binary utilities
ii  g++-4.4                                              4.4.3-2                The GNU C++ compiler
ii  libc0.1                                              2.10.2-5               Embedded GNU C Library: Shared libraries
ii  libcloog-ppl-dev                                     0.15.7-1               the Chunky Loop Generator (development files)
ii  libgmp3-dev                                          2:4.3.2+dfsg-1         Multiprecision arithmetic library developers t
ii  libmpc-dev                                           0.8.1-1                multiple precision complex floating-point libr
ii  libmpfr-dev                                          2.4.2-3                multiple precision floating-point computation 
ii  libppl0.10-dev                                       0.10.2-2               Parma Polyhedra Library (development)


rename-info-files:
  Allow transformations on info file names. Reference the
  transformed info file names in the texinfo files.

gcc-textdomain:
  Set gettext's domain and textdomain to the versioned package name.

gcc-driver-extra-langs:
  Add options and specs for languages that are not built from a source
  (but built from separate sources).

gcc-hash-style-both:
  Link using --hash-style=both (alpha, amd64, ia64, i386, powerpc, ppc64, s390, sparc)

libstdc++-pic:
  Build and install libstdc++_pic.a library.

libstdc++-doclink:
  adjust hrefs to point to the local documentation

libstdc++-man-3cxx:
  Install libstdc++ man pages with suffix .3cxx instead of .3

libjava-stacktrace:
  libgcj: Lookup source file name and line number in separated
  debug files found in /usr/lib/debug

libjava-subdir:
  - Set the libjava sublibdir to /usr/lib/gcj-4.5
  - Set the default libgcj database dir to /var/lib/gcj-4.5

libjava-jnipath:
  - Add /usr/lib/jni to java.library.path.
  - When running the i386 binaries on amd64, look in
  - /usr/lib32/gcj-x.y and /usr/lib32/jni instead.

libjava-sjlj:
  Don't try to use _Unwind_Backtrace on SJLJ targets.
  See bug #387875, #388505, GCC PR 29206.

libjava-disable-plugin:
  Don't build the gcjwebplugin, even when configured with --enable-plugin

alpha-no-ev4-directive:
  never emit .ev4 directive.

boehm-gc-getnprocs:
  boehm-gc/pthread_support.c (GC_get_nprocs): Use sysconf as fallback.

note-gnu-stack:
  Add .note.GNU-stack sections for gcc's crt files, libffi and boehm-gc
  Taken from FC.

m68k-allow-gnu99:
  patch to allow gnu99 mode on m68k

libgomp-omp_h-multilib:
  Fix up omp.h for multilibs.

sparc-force-cpu:
  On sparc default to ultrasparc (v9a) in 32bit mode

pr40521-revert-workaround:
  Revert the dwarf2cfi_asm workaround, obsoleted by PR debug/40521.

pr41848:
  Fix PR objc/41848 - workaround ObjC and -fsection-anchors.

kbsd-gnu:
  GNU/k*BSD support

gcc-ice-hack:
  Retry the build on an ice, save the calling options and preprocessed
  source when the ice is reproducible.

gcc-ice-apport:
  Report an ICE to apport (if apport is available
  and the environment variable GCC_NOAPPORT is not set)

libjava-disable-static:
  Disable building the static libjava.

libjava-fixed-symlinks:
  Remove unneed '..' elements from symlinks in JAVA_HOME

libstdc++-arm-wno-abi:
  Temporary work around:
  On arm-linux-gnueabi run the libstdc++v3 testsuite with -Wno-abi

ada-mips:
  Improve support for mips.

arm-unbreak-eabi-armv4t:
  Fix armv4t build on ARM

gcc-multiarch:
  Add multiarch support to GCC.
  
  Convert the multilib option to a target triplet,
  add multiarch include directories and libraries path:
  	/usr/local/include/<arch>-linux-gnu
  	/usr/include/<arch>-linux-gnu
  	/usr/lib/<arch>-linux-gnu
  to the system paths.

libjava-nobiarch-check:
  For biarch builds, disable the testsuite for the non-default architecture
  for runtime libraries, which are not built by default (libjava).

config-ml:
  disable some biarch libraries for biarch builds

gcc-multilib64dir:
  Use lib instead of lib64 as multilibdir on amd64 and ppc64.

Counting all warnings,
there are 0 warnings in stage3 of this bootstrap.

Number of warnings per file:

Number of warning types:


Index Nav: [Date Index] [Subject Index] [Author Index] [Thread Index]
Message Nav: [Date Prev] [Date Next] [Thread Prev] [Thread Next]