This is the mail archive of the
gcc-testresults@gcc.gnu.org
mailing list for the GCC project.
Results for 4.5.0 20100131 (experimental) [trunk revision 156398] (GCC) testsuite on i686-pc-cygwin
- From: Christian Joensson <christian dot joensson at gmail dot com>
- To: gcc-testresults at gcc dot gnu dot org
- Date: Mon, 1 Feb 2010 19:10:07 +0100
- Subject: Results for 4.5.0 20100131 (experimental) [trunk revision 156398] (GCC) testsuite on i686-pc-cygwin
Windows XP Pro/SP3 cygwin Intel Core2 Duo T9600@2.80GHz system with packages:
binutils 2.19.51-1 2.19.51.20090704
bison 2.3-1 2.3
cloog-ppl 0.15.7-1
cygwin 1.7.1-1
dejagnu 20021217-2 1.4.2.x
expect 20030128-1 5.26
gcc4-ada 4.3.4-3
gcc4-core 4.3.4-3
gcc4-g++ 4.3.4-3
gmp 4.3.1-3
libcloog-devel 0.15.7-1
libgmp-devel 4.3.1-3
libmpc-devel 0.8-1
libmpfr-devel 2.4.1-4
libppl 0.10.2-1
make 3.81-2
mpclib 0.8-1
mpfr 2.4.1-4
ppl 0.10.2-1
ppl-devel 0.10.2-1
tcltk 20080420-1 8.4
w32api 3.14-1
LAST_UPDATED: Sun Jan 31 09:00:04 UTC 2010 (revision 156398)
=== acats tests ===
FAIL: a83a02b
FAIL: a85013b
FAIL: a87b59a
FAIL: a95001c
FAIL: a95074d
FAIL: a97106a
FAIL: a99006a
FAIL: aa2010a
FAIL: ac3207a
FAIL: ad7201a
FAIL: ad7203b
FAIL: ad7205b
FAIL: ada101a
FAIL: c250002
FAIL: c34007j
FAIL: c34008a
FAIL: c35102a
FAIL: c37402a
FAIL: c37403a
FAIL: c380003
FAIL: c380004
FAIL: c38102d
FAIL: c38202a
FAIL: c390002
FAIL: c39008a
FAIL: c39008b
FAIL: c39008c
FAIL: c392002
FAIL: c392003
FAIL: c392013
FAIL: c393008
FAIL: c393009
FAIL: c3a0003
FAIL: c3a0004
FAIL: c3a0010
FAIL: c3a1001
FAIL: c3a1002
FAIL: c410001
FAIL: c41306a
FAIL: c41306b
FAIL: c41306c
FAIL: c41307d
FAIL: c41401a
FAIL: c43204g
FAIL: c45282b
FAIL: c45291a
FAIL: c46051a
FAIL: c51004a
FAIL: c59002c
FAIL: c64201b
FAIL: c64201c
FAIL: c650001
FAIL: c74004a
FAIL: c74401k
FAIL: c74406a
FAIL: c760013
FAIL: c761001
FAIL: c761006
FAIL: c761007
FAIL: c83023a
FAIL: c85004b
FAIL: c85005a
FAIL: c85005b
FAIL: c85005c
FAIL: c85005d
FAIL: c85005e
FAIL: c85006a
FAIL: c85006b
FAIL: c85006c
FAIL: c85006d
FAIL: c85006e
FAIL: c85014a
FAIL: c85014b
FAIL: c85014c
FAIL: c85018a
FAIL: c85018b
FAIL: c87b26b
FAIL: c87b41a
FAIL: c87b45c
FAIL: c87b54a
FAIL: c87b62d
FAIL: c910001
FAIL: c910002
FAIL: c910003
FAIL: c91004b
FAIL: c91004c
FAIL: c91006a
FAIL: c91007a
FAIL: c92002a
FAIL: c92003a
FAIL: c92005a
FAIL: c92005b
FAIL: c92006a
FAIL: c930001
FAIL: c93001a
FAIL: c93002a
FAIL: c93003a
FAIL: c93004a
FAIL: c93004b
FAIL: c93004c
FAIL: c93004d
FAIL: c93004f
FAIL: c93005a
FAIL: c93005b
FAIL: c93005c
FAIL: c93005d
FAIL: c93005e
FAIL: c93005f
FAIL: c93005g
FAIL: c93005h
FAIL: c93006a
FAIL: c93007a
FAIL: c93008a
FAIL: c93008b
FAIL: c940001
FAIL: c940002
FAIL: c940004
FAIL: c940005
FAIL: c940006
FAIL: c940007
FAIL: c940010
FAIL: c940011
FAIL: c940012
FAIL: c940013
FAIL: c940014
FAIL: c940015
FAIL: c940016
FAIL: c94001a
FAIL: c94001b
FAIL: c94001c
FAIL: c94001e
FAIL: c94001f
FAIL: c94001g
FAIL: c94002a
FAIL: c94002b
FAIL: c94002d
FAIL: c94002e
FAIL: c94002f
FAIL: c94002g
FAIL: c94004a
FAIL: c94004b
FAIL: c94004c
FAIL: c94005a
FAIL: c94005b
FAIL: c94006a
FAIL: c94007a
FAIL: c94007b
FAIL: c94008a
FAIL: c94008b
FAIL: c94008c
FAIL: c94008d
FAIL: c94010a
FAIL: c94011a
FAIL: c94020a
FAIL: c940a03
FAIL: c95008a
FAIL: c95009a
FAIL: c95010a
FAIL: c95011a
FAIL: c95012a
FAIL: c95021a
FAIL: c95022a
FAIL: c95022b
FAIL: c95033a
FAIL: c95033b
FAIL: c95034a
FAIL: c95034b
FAIL: c95035a
FAIL: c95040a
FAIL: c95040b
FAIL: c95040c
FAIL: c95040d
FAIL: c95041a
FAIL: c95065a
FAIL: c95065b
FAIL: c95065c
FAIL: c95065d
FAIL: c95065e
FAIL: c95065f
FAIL: c95066a
FAIL: c95067a
FAIL: c95071a
FAIL: c95072a
FAIL: c95072b
FAIL: c95073a
FAIL: c95074c
FAIL: c95076a
FAIL: c95078a
FAIL: c95080b
FAIL: c95082g
FAIL: c95085a
FAIL: c95085b
FAIL: c95085c
FAIL: c95085d
FAIL: c95085e
FAIL: c95085f
FAIL: c95085g
FAIL: c95085h
FAIL: c95085i
FAIL: c95085j
FAIL: c95085k
FAIL: c95085l
FAIL: c95085m
FAIL: c95085n
FAIL: c95085o
FAIL: c95086a
FAIL: c95086b
FAIL: c95086c
FAIL: c95086d
FAIL: c95086e
FAIL: c95086f
FAIL: c95087a
FAIL: c95087b
FAIL: c95087c
FAIL: c95087d
FAIL: c95088a
FAIL: c95089a
FAIL: c95090a
FAIL: c95092a
FAIL: c95093a
FAIL: c95095a
FAIL: c95095b
FAIL: c95095c
FAIL: c95095d
FAIL: c95095e
FAIL: c951001
FAIL: c951002
FAIL: c953001
FAIL: c953002
FAIL: c953003
FAIL: c954001
FAIL: c954010
FAIL: c954011
FAIL: c954012
FAIL: c954013
FAIL: c954014
FAIL: c954015
FAIL: c954016
FAIL: c954017
FAIL: c954018
FAIL: c954019
FAIL: c954020
FAIL: c954021
FAIL: c954022
FAIL: c954023
FAIL: c954024
FAIL: c954025
FAIL: c954026
FAIL: c954a01
FAIL: c954a02
FAIL: c954a03
FAIL: c960001
FAIL: c960002
FAIL: c960004
FAIL: c97112a
FAIL: c97113a
FAIL: c97114a
FAIL: c97115a
FAIL: c97116a
FAIL: c97117a
FAIL: c97117b
FAIL: c97117c
FAIL: c97118a
FAIL: c97120a
FAIL: c97120b
FAIL: c97201a
FAIL: c97201b
FAIL: c97201c
FAIL: c97201d
FAIL: c97201e
FAIL: c97201g
FAIL: c97201h
FAIL: c97201x
FAIL: c97202a
FAIL: c97203a
FAIL: c97203b
FAIL: c97203c
FAIL: c97204a
FAIL: c97204b
FAIL: c97205a
FAIL: c97205b
FAIL: c97301a
FAIL: c97301b
FAIL: c97301c
FAIL: c97301d
FAIL: c97301e
FAIL: c97302a
FAIL: c97303a
FAIL: c97303b
FAIL: c97303c
FAIL: c97304a
FAIL: c97304b
FAIL: c97305a
FAIL: c97305b
FAIL: c97305c
FAIL: c97305d
FAIL: c97307a
FAIL: c974001
FAIL: c974002
FAIL: c974003
FAIL: c974004
FAIL: c974005
FAIL: c974006
FAIL: c974007
FAIL: c974008
FAIL: c974009
FAIL: c974010
FAIL: c974011
FAIL: c974012
FAIL: c974013
FAIL: c974014
FAIL: c980001
FAIL: c980002
FAIL: c980003
FAIL: c99004a
FAIL: c99005a
FAIL: c9a003a
FAIL: c9a004a
FAIL: c9a007a
FAIL: c9a009a
FAIL: c9a009c
FAIL: c9a009f
FAIL: c9a009g
FAIL: c9a009h
FAIL: c9a010a
FAIL: c9a011a
FAIL: c9a011b
FAIL: ca13001
FAIL: ca5004a
FAIL: cb1010a
FAIL: cb1010c
FAIL: cb1010d
FAIL: cb20001
FAIL: cb20004
FAIL: cb20005
FAIL: cb20006
FAIL: cb20007
FAIL: cb40005
FAIL: cb4013a
FAIL: cb41002
FAIL: cb5001a
FAIL: cb5001b
FAIL: cb5002a
FAIL: cc1104c
FAIL: cc1207b
FAIL: cc1225a
FAIL: cc1310a
FAIL: cc3019c
FAIL: cc3106b
FAIL: cc3120b
FAIL: cc3207b
FAIL: cc3225a
FAIL: cc3601c
FAIL: cc3602a
FAIL: cd10002
FAIL: cd1009k
FAIL: cd1009t
FAIL: cd1009u
FAIL: cd1c03e
FAIL: cd1c06a
FAIL: cd2a91c
FAIL: cd2c11a
FAIL: cd2c11d
FAIL: cd5003e
FAIL: cd72a02
FAIL: cdd2a01
FAIL: cdd2a03
FAIL: cxg2002
FAIL: cxg2003
FAIL: cxg2004
FAIL: cxg2006
FAIL: cxg2007
FAIL: cxg2010
FAIL: cxg2011
FAIL: cxg2012
FAIL: cxg2013
FAIL: cxg2014
FAIL: cxg2015
FAIL: cxg2016
FAIL: cxg2017
FAIL: cxg2018
FAIL: cxg2019
FAIL: cxg2020
FAIL: cxg2021
FAIL: cxh1001
FAIL: cxh3001
FAIL: cxh3002
FAIL: cxh3003
FAIL: la14010
FAIL: la14027
=== acats Summary ===
# of expected passes 1931
# of unexpected failures 390
Native configuration is i686-pc-cygwin
=== g++ tests ===
Running target unix
FAIL: g++.dg/abi/local1.C execution test
FAIL: g++.dg/abi/thunk5.C scan-assembler weak.*ZTv
FAIL: g++.dg/eh/weak1.C execution test
FAIL: g++.dg/ext/dllimport7.C C++ specific error (test for errors, line 24)
FAIL: g++.dg/ext/selectany1.C scan-assembler-dem \\nguard variable for x:
FAIL: g++.dg/init/cleanup3.C scan-assembler-not _tcf
FAIL: g++.dg/tree-prof/partition1.C execution, -g -fprofile-use
FAIL: g++.dg/tree-prof/partition1.C execution, -O0 -fprofile-use
FAIL: g++.dg/tree-prof/partition1.C execution, -O1 -fprofile-use
FAIL: g++.dg/tree-prof/partition1.C execution, -O2 -fprofile-use
FAIL: g++.dg/tree-prof/partition1.C execution, -O3 -fprofile-use
FAIL: g++.dg/tree-prof/partition1.C execution, -O3 -g -fprofile-use
FAIL: g++.dg/tree-prof/partition1.C execution, -Os -fprofile-use
FAIL: g++.old-deja/g++.eh/badalloc1.C execution test
XPASS: g++.old-deja/g++.ext/attrib5.C execution test
FAIL: g++.old-deja/g++.other/init5.C execution test
=== g++ Summary ===
# of expected passes 22813
# of unexpected failures 15
# of unexpected successes 1
# of expected failures 147
# of unsupported tests 281
/usr/local/src/trunk/objdir/gcc/testsuite/g++/../../g++ version 4.5.0
20100131 (experimental) [trunk revision 156398] (GCC)
=== gcc tests ===
Running target unix
FAIL: gcc.dg/alias-7.c execution test
FAIL: gcc.dg/pr34668-1.c (internal compiler error)
FAIL: gcc.dg/pr34668-1.c (test for excess errors)
FAIL: gcc.dg/graphite/run-id-1.c execution test
FAIL: largefile.c (test for excess errors)
FAIL: gcc.dg/pch/largefile.c -O0 -g assembly comparison
FAIL: largefile.c (test for excess errors)
FAIL: gcc.dg/pch/largefile.c -O0 assembly comparison
FAIL: largefile.c (test for excess errors)
FAIL: gcc.dg/pch/largefile.c -O1 assembly comparison
FAIL: largefile.c (test for excess errors)
FAIL: gcc.dg/pch/largefile.c -O2 assembly comparison
FAIL: largefile.c (test for excess errors)
FAIL: gcc.dg/pch/largefile.c -O3 -fomit-frame-pointer assembly comparison
FAIL: largefile.c (test for excess errors)
FAIL: gcc.dg/pch/largefile.c -O3 -g assembly comparison
FAIL: largefile.c (test for excess errors)
FAIL: gcc.dg/pch/largefile.c -Os assembly comparison
FAIL: gcc.dg/tree-ssa/pr27781.c scan-tree-dump optimized "func \\(\\);"
FAIL: gcc.dg/tree-ssa/pr36881.c scan-assembler-not CSWTCH
FAIL: gcc.dg/tree-ssa/pr36881.c scan-tree-dump switchconv "need
runtime relocations"
FAIL: gcc.dg/tree-ssa/ssa-store-ccp-2.c scan-tree-dump-times optimized
"conststaticvariable" 1
FAIL: gcc.dg/tree-ssa/ssa-store-ccp-4.c scan-tree-dump-times optimized
"conststaticvariable" 1
FAIL: gcc.target/i386/pr25993.c (test for excess errors)
FAIL: gcc.target/i386/pr32000-2.c (test for excess errors)
WARNING: gcc.target/i386/pr32000-2.c compilation failed to produce executable
FAIL: gcc.target/i386/pr37843-4.c scan-assembler jmp[\\\\t ]*foo
FAIL: gcc.target/i386/pr40906-1.c (test for excess errors)
FAIL: gcc.target/i386/pr40906-2.c (test for excess errors)
XPASS: gcc.target/i386/push-1.c scan-assembler-not movups
FAIL: gcc.target/i386/stackalign/return-3.c (test for excess errors)
FAIL: gcc.target/i386/stackalign/return-3.c (test for excess errors)
FAIL: gcc.target/i386/stackalign/return-3.c (test for excess errors)
FAIL: gcc.target/i386/stackalign/return-3.c (test for excess errors)
=== gcc Summary ===
# of expected passes 64328
# of unexpected failures 32
# of unexpected successes 1
# of expected failures 173
# of unsupported tests 723
/usr/local/src/trunk/objdir/gcc/xgcc version 4.5.0 20100131
(experimental) [trunk revision 156398] (GCC)
=== gfortran tests ===
Running target unix
FAIL: gfortran.dg/atan2_1.f90 execution test
=== gfortran Summary ===
# of expected passes 32998
# of unexpected failures 1
# of expected failures 36
# of unsupported tests 321
/usr/local/src/trunk/objdir/gcc/testsuite/gfortran/../../gfortran
version 4.5.0 20100131 (experimental) [trunk revision 156398] (GCC)
=== gnat tests ===
Running target unix
FAIL: gnat.dg/abstract_with_anonymous_result.adb (test for excess errors)
WARNING: gnat.dg/abstract_with_anonymous_result.adb compilation failed
to produce executable
FAIL: gnat.dg/access1.adb (test for excess errors)
FAIL: gnat.dg/access_discr.adb (test for excess errors)
FAIL: gnat.dg/access_discr2.adb (test for excess errors)
WARNING: gnat.dg/access_discr2.adb compilation failed to produce executable
FAIL: gnat.dg/access_test.adb (test for excess errors)
WARNING: gnat.dg/access_test.adb compilation failed to produce executable
FAIL: gnat.dg/aggr2.adb (test for excess errors)
FAIL: gnat.dg/aggr3.adb (test for excess errors)
WARNING: gnat.dg/aggr3.adb compilation failed to produce executable
FAIL: gnat.dg/aggr7.adb (test for excess errors)
FAIL: gnat.dg/align_max.adb (test for excess errors)
WARNING: gnat.dg/align_max.adb compilation failed to produce executable
FAIL: gnat.dg/array3.adb (test for excess errors)
WARNING: gnat.dg/array3.adb compilation failed to produce executable
FAIL: gnat.dg/bip_aggregate_bug.adb (test for excess errors)
WARNING: gnat.dg/bip_aggregate_bug.adb compilation failed to produce executable
FAIL: gnat.dg/check_displace_generation.adb (test for excess errors)
WARNING: gnat.dg/check_displace_generation.adb compilation failed to
produce executable
FAIL: gnat.dg/class_wide.adb (test for excess errors)
FAIL: gnat.dg/curr_task.adb (test for excess errors)
WARNING: gnat.dg/curr_task.adb compilation failed to produce executable
FAIL: gnat.dg/discr13.adb (test for excess errors)
FAIL: gnat.dg/discr17.adb (test for excess errors)
FAIL: gnat.dg/discr19.adb (test for excess errors)
FAIL: gnat.dg/discr4.adb (test for excess errors)
WARNING: gnat.dg/discr4.adb compilation failed to produce executable
FAIL: gnat.dg/discr_range_check.adb (test for excess errors)
FAIL: gnat.dg/discr_test.adb (test for excess errors)
FAIL: gnat.dg/entry_queues.adb (test for excess errors)
WARNING: gnat.dg/entry_queues.adb compilation failed to produce executable
FAIL: gnat.dg/finalized.adb (test for excess errors)
FAIL: gnat.dg/inline_tagged.adb (test for excess errors)
WARNING: gnat.dg/inline_tagged.adb compilation failed to produce executable
FAIL: gnat.dg/interface1.adb (test for excess errors)
WARNING: gnat.dg/interface1.adb compilation failed to produce executable
FAIL: gnat.dg/interface2.adb (test for excess errors)
WARNING: gnat.dg/interface2.adb compilation failed to produce executable
FAIL: gnat.dg/interface3.adb (test for excess errors)
WARNING: gnat.dg/interface3.adb compilation failed to produce executable
FAIL: gnat.dg/interface_conv.adb (test for excess errors)
WARNING: gnat.dg/interface_conv.adb compilation failed to produce executable
FAIL: gnat.dg/iprot_test.adb (test for excess errors)
WARNING: gnat.dg/iprot_test.adb compilation failed to produce executable
FAIL: gnat.dg/late_overriding.adb (test for excess errors)
FAIL: gnat.dg/lhs_view_convert.adb (test for excess errors)
WARNING: gnat.dg/lhs_view_convert.adb compilation failed to produce executable
FAIL: gnat.dg/named_test.adb (test for excess errors)
WARNING: gnat.dg/named_test.adb compilation failed to produce executable
FAIL: gnat.dg/nested_controlled_alloc.adb (test for excess errors)
WARNING: gnat.dg/nested_controlled_alloc.adb compilation failed to
produce executable
FAIL: gnat.dg/nested_proc1.adb (test for excess errors)
WARNING: gnat.dg/nested_proc1.adb compilation failed to produce executable
FAIL: gnat.dg/no_final.adb (test for excess errors)
WARNING: gnat.dg/no_final.adb compilation failed to produce executable
FAIL: gnat.dg/null_pointer_deref1.adb execution test
FAIL: gnat.dg/null_pointer_deref2.adb (test for excess errors)
WARNING: gnat.dg/null_pointer_deref2.adb compilation failed to produce
executable
FAIL: gnat.dg/prot1.adb (test for excess errors)
FAIL: gnat.dg/prot_def.adb execution test
FAIL: gnat.dg/protected_self_ref1.adb execution test
FAIL: gnat.dg/requeue1.adb (test for excess errors)
WARNING: gnat.dg/requeue1.adb compilation failed to produce executable
FAIL: gnat.dg/self1.adb (test for excess errors)
FAIL: gnat.dg/socket1.adb (test for excess errors)
WARNING: gnat.dg/socket1.adb compilation failed to produce executable
FAIL: gnat.dg/stack_check1.adb (test for excess errors)
WARNING: gnat.dg/stack_check1.adb compilation failed to produce executable
FAIL: gnat.dg/stack_check2.adb (test for excess errors)
WARNING: gnat.dg/stack_check2.adb compilation failed to produce executable
FAIL: gnat.dg/tag1.adb (test for excess errors)
WARNING: gnat.dg/tag1.adb compilation failed to produce executable
FAIL: gnat.dg/tagged_alloc_free.adb (test for excess errors)
WARNING: gnat.dg/tagged_alloc_free.adb compilation failed to produce executable
FAIL: gnat.dg/task_stack_align.adb (test for excess errors)
WARNING: gnat.dg/task_stack_align.adb compilation failed to produce executable
FAIL: gnat.dg/test_delay.adb execution test
FAIL: gnat.dg/test_iface_aggr.adb (test for excess errors)
WARNING: gnat.dg/test_iface_aggr.adb compilation failed to produce executable
FAIL: gnat.dg/test_image.adb execution test
FAIL: gnat.dg/test_prio.adb (test for excess errors)
WARNING: gnat.dg/test_prio.adb compilation failed to produce executable
FAIL: gnat.dg/test_raise_from_pure.adb execution test
FAIL: gnat.dg/timer_cancel.adb (test for excess errors)
WARNING: gnat.dg/timer_cancel.adb compilation failed to produce executable
FAIL: gnat.dg/timing_events.adb (test for excess errors)
WARNING: gnat.dg/timing_events.adb compilation failed to produce executable
FAIL: gnat.dg/trampoline2.adb (test for excess errors)
WARNING: gnat.dg/trampoline2.adb compilation failed to produce executable
=== gnat Summary ===
# of expected passes 662
# of unexpected failures 55
# of expected failures 7
=== obj-c++ tests ===
Running target unix
WARNING: obj-c++.dg/lookup-2.mm compilation failed to produce executable
WARNING: obj-c++.dg/try-catch-2.mm compilation failed to produce executable
WARNING: obj-c++.dg/try-catch-9.mm compilation failed to produce executable
=== obj-c++ Summary ===
# of expected passes 438
# of expected failures 10
# of unsupported tests 13
/usr/local/src/trunk/objdir/gcc/testsuite/obj-c++/../../g++ version
4.5.0 20100131 (experimental) [trunk revision 156398] (GCC)
=== objc tests ===
Running target unix
=== objc Summary ===
# of expected passes 1967
# of expected failures 7
# of unsupported tests 24
/usr/local/src/trunk/objdir/gcc/xgcc version 4.5.0 20100131
(experimental) [trunk revision 156398] (GCC)
=== libffi tests ===
Running target unix
FAIL: libffi.call/cls_align_pointer.c (test for excess errors)
=== libffi Summary ===
# of expected passes 1658
# of unexpected failures 1
# of expected failures 10
=== libgomp tests ===
Running target unix
WARNING: program timed out.
FAIL: libgomp.c/omp-nested-1.c execution test
WARNING: program timed out.
FAIL: libgomp.c/sort-1.c execution test
WARNING: program timed out.
FAIL: libgomp.c++/nested-1.C execution test
=== libgomp Summary ===
# of expected passes 2451
# of unexpected failures 3
# of unsupported tests 2
=== libjava tests ===
Running target unix
WARNING: program timed out.
FAIL: Process_1 execution - source compiled test
WARNING: program timed out.
FAIL: Process_1 -findirect-dispatch execution - source compiled test
WARNING: program timed out.
FAIL: Process_1 -O3 execution - source compiled test
WARNING: program timed out.
FAIL: Process_1 -O3 -findirect-dispatch execution - source compiled test
WARNING: program timed out.
FAIL: Process_2 execution - source compiled test
WARNING: program timed out.
FAIL: Process_2 -findirect-dispatch execution - source compiled test
WARNING: program timed out.
FAIL: Process_2 -O3 execution - source compiled test
WARNING: program timed out.
FAIL: Process_2 -O3 -findirect-dispatch execution - source compiled test
WARNING: program timed out.
FAIL: Process_3 execution - source compiled test
WARNING: program timed out.
FAIL: Process_3 -findirect-dispatch execution - source compiled test
WARNING: program timed out.
FAIL: Process_3 -O3 execution - source compiled test
WARNING: program timed out.
FAIL: Process_3 -O3 -findirect-dispatch execution - source compiled test
WARNING: program timed out.
FAIL: Process_4 execution - source compiled test
WARNING: program timed out.
FAIL: Process_4 -findirect-dispatch execution - source compiled test
WARNING: program timed out.
FAIL: Process_4 -O3 execution - source compiled test
WARNING: program timed out.
FAIL: Process_4 -O3 -findirect-dispatch execution - source compiled test
WARNING: program timed out.
FAIL: Process_5 execution - source compiled test
WARNING: program timed out.
FAIL: Process_5 -findirect-dispatch execution - source compiled test
WARNING: program timed out.
FAIL: Process_5 -O3 -findirect-dispatch execution - source compiled test
FAIL: Process_7 output - source compiled test
FAIL: Process_7 -findirect-dispatch output - source compiled test
FAIL: Process_7 -O3 output - source compiled test
FAIL: Process_7 -O3 -findirect-dispatch output - source compiled test
FAIL: Thread_Interrupt output - source compiled test
FAIL: Thread_Interrupt -findirect-dispatch output - source compiled test
FAIL: Thread_Wait_Interrupt -O3 output - source compiled test
FAIL: Throw_2 execution - source compiled test
FAIL: Throw_2 -findirect-dispatch execution - source compiled test
FAIL: Throw_2 -O3 execution - source compiled test
FAIL: Throw_2 -O3 -findirect-dispatch execution - source compiled test
=== libjava Summary ===
# of expected passes 2521
# of unexpected failures 30
# of untested testcases 23
=== libstdc++ tests ===
Running target unix
FAIL: 22_locale/codecvt/encoding/wchar_t/1.cc execution test
FAIL: 22_locale/codecvt/encoding/wchar_t/1.cc execution test
FAIL: 22_locale/codecvt/encoding/wchar_t/1.cc execution test
FAIL: 22_locale/codecvt/max_length/wchar_t/1.cc execution test
FAIL: 22_locale/codecvt/max_length/wchar_t/1.cc execution test
FAIL: 22_locale/codecvt/max_length/wchar_t/1.cc execution test
FAIL: 22_locale/ctype/narrow/wchar_t/2.cc execution test
FAIL: 22_locale/ctype/narrow/wchar_t/2.cc execution test
FAIL: 22_locale/ctype/narrow/wchar_t/2.cc execution test
FAIL: 22_locale/ctype/scan/wchar_t/1.cc execution test
FAIL: 22_locale/ctype/scan/wchar_t/1.cc execution test
FAIL: 22_locale/ctype/scan/wchar_t/1.cc execution test
FAIL: 27_io/basic_filebuf/seekoff/wchar_t/3.cc execution test
FAIL: 27_io/basic_filebuf/seekoff/wchar_t/3.cc execution test
FAIL: 27_io/basic_filebuf/seekoff/wchar_t/3.cc execution test
FAIL: 27_io/basic_filebuf/seekpos/char/1-io.cc execution test
FAIL: 27_io/basic_filebuf/seekpos/char/1-io.cc execution test
FAIL: 27_io/basic_filebuf/seekpos/char/2-io.cc execution test
FAIL: 27_io/basic_filebuf/seekpos/char/2-io.cc execution test
FAIL: 27_io/basic_filebuf/seekpos/wchar_t/1.cc execution test
FAIL: 27_io/basic_filebuf/seekpos/wchar_t/1.cc execution test
FAIL: 27_io/basic_filebuf/seekpos/wchar_t/1.cc execution test
FAIL: 27_io/basic_istream/seekg/wchar_t/fstream.cc execution test
FAIL: 27_io/basic_istream/seekg/wchar_t/fstream.cc execution test
FAIL: 27_io/basic_istream/seekg/wchar_t/fstream.cc execution test
FAIL: 27_io/basic_istream/tellg/wchar_t/fstream.cc execution test
FAIL: 27_io/basic_istream/tellg/wchar_t/fstream.cc execution test
FAIL: 27_io/basic_istream/tellg/wchar_t/fstream.cc execution test
FAIL: 27_io/basic_ostream/inserters_arithmetic/wchar_t/4402.cc execution test
FAIL: 27_io/basic_ostream/inserters_arithmetic/wchar_t/4402.cc execution test
FAIL: 27_io/basic_ostream/inserters_arithmetic/wchar_t/4402.cc execution test
FAIL: ext/bitmap_allocator/variadic_construct.cc execution test
FAIL: ext/codecvt/wchar_t.cc execution test
FAIL: tr1/2_general_utilities/shared_ptr/thread/default_weaktoshared.cc
execution test
=== libstdc++ Summary ===
# of expected passes 14610
# of unexpected failures 34
# of expected failures 205
# of unsupported tests 1499
Compiler version: 4.5.0 20100131 (experimental) [trunk revision 156398] (GCC)
Platform: i686-pc-cygwin
configure flags: --prefix=/usr/local/gnu --enable-threads=posix
--enable-libgcj --enable-libgomp --disable-sjlj-exceptions
--with-system-zlib --enable-nls --enable-static --enable-shared
--enable-shared-libgcc --enable-__cxa_atexit --disable-libmudflap
--enable-version-specific-runtime-libs --without-included-gettext
--with-dwarf2 --disable-symvers --enable-libssp --with-mpc --with-ppl
--with-cloog --enable-languages=c,ada,c++,fortran,java,objc,obj-c++
BOOT_CFLAGS=-O2 -pipe
Counting all warnings,
there are 618 warnings in stage0 of this bootstrap.
Number of warnings per file:
57 gcc/ada/mlib-prj.adb
52 g-catiio.adb
48 gcc/config/soft-fp/fixunstfsi.c
48 gcc/config/soft-fp/fixtfsi.c
41 gcc/ada/make.adb
28 gcc/ada/gnatlink.adb
27 g-socket.adb
26 gcc/config/i386/i386.c
24 gcc/ada/prj-nmsc.adb
14 gcc/toplev.c
14 gcc/ada/prj-part.adb
13 s-fileio.adb
13 g-spipat.adb
12 gcc/ada/prj-conf.adb
11 g-comlin.adb
10 libgfortran/io/list_read.c
10 gcc/tree.c
10 gcc/gimplify.c
10 gcc/ada/sfn_scan.adb
9 gcc/ada/adaint.c
8 libtool
8 gcc/coverage.c
8 gcc/attribs.c
8 g-cgideb.adb
6 gcc/varasm.c
6 gcc/config/soft-fp/multf3.c
6 gcc/config/soft-fp/divtf3.c
6 gcc/config/i386/cygming-crtend.c
6 gcc/ada/ali.adb
6 g-expect.adb
5 s-shasto.adb
5 libiberty/choose-temp.c
5 gcc/c-pragma.c
5 a-direct.adb
4 libjava/classpath/native/fdlibm/mprec.c
4 libjava/boehm.cc
4 gcc/tree-mudflap.c
4 gcc/stor-layout.c
4 gcc/config/i386/winnt.c
3 libgfortran/runtime/environ.c
3 libgfortran/io/write.c
3 gengtype-lex.c
3 g-dirope.adb
2 libgfortran/io/read.c
2 gcc/stmt.c
2 ctype_members.cc
1 s-tassta.adb
1 s-tarest.adb
1 s-stusta.adb
1 libssp/ssp.c
1 libssp/ssp-local.c
1 libjava/posix.cc
1 libiberty/cp-demangle.c
1 libgfortran/io/format.c
1 libgfortran/intrinsics/system_clock.c
1 gcc/ada/targparm.adb
1 gcc/ada/prj-pars.adb
1 g-socket.ads
1 g-debpoo.adb
1 adaint.c
1 ./runtime-info.h
Number of warning types:
96 left shift count >= width of type
46 unknown conversion type character ?â???¸E?â???¹ in format
45 too many arguments for format
36 ?â???¸Saved_Stack?â???¹ may be used uninitialized in this function
19 array subscript has type ?â???¸char?â???¹
15 ?â???¸Sr?â???¹ may be used uninitialized in this function
12 ?â???¸R_e?â???¹ may be used uninitialized in this function
12 ?â???¸<anonymous>?â???¹ may be used uninitialized in this function
9 ?â???¸SAVED_STACK?â???¹ may be used uninitialized in this function
9 the use of \`???' is dangerous; use \`???' instead
6 ?â???¸SR?â???¹ may be used uninitialized in this function
5 ?â???¸SOURCE?â???¹ may be used uninitialized in this function
5 ?â???¸Last?â???¹ may be used uninitialized in this function
4 ?â???¸Index?â???¹ may be used uninitialized in this function
4 undefined symbols not allowed in i686-pc-cygwin shared libraries
4 \`???' seems to be moved
3 ?â???¸P?â???¹ may be used uninitialized in this function
3 ?â???¸J?â???¹ may be used uninitialized in this function
3 ?â???¸Dir?â???¹ may be used uninitialized in this function
3 unused parameter ?â???¸thread?â???¹
3 no previous prototype for ?â???¸__gnat_create_output_file_new?â???¹
3 initialization discards qualifiers from pointer target type
3 format ?â???¸%s?â???¹ expects type ?â???¸char *?â???¹, but
argument 3 has type ?â???¸tree?â???¹
3 destructor priorities from 0 to 100 are reserved for the implementation
3 constructor priorities from 0 to 100 are reserved for the implementation
2 ?â???¸Unit?â???¹ may be used uninitialized in this function
2 ?â???¸TARGET?â???¹ may be used uninitialized in this function
2 ?â???¸S?â???¹ may be used uninitialized in this function
2 ?â???¸System.Shared_Storage.Shared_Var_Wopen.B_3.Tts88bsp1?â?
?¹ may be used uninitialized in this function
2 ?â???¸Sfn_Scan.Scan_Sfn_Pragmas.B_8.Ttusp1?â???¹ may be used
uninitialized in this function
2 ?â???¸RESULT?â???¹ may be used uninitialized in this function
2 ?â???¸Proj1?â???¹ may be used uninitialized in this function
2 ?â???¸Prj.Nmsc.Check_Package_Naming.Check_Common.B_45.Ttcasing_Imagesp1?â?
?¹ may be used uninitialized in this function
2 ?â???¸Prj.Conf.Get_Or_Create_Configuration_File.Get_Config_Switches.B_15.Ttruntime_Namesp1?â?
?¹ may be used uninitialized in this function
2 ?â???¸Mlib.Prj.Build_Library.Ttproject_Namesp1?â???¹ may be
used uninitialized in this function
2 ?â???¸Mlib.Prj.Build_Library.Ttcurrent_Dirsp1?â???¹ may be
used uninitialized in this function
2 ?â???¸Mlib.Prj.Build_Library.B_48.Ttcurrent_Dirsp1?â???¹ may
be used uninitialized in this function
2 ?â???¸Mlib.Prj.Build_Library.B_35.Ttobject_Dir_Pathsp1?â???¹
may be used uninitialized in this function
2 ?â???¸Mlib.Prj.Build_Library.B_35.B_37.Ttobject_Pathsp1?â???¹
may be used uninitialized in this function
2 ?â???¸Mlib.Prj.Build_Library.B_35.B_37.B_38.Ttali_Pathsp1?â?
?¹ may be used uninitialized in this function
2 ?â???¸Mlib.Prj.Build_Library.B_35.B_37.B_38.Ttali_Filesp1?â?
?¹ may be used uninitialized in this function
2 ?â???¸Make.Gnatmake.B_73.Ttmain_Unit_File_Namesp1?â???¹ may be
used uninitialized in this function
2 ?â???¸Gnatlink.Process_Binder_File.B_25.Ttrun_Path_Optsp1?â?
?¹ may be used uninitialized in this function
2 ?â???¸GNAT.SOCKETS.TO_SERVICE_ENTRY.TTPROTOCOLSP1?â???¹ may be
used uninitialized in this function
2 ?â???¸GNAT.DIRECTORY_OPERATIONS.REMOVE_DIR.TTCURRENT_DIRSP1?â?
?¹ may be used uninitialized in this function
2 ?â???¸FIRST_ARG?â???¹ may be used uninitialized in this function
2 ?â???¸E?â???¹ may be used uninitialized in this function
2 ?â???¸Delete?â???¹ may be used uninitialized in this function
2 ?â???¸ALI.XREF_SECTION.TABLE?â???¹ may be used uninitialized
in this function
2 visibility attribute not supported in this configuration; ignored
2 format ?â???¸%d?â???¹ expects type ?â???¸int?â???¹, but
argument 4 has type ?â???¸const char *?â???¹
2 comparison is always true due to limited range of data type
2 comparison between signed and unsigned integer expressions
1 ?â???¸struct_forward_array?â???¹ defined but not used
1 ?â???¸output.P_BOUNDS?â???¹ may be used uninitialized in this function
1 ?â???¸output.P_ARRAY?â???¹ may be used uninitialized in this function
1 ?â???¸int _Jv_GC_has_static_roots(const char*, void*,
size_t)?â???¹ declared ?â???¸static?â???¹ but never defined
1 ?â???¸elem.value?â???¹ may be used uninitialized in this function
1 ?â???¸elem.next?â???¹ may be used uninitialized in this function
1 ?â???¸dc?â???¹ may be used uninitialized in this function
1 ?â???¸binder_spec_src_file.P_BOUNDS?â???¹ may be used
uninitialized in this function
1 ?â???¸binder_spec_src_file.P_ARRAY?â???¹ may be used
uninitialized in this function
1 ?â???¸binder_ali_file.P_BOUNDS?â???¹ may be used uninitialized
in this function
1 ?â???¸binder_ali_file.P_ARRAY?â???¹ may be used uninitialized
in this function
1 ?â???¸Y?â???¹ may be used uninitialized in this function
1 ?â???¸YEAR?â???¹ may be used uninitialized in this function
1 ?â???¸WEEK?â???¹ may be used uninitialized in this function
1 ?â???¸Value?â???¹ may be used uninitialized in this function
1 ?â???¸Typ?â???¹ may be used uninitialized in this function
1 ?â???¸Total_Compilation_Failures?â???¹ may be used
uninitialized in this function
1 ?â???¸The_Project?â???¹ may be used uninitialized in this function
1 ?â???¸The_Parent_Last?â???¹ may be used uninitialized in this function
1 ?â???¸The_Build_Mode?â???¹ may be used uninitialized in this function
1 ?â???¸Tempfile?â???¹ may be used uninitialized in this function
1 ?â???¸System.File_Io.Open.Ttfullnamesp1?â???¹ may be used
uninitialized in this function
1 ?â???¸Switch?â???¹ may be used uninitialized in this function
1 ?â???¸Stream?â???¹ may be used uninitialized in this function
1 ?â???¸Standalone?â???¹ may be used uninitialized in this function
1 ?â???¸Stand_Alone_Libraries?â???¹ may be used uninitialized in
this function
1 ?â???¸Stack_Op?â???¹ may be used uninitialized in this function
1 ?â???¸Src_Dir_Rank?â???¹ may be used uninitialized in this function
1 ?â???¸Source_Dir?â???¹ may be used uninitialized in this function
1 ?â???¸Shared?â???¹ may be used uninitialized in this function
1 ?â???¸Sfn_Scan.Scan_Sfn_Pragmas.B_10.L_11.T100b?â???¹ may be
used uninitialized in this function
1 ?â???¸Sep_Suffix_Loc?â???¹ may be used uninitialized in this function
1 ?â???¸SUB_SECOND?â???¹ may be used uninitialized in this function
1 ?â???¸STOP?â???¹ may be used uninitialized in this function
1 ?â???¸START?â???¹ may be used uninitialized in this function
1 ?â???¸SEC?â???¹ may be used uninitialized in this function
1 ?â???¸SECOND?â???¹ may be used uninitialized in this function
1 ?â???¸S840b?â???¹ may be used uninitialized in this function
1 ?â???¸S1982b?â???¹ may be used uninitialized in this function
1 ?â???¸S1974b?â???¹ may be used uninitialized in this function
1 ?â???¸S1738b?â???¹ may be used uninitialized in this function
1 ?â???¸S1629b?â???¹ may be used uninitialized in this function
1 ?â???¸S1622b?â???¹ may be used uninitialized in this function
1 ?â???¸S154b?â???¹ may be used uninitialized in this function
1 ?â???¸S1408b?â???¹ may be used uninitialized in this function
1 ?â???¸S135B?â???¹ may be used uninitialized in this function
1 ?â???¸Run_Path_Opt_Index?â???¹ may be used uninitialized in
this function
1 ?â???¸REFS?â???¹ may be used uninitialized in this function
1 ?â???¸R931B?â???¹ may be used uninitialized in this function
1 ?â???¸R921b?â???¹ may be used uninitialized in this function
1 ?â???¸R907B?â???¹ may be used uninitialized in this function
1 ?â???¸R906B?â???¹ may be used uninitialized in this function
1 ?â???¸R885B?â???¹ may be used uninitialized in this function
1 ?â???¸R867b?â???¹ may be used uninitialized in this function
1 ?â???¸R863B?â???¹ may be used uninitialized in this function
1 ?â???¸R853B?â???¹ may be used uninitialized in this function
1 ?â???¸R841B?â???¹ may be used uninitialized in this function
1 ?â???¸R824B?â???¹ may be used uninitialized in this function
1 ?â???¸R819B?â???¹ may be used uninitialized in this function
1 ?â???¸R797B?â???¹ may be used uninitialized in this function
1 ?â???¸R775B?â???¹ may be used uninitialized in this function
1 ?â???¸R754B?â???¹ may be used uninitialized in this function
1 ?â???¸R719B?â???¹ may be used uninitialized in this function
1 ?â???¸R697B?â???¹ may be used uninitialized in this function
1 ?â???¸R674B?â???¹ may be used uninitialized in this function
1 ?â???¸R651B?â???¹ may be used uninitialized in this function
1 ?â???¸R636B?â???¹ may be used uninitialized in this function
1 ?â???¸R628B?â???¹ may be used uninitialized in this function
1 ?â???¸R605B?â???¹ may be used uninitialized in this function
1 ?â???¸R601B?â???¹ may be used uninitialized in this function
1 ?â???¸R599B?â???¹ may be used uninitialized in this function
1 ?â???¸R574B?â???¹ may be used uninitialized in this function
1 ?â???¸R547B?â???¹ may be used uninitialized in this function
1 ?â???¸R521B?â???¹ may be used uninitialized in this function
1 ?â???¸R486B?â???¹ may be used uninitialized in this function
1 ?â???¸R464B?â???¹ may be used uninitialized in this function
1 ?â???¸R440B?â???¹ may be used uninitialized in this function
1 ?â???¸R396B?â???¹ may be used uninitialized in this function
1 ?â???¸R374B?â???¹ may be used uninitialized in this function
1 ?â???¸R353B?â???¹ may be used uninitialized in this function
1 ?â???¸R327B?â???¹ may be used uninitialized in this function
1 ?â???¸R286B?â???¹ may be used uninitialized in this function
1 ?â???¸R264B?â???¹ may be used uninitialized in this function
1 ?â???¸R242B?â???¹ may be used uninitialized in this function
1 ?â???¸R220B?â???¹ may be used uninitialized in this function
1 ?â???¸R216B?â???¹ may be used uninitialized in this function
1 ?â???¸R198B?â???¹ may be used uninitialized in this function
1 ?â???¸R182B?â???¹ may be used uninitialized in this function
1 ?â???¸R176B?â???¹ may be used uninitialized in this function
1 ?â???¸R154B?â???¹ may be used uninitialized in this function
1 ?â???¸R147B?â???¹ may be used uninitialized in this function
1 ?â???¸R132B?â???¹ may be used uninitialized in this function
1 ?â???¸R115B?â???¹ may be used uninitialized in this function
1 ?â???¸R110B?â???¹ may be used uninitialized in this function
1 ?â???¸Qualifier_Location?â???¹ may be used uninitialized in
this function
1 ?â???¸Proj?â???¹ may be used uninitialized in this function
1 ?â???¸Project?â???¹ may be used uninitialized in this function
1 ?â???¸Project_Node_Tree?â???¹ may be used uninitialized in this function
1 ?â???¸Project_Directory?â???¹ may be used uninitialized in this function
1 ?â???¸Proj_Qualifier?â???¹ may be used uninitialized in this function
1 ?â???¸Prj.Nmsc.Search_Directories.B_117.B_118.Tts1622bsp1?â?
?¹ may be used uninitialized in this function
1 ?â???¸Prj.Nmsc.Locate_Directory.Ttthe_Parentsp1?â???¹ may be
used uninitialized in this function
1 ?â???¸Prj.Conf.Get_Or_Create_Configuration_File.Get_Config_Switches.B_15.Tts154bsp1?â?
?¹ may be used uninitialized in this function
1 ?â???¸Prj.Conf.Get_Or_Create_Configuration_File.Do_Autoconf.B_18.T285b?â?
?¹ may be used uninitialized in this function
1 ?â???¸Pos?â???¹ may be used uninitialized in this function
1 ?â???¸Path?â???¹ may be used uninitialized in this function
1 ?â???¸PARAM?â???¹ may be used uninitialized in this function
1 ?â???¸PADDING?â???¹ may be used uninitialized in this function
1 ?â???¸Object_Dir?â???¹ may be used uninitialized in this function
1 ?â???¸Obj_Dir?â???¹ may be used uninitialized in this function
1 ?â???¸OUTPUT?â???¹ is used uninitialized in this function
1 ?â???¸Num_Args?â???¹ may be used uninitialized in this function
1 ?â???¸Non_Std_Executable?â???¹ may be used uninitialized in
this function
1 ?â???¸Name?â???¹ may be used uninitialized in this function
1 ?â???¸Namestr?â???¹ may be used uninitialized in this function
1 ?â???¸Name_Of_Project?â???¹ may be used uninitialized in this function
1 ?â???¸Name_From_Path?â???¹ may be used uninitialized in this function
1 ?â???¸N_File?â???¹ may be used uninitialized in this function
1 ?â???¸NODE?â???¹ may be used uninitialized in this function
1 ?â???¸NANOS?â???¹ may be used uninitialized in this function
1 ?â???¸Mlib.Prj.Build_Library.B_48.Tts937bsp1?â???¹ may be used
uninitialized in this function
1 ?â???¸Mlib.Prj.Build_Library.B_48.Tts913bsp1?â???¹ may be used
uninitialized in this function
1 ?â???¸Mlib.Prj.Build_Library.B_48.B_51.T974b?â???¹ may be used
uninitialized in this function
1 ?â???¸Main_Source_File?â???¹ may be used uninitialized in this function
1 ?â???¸Main_Ali_File?â???¹ may be used uninitialized in this function
1 ?â???¸MONTH?â???¹ may be used uninitialized in this function
1 ?â???¸MINUTE?â???¹ may be used uninitialized in this function
1 ?â???¸Linker_Switches_Last?â???¹ may be used uninitialized in
this function
1 ?â???¸Linker_Package?â???¹ may be used uninitialized in this function
1 ?â???¸Libraries_Present?â???¹ may be used uninitialized in this function
1 ?â???¸Last_Arg?â???¹ may be used uninitialized in this function
1 ?â???¸LENGTH?â???¹ may be used uninitialized in this function
1 ?â???¸LAST?â???¹ may be used uninitialized in this function
1 ?â???¸L935b?â???¹ may be used uninitialized in this function
1 ?â???¸L911b?â???¹ may be used uninitialized in this function
1 ?â???¸K?â???¹ may be used uninitialized in this function
1 ?â???¸Is_Text_File?â???¹ may be used uninitialized in this function
1 ?â???¸In_Main_Object_Directory?â???¹ may be used uninitialized
in this function
1 ?â???¸Imported_Projects?â???¹ may be used uninitialized in this function
1 ?â???¸Iftmp?â???¹ may be used uninitialized in this function
1 ?â???¸Id?â???¹ may be used uninitialized in this function
1 ?â???¸Ide?â???¹ may be used uninitialized in this function
1 ?â???¸Ident_Op?â???¹ may be used uninitialized in this function
1 ?â???¸INPUT?â???¹ is used uninitialized in this function
1 ?â???¸HOUR?â???¹ may be used uninitialized in this function
1 ?â???¸HEADER?â???¹ may be used uninitialized in this function
1 ?â???¸Gnatlink.Process_Binder_File.B_25.Tts454bsp1?â???¹ may
be used uninitialized in this function
1 ?â???¸Gnatlink.B_29.L_30.T743b?â???¹ may be used uninitialized
in this function
1 ?â???¸Gnat_Static?â???¹ may be used uninitialized in this function
1 ?â???¸Gnat_Shared?â???¹ may be used uninitialized in this function
1 ?â???¸Gcc_Index?â???¹ may be used uninitialized in this function
1 ?â???¸GNAT.SPITBOL.PATTERNS.XMATCHD.L_70.T2935B?â???¹ may be
used uninitialized in this function
1 ?â???¸GNAT.SOCKETS.TO_SERVICE_ENTRY.TTALIASESSP1?â???¹ may be
used uninitialized in this function
1 ?â???¸GNAT.SOCKETS.TO_HOST_ENTRY.TTALIASESSP1?â???¹ may be
used uninitialized in this function
1 ?â???¸GNAT.SOCKETS.TO_HOST_ENTRY.TTADDRESSESSP1?â???¹ may be
used uninitialized in this function
1 ?â???¸GNAT.CALENDAR.TIME_IO.IMAGE.B_3.T434B?â???¹ may be used
uninitialized in this function
1 ?â???¸Fullname?â???¹ may be used uninitialized in this function
1 ?â???¸Full_Name_Len?â???¹ may be used uninitialized in this function
1 ?â???¸Formstr?â???¹ may be used uninitialized in this function
1 ?â???¸Foreign_Sources?â???¹ may be used uninitialized in this function
1 ?â???¸Foreign_Language?â???¹ may be used uninitialized in this function
1 ?â???¸Fname?â???¹ may be used uninitialized in this function
1 ?â???¸First_With?â???¹ may be used uninitialized in this function
1 ?â???¸Filename?â???¹ may be used uninitialized in this function
1 ?â???¸File_Name?â???¹ may be used uninitialized in this function
1 ?â???¸FIRST?â???¹ may be used uninitialized in this function
1 ?â???¸Extends_All?â???¹ may be used uninitialized in this function
1 ?â???¸Extending?â???¹ may be used uninitialized in this function
1 ?â???¸Extended_Project?â???¹ may be used uninitialized in this function
1 ?â???¸Executable?â???¹ may be used uninitialized in this function
1 ?â???¸Errno?â???¹ may be used uninitialized in this function
1 ?â???¸Encoding?â???¹ may be used uninitialized in this function
1 ?â???¸ERROR?â???¹ is used uninitialized in this function
1 ?â???¸Duplicated?â???¹ may be used uninitialized in this function
1 ?â???¸Driver_Name?â???¹ may be used uninitialized in this function
1 ?â???¸Dll_Name?â???¹ may be used uninitialized in this function
1 ?â???¸Display_Name_Of_Project?â???¹ may be used uninitialized
in this function
1 ?â???¸Display_File_Name?â???¹ may be used uninitialized in this function
1 ?â???¸Dir_Last?â???¹ may be used uninitialized in this function
1 ?â???¸DOW?â???¹ may be used uninitialized in this function
1 ?â???¸DAY?â???¹ may be used uninitialized in this function
1 ?â???¸C?â???¹ may be used uninitialized in this function
1 ?â???¸Current_Main_Index?â???¹ may be used uninitialized in
this function
1 ?â???¸Count?â???¹ may be used uninitialized in this function
1 ?â???¸Cas?â???¹ may be used uninitialized in this function
1 ?â???¸Casing_Defined?â???¹ may be used uninitialized in this function
1 ?â???¸Canonical_Path_Name?â???¹ may be used uninitialized in
this function
1 ?â???¸C_Object_Path?â???¹ may be used uninitialized in this function
1 ?â???¸C_Filename?â???¹ may be used uninitialized in this function
1 ?â???¸C417b?â???¹ may be used uninitialized in this function
1 ?â???¸B?â???¹ may be used uninitialized in this function
1 ?â???¸Binder_Package?â???¹ may be used uninitialized in this function
1 ?â???¸At_Least_One_Main?â???¹ may be used uninitialized in this function
1 ?â???¸Args?â???¹ may be used uninitialized in this function
1 ?â???¸Archive_Name?â???¹ may be used uninitialized in this function
1 ?â???¸ASSIGN_ONM?â???¹ may be used uninitialized in this function
1 useless type name in empty declaration
1 unused parameter ?â???¸addr?â???¹
1 format ?â???¸%s?â???¹ expects type ?â???¸char *?â???¹, but
argument 5 has type ?â???¸int?â???¹
1 format ?â???¸%s?â???¹ expects type ?â???¸char *?â???¹, but
argument 2 has type ?â???¸tree?â???¹
1 format ?â???¸%qs?â???¹ expects type ?â???¸char *?â???¹, but
argument 3 has type ?â???¸tree?â???¹
1 format ?â???¸%qs?â???¹ expects type ?â???¸char *?â???¹, but
argument 2 has type ?â???¸tree?â???¹
1 format ?â???¸%d?â???¹ expects type ?â???¸int?â???¹, but
argument 3 has type ?â???¸tree?â???¹
1 comparison between signed and unsigned
1 \`_REENT_MP_P5S' redefined
1 \`_REENT_MP_FREELIST' redefined
1 \`_REENT_CHECK_MP' redefined
1 \`TCK' redefined