This is the mail archive of the
gcc-testresults@gcc.gnu.org
mailing list for the GCC project.
Results for 4.5.0 20091230 (experimental) [trunk revision 155516] (GCC) testsuite on i686-pc-linux-gnu
- From: hjl at gnu-29 dot sc dot intel dot com (H.J. Lu (ia32))
- To: gcc-testresults at gcc dot gnu dot org
- Date: Wed, 30 Dec 2009 00:34:02 -0800
- Subject: Results for 4.5.0 20091230 (experimental) [trunk revision 155516] (GCC) testsuite on i686-pc-linux-gnu
LAST_UPDATED: Wed Dec 30 05:55:50 UTC 2009 (revision 155516)
Native configuration is i686-pc-linux-gnu
=== g++ tests ===
Running target unix
=== g++ Summary ===
# of expected passes 22479
# of expected failures 147
# of unsupported tests 110
/export/gnu/import/svn/gcc-test/bld/gcc/testsuite/g++/../../g++ version 4.5.0 20091230 (experimental) [trunk revision 155516] (GCC)
=== gcc tests ===
Running target unix
FAIL: gcc.c-torture/compile/limits-exprparen.c -O0 (test for excess errors)
FAIL: gcc.c-torture/compile/limits-exprparen.c -O1 (test for excess errors)
FAIL: gcc.c-torture/compile/limits-exprparen.c -O2 (test for excess errors)
FAIL: gcc.c-torture/compile/limits-exprparen.c -O3 -fomit-frame-pointer (test for excess errors)
FAIL: gcc.c-torture/compile/limits-exprparen.c -O3 -g (test for excess errors)
FAIL: gcc.c-torture/compile/limits-exprparen.c -Os (test for excess errors)
FAIL: gcc.c-torture/compile/limits-exprparen.c -O2 -flto (test for excess errors)
FAIL: gcc.c-torture/compile/limits-exprparen.c -O2 -fwhopr (test for excess errors)
XPASS: gcc.dg/Warray-bounds.c (test for warnings, line 59)
XPASS: gcc.dg/Warray-bounds.c (test for warnings, line 65)
XPASS: gcc.dg/Wunreachable-8.c (test for bogus messages, line 7)
FAIL: gcc.dg/pr34668-1.c (internal compiler error)
FAIL: gcc.dg/pr34668-1.c (test for excess errors)
XPASS: gcc.dg/uninit-6.c uninitialized variable warning (test for bogus messages, line 42)
FAIL: gcc.dg/graphite/pr40281.c (test for excess errors)
XPASS: gcc.dg/struct/wo_prof_array_through_pointer.c scan-ipa-dump ipa_struct_reorg "Number of structures to transform is 1"
=== gcc Summary ===
# of expected passes 70895
# of unexpected failures 11
# of unexpected successes 5
# of expected failures 180
# of unsupported tests 571
/export/gnu/import/svn/gcc-test/bld/gcc/xgcc version 4.5.0 20091230 (experimental) [trunk revision 155516] (GCC)
=== gfortran tests ===
Running target unix
FAIL: gfortran.dg/gomp/recursion1.f90 -O0 (test for excess errors)
WARNING: gfortran.dg/gomp/recursion1.f90 -O0 compilation failed to produce executable
FAIL: gfortran.dg/gomp/recursion1.f90 -O1 (test for excess errors)
WARNING: gfortran.dg/gomp/recursion1.f90 -O1 compilation failed to produce executable
FAIL: gfortran.dg/gomp/recursion1.f90 -O2 (test for excess errors)
WARNING: gfortran.dg/gomp/recursion1.f90 -O2 compilation failed to produce executable
FAIL: gfortran.dg/gomp/recursion1.f90 -O3 -fomit-frame-pointer (test for excess errors)
WARNING: gfortran.dg/gomp/recursion1.f90 -O3 -fomit-frame-pointer compilation failed to produce executable
FAIL: gfortran.dg/gomp/recursion1.f90 -O3 -fomit-frame-pointer -funroll-loops (test for excess errors)
WARNING: gfortran.dg/gomp/recursion1.f90 -O3 -fomit-frame-pointer -funroll-loops compilation failed to produce executable
FAIL: gfortran.dg/gomp/recursion1.f90 -O3 -fomit-frame-pointer -funroll-all-loops -finline-functions (test for excess errors)
WARNING: gfortran.dg/gomp/recursion1.f90 -O3 -fomit-frame-pointer -funroll-all-loops -finline-functions compilation failed to produce executable
FAIL: gfortran.dg/gomp/recursion1.f90 -O3 -g (test for excess errors)
WARNING: gfortran.dg/gomp/recursion1.f90 -O3 -g compilation failed to produce executable
FAIL: gfortran.dg/gomp/recursion1.f90 -Os (test for excess errors)
WARNING: gfortran.dg/gomp/recursion1.f90 -Os compilation failed to produce executable
FAIL: gfortran.dg/graphite/pr42393.f90 -O (internal compiler error)
FAIL: gfortran.dg/graphite/pr42393.f90 -O (test for excess errors)
FAIL: gfortran.dg/lto/pr40725 f_lto_pr40725_0.o-f_lto_pr40725_1.o execute -O2 -fwhopr
FAIL: gfortran.dg/lto/pr40725 f_lto_pr40725_0.o-f_lto_pr40725_1.o execute -O2 -flto
=== gfortran Summary ===
# of expected passes 33263
# of unexpected failures 12
# of expected failures 29
# of unsupported tests 119
/export/gnu/import/svn/gcc-test/bld/gcc/testsuite/gfortran/../../gfortran version 4.5.0 20091230 (experimental) [trunk revision 155516] (GCC)
=== objc tests ===
Running target unix
=== objc Summary ===
# of expected passes 1875
# of expected failures 7
# of unsupported tests 24
/export/gnu/import/svn/gcc-test/bld/gcc/xgcc version 4.5.0 20091230 (experimental) [trunk revision 155516] (GCC)
=== libffi tests ===
Running target unix
=== libffi Summary ===
# of expected passes 1609
# of expected failures 10
# of unsupported tests 15
=== libgomp tests ===
Running target unix
FAIL: libgomp.graphite/force-parallel-1.c execution test
XPASS: libgomp.graphite/force-parallel-5.c scan-tree-dump-times optimized "loopfn.1" 5
=== libgomp Summary ===
# of expected passes 2470
# of unexpected failures 1
# of unexpected successes 1
=== libjava tests ===
Running target unix
=== libjava Summary ===
# of expected passes 2574
=== libmudflap tests ===
Running target unix
FAIL: libmudflap.c/fail31-frag.c (-O3) output pattern test
FAIL: libmudflap.c/pass45-frag.c (-O3) execution test
FAIL: libmudflap.c/pass45-frag.c (-O3) output pattern test
FAIL: libmudflap.c/pass45-frag.c (-O3) execution test
FAIL: libmudflap.c/pass45-frag.c (-O3) output pattern test
FAIL: libmudflap.c++/pass41-frag.cxx execution test
FAIL: libmudflap.c++/pass41-frag.cxx (-static) execution test
FAIL: libmudflap.c++/pass41-frag.cxx ( -O) execution test
FAIL: libmudflap.c++/pass41-frag.cxx (-O2) execution test
FAIL: libmudflap.c++/pass41-frag.cxx (-O3) execution test
=== libmudflap Summary ===
# of expected passes 1884
# of unexpected failures 10
=== libstdc++ tests ===
Running target unix
XPASS: 26_numerics/headers/cmath/c99_classification_macros_c.cc (test for excess errors)
=== libstdc++ Summary ===
# of expected passes 7036
# of unexpected successes 1
# of expected failures 89
# of unsupported tests 81
Compiler version: 4.5.0 20091230 (experimental) [trunk revision 155516] (GCC)
Platform: i686-pc-linux-gnu
configure flags: --enable-clocale=gnu --with-system-zlib --enable-shared --with-demangler-in-ld -with-plugin-ld=ld.gold --enable-gold