This is the mail archive of the
gcc-testresults@gcc.gnu.org
mailing list for the GCC project.
Results for 4.5.0 20091214 (experimental) [trunk revision 155205] (GCC) testsuite on hppa64-hp-hpux11.11
- From: John David Anglin <dave at hiauly3 dot hia dot nrc dot ca>
- To: dave at hiauly3 dot hia dot nrc dot ca, gcc-testresults at gcc dot gnu dot org
- Date: Tue, 15 Dec 2009 19:14:04 -0500 (EST)
- Subject: Results for 4.5.0 20091214 (experimental) [trunk revision 155205] (GCC) testsuite on hppa64-hp-hpux11.11
Native configuration is hppa64-hp-hpux11.11
=== g++ tests ===
Running target unix
UNRESOLVED: attribute_plugin.c compilation, -I. -I/test/gnu/gcc/gcc/gcc/testsuite -I/test/gnu/gcc/gcc/gcc/testsuite/../../gcc -I/test/gnu/gcc/objdir/gcc/testsuite/g++/../../../gcc -I/test/gnu/gcc/gcc/gcc/testsuite/../../include -I/test/gnu/gcc/gcc/gcc/testsuite/../../libcpp/include -I/opt/gnu64/gcc/gcc-4.5.0/include -DIN_GCC -fPIC -shared
UNRESOLVED: pragma_plugin.c compilation, -I. -I/test/gnu/gcc/gcc/gcc/testsuite -I/test/gnu/gcc/gcc/gcc/testsuite/../../gcc -I/test/gnu/gcc/objdir/gcc/testsuite/g++/../../../gcc -I/test/gnu/gcc/gcc/gcc/testsuite/../../include -I/test/gnu/gcc/gcc/gcc/testsuite/../../libcpp/include -I/opt/gnu64/gcc/gcc-4.5.0/include -DIN_GCC -fPIC -shared
UNRESOLVED: selfassign.c compilation, -I. -I/test/gnu/gcc/gcc/gcc/testsuite -I/test/gnu/gcc/gcc/gcc/testsuite/../../gcc -I/test/gnu/gcc/objdir/gcc/testsuite/g++/../../../gcc -I/test/gnu/gcc/gcc/gcc/testsuite/../../include -I/test/gnu/gcc/gcc/gcc/testsuite/../../libcpp/include -I/opt/gnu64/gcc/gcc-4.5.0/include -O -DIN_GCC -fPIC -shared
UNRESOLVED: dumb_plugin.c compilation, -I. -I/test/gnu/gcc/gcc/gcc/testsuite -I/test/gnu/gcc/gcc/gcc/testsuite/../../gcc -I/test/gnu/gcc/objdir/gcc/testsuite/g++/../../../gcc -I/test/gnu/gcc/gcc/gcc/testsuite/../../include -I/test/gnu/gcc/gcc/gcc/testsuite/../../libcpp/include -I/opt/gnu64/gcc/gcc-4.5.0/include -DIN_GCC -fPIC -shared
UNRESOLVED: header_plugin.c compilation, -I. -I/test/gnu/gcc/gcc/gcc/testsuite -I/test/gnu/gcc/gcc/gcc/testsuite/../../gcc -I/test/gnu/gcc/objdir/gcc/testsuite/g++/../../../gcc -I/test/gnu/gcc/gcc/gcc/testsuite/../../include -I/test/gnu/gcc/gcc/gcc/testsuite/../../libcpp/include -I/opt/gnu64/gcc/gcc-4.5.0/include -DIN_GCC -fPIC -shared
=== g++ Summary ===
# of expected passes 20437
# of expected failures 149
# of unresolved testcases 5
# of unsupported tests 216
/test/gnu/gcc/objdir/gcc/testsuite/g++/../../g++ version 4.5.0 20091214 (experimental) [trunk revision 155205] (GCC)
=== gcc tests ===
Running target unix
XPASS: gcc.dg/Warray-bounds.c (test for warnings, line 59)
XPASS: gcc.dg/Warray-bounds.c (test for warnings, line 65)
XPASS: gcc.dg/Wunreachable-8.c (test for bogus messages, line 7)
XPASS: gcc.dg/funcorder.c scan-assembler-not link_error,%r
FAIL: gcc.dg/pr34668-1.c (internal compiler error)
FAIL: gcc.dg/pr34668-1.c (test for excess errors)
XPASS: gcc.dg/uninit-6.c uninitialized variable warning (test for bogus messages, line 42)
WARNING: program timed out.
FAIL: gcc.dg/lto/20090116 c_lto_20090116_0.o-c_lto_20090116_0.o link, (internal compiler error)
UNRESOLVED: gcc.dg/lto/20090116 c_lto_20090116_0.o-c_lto_20090116_0.o execute -O1 -fwhopr -fPIC
UNRESOLVED: selfassign.c compilation, -I. -I/test/gnu/gcc/gcc/gcc/testsuite -I/test/gnu/gcc/gcc/gcc/testsuite/../../gcc -I/test/gnu/gcc/objdir/gcc/testsuite/gcc/../../../gcc -I/test/gnu/gcc/gcc/gcc/testsuite/../../include -I/test/gnu/gcc/gcc/gcc/testsuite/../../libcpp/include -I/opt/gnu64/gcc/gcc-4.5.0/include -O -DIN_GCC -fPIC -shared
UNRESOLVED: ggcplug.c compilation, -I. -I/test/gnu/gcc/gcc/gcc/testsuite -I/test/gnu/gcc/gcc/gcc/testsuite/../../gcc -I/test/gnu/gcc/objdir/gcc/testsuite/gcc/../../../gcc -I/test/gnu/gcc/gcc/gcc/testsuite/../../include -I/test/gnu/gcc/gcc/gcc/testsuite/../../libcpp/include -I/opt/gnu64/gcc/gcc-4.5.0/include -O -DIN_GCC -fPIC -shared
UNRESOLVED: one_time_plugin.c compilation, -I. -I/test/gnu/gcc/gcc/gcc/testsuite -I/test/gnu/gcc/gcc/gcc/testsuite/../../gcc -I/test/gnu/gcc/objdir/gcc/testsuite/gcc/../../../gcc -I/test/gnu/gcc/gcc/gcc/testsuite/../../include -I/test/gnu/gcc/gcc/gcc/testsuite/../../libcpp/include -I/opt/gnu64/gcc/gcc-4.5.0/include -DIN_GCC -fPIC -shared
UNRESOLVED: start_unit_plugin.c compilation, -I. -I/test/gnu/gcc/gcc/gcc/testsuite -I/test/gnu/gcc/gcc/gcc/testsuite/../../gcc -I/test/gnu/gcc/objdir/gcc/testsuite/gcc/../../../gcc -I/test/gnu/gcc/gcc/gcc/testsuite/../../include -I/test/gnu/gcc/gcc/gcc/testsuite/../../libcpp/include -I/opt/gnu64/gcc/gcc-4.5.0/include -DIN_GCC -fPIC -shared
UNRESOLVED: finish_unit_plugin.c compilation, -I. -I/test/gnu/gcc/gcc/gcc/testsuite -I/test/gnu/gcc/gcc/gcc/testsuite/../../gcc -I/test/gnu/gcc/objdir/gcc/testsuite/gcc/../../../gcc -I/test/gnu/gcc/gcc/gcc/testsuite/../../include -I/test/gnu/gcc/gcc/gcc/testsuite/../../libcpp/include -I/opt/gnu64/gcc/gcc-4.5.0/include -DIN_GCC -fPIC -shared
XPASS: gcc.dg/struct/wo_prof_array_through_pointer.c scan-ipa-dump ipa_struct_reorg "Number of structures to transform is 1"
FAIL: gcc.dg/torture/pr26565.c -O1 execution test
FAIL: gcc.dg/torture/pr26565.c -O2 execution test
FAIL: gcc.dg/torture/pr26565.c -Os execution test
FAIL: gcc.dg/torture/pr26565.c -O2 -flto execution test
FAIL: gcc.dg/torture/pr26565.c -O2 -fwhopr execution test
FAIL: gcc.dg/tree-prof/pr34999.c compilation, -fprofile-use -D_PROFILE_USE
UNRESOLVED: gcc.dg/tree-prof/pr34999.c execution, -fprofile-use -D_PROFILE_USE
=== gcc Summary ===
# of expected passes 60767
# of unexpected failures 9
# of unexpected successes 6
# of expected failures 90
# of unresolved testcases 7
# of unsupported tests 773
/test/gnu/gcc/objdir/gcc/xgcc version 4.5.0 20091214 (experimental) [trunk revision 155205] (GCC)
=== gfortran tests ===
Running target unix
FAIL: gfortran.dg/lto/pr40725 f_lto_pr40725_0.o-f_lto_pr40725_1.o execute -O2 -fwhopr
FAIL: gfortran.dg/lto/pr40725 f_lto_pr40725_0.o-f_lto_pr40725_1.o execute -O2 -flto
=== gfortran Summary ===
# of expected passes 32191
# of unexpected failures 2
# of expected failures 22
# of unsupported tests 291
/test/gnu/gcc/objdir/gcc/testsuite/gfortran/../../gfortran version 4.5.0 20091214 (experimental) [trunk revision 155205] (GCC)
=== obj-c++ tests ===
Running target unix
WARNING: obj-c++.dg/lookup-2.mm compilation failed to produce executable
WARNING: obj-c++.dg/try-catch-2.mm compilation failed to produce executable
WARNING: obj-c++.dg/try-catch-9.mm compilation failed to produce executable
=== obj-c++ Summary ===
# of expected passes 430
# of expected failures 18
# of unsupported tests 13
/test/gnu/gcc/objdir/gcc/testsuite/obj-c++/../../g++ version 4.5.0 20091214 (experimental) [trunk revision 155205] (GCC)
=== objc tests ===
Running target unix
=== objc Summary ===
# of expected passes 1865
# of expected failures 15
# of unsupported tests 25
/test/gnu/gcc/objdir/gcc/xgcc version 4.5.0 20091214 (experimental) [trunk revision 155205] (GCC)
=== libgomp tests ===
Running target unix
=== libgomp Summary ===
# of expected passes 2408
# of unsupported tests 9
=== libstdc++ tests ===
Running target unix
FAIL: ext/new_allocator/deallocate_global.cc execution test
FAIL: ext/throw_allocator/deallocate_global.cc execution test
=== libstdc++ Summary ===
# of expected passes 5975
# of unexpected failures 2
# of expected failures 86
# of unsupported tests 593
Compiler version: 4.5.0 20091214 (experimental) [trunk revision 155205] (GCC)
Platform: hppa64-hp-hpux11.11
configure flags:Test Run By dave on Mon Dec 14 13:22:39 2009