This is the mail archive of the
gcc-testresults@gcc.gnu.org
mailing list for the GCC project.
Results for 4.5.0 20091206 (experimental) [trunk revision 155022] (GCC) testsuite on armv7l-unknown-linux-gnueabi
- From: Robert Nelson <robertcnelson at gmail dot com>
- To: gcc-testresults at gcc dot gnu dot org
- Date: Tue, 08 Dec 2009 06:17:17 -0600
- Subject: Results for 4.5.0 20091206 (experimental) [trunk revision 155022] (GCC) testsuite on armv7l-unknown-linux-gnueabi
LAST_UPDATED: Sun Dec 6 15:22:47 UTC 2009 (revision 155022)
Native configuration is armv7l-unknown-linux-gnueabi
=== libgomp tests ===
Running target unix
FAIL: libgomp.c++/ctor-10.C -O3 -fomit-frame-pointer -funroll-loops execution test
FAIL: libgomp.c++/ctor-10.C -O3 -fomit-frame-pointer -funroll-all-loops -finline-functions execution test
WARNING: program timed out.
FAIL: libgomp.fortran/strassen.f90 -O execution test
FAIL: libgomp.fortran/threadprivate2.f90 -O3 -fomit-frame-pointer -funroll-loops (test for excess errors)
UNRESOLVED: libgomp.fortran/threadprivate2.f90 -O3 -fomit-frame-pointer -funroll-loops compilation failed to produce executable
FAIL: libgomp.fortran/threadprivate2.f90 -O3 -fomit-frame-pointer -funroll-all-loops -finline-functions (test for excess errors)
UNRESOLVED: libgomp.fortran/threadprivate2.f90 -O3 -fomit-frame-pointer -funroll-all-loops -finline-functions compilation failed to produce executable
=== libgomp Summary ===
# of expected passes 2405
# of unexpected failures 5
# of unresolved testcases 2
# of unsupported tests 7
=== libmudflap tests ===
Running target unix
FAIL: libmudflap.c/pass54-frag.c execution test
FAIL: libmudflap.c/pass54-frag.c execution test
FAIL: libmudflap.c/pass54-frag.c (-static) execution test
FAIL: libmudflap.c/pass54-frag.c (-static) execution test
FAIL: libmudflap.c/fail31-frag.c (-O3) crash test
FAIL: libmudflap.c/fail31-frag.c (-O3) output pattern test
FAIL: libmudflap.c/pass45-frag.c (-O3) execution test
FAIL: libmudflap.c/pass45-frag.c (-O3) output pattern test
FAIL: libmudflap.c/pass45-frag.c (-O3) execution test
FAIL: libmudflap.c/pass45-frag.c (-O3) output pattern test
FAIL: libmudflap.c++/pass41-frag.cxx execution test
FAIL: libmudflap.c++/pass41-frag.cxx (-static) execution test
FAIL: libmudflap.c++/pass41-frag.cxx ( -O) execution test
FAIL: libmudflap.c++/pass41-frag.cxx (-O2) execution test
FAIL: libmudflap.c++/pass41-frag.cxx (-O3) execution test
=== libmudflap Summary ===
# of expected passes 1879
# of unexpected failures 15
=== libstdc++ tests ===
Running target unix
XPASS: 26_numerics/headers/cmath/c99_classification_macros_c.cc (test for excess errors)
=== libstdc++ Summary ===
# of expected passes 6270
# of unexpected successes 1
# of expected failures 88
# of unsupported tests 445
=== g++ tests ===
Running target unix
FAIL: g++.dg/abi/local1.C execution test
FAIL: g++.dg/template/cond5.C (internal compiler error)
FAIL: g++.dg/template/cond5.C (test for excess errors)
FAIL: g++.dg/tree-ssa/new1.C scan-tree-dump-not forwprop1 "= .* \\+ -"
FAIL: 23:is 1:should be 2
FAIL: g++.dg/gcov/gcov-2.C gcov: 1 failures in line counts, 0 in branch percentages, 0 in return percentages
=== g++ Summary ===
# of expected passes 20867
# of unexpected failures 6
# of expected failures 145
# of unsupported tests 154
/var/builds/opt/trunk/objdir/gcc/testsuite/g++/../../g++ version 4.5.0 20091206 (experimental) [trunk revision 155022] (GCC)
=== gcc tests ===
Running target unix
FAIL: gcc.c-torture/compile/limits-fnargs.c -O2 (test for excess errors)
FAIL: gcc.c-torture/compile/limits-fnargs.c -O3 -fomit-frame-pointer (test for excess errors)
FAIL: gcc.c-torture/compile/limits-fnargs.c -O3 -g (test for excess errors)
XPASS: gcc.dg/Warray-bounds.c (test for warnings, line 59)
XPASS: gcc.dg/Warray-bounds.c (test for warnings, line 65)
XPASS: gcc.dg/Wunreachable-8.c (test for bogus messages, line 7)
FAIL: gcc.dg/c99-stdint-1.c (test for excess errors)
FAIL: gcc.dg/c99-stdint-7.c (test for excess errors)
FAIL: gcc.dg/pr34668-1.c (internal compiler error)
FAIL: gcc.dg/pr34668-1.c (test for excess errors)
FAIL: gcc.dg/uninit-13.c unconditional (test for warnings, line 8)
FAIL: gcc.dg/uninit-13.c (test for excess errors)
XPASS: gcc.dg/uninit-6.c uninitialized variable warning (test for bogus messages, line 42)
XPASS: gcc.dg/struct/wo_prof_array_through_pointer.c scan-ipa-dump ipa_struct_reorg "Number of structures to transform is 1"
FAIL: gcc.dg/vect/vect-35.c scan-tree-dump-times vect "vectorized 2 loops" 1
ERROR: gcc.target/arm/neon-modes-1.c: Unrecognized option type: arm_neon for " dg-add-options 4 arm_neon "
UNRESOLVED: gcc.target/arm/neon-modes-1.c: Unrecognized option type: arm_neon for " dg-add-options 4 arm_neon "
FAIL: gcc.target/arm/neon/vRshrn_ns16.c (test for excess errors)
FAIL: gcc.target/arm/neon/vRshrn_ns32.c (test for excess errors)
FAIL: gcc.target/arm/neon/vRshrn_ns64.c (test for excess errors)
FAIL: gcc.target/arm/neon/vRshrn_nu16.c (test for excess errors)
FAIL: gcc.target/arm/neon/vRshrn_nu32.c (test for excess errors)
FAIL: gcc.target/arm/neon/vRshrn_nu64.c (test for excess errors)
FAIL: gcc.target/arm/neon/vget_lowf32.c scan-assembler vmov[ \\t]+[dD][0-9]+, [dD][0-9]+!?([ \\t]+@[a-zA-Z0-9 ]+)?\\n
FAIL: gcc.target/arm/neon/vget_lowp16.c scan-assembler vmov[ \\t]+[dD][0-9]+, [dD][0-9]+!?([ \\t]+@[a-zA-Z0-9 ]+)?\\n
FAIL: gcc.target/arm/neon/vget_lowp8.c scan-assembler vmov[ \\t]+[dD][0-9]+, [dD][0-9]+!?([ \\t]+@[a-zA-Z0-9 ]+)?\\n
FAIL: gcc.target/arm/neon/vget_lows16.c scan-assembler vmov[ \\t]+[dD][0-9]+, [dD][0-9]+!?([ \\t]+@[a-zA-Z0-9 ]+)?\\n
FAIL: gcc.target/arm/neon/vget_lows32.c scan-assembler vmov[ \\t]+[dD][0-9]+, [dD][0-9]+!?([ \\t]+@[a-zA-Z0-9 ]+)?\\n
FAIL: gcc.target/arm/neon/vget_lows64.c scan-assembler vmov[ \\t]+[dD][0-9]+, [dD][0-9]+!?([ \\t]+@[a-zA-Z0-9 ]+)?\\n
FAIL: gcc.target/arm/neon/vget_lows8.c scan-assembler vmov[ \\t]+[dD][0-9]+, [dD][0-9]+!?([ \\t]+@[a-zA-Z0-9 ]+)?\\n
FAIL: gcc.target/arm/neon/vget_lowu16.c scan-assembler vmov[ \\t]+[dD][0-9]+, [dD][0-9]+!?([ \\t]+@[a-zA-Z0-9 ]+)?\\n
FAIL: gcc.target/arm/neon/vget_lowu32.c scan-assembler vmov[ \\t]+[dD][0-9]+, [dD][0-9]+!?([ \\t]+@[a-zA-Z0-9 ]+)?\\n
FAIL: gcc.target/arm/neon/vget_lowu64.c scan-assembler vmov[ \\t]+[dD][0-9]+, [dD][0-9]+!?([ \\t]+@[a-zA-Z0-9 ]+)?\\n
FAIL: gcc.target/arm/neon/vget_lowu8.c scan-assembler vmov[ \\t]+[dD][0-9]+, [dD][0-9]+!?([ \\t]+@[a-zA-Z0-9 ]+)?\\n
FAIL: gcc.target/arm/neon/vqRshrn_ns16.c (test for excess errors)
FAIL: gcc.target/arm/neon/vqRshrn_ns32.c (test for excess errors)
FAIL: gcc.target/arm/neon/vqRshrn_ns64.c (test for excess errors)
FAIL: gcc.target/arm/neon/vqRshrn_nu16.c (test for excess errors)
FAIL: gcc.target/arm/neon/vqRshrn_nu32.c (test for excess errors)
FAIL: gcc.target/arm/neon/vqRshrn_nu64.c (test for excess errors)
FAIL: gcc.target/arm/neon/vqRshrun_ns16.c (test for excess errors)
FAIL: gcc.target/arm/neon/vqRshrun_ns32.c (test for excess errors)
FAIL: gcc.target/arm/neon/vqRshrun_ns64.c (test for excess errors)
FAIL: gcc.target/arm/neon/vqshrn_ns16.c (test for excess errors)
FAIL: gcc.target/arm/neon/vqshrn_ns32.c (test for excess errors)
FAIL: gcc.target/arm/neon/vqshrn_ns64.c (test for excess errors)
FAIL: gcc.target/arm/neon/vqshrn_nu16.c (test for excess errors)
FAIL: gcc.target/arm/neon/vqshrn_nu32.c (test for excess errors)
FAIL: gcc.target/arm/neon/vqshrn_nu64.c (test for excess errors)
FAIL: gcc.target/arm/neon/vqshrun_ns16.c (test for excess errors)
FAIL: gcc.target/arm/neon/vqshrun_ns32.c (test for excess errors)
FAIL: gcc.target/arm/neon/vqshrun_ns64.c (test for excess errors)
FAIL: gcc.target/arm/neon/vshrn_ns16.c (test for excess errors)
FAIL: gcc.target/arm/neon/vshrn_ns32.c (test for excess errors)
FAIL: gcc.target/arm/neon/vshrn_ns64.c (test for excess errors)
FAIL: gcc.target/arm/neon/vshrn_nu16.c (test for excess errors)
FAIL: gcc.target/arm/neon/vshrn_nu32.c (test for excess errors)
FAIL: gcc.target/arm/neon/vshrn_nu64.c (test for excess errors)
=== gcc Summary ===
# of expected passes 58099
# of unexpected failures 51
# of unexpected successes 5
# of expected failures 216
# of unresolved testcases 1
# of unsupported tests 628
/var/builds/opt/trunk/objdir/gcc/xgcc version 4.5.0 20091206 (experimental) [trunk revision 155022] (GCC)
=== gfortran tests ===
Running target unix
FAIL: gfortran.dg/PR19872.f -O0 execution test
FAIL: gfortran.dg/PR19872.f -O1 execution test
FAIL: gfortran.dg/PR19872.f -O2 execution test
FAIL: gfortran.dg/PR19872.f -O3 -fomit-frame-pointer execution test
FAIL: gfortran.dg/PR19872.f -O3 -fomit-frame-pointer -funroll-loops execution test
FAIL: gfortran.dg/PR19872.f -O3 -fomit-frame-pointer -funroll-all-loops -finline-functions execution test
FAIL: gfortran.dg/PR19872.f -O3 -g execution test
FAIL: gfortran.dg/PR19872.f -Os execution test
FAIL: gfortran.dg/allocate_zerosize_1.f90 -O0 execution test
FAIL: gfortran.dg/allocate_zerosize_1.f90 -O1 execution test
FAIL: gfortran.dg/allocate_zerosize_1.f90 -O2 execution test
FAIL: gfortran.dg/allocate_zerosize_1.f90 -O3 -fomit-frame-pointer execution test
FAIL: gfortran.dg/allocate_zerosize_1.f90 -O3 -fomit-frame-pointer -funroll-loops execution test
FAIL: gfortran.dg/allocate_zerosize_1.f90 -O3 -fomit-frame-pointer -funroll-all-loops -finline-functions execution test
FAIL: gfortran.dg/allocate_zerosize_1.f90 -O3 -g execution test
FAIL: gfortran.dg/allocate_zerosize_1.f90 -Os execution test
FAIL: gfortran.dg/append_1.f90 -O0 execution test
FAIL: gfortran.dg/append_1.f90 -O1 execution test
FAIL: gfortran.dg/append_1.f90 -O2 execution test
FAIL: gfortran.dg/append_1.f90 -O3 -fomit-frame-pointer execution test
FAIL: gfortran.dg/append_1.f90 -O3 -fomit-frame-pointer -funroll-loops execution test
FAIL: gfortran.dg/append_1.f90 -O3 -fomit-frame-pointer -funroll-all-loops -finline-functions execution test
FAIL: gfortran.dg/append_1.f90 -O3 -g execution test
FAIL: gfortran.dg/append_1.f90 -Os execution test
FAIL: gfortran.dg/arrayio_1.f90 -O0 execution test
FAIL: gfortran.dg/arrayio_1.f90 -O1 execution test
FAIL: gfortran.dg/arrayio_1.f90 -O2 execution test
FAIL: gfortran.dg/arrayio_1.f90 -O3 -fomit-frame-pointer execution test
FAIL: gfortran.dg/arrayio_1.f90 -O3 -fomit-frame-pointer -funroll-loops execution test
FAIL: gfortran.dg/arrayio_1.f90 -O3 -fomit-frame-pointer -funroll-all-loops -finline-functions execution test
FAIL: gfortran.dg/arrayio_1.f90 -O3 -g execution test
FAIL: gfortran.dg/arrayio_1.f90 -Os execution test
FAIL: gfortran.dg/arrayio_11.f90 -O0 execution test
FAIL: gfortran.dg/arrayio_11.f90 -O1 execution test
FAIL: gfortran.dg/arrayio_11.f90 -O2 execution test
FAIL: gfortran.dg/arrayio_11.f90 -O3 -fomit-frame-pointer execution test
FAIL: gfortran.dg/arrayio_11.f90 -O3 -fomit-frame-pointer -funroll-loops execution test
FAIL: gfortran.dg/arrayio_11.f90 -O3 -fomit-frame-pointer -funroll-all-loops -finline-functions execution test
FAIL: gfortran.dg/arrayio_11.f90 -O3 -g execution test
FAIL: gfortran.dg/arrayio_11.f90 -Os execution test
FAIL: gfortran.dg/arrayio_12.f90 -O0 execution test
FAIL: gfortran.dg/arrayio_12.f90 -O1 execution test
FAIL: gfortran.dg/arrayio_12.f90 -O2 execution test
FAIL: gfortran.dg/arrayio_12.f90 -O3 -fomit-frame-pointer execution test
FAIL: gfortran.dg/arrayio_12.f90 -O3 -fomit-frame-pointer -funroll-loops execution test
FAIL: gfortran.dg/arrayio_12.f90 -O3 -fomit-frame-pointer -funroll-all-loops -finline-functions execution test
FAIL: gfortran.dg/arrayio_12.f90 -O3 -g execution test
FAIL: gfortran.dg/arrayio_12.f90 -Os execution test
FAIL: gfortran.dg/arrayio_6.f90 -O0 execution test
FAIL: gfortran.dg/arrayio_6.f90 -O1 execution test
FAIL: gfortran.dg/arrayio_6.f90 -O2 execution test
FAIL: gfortran.dg/arrayio_6.f90 -O3 -fomit-frame-pointer execution test
FAIL: gfortran.dg/arrayio_6.f90 -O3 -fomit-frame-pointer -funroll-loops execution test
FAIL: gfortran.dg/arrayio_6.f90 -O3 -fomit-frame-pointer -funroll-all-loops -finline-functions execution test
FAIL: gfortran.dg/arrayio_6.f90 -O3 -g execution test
FAIL: gfortran.dg/arrayio_6.f90 -Os execution test
FAIL: gfortran.dg/arrayio_derived_1.f90 -O0 execution test
FAIL: gfortran.dg/arrayio_derived_1.f90 -O1 execution test
FAIL: gfortran.dg/arrayio_derived_1.f90 -O2 execution test
FAIL: gfortran.dg/arrayio_derived_1.f90 -O3 -fomit-frame-pointer execution test
FAIL: gfortran.dg/arrayio_derived_1.f90 -O3 -fomit-frame-pointer -funroll-loops execution test
FAIL: gfortran.dg/arrayio_derived_1.f90 -O3 -fomit-frame-pointer -funroll-all-loops -finline-functions execution test
FAIL: gfortran.dg/arrayio_derived_1.f90 -O3 -g execution test
FAIL: gfortran.dg/arrayio_derived_1.f90 -Os execution test
FAIL: gfortran.dg/backslash_2.f90 -O0 execution test
FAIL: gfortran.dg/backslash_2.f90 -O1 execution test
FAIL: gfortran.dg/backslash_2.f90 -O2 execution test
FAIL: gfortran.dg/backslash_2.f90 -O3 -fomit-frame-pointer execution test
FAIL: gfortran.dg/backslash_2.f90 -O3 -fomit-frame-pointer -funroll-loops execution test
FAIL: gfortran.dg/backslash_2.f90 -O3 -fomit-frame-pointer -funroll-all-loops -finline-functions execution test
FAIL: gfortran.dg/backslash_2.f90 -O3 -g execution test
FAIL: gfortran.dg/backslash_2.f90 -Os execution test
FAIL: gfortran.dg/backspace_1.f -O0 execution test
FAIL: gfortran.dg/backspace_1.f -O1 execution test
FAIL: gfortran.dg/backspace_1.f -O2 execution test
FAIL: gfortran.dg/backspace_1.f -O3 -fomit-frame-pointer execution test
FAIL: gfortran.dg/backspace_1.f -O3 -fomit-frame-pointer -funroll-loops execution test
FAIL: gfortran.dg/backspace_1.f -O3 -fomit-frame-pointer -funroll-all-loops -finline-functions execution test
FAIL: gfortran.dg/backspace_1.f -O3 -g execution test
FAIL: gfortran.dg/backspace_1.f -Os execution test
FAIL: gfortran.dg/backspace_7.f90 -O0 execution test
FAIL: gfortran.dg/backspace_7.f90 -O1 execution test
FAIL: gfortran.dg/backspace_7.f90 -O2 execution test
FAIL: gfortran.dg/backspace_7.f90 -O3 -fomit-frame-pointer execution test
FAIL: gfortran.dg/backspace_7.f90 -O3 -fomit-frame-pointer -funroll-loops execution test
FAIL: gfortran.dg/backspace_7.f90 -O3 -fomit-frame-pointer -funroll-all-loops -finline-functions execution test
FAIL: gfortran.dg/backspace_7.f90 -O3 -g execution test
FAIL: gfortran.dg/backspace_7.f90 -Os execution test
FAIL: gfortran.dg/dos_eol.f -O0 execution test
FAIL: gfortran.dg/dos_eol.f -O1 execution test
FAIL: gfortran.dg/dos_eol.f -O2 execution test
FAIL: gfortran.dg/dos_eol.f -O3 -fomit-frame-pointer execution test
FAIL: gfortran.dg/dos_eol.f -O3 -fomit-frame-pointer -funroll-loops execution test
FAIL: gfortran.dg/dos_eol.f -O3 -fomit-frame-pointer -funroll-all-loops -finline-functions execution test
FAIL: gfortran.dg/dos_eol.f -O3 -g execution test
FAIL: gfortran.dg/dos_eol.f -Os execution test
FAIL: gfortran.dg/endfile.f90 -O0 execution test
FAIL: gfortran.dg/endfile.f90 -O1 execution test
FAIL: gfortran.dg/endfile.f90 -O2 execution test
FAIL: gfortran.dg/endfile.f90 -O3 -fomit-frame-pointer execution test
FAIL: gfortran.dg/endfile.f90 -O3 -fomit-frame-pointer -funroll-loops execution test
FAIL: gfortran.dg/endfile.f90 -O3 -fomit-frame-pointer -funroll-all-loops -finline-functions execution test
FAIL: gfortran.dg/endfile.f90 -O3 -g execution test
FAIL: gfortran.dg/endfile.f90 -Os execution test
FAIL: gfortran.dg/eor_handling_1.f90 -O0 execution test
FAIL: gfortran.dg/eor_handling_1.f90 -O1 execution test
FAIL: gfortran.dg/eor_handling_1.f90 -O2 execution test
FAIL: gfortran.dg/eor_handling_1.f90 -O3 -fomit-frame-pointer execution test
FAIL: gfortran.dg/eor_handling_1.f90 -O3 -fomit-frame-pointer -funroll-loops execution test
FAIL: gfortran.dg/eor_handling_1.f90 -O3 -fomit-frame-pointer -funroll-all-loops -finline-functions execution test
FAIL: gfortran.dg/eor_handling_1.f90 -O3 -g execution test
FAIL: gfortran.dg/eor_handling_1.f90 -Os execution test
FAIL: gfortran.dg/eor_handling_3.f90 -O0 execution test
FAIL: gfortran.dg/eor_handling_3.f90 -O1 execution test
FAIL: gfortran.dg/eor_handling_3.f90 -O2 execution test
FAIL: gfortran.dg/eor_handling_3.f90 -O3 -fomit-frame-pointer execution test
FAIL: gfortran.dg/eor_handling_3.f90 -O3 -fomit-frame-pointer -funroll-loops execution test
FAIL: gfortran.dg/eor_handling_3.f90 -O3 -fomit-frame-pointer -funroll-all-loops -finline-functions execution test
FAIL: gfortran.dg/eor_handling_3.f90 -O3 -g execution test
FAIL: gfortran.dg/eor_handling_3.f90 -Os execution test
FAIL: gfortran.dg/fmt_l.f90 -O0 execution test
FAIL: gfortran.dg/fmt_l.f90 -O1 execution test
FAIL: gfortran.dg/fmt_l.f90 -O2 execution test
FAIL: gfortran.dg/fmt_l.f90 -O3 -fomit-frame-pointer execution test
FAIL: gfortran.dg/fmt_l.f90 -O3 -fomit-frame-pointer -funroll-loops execution test
FAIL: gfortran.dg/fmt_l.f90 -O3 -fomit-frame-pointer -funroll-all-loops -finline-functions execution test
FAIL: gfortran.dg/fmt_l.f90 -O3 -g execution test
FAIL: gfortran.dg/fmt_l.f90 -Os execution test
FAIL: gfortran.dg/fmt_read_bz_bn.f90 -O0 execution test
FAIL: gfortran.dg/fmt_read_bz_bn.f90 -O1 execution test
FAIL: gfortran.dg/fmt_read_bz_bn.f90 -O2 execution test
FAIL: gfortran.dg/fmt_read_bz_bn.f90 -O3 -fomit-frame-pointer execution test
FAIL: gfortran.dg/fmt_read_bz_bn.f90 -O3 -fomit-frame-pointer -funroll-loops execution test
FAIL: gfortran.dg/fmt_read_bz_bn.f90 -O3 -fomit-frame-pointer -funroll-all-loops -finline-functions execution test
FAIL: gfortran.dg/fmt_read_bz_bn.f90 -O3 -g execution test
FAIL: gfortran.dg/fmt_read_bz_bn.f90 -Os execution test
FAIL: gfortran.dg/fmt_t_1.f90 -O0 execution test
FAIL: gfortran.dg/fmt_t_1.f90 -O1 execution test
FAIL: gfortran.dg/fmt_t_1.f90 -O2 execution test
FAIL: gfortran.dg/fmt_t_1.f90 -O3 -fomit-frame-pointer execution test
FAIL: gfortran.dg/fmt_t_1.f90 -O3 -fomit-frame-pointer -funroll-loops execution test
FAIL: gfortran.dg/fmt_t_1.f90 -O3 -fomit-frame-pointer -funroll-all-loops -finline-functions execution test
FAIL: gfortran.dg/fmt_t_1.f90 -O3 -g execution test
FAIL: gfortran.dg/fmt_t_1.f90 -Os execution test
FAIL: gfortran.dg/internal_readwrite_1.f90 -O0 execution test
FAIL: gfortran.dg/internal_readwrite_1.f90 -O1 execution test
FAIL: gfortran.dg/internal_readwrite_1.f90 -O2 execution test
FAIL: gfortran.dg/internal_readwrite_1.f90 -O3 -fomit-frame-pointer execution test
FAIL: gfortran.dg/internal_readwrite_1.f90 -O3 -fomit-frame-pointer -funroll-loops execution test
FAIL: gfortran.dg/internal_readwrite_1.f90 -O3 -fomit-frame-pointer -funroll-all-loops -finline-functions execution test
FAIL: gfortran.dg/internal_readwrite_1.f90 -O3 -g execution test
FAIL: gfortran.dg/internal_readwrite_1.f90 -Os execution test
FAIL: gfortran.dg/io_real_boz.f90 -O0 execution test
FAIL: gfortran.dg/io_real_boz.f90 -O1 execution test
FAIL: gfortran.dg/io_real_boz.f90 -O2 execution test
FAIL: gfortran.dg/io_real_boz.f90 -O3 -fomit-frame-pointer execution test
FAIL: gfortran.dg/io_real_boz.f90 -O3 -fomit-frame-pointer -funroll-loops execution test
FAIL: gfortran.dg/io_real_boz.f90 -O3 -fomit-frame-pointer -funroll-all-loops -finline-functions execution test
FAIL: gfortran.dg/io_real_boz.f90 -O3 -g execution test
FAIL: gfortran.dg/io_real_boz.f90 -Os execution test
FAIL: gfortran.dg/list_read_1.f90 -O0 execution test
FAIL: gfortran.dg/list_read_1.f90 -O1 execution test
FAIL: gfortran.dg/list_read_1.f90 -O2 execution test
FAIL: gfortran.dg/list_read_1.f90 -O3 -fomit-frame-pointer execution test
FAIL: gfortran.dg/list_read_1.f90 -O3 -fomit-frame-pointer -funroll-loops execution test
FAIL: gfortran.dg/list_read_1.f90 -O3 -fomit-frame-pointer -funroll-all-loops -finline-functions execution test
FAIL: gfortran.dg/list_read_1.f90 -O3 -g execution test
FAIL: gfortran.dg/list_read_1.f90 -Os execution test
FAIL: gfortran.dg/list_read_2.f90 -O0 execution test
FAIL: gfortran.dg/list_read_2.f90 -O1 execution test
FAIL: gfortran.dg/list_read_2.f90 -O2 execution test
FAIL: gfortran.dg/list_read_2.f90 -O3 -fomit-frame-pointer execution test
FAIL: gfortran.dg/list_read_2.f90 -O3 -fomit-frame-pointer -funroll-loops execution test
FAIL: gfortran.dg/list_read_2.f90 -O3 -fomit-frame-pointer -funroll-all-loops -finline-functions execution test
FAIL: gfortran.dg/list_read_2.f90 -O3 -g execution test
FAIL: gfortran.dg/list_read_2.f90 -Os execution test
FAIL: gfortran.dg/list_read_4.f90 -O0 execution test
FAIL: gfortran.dg/list_read_4.f90 -O1 execution test
FAIL: gfortran.dg/list_read_4.f90 -O2 execution test
FAIL: gfortran.dg/list_read_4.f90 -O3 -fomit-frame-pointer execution test
FAIL: gfortran.dg/list_read_4.f90 -O3 -fomit-frame-pointer -funroll-loops execution test
FAIL: gfortran.dg/list_read_4.f90 -O3 -fomit-frame-pointer -funroll-all-loops -finline-functions execution test
FAIL: gfortran.dg/list_read_4.f90 -O3 -g execution test
FAIL: gfortran.dg/list_read_4.f90 -Os execution test
FAIL: gfortran.dg/list_read_5.f90 -O0 execution test
FAIL: gfortran.dg/list_read_5.f90 -O1 execution test
FAIL: gfortran.dg/list_read_5.f90 -O2 execution test
FAIL: gfortran.dg/list_read_5.f90 -O3 -fomit-frame-pointer execution test
FAIL: gfortran.dg/list_read_5.f90 -O3 -fomit-frame-pointer -funroll-loops execution test
FAIL: gfortran.dg/list_read_5.f90 -O3 -fomit-frame-pointer -funroll-all-loops -finline-functions execution test
FAIL: gfortran.dg/list_read_5.f90 -O3 -g execution test
FAIL: gfortran.dg/list_read_5.f90 -Os execution test
FAIL: gfortran.dg/namelist_11.f -O0 execution test
FAIL: gfortran.dg/namelist_11.f -O1 execution test
FAIL: gfortran.dg/namelist_11.f -O2 execution test
FAIL: gfortran.dg/namelist_11.f -O3 -fomit-frame-pointer execution test
FAIL: gfortran.dg/namelist_11.f -O3 -fomit-frame-pointer -funroll-loops execution test
FAIL: gfortran.dg/namelist_11.f -O3 -fomit-frame-pointer -funroll-all-loops -finline-functions execution test
FAIL: gfortran.dg/namelist_11.f -O3 -g execution test
FAIL: gfortran.dg/namelist_11.f -Os execution test
FAIL: gfortran.dg/namelist_12.f -O0 execution test
FAIL: gfortran.dg/namelist_12.f -O1 execution test
FAIL: gfortran.dg/namelist_12.f -O2 execution test
FAIL: gfortran.dg/namelist_12.f -O3 -fomit-frame-pointer execution test
FAIL: gfortran.dg/namelist_12.f -O3 -fomit-frame-pointer -funroll-loops execution test
FAIL: gfortran.dg/namelist_12.f -O3 -fomit-frame-pointer -funroll-all-loops -finline-functions execution test
FAIL: gfortran.dg/namelist_12.f -O3 -g execution test
FAIL: gfortran.dg/namelist_12.f -Os execution test
FAIL: gfortran.dg/namelist_14.f90 -O0 execution test
FAIL: gfortran.dg/namelist_14.f90 -O1 execution test
FAIL: gfortran.dg/namelist_14.f90 -O2 execution test
FAIL: gfortran.dg/namelist_14.f90 -O3 -fomit-frame-pointer execution test
FAIL: gfortran.dg/namelist_14.f90 -O3 -fomit-frame-pointer -funroll-loops execution test
FAIL: gfortran.dg/namelist_14.f90 -O3 -fomit-frame-pointer -funroll-all-loops -finline-functions execution test
FAIL: gfortran.dg/namelist_14.f90 -O3 -g execution test
FAIL: gfortran.dg/namelist_14.f90 -Os execution test
FAIL: gfortran.dg/namelist_15.f90 -O0 execution test
FAIL: gfortran.dg/namelist_15.f90 -O1 execution test
FAIL: gfortran.dg/namelist_15.f90 -O2 execution test
FAIL: gfortran.dg/namelist_15.f90 -O3 -fomit-frame-pointer execution test
FAIL: gfortran.dg/namelist_15.f90 -O3 -fomit-frame-pointer -funroll-loops execution test
FAIL: gfortran.dg/namelist_15.f90 -O3 -fomit-frame-pointer -funroll-all-loops -finline-functions execution test
FAIL: gfortran.dg/namelist_15.f90 -O3 -g execution test
FAIL: gfortran.dg/namelist_15.f90 -Os execution test
FAIL: gfortran.dg/namelist_16.f90 -O0 execution test
FAIL: gfortran.dg/namelist_16.f90 -O1 execution test
FAIL: gfortran.dg/namelist_16.f90 -O2 execution test
FAIL: gfortran.dg/namelist_16.f90 -O3 -fomit-frame-pointer execution test
FAIL: gfortran.dg/namelist_16.f90 -O3 -fomit-frame-pointer -funroll-loops execution test
FAIL: gfortran.dg/namelist_16.f90 -O3 -fomit-frame-pointer -funroll-all-loops -finline-functions execution test
FAIL: gfortran.dg/namelist_16.f90 -O3 -g execution test
FAIL: gfortran.dg/namelist_16.f90 -Os execution test
FAIL: gfortran.dg/namelist_17.f90 -O0 execution test
FAIL: gfortran.dg/namelist_17.f90 -O1 execution test
FAIL: gfortran.dg/namelist_17.f90 -O2 execution test
FAIL: gfortran.dg/namelist_17.f90 -O3 -fomit-frame-pointer execution test
FAIL: gfortran.dg/namelist_17.f90 -O3 -fomit-frame-pointer -funroll-loops execution test
FAIL: gfortran.dg/namelist_17.f90 -O3 -fomit-frame-pointer -funroll-all-loops -finline-functions execution test
FAIL: gfortran.dg/namelist_17.f90 -O3 -g execution test
FAIL: gfortran.dg/namelist_17.f90 -Os execution test
FAIL: gfortran.dg/namelist_19.f90 -O0 execution test
FAIL: gfortran.dg/namelist_19.f90 -O1 execution test
FAIL: gfortran.dg/namelist_19.f90 -O2 execution test
FAIL: gfortran.dg/namelist_19.f90 -O3 -fomit-frame-pointer execution test
FAIL: gfortran.dg/namelist_19.f90 -O3 -fomit-frame-pointer -funroll-loops execution test
FAIL: gfortran.dg/namelist_19.f90 -O3 -fomit-frame-pointer -funroll-all-loops -finline-functions execution test
FAIL: gfortran.dg/namelist_19.f90 -O3 -g execution test
FAIL: gfortran.dg/namelist_19.f90 -Os execution test
FAIL: gfortran.dg/namelist_20.f90 -O0 execution test
FAIL: gfortran.dg/namelist_20.f90 -O1 execution test
FAIL: gfortran.dg/namelist_20.f90 -O2 execution test
FAIL: gfortran.dg/namelist_20.f90 -O3 -fomit-frame-pointer execution test
FAIL: gfortran.dg/namelist_20.f90 -O3 -fomit-frame-pointer -funroll-loops execution test
FAIL: gfortran.dg/namelist_20.f90 -O3 -fomit-frame-pointer -funroll-all-loops -finline-functions execution test
FAIL: gfortran.dg/namelist_20.f90 -O3 -g execution test
FAIL: gfortran.dg/namelist_20.f90 -Os execution test
FAIL: gfortran.dg/namelist_23.f90 -O0 execution test
FAIL: gfortran.dg/namelist_23.f90 -O1 execution test
FAIL: gfortran.dg/namelist_23.f90 -O2 execution test
FAIL: gfortran.dg/namelist_23.f90 -O3 -fomit-frame-pointer execution test
FAIL: gfortran.dg/namelist_23.f90 -O3 -fomit-frame-pointer -funroll-loops execution test
FAIL: gfortran.dg/namelist_23.f90 -O3 -fomit-frame-pointer -funroll-all-loops -finline-functions execution test
FAIL: gfortran.dg/namelist_23.f90 -O3 -g execution test
FAIL: gfortran.dg/namelist_23.f90 -Os execution test
FAIL: gfortran.dg/namelist_24.f90 -O0 execution test
FAIL: gfortran.dg/namelist_24.f90 -O1 execution test
FAIL: gfortran.dg/namelist_24.f90 -O2 execution test
FAIL: gfortran.dg/namelist_24.f90 -O3 -fomit-frame-pointer execution test
FAIL: gfortran.dg/namelist_24.f90 -O3 -fomit-frame-pointer -funroll-loops execution test
FAIL: gfortran.dg/namelist_24.f90 -O3 -fomit-frame-pointer -funroll-all-loops -finline-functions execution test
FAIL: gfortran.dg/namelist_24.f90 -O3 -g execution test
FAIL: gfortran.dg/namelist_24.f90 -Os execution test
FAIL: gfortran.dg/namelist_29.f90 -O0 execution test
FAIL: gfortran.dg/namelist_29.f90 -O1 execution test
FAIL: gfortran.dg/namelist_29.f90 -O2 execution test
FAIL: gfortran.dg/namelist_29.f90 -O3 -fomit-frame-pointer execution test
FAIL: gfortran.dg/namelist_29.f90 -O3 -fomit-frame-pointer -funroll-loops execution test
FAIL: gfortran.dg/namelist_29.f90 -O3 -fomit-frame-pointer -funroll-all-loops -finline-functions execution test
FAIL: gfortran.dg/namelist_29.f90 -O3 -g execution test
FAIL: gfortran.dg/namelist_29.f90 -Os execution test
FAIL: gfortran.dg/namelist_39.f90 -O0 execution test
FAIL: gfortran.dg/namelist_39.f90 -O1 execution test
FAIL: gfortran.dg/namelist_39.f90 -O2 execution test
FAIL: gfortran.dg/namelist_39.f90 -O3 -fomit-frame-pointer execution test
FAIL: gfortran.dg/namelist_39.f90 -O3 -fomit-frame-pointer -funroll-loops execution test
FAIL: gfortran.dg/namelist_39.f90 -O3 -fomit-frame-pointer -funroll-all-loops -finline-functions execution test
FAIL: gfortran.dg/namelist_39.f90 -O3 -g execution test
FAIL: gfortran.dg/namelist_39.f90 -Os execution test
FAIL: gfortran.dg/namelist_40.f90 -O0 output pattern test, is Index 1 out of range for namelist variable x
FAIL: gfortran.dg/namelist_40.f90 -O1 output pattern test, is Index 1 out of range for namelist variable x
FAIL: gfortran.dg/namelist_40.f90 -O2 output pattern test, is Index 1 out of range for namelist variable x
FAIL: gfortran.dg/namelist_40.f90 -O3 -fomit-frame-pointer output pattern test, is Index 1 out of range for namelist variable x
FAIL: gfortran.dg/namelist_40.f90 -O3 -fomit-frame-pointer -funroll-loops output pattern test, is Index 1 out of range for namelist variable x
FAIL: gfortran.dg/namelist_40.f90 -O3 -fomit-frame-pointer -funroll-all-loops -finline-functions output pattern test, is Index 1 out of range for namelist variable x
FAIL: gfortran.dg/namelist_40.f90 -O3 -g output pattern test, is Index 1 out of range for namelist variable x
FAIL: gfortran.dg/namelist_40.f90 -Os output pattern test, is Index 1 out of range for namelist variable x
FAIL: gfortran.dg/namelist_41.f90 -O0 execution test
FAIL: gfortran.dg/namelist_41.f90 -O1 execution test
FAIL: gfortran.dg/namelist_41.f90 -O2 execution test
FAIL: gfortran.dg/namelist_41.f90 -O3 -fomit-frame-pointer execution test
FAIL: gfortran.dg/namelist_41.f90 -O3 -fomit-frame-pointer -funroll-loops execution test
FAIL: gfortran.dg/namelist_41.f90 -O3 -fomit-frame-pointer -funroll-all-loops -finline-functions execution test
FAIL: gfortran.dg/namelist_41.f90 -O3 -g execution test
FAIL: gfortran.dg/namelist_41.f90 -Os execution test
FAIL: gfortran.dg/namelist_42.f90 -O0 execution test
FAIL: gfortran.dg/namelist_42.f90 -O1 execution test
FAIL: gfortran.dg/namelist_42.f90 -O2 execution test
FAIL: gfortran.dg/namelist_42.f90 -O3 -fomit-frame-pointer execution test
FAIL: gfortran.dg/namelist_42.f90 -O3 -fomit-frame-pointer -funroll-loops execution test
FAIL: gfortran.dg/namelist_42.f90 -O3 -fomit-frame-pointer -funroll-all-loops -finline-functions execution test
FAIL: gfortran.dg/namelist_42.f90 -O3 -g execution test
FAIL: gfortran.dg/namelist_42.f90 -Os execution test
FAIL: gfortran.dg/namelist_43.f90 -O0 execution test
FAIL: gfortran.dg/namelist_43.f90 -O1 execution test
FAIL: gfortran.dg/namelist_43.f90 -O2 execution test
FAIL: gfortran.dg/namelist_43.f90 -O3 -fomit-frame-pointer execution test
FAIL: gfortran.dg/namelist_43.f90 -O3 -fomit-frame-pointer -funroll-loops execution test
FAIL: gfortran.dg/namelist_43.f90 -O3 -fomit-frame-pointer -funroll-all-loops -finline-functions execution test
FAIL: gfortran.dg/namelist_43.f90 -O3 -g execution test
FAIL: gfortran.dg/namelist_43.f90 -Os execution test
FAIL: gfortran.dg/namelist_44.f90 -O0 execution test
FAIL: gfortran.dg/namelist_44.f90 -O1 execution test
FAIL: gfortran.dg/namelist_44.f90 -O2 execution test
FAIL: gfortran.dg/namelist_44.f90 -O3 -fomit-frame-pointer execution test
FAIL: gfortran.dg/namelist_44.f90 -O3 -fomit-frame-pointer -funroll-loops execution test
FAIL: gfortran.dg/namelist_44.f90 -O3 -fomit-frame-pointer -funroll-all-loops -finline-functions execution test
FAIL: gfortran.dg/namelist_44.f90 -O3 -g execution test
FAIL: gfortran.dg/namelist_44.f90 -Os execution test
FAIL: gfortran.dg/namelist_47.f90 -O0 output pattern test, is Index 1 out of range for namelist variable x
FAIL: gfortran.dg/namelist_47.f90 -O1 output pattern test, is Index 1 out of range for namelist variable x
FAIL: gfortran.dg/namelist_47.f90 -O2 output pattern test, is Index 1 out of range for namelist variable x
FAIL: gfortran.dg/namelist_47.f90 -O3 -fomit-frame-pointer output pattern test, is Index 1 out of range for namelist variable x
FAIL: gfortran.dg/namelist_47.f90 -O3 -fomit-frame-pointer -funroll-loops output pattern test, is Index 1 out of range for namelist variable x
FAIL: gfortran.dg/namelist_47.f90 -O3 -fomit-frame-pointer -funroll-all-loops -finline-functions output pattern test, is Index 1 out of range for namelist variable x
FAIL: gfortran.dg/namelist_47.f90 -O3 -g output pattern test, is Index 1 out of range for namelist variable x
FAIL: gfortran.dg/namelist_47.f90 -Os output pattern test, is Index 1 out of range for namelist variable x
FAIL: gfortran.dg/namelist_48.f90 -O0 execution test
FAIL: gfortran.dg/namelist_48.f90 -O1 execution test
FAIL: gfortran.dg/namelist_48.f90 -O2 execution test
FAIL: gfortran.dg/namelist_48.f90 -O3 -fomit-frame-pointer execution test
FAIL: gfortran.dg/namelist_48.f90 -O3 -fomit-frame-pointer -funroll-loops execution test
FAIL: gfortran.dg/namelist_48.f90 -O3 -fomit-frame-pointer -funroll-all-loops -finline-functions execution test
FAIL: gfortran.dg/namelist_48.f90 -O3 -g execution test
FAIL: gfortran.dg/namelist_48.f90 -Os execution test
FAIL: gfortran.dg/namelist_51.f90 -O0 execution test
FAIL: gfortran.dg/namelist_51.f90 -O1 execution test
FAIL: gfortran.dg/namelist_51.f90 -O2 execution test
FAIL: gfortran.dg/namelist_51.f90 -O3 -fomit-frame-pointer execution test
FAIL: gfortran.dg/namelist_51.f90 -O3 -fomit-frame-pointer -funroll-loops execution test
FAIL: gfortran.dg/namelist_51.f90 -O3 -fomit-frame-pointer -funroll-all-loops -finline-functions execution test
FAIL: gfortran.dg/namelist_51.f90 -O3 -g execution test
FAIL: gfortran.dg/namelist_51.f90 -Os execution test
FAIL: gfortran.dg/namelist_52.f90 -O0 execution test
FAIL: gfortran.dg/namelist_52.f90 -O1 execution test
FAIL: gfortran.dg/namelist_52.f90 -O2 execution test
FAIL: gfortran.dg/namelist_52.f90 -O3 -fomit-frame-pointer execution test
FAIL: gfortran.dg/namelist_52.f90 -O3 -fomit-frame-pointer -funroll-loops execution test
FAIL: gfortran.dg/namelist_52.f90 -O3 -fomit-frame-pointer -funroll-all-loops -finline-functions execution test
FAIL: gfortran.dg/namelist_52.f90 -O3 -g execution test
FAIL: gfortran.dg/namelist_52.f90 -Os execution test
FAIL: gfortran.dg/namelist_54.f90 -O0 execution test
FAIL: gfortran.dg/namelist_54.f90 -O1 execution test
FAIL: gfortran.dg/namelist_54.f90 -O2 execution test
FAIL: gfortran.dg/namelist_54.f90 -O3 -fomit-frame-pointer execution test
FAIL: gfortran.dg/namelist_54.f90 -O3 -fomit-frame-pointer -funroll-loops execution test
FAIL: gfortran.dg/namelist_54.f90 -O3 -fomit-frame-pointer -funroll-all-loops -finline-functions execution test
FAIL: gfortran.dg/namelist_54.f90 -O3 -g execution test
FAIL: gfortran.dg/namelist_54.f90 -Os execution test
FAIL: gfortran.dg/namelist_55.f90 -O0 execution test
FAIL: gfortran.dg/namelist_55.f90 -O1 execution test
FAIL: gfortran.dg/namelist_55.f90 -O2 execution test
FAIL: gfortran.dg/namelist_55.f90 -O3 -fomit-frame-pointer execution test
FAIL: gfortran.dg/namelist_55.f90 -O3 -fomit-frame-pointer -funroll-loops execution test
FAIL: gfortran.dg/namelist_55.f90 -O3 -fomit-frame-pointer -funroll-all-loops -finline-functions execution test
FAIL: gfortran.dg/namelist_55.f90 -O3 -g execution test
FAIL: gfortran.dg/namelist_55.f90 -Os execution test
FAIL: gfortran.dg/namelist_56.f90 -O0 execution test
FAIL: gfortran.dg/namelist_56.f90 -O1 execution test
FAIL: gfortran.dg/namelist_56.f90 -O2 execution test
FAIL: gfortran.dg/namelist_56.f90 -O3 -fomit-frame-pointer execution test
FAIL: gfortran.dg/namelist_56.f90 -O3 -fomit-frame-pointer -funroll-loops execution test
FAIL: gfortran.dg/namelist_56.f90 -O3 -fomit-frame-pointer -funroll-all-loops -finline-functions execution test
FAIL: gfortran.dg/namelist_56.f90 -O3 -g execution test
FAIL: gfortran.dg/namelist_56.f90 -Os execution test
FAIL: gfortran.dg/namelist_internal.f90 -O0 execution test
FAIL: gfortran.dg/namelist_internal.f90 -O1 execution test
FAIL: gfortran.dg/namelist_internal.f90 -O2 execution test
FAIL: gfortran.dg/namelist_internal.f90 -O3 -fomit-frame-pointer execution test
FAIL: gfortran.dg/namelist_internal.f90 -O3 -fomit-frame-pointer -funroll-loops execution test
FAIL: gfortran.dg/namelist_internal.f90 -O3 -fomit-frame-pointer -funroll-all-loops -finline-functions execution test
FAIL: gfortran.dg/namelist_internal.f90 -O3 -g execution test
FAIL: gfortran.dg/namelist_internal.f90 -Os execution test
FAIL: gfortran.dg/namelist_use.f90 -O0 execution test
FAIL: gfortran.dg/namelist_use.f90 -O1 execution test
FAIL: gfortran.dg/namelist_use.f90 -O2 execution test
FAIL: gfortran.dg/namelist_use.f90 -O3 -fomit-frame-pointer execution test
FAIL: gfortran.dg/namelist_use.f90 -O3 -fomit-frame-pointer -funroll-loops execution test
FAIL: gfortran.dg/namelist_use.f90 -O3 -fomit-frame-pointer -funroll-all-loops -finline-functions execution test
FAIL: gfortran.dg/namelist_use.f90 -O3 -g execution test
FAIL: gfortran.dg/namelist_use.f90 -Os execution test
FAIL: gfortran.dg/namelist_use_only.f90 -O0 execution test
FAIL: gfortran.dg/namelist_use_only.f90 -O1 execution test
FAIL: gfortran.dg/namelist_use_only.f90 -O2 execution test
FAIL: gfortran.dg/namelist_use_only.f90 -O3 -fomit-frame-pointer execution test
FAIL: gfortran.dg/namelist_use_only.f90 -O3 -fomit-frame-pointer -funroll-loops execution test
FAIL: gfortran.dg/namelist_use_only.f90 -O3 -fomit-frame-pointer -funroll-all-loops -finline-functions execution test
FAIL: gfortran.dg/namelist_use_only.f90 -O3 -g execution test
FAIL: gfortran.dg/namelist_use_only.f90 -Os execution test
FAIL: gfortran.dg/no_range_check_2.f90 -O0 execution test
FAIL: gfortran.dg/no_range_check_2.f90 -O1 execution test
FAIL: gfortran.dg/no_range_check_2.f90 -O2 execution test
FAIL: gfortran.dg/no_range_check_2.f90 -O3 -fomit-frame-pointer execution test
FAIL: gfortran.dg/no_range_check_2.f90 -O3 -fomit-frame-pointer -funroll-loops execution test
FAIL: gfortran.dg/no_range_check_2.f90 -O3 -fomit-frame-pointer -funroll-all-loops -finline-functions execution test
FAIL: gfortran.dg/no_range_check_2.f90 -O3 -g execution test
FAIL: gfortran.dg/no_range_check_2.f90 -Os execution test
FAIL: gfortran.dg/noadv_size.f90 -O0 execution test
FAIL: gfortran.dg/noadv_size.f90 -O1 execution test
FAIL: gfortran.dg/noadv_size.f90 -O2 execution test
FAIL: gfortran.dg/noadv_size.f90 -O3 -fomit-frame-pointer execution test
FAIL: gfortran.dg/noadv_size.f90 -O3 -fomit-frame-pointer -funroll-loops execution test
FAIL: gfortran.dg/noadv_size.f90 -O3 -fomit-frame-pointer -funroll-all-loops -finline-functions execution test
FAIL: gfortran.dg/noadv_size.f90 -O3 -g execution test
FAIL: gfortran.dg/noadv_size.f90 -Os execution test
FAIL: gfortran.dg/open_access_append_1.f90 -O0 execution test
FAIL: gfortran.dg/open_access_append_1.f90 -O1 execution test
FAIL: gfortran.dg/open_access_append_1.f90 -O2 execution test
FAIL: gfortran.dg/open_access_append_1.f90 -O3 -fomit-frame-pointer execution test
FAIL: gfortran.dg/open_access_append_1.f90 -O3 -fomit-frame-pointer -funroll-loops execution test
FAIL: gfortran.dg/open_access_append_1.f90 -O3 -fomit-frame-pointer -funroll-all-loops -finline-functions execution test
FAIL: gfortran.dg/open_access_append_1.f90 -O3 -g execution test
FAIL: gfortran.dg/open_access_append_1.f90 -Os execution test
FAIL: gfortran.dg/overwrite_1.f -O0 execution test
FAIL: gfortran.dg/overwrite_1.f -O1 execution test
FAIL: gfortran.dg/overwrite_1.f -O2 execution test
FAIL: gfortran.dg/overwrite_1.f -O3 -fomit-frame-pointer execution test
FAIL: gfortran.dg/overwrite_1.f -O3 -fomit-frame-pointer -funroll-loops execution test
FAIL: gfortran.dg/overwrite_1.f -O3 -fomit-frame-pointer -funroll-all-loops -finline-functions execution test
FAIL: gfortran.dg/overwrite_1.f -O3 -g execution test
FAIL: gfortran.dg/overwrite_1.f -Os execution test
FAIL: gfortran.dg/pr12884.f -O0 execution test
FAIL: gfortran.dg/pr12884.f -O1 execution test
FAIL: gfortran.dg/pr12884.f -O2 execution test
FAIL: gfortran.dg/pr12884.f -O3 -fomit-frame-pointer execution test
FAIL: gfortran.dg/pr12884.f -O3 -fomit-frame-pointer -funroll-loops execution test
FAIL: gfortran.dg/pr12884.f -O3 -fomit-frame-pointer -funroll-all-loops -finline-functions execution test
FAIL: gfortran.dg/pr12884.f -O3 -g execution test
FAIL: gfortran.dg/pr12884.f -Os execution test
FAIL: gfortran.dg/pr17285.f90 -O0 execution test
FAIL: gfortran.dg/pr17285.f90 -O1 execution test
FAIL: gfortran.dg/pr17285.f90 -O2 execution test
FAIL: gfortran.dg/pr17285.f90 -O3 -fomit-frame-pointer execution test
FAIL: gfortran.dg/pr17285.f90 -O3 -fomit-frame-pointer -funroll-loops execution test
FAIL: gfortran.dg/pr17285.f90 -O3 -fomit-frame-pointer -funroll-all-loops -finline-functions execution test
FAIL: gfortran.dg/pr17285.f90 -O3 -g execution test
FAIL: gfortran.dg/pr17285.f90 -Os execution test
FAIL: gfortran.dg/pr17286.f90 -O0 execution test
FAIL: gfortran.dg/pr17286.f90 -O1 execution test
FAIL: gfortran.dg/pr17286.f90 -O2 execution test
FAIL: gfortran.dg/pr17286.f90 -O3 -fomit-frame-pointer execution test
FAIL: gfortran.dg/pr17286.f90 -O3 -fomit-frame-pointer -funroll-loops execution test
FAIL: gfortran.dg/pr17286.f90 -O3 -fomit-frame-pointer -funroll-all-loops -finline-functions execution test
FAIL: gfortran.dg/pr17286.f90 -O3 -g execution test
FAIL: gfortran.dg/pr17286.f90 -Os execution test
FAIL: gfortran.dg/pr18122.f90 -O0 execution test
FAIL: gfortran.dg/pr18122.f90 -O1 execution test
FAIL: gfortran.dg/pr18122.f90 -O2 execution test
FAIL: gfortran.dg/pr18122.f90 -O3 -fomit-frame-pointer execution test
FAIL: gfortran.dg/pr18122.f90 -O3 -fomit-frame-pointer -funroll-loops execution test
FAIL: gfortran.dg/pr18122.f90 -O3 -fomit-frame-pointer -funroll-all-loops -finline-functions execution test
FAIL: gfortran.dg/pr18122.f90 -O3 -g execution test
FAIL: gfortran.dg/pr18122.f90 -Os execution test
FAIL: gfortran.dg/pr18392.f90 -O0 execution test
FAIL: gfortran.dg/pr18392.f90 -O1 execution test
FAIL: gfortran.dg/pr18392.f90 -O2 execution test
FAIL: gfortran.dg/pr18392.f90 -O3 -fomit-frame-pointer execution test
FAIL: gfortran.dg/pr18392.f90 -O3 -fomit-frame-pointer -funroll-loops execution test
FAIL: gfortran.dg/pr18392.f90 -O3 -fomit-frame-pointer -funroll-all-loops -finline-functions execution test
FAIL: gfortran.dg/pr18392.f90 -O3 -g execution test
FAIL: gfortran.dg/pr18392.f90 -Os execution test
FAIL: gfortran.dg/pr19216.f -O0 execution test
FAIL: gfortran.dg/pr19216.f -O1 execution test
FAIL: gfortran.dg/pr19216.f -O2 execution test
FAIL: gfortran.dg/pr19216.f -O3 -fomit-frame-pointer execution test
FAIL: gfortran.dg/pr19216.f -O3 -fomit-frame-pointer -funroll-loops execution test
FAIL: gfortran.dg/pr19216.f -O3 -fomit-frame-pointer -funroll-all-loops -finline-functions execution test
FAIL: gfortran.dg/pr19216.f -O3 -g execution test
FAIL: gfortran.dg/pr19216.f -Os execution test
FAIL: gfortran.dg/pr19657.f -O0 execution test
FAIL: gfortran.dg/pr19657.f -O1 execution test
FAIL: gfortran.dg/pr19657.f -O2 execution test
FAIL: gfortran.dg/pr19657.f -O3 -fomit-frame-pointer execution test
FAIL: gfortran.dg/pr19657.f -O3 -fomit-frame-pointer -funroll-loops execution test
FAIL: gfortran.dg/pr19657.f -O3 -fomit-frame-pointer -funroll-all-loops -finline-functions execution test
FAIL: gfortran.dg/pr19657.f -O3 -g execution test
FAIL: gfortran.dg/pr19657.f -Os execution test
FAIL: gfortran.dg/read_bad_advance.f90 -O0 execution test
FAIL: gfortran.dg/read_bad_advance.f90 -O1 execution test
FAIL: gfortran.dg/read_bad_advance.f90 -O2 execution test
FAIL: gfortran.dg/read_bad_advance.f90 -O3 -fomit-frame-pointer execution test
FAIL: gfortran.dg/read_bad_advance.f90 -O3 -fomit-frame-pointer -funroll-loops execution test
FAIL: gfortran.dg/read_bad_advance.f90 -O3 -fomit-frame-pointer -funroll-all-loops -finline-functions execution test
FAIL: gfortran.dg/read_bad_advance.f90 -O3 -g execution test
FAIL: gfortran.dg/read_bad_advance.f90 -Os execution test
FAIL: gfortran.dg/read_comma.f -O0 execution test
FAIL: gfortran.dg/read_comma.f -O1 execution test
FAIL: gfortran.dg/read_comma.f -O2 execution test
FAIL: gfortran.dg/read_comma.f -O3 -fomit-frame-pointer execution test
FAIL: gfortran.dg/read_comma.f -O3 -fomit-frame-pointer -funroll-loops execution test
FAIL: gfortran.dg/read_comma.f -O3 -fomit-frame-pointer -funroll-all-loops -finline-functions execution test
FAIL: gfortran.dg/read_comma.f -O3 -g execution test
FAIL: gfortran.dg/read_comma.f -Os execution test
FAIL: gfortran.dg/read_logical.f90 -O0 execution test
FAIL: gfortran.dg/read_logical.f90 -O1 execution test
FAIL: gfortran.dg/read_logical.f90 -O2 execution test
FAIL: gfortran.dg/read_logical.f90 -O3 -fomit-frame-pointer execution test
FAIL: gfortran.dg/read_logical.f90 -O3 -fomit-frame-pointer -funroll-loops execution test
FAIL: gfortran.dg/read_logical.f90 -O3 -fomit-frame-pointer -funroll-all-loops -finline-functions execution test
FAIL: gfortran.dg/read_logical.f90 -O3 -g execution test
FAIL: gfortran.dg/read_logical.f90 -Os execution test
FAIL: gfortran.dg/read_repeat.f90 -O0 execution test
FAIL: gfortran.dg/read_repeat.f90 -O1 execution test
FAIL: gfortran.dg/read_repeat.f90 -O2 execution test
FAIL: gfortran.dg/read_repeat.f90 -O3 -fomit-frame-pointer execution test
FAIL: gfortran.dg/read_repeat.f90 -O3 -fomit-frame-pointer -funroll-loops execution test
FAIL: gfortran.dg/read_repeat.f90 -O3 -fomit-frame-pointer -funroll-all-loops -finline-functions execution test
FAIL: gfortran.dg/read_repeat.f90 -O3 -g execution test
FAIL: gfortran.dg/read_repeat.f90 -Os execution test
FAIL: gfortran.dg/record_marker_2.f -O0 execution test
FAIL: gfortran.dg/record_marker_2.f -O1 execution test
FAIL: gfortran.dg/record_marker_2.f -O2 execution test
FAIL: gfortran.dg/record_marker_2.f -O3 -fomit-frame-pointer execution test
FAIL: gfortran.dg/record_marker_2.f -O3 -fomit-frame-pointer -funroll-loops execution test
FAIL: gfortran.dg/record_marker_2.f -O3 -fomit-frame-pointer -funroll-all-loops -finline-functions execution test
FAIL: gfortran.dg/record_marker_2.f -O3 -g execution test
FAIL: gfortran.dg/record_marker_2.f -Os execution test
FAIL: gfortran.dg/reshape_order_1.f90 -O0 output pattern test, is Fortran runtime error: Value 208 out of range in ORDER argument to RESHAPE intrinsic
FAIL: gfortran.dg/reshape_order_1.f90 -O1 output pattern test, is Fortran runtime error: Value 208 out of range in ORDER argument to RESHAPE intrinsic
FAIL: gfortran.dg/reshape_order_1.f90 -O2 output pattern test, is Fortran runtime error: Value 208 out of range in ORDER argument to RESHAPE intrinsic
FAIL: gfortran.dg/reshape_order_1.f90 -O3 -fomit-frame-pointer output pattern test, is Fortran runtime error: Value 208 out of range in ORDER argument to RESHAPE intrinsic
FAIL: gfortran.dg/reshape_order_1.f90 -O3 -fomit-frame-pointer -funroll-loops output pattern test, is Fortran runtime error: Value 208 out of range in ORDER argument to RESHAPE intrinsic
FAIL: gfortran.dg/reshape_order_1.f90 -O3 -fomit-frame-pointer -funroll-all-loops -finline-functions output pattern test, is Fortran runtime error: Value 208 out of range in ORDER argument to RESHAPE intrinsic
FAIL: gfortran.dg/reshape_order_1.f90 -O3 -g output pattern test, is Fortran runtime error: Value 208 out of range in ORDER argument to RESHAPE intrinsic
FAIL: gfortran.dg/reshape_order_1.f90 -Os output pattern test, is Fortran runtime error: Value 208 out of range in ORDER argument to RESHAPE intrinsic
FAIL: gfortran.dg/reshape_order_2.f90 -O0 output pattern test, is Fortran runtime error: Value 208 out of range in ORDER argument to RESHAPE intrinsic
FAIL: gfortran.dg/reshape_order_2.f90 -O1 output pattern test, is Fortran runtime error: Value 208 out of range in ORDER argument to RESHAPE intrinsic
FAIL: gfortran.dg/reshape_order_2.f90 -O2 output pattern test, is Fortran runtime error: Value 208 out of range in ORDER argument to RESHAPE intrinsic
FAIL: gfortran.dg/reshape_order_2.f90 -O3 -fomit-frame-pointer output pattern test, is Fortran runtime error: Value 208 out of range in ORDER argument to RESHAPE intrinsic
FAIL: gfortran.dg/reshape_order_2.f90 -O3 -fomit-frame-pointer -funroll-loops output pattern test, is Fortran runtime error: Value 208 out of range in ORDER argument to RESHAPE intrinsic
FAIL: gfortran.dg/reshape_order_2.f90 -O3 -fomit-frame-pointer -funroll-all-loops -finline-functions output pattern test, is Fortran runtime error: Value 208 out of range in ORDER argument to RESHAPE intrinsic
FAIL: gfortran.dg/reshape_order_2.f90 -O3 -g output pattern test, is Fortran runtime error: Value 208 out of range in ORDER argument to RESHAPE intrinsic
FAIL: gfortran.dg/reshape_order_2.f90 -Os output pattern test, is Fortran runtime error: Value 208 out of range in ORDER argument to RESHAPE intrinsic
FAIL: gfortran.dg/reshape_order_3.f90 -O0 output pattern test, is Fortran runtime error: Value 208 out of range in ORDER argument to RESHAPE intrinsic
FAIL: gfortran.dg/reshape_order_3.f90 -O1 output pattern test, is Fortran runtime error: Value 208 out of range in ORDER argument to RESHAPE intrinsic
FAIL: gfortran.dg/reshape_order_3.f90 -O2 output pattern test, is Fortran runtime error: Value 208 out of range in ORDER argument to RESHAPE intrinsic
FAIL: gfortran.dg/reshape_order_3.f90 -O3 -fomit-frame-pointer output pattern test, is Fortran runtime error: Value 208 out of range in ORDER argument to RESHAPE intrinsic
FAIL: gfortran.dg/reshape_order_3.f90 -O3 -fomit-frame-pointer -funroll-loops output pattern test, is Fortran runtime error: Value 208 out of range in ORDER argument to RESHAPE intrinsic
FAIL: gfortran.dg/reshape_order_3.f90 -O3 -fomit-frame-pointer -funroll-all-loops -finline-functions output pattern test, is Fortran runtime error: Value 208 out of range in ORDER argument to RESHAPE intrinsic
FAIL: gfortran.dg/reshape_order_3.f90 -O3 -g output pattern test, is Fortran runtime error: Value 208 out of range in ORDER argument to RESHAPE intrinsic
FAIL: gfortran.dg/reshape_order_3.f90 -Os output pattern test, is Fortran runtime error: Value 208 out of range in ORDER argument to RESHAPE intrinsic
FAIL: gfortran.dg/reshape_order_4.f90 -O0 output pattern test, is Fortran runtime error: Value 208 out of range in ORDER argument to RESHAPE intrinsic
FAIL: gfortran.dg/reshape_order_4.f90 -O1 output pattern test, is Fortran runtime error: Value 208 out of range in ORDER argument to RESHAPE intrinsic
FAIL: gfortran.dg/reshape_order_4.f90 -O2 output pattern test, is Fortran runtime error: Value 208 out of range in ORDER argument to RESHAPE intrinsic
FAIL: gfortran.dg/reshape_order_4.f90 -O3 -fomit-frame-pointer output pattern test, is Fortran runtime error: Value 208 out of range in ORDER argument to RESHAPE intrinsic
FAIL: gfortran.dg/reshape_order_4.f90 -O3 -fomit-frame-pointer -funroll-loops output pattern test, is Fortran runtime error: Value 208 out of range in ORDER argument to RESHAPE intrinsic
FAIL: gfortran.dg/reshape_order_4.f90 -O3 -fomit-frame-pointer -funroll-all-loops -finline-functions output pattern test, is Fortran runtime error: Value 208 out of range in ORDER argument to RESHAPE intrinsic
FAIL: gfortran.dg/reshape_order_4.f90 -O3 -g output pattern test, is Fortran runtime error: Value 208 out of range in ORDER argument to RESHAPE intrinsic
FAIL: gfortran.dg/reshape_order_4.f90 -Os output pattern test, is Fortran runtime error: Value 208 out of range in ORDER argument to RESHAPE intrinsic
FAIL: gfortran.dg/slash_1.f90 -O0 execution test
FAIL: gfortran.dg/slash_1.f90 -O1 execution test
FAIL: gfortran.dg/slash_1.f90 -O2 execution test
FAIL: gfortran.dg/slash_1.f90 -O3 -fomit-frame-pointer execution test
FAIL: gfortran.dg/slash_1.f90 -O3 -fomit-frame-pointer -funroll-loops execution test
FAIL: gfortran.dg/slash_1.f90 -O3 -fomit-frame-pointer -funroll-all-loops -finline-functions execution test
FAIL: gfortran.dg/slash_1.f90 -O3 -g execution test
FAIL: gfortran.dg/slash_1.f90 -Os execution test
FAIL: gfortran.dg/streamio_11.f90 -O0 execution test
FAIL: gfortran.dg/streamio_11.f90 -O1 execution test
FAIL: gfortran.dg/streamio_11.f90 -O2 execution test
FAIL: gfortran.dg/streamio_11.f90 -O3 -fomit-frame-pointer execution test
FAIL: gfortran.dg/streamio_11.f90 -O3 -fomit-frame-pointer -funroll-loops execution test
FAIL: gfortran.dg/streamio_11.f90 -O3 -fomit-frame-pointer -funroll-all-loops -finline-functions execution test
FAIL: gfortran.dg/streamio_11.f90 -O3 -g execution test
FAIL: gfortran.dg/streamio_11.f90 -Os execution test
FAIL: gfortran.dg/streamio_3.f90 -O0 execution test
FAIL: gfortran.dg/streamio_3.f90 -O1 execution test
FAIL: gfortran.dg/streamio_3.f90 -O2 execution test
FAIL: gfortran.dg/streamio_3.f90 -O3 -fomit-frame-pointer execution test
FAIL: gfortran.dg/streamio_3.f90 -O3 -fomit-frame-pointer -funroll-loops execution test
FAIL: gfortran.dg/streamio_3.f90 -O3 -fomit-frame-pointer -funroll-all-loops -finline-functions execution test
FAIL: gfortran.dg/streamio_3.f90 -O3 -g execution test
FAIL: gfortran.dg/streamio_3.f90 -Os execution test
FAIL: gfortran.dg/streamio_4.f90 -O0 execution test
FAIL: gfortran.dg/streamio_4.f90 -O1 execution test
FAIL: gfortran.dg/streamio_4.f90 -O2 execution test
FAIL: gfortran.dg/streamio_4.f90 -O3 -fomit-frame-pointer execution test
FAIL: gfortran.dg/streamio_4.f90 -O3 -fomit-frame-pointer -funroll-loops execution test
FAIL: gfortran.dg/streamio_4.f90 -O3 -fomit-frame-pointer -funroll-all-loops -finline-functions execution test
FAIL: gfortran.dg/streamio_4.f90 -O3 -g execution test
FAIL: gfortran.dg/streamio_4.f90 -Os execution test
FAIL: gfortran.dg/transpose_2.f90 -O0 execution test
FAIL: gfortran.dg/transpose_2.f90 -O1 execution test
FAIL: gfortran.dg/transpose_2.f90 -O2 execution test
FAIL: gfortran.dg/transpose_2.f90 -O3 -fomit-frame-pointer execution test
FAIL: gfortran.dg/transpose_2.f90 -O3 -fomit-frame-pointer -funroll-loops execution test
FAIL: gfortran.dg/transpose_2.f90 -O3 -fomit-frame-pointer -funroll-all-loops -finline-functions execution test
FAIL: gfortran.dg/transpose_2.f90 -O3 -g execution test
FAIL: gfortran.dg/transpose_2.f90 -Os execution test
FAIL: gfortran.dg/unit_1.f90 -O0 execution test
FAIL: gfortran.dg/unit_1.f90 -O1 execution test
FAIL: gfortran.dg/unit_1.f90 -O2 execution test
FAIL: gfortran.dg/unit_1.f90 -O3 -fomit-frame-pointer execution test
FAIL: gfortran.dg/unit_1.f90 -O3 -fomit-frame-pointer -funroll-loops execution test
FAIL: gfortran.dg/unit_1.f90 -O3 -fomit-frame-pointer -funroll-all-loops -finline-functions execution test
FAIL: gfortran.dg/unit_1.f90 -O3 -g execution test
FAIL: gfortran.dg/unit_1.f90 -Os execution test
FAIL: gfortran.dg/g77/f77-edit-i-in.f -O0 execution test
FAIL: gfortran.dg/g77/f77-edit-i-in.f -O1 execution test
FAIL: gfortran.dg/g77/f77-edit-i-in.f -O2 execution test
FAIL: gfortran.dg/g77/f77-edit-i-in.f -O3 -fomit-frame-pointer execution test
FAIL: gfortran.dg/g77/f77-edit-i-in.f -O3 -fomit-frame-pointer -funroll-loops execution test
FAIL: gfortran.dg/g77/f77-edit-i-in.f -O3 -fomit-frame-pointer -funroll-all-loops -finline-functions execution test
FAIL: gfortran.dg/g77/f77-edit-i-in.f -O3 -g execution test
FAIL: gfortran.dg/g77/f77-edit-i-in.f -Os execution test
FAIL: gfortran.dg/g77/f77-edit-t-in.f -O0 execution test
FAIL: gfortran.dg/g77/f77-edit-t-in.f -O1 execution test
FAIL: gfortran.dg/g77/f77-edit-t-in.f -O2 execution test
FAIL: gfortran.dg/g77/f77-edit-t-in.f -O3 -fomit-frame-pointer execution test
FAIL: gfortran.dg/g77/f77-edit-t-in.f -O3 -fomit-frame-pointer -funroll-loops execution test
FAIL: gfortran.dg/g77/f77-edit-t-in.f -O3 -fomit-frame-pointer -funroll-all-loops -finline-functions execution test
FAIL: gfortran.dg/g77/f77-edit-t-in.f -O3 -g execution test
FAIL: gfortran.dg/g77/f77-edit-t-in.f -Os execution test
WARNING: program timed out.
FAIL: gfortran.dg/vect/fast-math-pr38968.f90 execution test
FAIL: gfortran.dg/vect/fast-math-pr38968.f90 scan-tree-dump vect "vectorized 1 loops"
FAIL: gfortran.fortran-torture/execute/intrinsic_anyall.f90 execution, -O0
FAIL: gfortran.fortran-torture/execute/intrinsic_anyall.f90 execution, -O1
FAIL: gfortran.fortran-torture/execute/intrinsic_anyall.f90 execution, -O2
FAIL: gfortran.fortran-torture/execute/intrinsic_anyall.f90 execution, -O2 -fomit-frame-pointer -finline-functions
FAIL: gfortran.fortran-torture/execute/intrinsic_anyall.f90 execution, -O2 -fomit-frame-pointer -finline-functions -funroll-loops
FAIL: gfortran.fortran-torture/execute/intrinsic_anyall.f90 execution, -O2 -fbounds-check
FAIL: gfortran.fortran-torture/execute/intrinsic_anyall.f90 execution, -O3 -g
FAIL: gfortran.fortran-torture/execute/intrinsic_anyall.f90 execution, -Os
FAIL: gfortran.fortran-torture/execute/intrinsic_count.f90 execution, -O0
FAIL: gfortran.fortran-torture/execute/intrinsic_count.f90 execution, -O1
FAIL: gfortran.fortran-torture/execute/intrinsic_count.f90 execution, -O2
FAIL: gfortran.fortran-torture/execute/intrinsic_count.f90 execution, -O2 -fomit-frame-pointer -finline-functions
FAIL: gfortran.fortran-torture/execute/intrinsic_count.f90 execution, -O2 -fomit-frame-pointer -finline-functions -funroll-loops
FAIL: gfortran.fortran-torture/execute/intrinsic_count.f90 execution, -O2 -fbounds-check
FAIL: gfortran.fortran-torture/execute/intrinsic_count.f90 execution, -O3 -g
FAIL: gfortran.fortran-torture/execute/intrinsic_count.f90 execution, -Os
FAIL: gfortran.fortran-torture/execute/intrinsic_mmloc.f90 execution, -O0
FAIL: gfortran.fortran-torture/execute/intrinsic_mmloc.f90 execution, -O1
FAIL: gfortran.fortran-torture/execute/intrinsic_mmloc.f90 execution, -O2
FAIL: gfortran.fortran-torture/execute/intrinsic_mmloc.f90 execution, -O2 -fomit-frame-pointer -finline-functions
FAIL: gfortran.fortran-torture/execute/intrinsic_mmloc.f90 execution, -O2 -fomit-frame-pointer -finline-functions -funroll-loops
FAIL: gfortran.fortran-torture/execute/intrinsic_mmloc.f90 execution, -O2 -fbounds-check
FAIL: gfortran.fortran-torture/execute/intrinsic_mmloc.f90 execution, -O3 -g
FAIL: gfortran.fortran-torture/execute/intrinsic_mmloc.f90 execution, -Os
FAIL: gfortran.fortran-torture/execute/list_read_1.f90 execution, -O0
FAIL: gfortran.fortran-torture/execute/list_read_1.f90 execution, -O1
FAIL: gfortran.fortran-torture/execute/list_read_1.f90 execution, -O2
FAIL: gfortran.fortran-torture/execute/list_read_1.f90 execution, -O2 -fomit-frame-pointer -finline-functions
FAIL: gfortran.fortran-torture/execute/list_read_1.f90 execution, -O2 -fomit-frame-pointer -finline-functions -funroll-loops
FAIL: gfortran.fortran-torture/execute/list_read_1.f90 execution, -O2 -fbounds-check
FAIL: gfortran.fortran-torture/execute/list_read_1.f90 execution, -O3 -g
FAIL: gfortran.fortran-torture/execute/list_read_1.f90 execution, -Os
FAIL: gfortran.fortran-torture/execute/slash_edit.f90 execution, -O0
FAIL: gfortran.fortran-torture/execute/slash_edit.f90 execution, -O1
FAIL: gfortran.fortran-torture/execute/slash_edit.f90 execution, -O2
FAIL: gfortran.fortran-torture/execute/slash_edit.f90 execution, -O2 -fomit-frame-pointer -finline-functions
FAIL: gfortran.fortran-torture/execute/slash_edit.f90 execution, -O2 -fomit-frame-pointer -finline-functions -funroll-loops
FAIL: gfortran.fortran-torture/execute/slash_edit.f90 execution, -O2 -fbounds-check
FAIL: gfortran.fortran-torture/execute/slash_edit.f90 execution, -O3 -g
FAIL: gfortran.fortran-torture/execute/slash_edit.f90 execution, -Os
FAIL: gfortran.fortran-torture/execute/unopened_unit_1.f90 execution, -O0
FAIL: gfortran.fortran-torture/execute/unopened_unit_1.f90 execution, -O1
FAIL: gfortran.fortran-torture/execute/unopened_unit_1.f90 execution, -O2
FAIL: gfortran.fortran-torture/execute/unopened_unit_1.f90 execution, -O2 -fomit-frame-pointer -finline-functions
FAIL: gfortran.fortran-torture/execute/unopened_unit_1.f90 execution, -O2 -fomit-frame-pointer -finline-functions -funroll-loops
FAIL: gfortran.fortran-torture/execute/unopened_unit_1.f90 execution, -O2 -fbounds-check
FAIL: gfortran.fortran-torture/execute/unopened_unit_1.f90 execution, -O3 -g
FAIL: gfortran.fortran-torture/execute/unopened_unit_1.f90 execution, -Os
=== gfortran Summary ===
# of expected passes 31467
# of unexpected failures 682
# of expected failures 30
# of unsupported tests 289
/var/builds/opt/trunk/objdir/gcc/testsuite/gfortran/../../gfortran version 4.5.0 20091206 (experimental) [trunk revision 155022] (GCC)
=== objc tests ===
Running target unix
FAIL: objc/execute/class-13.m compilation, -O1 -fgnu-runtime
UNRESOLVED: objc/execute/class-13.m execution, -O1 -fgnu-runtime
FAIL: objc/execute/class-13.m compilation, -O2 -fgnu-runtime
UNRESOLVED: objc/execute/class-13.m execution, -O2 -fgnu-runtime
FAIL: objc/execute/class-13.m compilation, -O3 -fomit-frame-pointer -fgnu-runtime
UNRESOLVED: objc/execute/class-13.m execution, -O3 -fomit-frame-pointer -fgnu-runtime
FAIL: objc/execute/class-13.m compilation, -O3 -g -fgnu-runtime
UNRESOLVED: objc/execute/class-13.m execution, -O3 -g -fgnu-runtime
FAIL: objc/execute/class-13.m compilation, -Os -fgnu-runtime
UNRESOLVED: objc/execute/class-13.m execution, -Os -fgnu-runtime
FAIL: objc/execute/class-6.m compilation, -O1 -fgnu-runtime
UNRESOLVED: objc/execute/class-6.m execution, -O1 -fgnu-runtime
FAIL: objc/execute/class-6.m compilation, -O2 -fgnu-runtime
UNRESOLVED: objc/execute/class-6.m execution, -O2 -fgnu-runtime
FAIL: objc/execute/class-6.m compilation, -O3 -fomit-frame-pointer -fgnu-runtime
UNRESOLVED: objc/execute/class-6.m execution, -O3 -fomit-frame-pointer -fgnu-runtime
FAIL: objc/execute/class-6.m compilation, -O3 -g -fgnu-runtime
UNRESOLVED: objc/execute/class-6.m execution, -O3 -g -fgnu-runtime
FAIL: objc/execute/class-6.m compilation, -Os -fgnu-runtime
UNRESOLVED: objc/execute/class-6.m execution, -Os -fgnu-runtime
FAIL: objc/execute/forward-1.m execution, -O0 -fgnu-runtime
FAIL: objc/execute/forward-1.m compilation, -O1 -fgnu-runtime
UNRESOLVED: objc/execute/forward-1.m execution, -O1 -fgnu-runtime
FAIL: objc/execute/forward-1.m compilation, -O2 -fgnu-runtime
UNRESOLVED: objc/execute/forward-1.m execution, -O2 -fgnu-runtime
FAIL: objc/execute/forward-1.m compilation, -O3 -fomit-frame-pointer -fgnu-runtime
UNRESOLVED: objc/execute/forward-1.m execution, -O3 -fomit-frame-pointer -fgnu-runtime
FAIL: objc/execute/forward-1.m compilation, -O3 -fomit-frame-pointer -funroll-loops -fgnu-runtime
UNRESOLVED: objc/execute/forward-1.m execution, -O3 -fomit-frame-pointer -funroll-loops -fgnu-runtime
FAIL: objc/execute/forward-1.m compilation, -O3 -fomit-frame-pointer -funroll-all-loops -finline-functions -fgnu-runtime
UNRESOLVED: objc/execute/forward-1.m execution, -O3 -fomit-frame-pointer -funroll-all-loops -finline-functions -fgnu-runtime
FAIL: objc/execute/forward-1.m compilation, -O3 -g -fgnu-runtime
UNRESOLVED: objc/execute/forward-1.m execution, -O3 -g -fgnu-runtime
FAIL: objc/execute/forward-1.m compilation, -Os -fgnu-runtime
UNRESOLVED: objc/execute/forward-1.m execution, -Os -fgnu-runtime
FAIL: objc/execute/object_is_class.m compilation, -O1 -fgnu-runtime
UNRESOLVED: objc/execute/object_is_class.m execution, -O1 -fgnu-runtime
FAIL: objc/execute/object_is_class.m compilation, -O2 -fgnu-runtime
UNRESOLVED: objc/execute/object_is_class.m execution, -O2 -fgnu-runtime
FAIL: objc/execute/object_is_class.m compilation, -O3 -fomit-frame-pointer -fgnu-runtime
UNRESOLVED: objc/execute/object_is_class.m execution, -O3 -fomit-frame-pointer -fgnu-runtime
FAIL: objc/execute/object_is_class.m compilation, -O3 -g -fgnu-runtime
UNRESOLVED: objc/execute/object_is_class.m execution, -O3 -g -fgnu-runtime
FAIL: objc/execute/object_is_class.m compilation, -Os -fgnu-runtime
UNRESOLVED: objc/execute/object_is_class.m execution, -Os -fgnu-runtime
FAIL: objc/execute/object_is_meta_class.m compilation, -O1 -fgnu-runtime
UNRESOLVED: objc/execute/object_is_meta_class.m execution, -O1 -fgnu-runtime
FAIL: objc/execute/object_is_meta_class.m compilation, -O2 -fgnu-runtime
UNRESOLVED: objc/execute/object_is_meta_class.m execution, -O2 -fgnu-runtime
FAIL: objc/execute/object_is_meta_class.m compilation, -O3 -fomit-frame-pointer -fgnu-runtime
UNRESOLVED: objc/execute/object_is_meta_class.m execution, -O3 -fomit-frame-pointer -fgnu-runtime
FAIL: objc/execute/object_is_meta_class.m compilation, -O3 -g -fgnu-runtime
UNRESOLVED: objc/execute/object_is_meta_class.m execution, -O3 -g -fgnu-runtime
FAIL: objc/execute/object_is_meta_class.m compilation, -Os -fgnu-runtime
UNRESOLVED: objc/execute/object_is_meta_class.m execution, -Os -fgnu-runtime
=== objc Summary ===
# of expected passes 1820
# of unexpected failures 28
# of expected failures 7
# of unresolved testcases 27
# of unsupported tests 24
/var/builds/opt/trunk/objdir/gcc/xgcc version 4.5.0 20091206 (experimental) [trunk revision 155022] (GCC)
Compiler version: 4.5.0 20091206 (experimental) [trunk revision 155022] (GCC)
Platform: armv7l-unknown-linux-gnueabi
configure flags: --prefix=/opt/install-gcc-trunk --enable-languages=c,c++,fortran,objc --enable-stage1-checking=release
Build Logs: http://rcn-ee.homeip.net:81/dl/gcc/