This is the mail archive of the
gcc-testresults@gcc.gnu.org
mailing list for the GCC project.
Results for 4.5.0 20091121 (experimental) (GCC) testsuite on s390x-ibm-linux-gnu
- From: Andreas Krebbel <Andreas dot Krebbel at de dot ibm dot com>
- To: gcc-testresults at gcc dot gnu dot org
- Date: Sat, 21 Nov 2009 11:04:33 +0100
- Subject: Results for 4.5.0 20091121 (experimental) (GCC) testsuite on s390x-ibm-linux-gnu
LAST_UPDATED: Sat Nov 21 03:33:06 UTC 2009 (revision 154398M)
Native configuration is s390x-ibm-linux-gnu
=== g++ tests ===
Running target unix
=== g++ Summary ===
# of expected passes 20722
# of expected failures 150
# of unsupported tests 172
/31bit/build-extralong/BUILD/gcc/obj-s390x-redhat-linux/gcc/testsuite/g++/../../g++ version 4.5.0 20091121 (experimental) (GCC)
=== gcc tests ===
Running target unix
XPASS: gcc.dg/Warray-bounds.c (test for warnings, line 59)
XPASS: gcc.dg/Warray-bounds.c (test for warnings, line 65)
XPASS: gcc.dg/Wunreachable-8.c (test for bogus messages, line 7)
FAIL: gcc.dg/pr34668-1.c (internal compiler error)
FAIL: gcc.dg/pr34668-1.c (test for excess errors)
FAIL: gcc.dg/uninit-13.c unconditional (test for warnings, line 8)
FAIL: gcc.dg/uninit-13.c (test for excess errors)
XPASS: gcc.dg/guality/example.c -O0 execution test
XPASS: gcc.dg/guality/guality.c -O0 execution test
XPASS: gcc.dg/guality/pr41353-1.c -O0 line 28 j == 28 + 37
FAIL: gcc.dg/guality/pr41353-1.c -O1 line 28 i == 37
FAIL: gcc.dg/guality/pr41353-1.c -O1 line 28 i1 == 2 * 37
FAIL: gcc.dg/guality/pr41353-1.c -O1 line 28 i2 == 3 * 37
FAIL: gcc.dg/guality/pr41353-1.c -O1 line 39 i == 12
FAIL: gcc.dg/guality/pr41353-1.c -O2 line 28 i == 37
FAIL: gcc.dg/guality/pr41353-1.c -O2 line 28 i1 == 2 * 37
FAIL: gcc.dg/guality/pr41353-1.c -O2 line 28 i2 == 3 * 37
FAIL: gcc.dg/guality/pr41353-1.c -O2 line 39 i == 12
FAIL: gcc.dg/guality/pr41353-1.c -O3 -fomit-frame-pointer line 28 i == 37
FAIL: gcc.dg/guality/pr41353-1.c -O3 -fomit-frame-pointer line 28 i1 == 2 * 37
FAIL: gcc.dg/guality/pr41353-1.c -O3 -fomit-frame-pointer line 28 i2 == 3 * 37
FAIL: gcc.dg/guality/pr41353-1.c -O3 -fomit-frame-pointer line 39 i == 12
FAIL: gcc.dg/guality/pr41353-1.c -O3 -g line 28 i == 37
FAIL: gcc.dg/guality/pr41353-1.c -O3 -g line 28 i1 == 2 * 37
FAIL: gcc.dg/guality/pr41353-1.c -O3 -g line 28 i2 == 3 * 37
FAIL: gcc.dg/guality/pr41353-1.c -O3 -g line 39 i == 12
FAIL: gcc.dg/guality/pr41353-1.c -Os line 28 i == 37
FAIL: gcc.dg/guality/pr41353-1.c -Os line 28 i1 == 2 * 37
FAIL: gcc.dg/guality/pr41353-1.c -Os line 28 i2 == 3 * 37
FAIL: gcc.dg/guality/pr41353-1.c -Os line 39 i == 12
XPASS: gcc.dg/guality/pr41447-1.c -O0 execution test
XPASS: gcc.dg/guality/pr41616-1.c -O0 execution test
XPASS: gcc.dg/struct/wo_prof_array_through_pointer.c scan-ipa-dump ipa_struct_reorg "Number of structures to transform is 1"
XPASS: gcc.dg/tree-ssa/20040204-1.c scan-tree-dump-times optimized "link_error" 0
ERROR: gcc.dg/tree-ssa/vrp47.c: syntax error in target selector "target ! mips*-*-* ! s390*-*-*" for " dg-do 6 compile { target { ! mips*-*-* ! s390*-*-* } } "
UNRESOLVED: gcc.dg/tree-ssa/vrp47.c: syntax error in target selector "target ! mips*-*-* ! s390*-*-*" for " dg-do 6 compile { target { ! mips*-*-* ! s390*-*-* } } "
=== gcc Summary ===
# of expected passes 52758
# of unexpected failures 24
# of unexpected successes 10
# of expected failures 120
# of unresolved testcases 1
# of unsupported tests 676
/31bit/build-extralong/BUILD/gcc/obj-s390x-redhat-linux/gcc/xgcc version 4.5.0 20091121 (experimental) (GCC)
=== gfortran tests ===
Running target unix
=== gfortran Summary ===
# of expected passes 32532
# of expected failures 22
# of unsupported tests 54
/31bit/build-extralong/BUILD/gcc/obj-s390x-redhat-linux/gcc/testsuite/gfortran/../../gfortran version 4.5.0 20091121 (experimental) (GCC)
=== obj-c++ tests ===
Running target unix
FAIL: obj-c++.dg/bad-receiver-type.mm (internal compiler error)
FAIL: obj-c++.dg/bad-receiver-type.mm (test for warnings, line 14)
FAIL: obj-c++.dg/bad-receiver-type.mm (test for excess errors)
FAIL: obj-c++.dg/basic.mm (internal compiler error)
FAIL: obj-c++.dg/basic.mm (test for excess errors)
WARNING: obj-c++.dg/basic.mm compilation failed to produce executable
FAIL: obj-c++.dg/bitfield-1.mm (internal compiler error)
FAIL: obj-c++.dg/bitfield-1.mm (test for warnings, line 26)
FAIL: obj-c++.dg/bitfield-1.mm (test for warnings, line 29)
FAIL: obj-c++.dg/bitfield-1.mm (test for warnings, line 76)
XPASS: obj-c++.dg/bitfield-1.mm PR23610 (test for bogus messages, line 42)
XPASS: obj-c++.dg/bitfield-1.mm PR23610 (test for bogus messages, line 45)
XPASS: obj-c++.dg/bitfield-1.mm PR23610 (test for bogus messages, line 59)
XPASS: obj-c++.dg/bitfield-1.mm PR23610 (test for bogus messages, line 62)
XPASS: obj-c++.dg/bitfield-1.mm PR23610 (test for bogus messages, line 77)
XPASS: obj-c++.dg/bitfield-1.mm PR23610 (test for bogus messages, line 78)
FAIL: obj-c++.dg/bitfield-1.mm (test for excess errors)
WARNING: obj-c++.dg/bitfield-1.mm compilation failed to produce executable
FAIL: obj-c++.dg/bitfield-2.mm (internal compiler error)
FAIL: obj-c++.dg/bitfield-2.mm (test for excess errors)
WARNING: obj-c++.dg/bitfield-2.mm compilation failed to produce executable
FAIL: obj-c++.dg/bitfield-4.mm (internal compiler error)
FAIL: obj-c++.dg/bitfield-4.mm (test for warnings, line 21)
FAIL: obj-c++.dg/bitfield-4.mm (test for warnings, line 33)
XPASS: obj-c++.dg/bitfield-4.mm PR23610 (test for bogus messages, line 28)
XPASS: obj-c++.dg/bitfield-4.mm PR23610 (test for bogus messages, line 34)
FAIL: obj-c++.dg/bitfield-4.mm (test for excess errors)
WARNING: obj-c++.dg/bitfield-4.mm compilation failed to produce executable
FAIL: obj-c++.dg/bitfield-5.mm (internal compiler error)
FAIL: obj-c++.dg/bitfield-5.mm (test for errors, line 21)
FAIL: obj-c++.dg/bitfield-5.mm (test for errors, line 13)
FAIL: obj-c++.dg/bitfield-5.mm (test for errors, line 23)
FAIL: obj-c++.dg/bitfield-5.mm (test for errors, line 14)
FAIL: obj-c++.dg/bitfield-5.mm (test for errors, line 26)
FAIL: obj-c++.dg/bitfield-5.mm (test for errors, line 16)
FAIL: obj-c++.dg/bitfield-5.mm (test for excess errors)
FAIL: obj-c++.dg/class-protocol-1.mm (internal compiler error)
FAIL: obj-c++.dg/class-protocol-1.mm (test for warnings, line 59)
FAIL: obj-c++.dg/class-protocol-1.mm (test for warnings, line 60)
FAIL: obj-c++.dg/class-protocol-1.mm (test for warnings, line 61)
FAIL: obj-c++.dg/class-protocol-1.mm (test for warnings, line 63)
FAIL: obj-c++.dg/class-protocol-1.mm (test for warnings, line 64)
FAIL: obj-c++.dg/class-protocol-1.mm (test for warnings, line 66)
FAIL: obj-c++.dg/class-protocol-1.mm (test for warnings, line 70)
FAIL: obj-c++.dg/class-protocol-1.mm (test for warnings, line 71)
FAIL: obj-c++.dg/class-protocol-1.mm (test for warnings, line 76)
FAIL: obj-c++.dg/class-protocol-1.mm (test for warnings, line 78)
FAIL: obj-c++.dg/class-protocol-1.mm (test for warnings, line 79)
FAIL: obj-c++.dg/class-protocol-1.mm (test for warnings, line 82)
FAIL: obj-c++.dg/class-protocol-1.mm (test for warnings, line 112)
FAIL: obj-c++.dg/class-protocol-1.mm (test for warnings, line 113)
FAIL: obj-c++.dg/class-protocol-1.mm (test for warnings, line 118)
FAIL: obj-c++.dg/class-protocol-1.mm (test for warnings, line 152)
FAIL: obj-c++.dg/class-protocol-1.mm (test for warnings, line 153)
FAIL: obj-c++.dg/class-protocol-1.mm (test for warnings, line 154)
FAIL: obj-c++.dg/class-protocol-1.mm (test for warnings, line 156)
FAIL: obj-c++.dg/class-protocol-1.mm (test for warnings, line 157)
FAIL: obj-c++.dg/class-protocol-1.mm (test for warnings, line 159)
FAIL: obj-c++.dg/class-protocol-1.mm (test for warnings, line 164)
FAIL: obj-c++.dg/class-protocol-1.mm (test for warnings, line 165)
FAIL: obj-c++.dg/class-protocol-1.mm (test for warnings, line 170)
FAIL: obj-c++.dg/class-protocol-1.mm (test for warnings, line 187)
FAIL: obj-c++.dg/class-protocol-1.mm (test for warnings, line 188)
FAIL: obj-c++.dg/class-protocol-1.mm (test for warnings, line 190)
FAIL: obj-c++.dg/class-protocol-1.mm (test for warnings, line 190)
FAIL: obj-c++.dg/class-protocol-1.mm (test for warnings, line 192)
FAIL: obj-c++.dg/class-protocol-1.mm (test for warnings, line 192)
FAIL: obj-c++.dg/class-protocol-1.mm (test for warnings, line 195)
FAIL: obj-c++.dg/class-protocol-1.mm (test for warnings, line 196)
FAIL: obj-c++.dg/class-protocol-1.mm (test for warnings, line 198)
FAIL: obj-c++.dg/class-protocol-1.mm (test for warnings, line 199)
FAIL: obj-c++.dg/class-protocol-1.mm (test for warnings, line 215)
FAIL: obj-c++.dg/class-protocol-1.mm (test for warnings, line 252)
FAIL: obj-c++.dg/class-protocol-1.mm (test for warnings, line 253)
FAIL: obj-c++.dg/class-protocol-1.mm (test for warnings, line 254)
FAIL: obj-c++.dg/class-protocol-1.mm (test for warnings, line 257)
FAIL: obj-c++.dg/class-protocol-1.mm (test for warnings, line 259)
FAIL: obj-c++.dg/class-protocol-1.mm (test for warnings, line 289)
FAIL: obj-c++.dg/class-protocol-1.mm (test for warnings, line 292)
FAIL: obj-c++.dg/class-protocol-1.mm (test for warnings, line 308)
FAIL: obj-c++.dg/class-protocol-1.mm (test for warnings, line 309)
FAIL: obj-c++.dg/class-protocol-1.mm (test for warnings, line 318)
FAIL: obj-c++.dg/class-protocol-1.mm (test for warnings, line 319)
FAIL: obj-c++.dg/class-protocol-1.mm (test for warnings, line 326)
FAIL: obj-c++.dg/class-protocol-1.mm (test for warnings, line 327)
FAIL: obj-c++.dg/class-protocol-1.mm (test for warnings, line 330)
FAIL: obj-c++.dg/class-protocol-1.mm (test for warnings, line 331)
FAIL: obj-c++.dg/class-protocol-1.mm (test for warnings, line 337)
FAIL: obj-c++.dg/class-protocol-1.mm (test for warnings, line 338)
FAIL: obj-c++.dg/class-protocol-1.mm (test for warnings, line 344)
FAIL: obj-c++.dg/class-protocol-1.mm (test for warnings, line 345)
FAIL: obj-c++.dg/class-protocol-1.mm (test for warnings, line 356)
FAIL: obj-c++.dg/class-protocol-1.mm (test for warnings, line 357)
FAIL: obj-c++.dg/class-protocol-1.mm (test for warnings, line 363)
FAIL: obj-c++.dg/class-protocol-1.mm (test for warnings, line 364)
FAIL: obj-c++.dg/class-protocol-1.mm (test for warnings, line 368)
FAIL: obj-c++.dg/class-protocol-1.mm (test for warnings, line 369)
FAIL: obj-c++.dg/class-protocol-1.mm (test for warnings, line 372)
FAIL: obj-c++.dg/class-protocol-1.mm (test for warnings, line 378)
FAIL: obj-c++.dg/class-protocol-1.mm (test for warnings, line 379)
FAIL: obj-c++.dg/class-protocol-1.mm (test for warnings, line 386)
FAIL: obj-c++.dg/class-protocol-1.mm (test for warnings, line 387)
FAIL: obj-c++.dg/class-protocol-1.mm (test for errors, line 390)
FAIL: obj-c++.dg/class-protocol-1.mm (test for errors, line 391)
FAIL: obj-c++.dg/class-protocol-1.mm (test for errors, line 394)
FAIL: obj-c++.dg/class-protocol-1.mm (test for warnings, line 397)
FAIL: obj-c++.dg/class-protocol-1.mm (test for warnings, line 398)
FAIL: obj-c++.dg/class-protocol-1.mm (test for warnings, line 401)
FAIL: obj-c++.dg/class-protocol-1.mm (test for warnings, line 405)
FAIL: obj-c++.dg/class-protocol-1.mm (test for warnings, line 406)
FAIL: obj-c++.dg/class-protocol-1.mm (test for warnings, line 408)
FAIL: obj-c++.dg/class-protocol-1.mm (test for warnings, line 409)
FAIL: obj-c++.dg/class-protocol-1.mm (test for errors, line 420)
FAIL: obj-c++.dg/class-protocol-1.mm (test for errors, line 421)
FAIL: obj-c++.dg/class-protocol-1.mm (test for errors, line 424)
FAIL: obj-c++.dg/class-protocol-1.mm (test for warnings, line 427)
FAIL: obj-c++.dg/class-protocol-1.mm (test for warnings, line 428)
FAIL: obj-c++.dg/class-protocol-1.mm (test for warnings, line )
FAIL: obj-c++.dg/class-protocol-1.mm (test for warnings, line )
FAIL: obj-c++.dg/class-protocol-1.mm (test for warnings, line )
FAIL: obj-c++.dg/class-protocol-1.mm (test for excess errors)
FAIL: obj-c++.dg/comp-types-1.mm (internal compiler error)
FAIL: obj-c++.dg/comp-types-1.mm (test for excess errors)
FAIL: obj-c++.dg/comp-types-11.mm (internal compiler error)
FAIL: obj-c++.dg/comp-types-11.mm (test for warnings, line 19)
FAIL: obj-c++.dg/comp-types-11.mm (test for warnings, line 25)
FAIL: obj-c++.dg/comp-types-11.mm (test for excess errors)
FAIL: obj-c++.dg/comp-types-12.mm (internal compiler error)
FAIL: obj-c++.dg/comp-types-12.mm (test for warnings, line 10)
FAIL: obj-c++.dg/comp-types-12.mm (test for excess errors)
FAIL: obj-c++.dg/comp-types-2.mm (internal compiler error)
FAIL: obj-c++.dg/comp-types-2.mm (test for warnings, line 36)
FAIL: obj-c++.dg/comp-types-2.mm (test for warnings, line 37)
FAIL: obj-c++.dg/comp-types-2.mm (test for warnings, line 38)
FAIL: obj-c++.dg/comp-types-2.mm (test for warnings, line 45)
FAIL: obj-c++.dg/comp-types-2.mm (test for warnings, line 47)
FAIL: obj-c++.dg/comp-types-2.mm (test for warnings, line 53)
FAIL: obj-c++.dg/comp-types-2.mm (test for warnings, line 55)
FAIL: obj-c++.dg/comp-types-2.mm (test for warnings, line 69)
FAIL: obj-c++.dg/comp-types-2.mm (test for warnings, line 70)
FAIL: obj-c++.dg/comp-types-2.mm (test for warnings, line 71)
FAIL: obj-c++.dg/comp-types-2.mm (test for warnings, line 72)
FAIL: obj-c++.dg/comp-types-2.mm (test for warnings, line 73)
FAIL: obj-c++.dg/comp-types-2.mm (test for warnings, line 74)
FAIL: obj-c++.dg/comp-types-2.mm (test for warnings, line 82)
FAIL: obj-c++.dg/comp-types-2.mm (test for warnings, line 83)
FAIL: obj-c++.dg/comp-types-2.mm (test for warnings, line 84)
FAIL: obj-c++.dg/comp-types-2.mm (test for warnings, line 85)
FAIL: obj-c++.dg/comp-types-2.mm (test for excess errors)
FAIL: obj-c++.dg/comp-types-3.mm (internal compiler error)
FAIL: obj-c++.dg/comp-types-3.mm (test for excess errors)
FAIL: obj-c++.dg/comp-types-5.mm (internal compiler error)
FAIL: obj-c++.dg/comp-types-5.mm (test for errors, line 31)
FAIL: obj-c++.dg/comp-types-5.mm (test for errors, line 32)
FAIL: obj-c++.dg/comp-types-5.mm (test for errors, line 34)
FAIL: obj-c++.dg/comp-types-5.mm (test for errors, line 35)
FAIL: obj-c++.dg/comp-types-5.mm (test for errors, line 37)
FAIL: obj-c++.dg/comp-types-5.mm (test for errors, line 38)
FAIL: obj-c++.dg/comp-types-5.mm (test for errors, line 40)
FAIL: obj-c++.dg/comp-types-5.mm (test for errors, line 41)
FAIL: obj-c++.dg/comp-types-5.mm (test for errors, line 43)
FAIL: obj-c++.dg/comp-types-5.mm (test for errors, line 44)
FAIL: obj-c++.dg/comp-types-5.mm (test for errors, line 45)
FAIL: obj-c++.dg/comp-types-5.mm (test for errors, line 46)
FAIL: obj-c++.dg/comp-types-5.mm (test for errors, line 48)
FAIL: obj-c++.dg/comp-types-5.mm (test for errors, line 49)
FAIL: obj-c++.dg/comp-types-5.mm (test for errors, line 50)
FAIL: obj-c++.dg/comp-types-5.mm (test for errors, line 51)
FAIL: obj-c++.dg/comp-types-5.mm (test for errors, line 53)
FAIL: obj-c++.dg/comp-types-5.mm (test for errors, line 54)
FAIL: obj-c++.dg/comp-types-5.mm (test for errors, line 55)
FAIL: obj-c++.dg/comp-types-5.mm (test for errors, line 56)
FAIL: obj-c++.dg/comp-types-5.mm (test for errors, line 58)
FAIL: obj-c++.dg/comp-types-5.mm (test for errors, line 59)
FAIL: obj-c++.dg/comp-types-5.mm (test for errors, line 60)
FAIL: obj-c++.dg/comp-types-5.mm (test for errors, line 61)
FAIL: obj-c++.dg/comp-types-5.mm (test for errors, line 63)
FAIL: obj-c++.dg/comp-types-5.mm (test for errors, line 64)
FAIL: obj-c++.dg/comp-types-5.mm (test for errors, line 65)
FAIL: obj-c++.dg/comp-types-5.mm (test for errors, line 66)
FAIL: obj-c++.dg/comp-types-5.mm (test for errors, line 68)
FAIL: obj-c++.dg/comp-types-5.mm (test for errors, line 69)
FAIL: obj-c++.dg/comp-types-5.mm (test for errors, line 70)
FAIL: obj-c++.dg/comp-types-5.mm (test for errors, line 71)
FAIL: obj-c++.dg/comp-types-5.mm (test for excess errors)
FAIL: obj-c++.dg/comp-types-6.mm (internal compiler error)
FAIL: obj-c++.dg/comp-types-6.mm (test for excess errors)
FAIL: obj-c++.dg/comp-types-7.mm (internal compiler error)
FAIL: obj-c++.dg/comp-types-7.mm (test for warnings, line 27)
FAIL: obj-c++.dg/comp-types-7.mm (test for warnings, line 28)
FAIL: obj-c++.dg/comp-types-7.mm (test for excess errors)
FAIL: obj-c++.dg/comp-types-8.mm (internal compiler error)
FAIL: obj-c++.dg/comp-types-8.mm (test for excess errors)
FAIL: obj-c++.dg/comp-types-9.mm (internal compiler error)
FAIL: obj-c++.dg/comp-types-9.mm (test for excess errors)
FAIL: obj-c++.dg/const-str-5.mm (internal compiler error)
FAIL: obj-c++.dg/const-str-5.mm (test for excess errors)
FAIL: obj-c++.dg/const-str-6.mm (internal compiler error)
FAIL: obj-c++.dg/const-str-6.mm (test for errors, line 27)
FAIL: obj-c++.dg/const-str-6.mm (test for excess errors)
FAIL: obj-c++.dg/cxx-ivars-1.mm (internal compiler error)
FAIL: obj-c++.dg/cxx-ivars-1.mm (test for warnings, line 22)
FAIL: obj-c++.dg/cxx-ivars-1.mm (test for warnings, line 22)
FAIL: obj-c++.dg/cxx-ivars-1.mm (test for excess errors)
WARNING: obj-c++.dg/cxx-ivars-1.mm compilation failed to produce executable
FAIL: obj-c++.dg/cxx-ivars-2.mm (internal compiler error)
FAIL: obj-c++.dg/cxx-ivars-2.mm (test for excess errors)
WARNING: obj-c++.dg/cxx-ivars-2.mm compilation failed to produce executable
FAIL: obj-c++.dg/cxx-scope-1.mm (internal compiler error)
FAIL: obj-c++.dg/cxx-scope-1.mm (test for excess errors)
WARNING: obj-c++.dg/cxx-scope-1.mm compilation failed to produce executable
FAIL: obj-c++.dg/cxx-scope-2.mm (internal compiler error)
FAIL: obj-c++.dg/cxx-scope-2.mm (test for warnings, line 14)
FAIL: obj-c++.dg/cxx-scope-2.mm (test for warnings, line 16)
FAIL: obj-c++.dg/cxx-scope-2.mm (test for excess errors)
FAIL: obj-c++.dg/defs.mm (internal compiler error)
FAIL: obj-c++.dg/defs.mm (test for excess errors)
WARNING: obj-c++.dg/defs.mm compilation failed to produce executable
FAIL: obj-c++.dg/empty-private-1.mm (internal compiler error)
FAIL: obj-c++.dg/empty-private-1.mm (test for excess errors)
FAIL: obj-c++.dg/encode-1.mm (internal compiler error)
FAIL: obj-c++.dg/encode-1.mm (test for excess errors)
ERROR: obj-c++.dg/encode-1.mm: error executing dg-final: couldn't open "encode-1.s": no such file or directory
UNRESOLVED: obj-c++.dg/encode-1.mm: error executing dg-final: couldn't open "encode-1.s": no such file or directory
FAIL: obj-c++.dg/encode-4.mm (internal compiler error)
FAIL: obj-c++.dg/encode-4.mm (test for excess errors)
WARNING: obj-c++.dg/encode-4.mm compilation failed to produce executable
FAIL: obj-c++.dg/encode-5.mm (internal compiler error)
FAIL: obj-c++.dg/encode-5.mm (test for excess errors)
WARNING: obj-c++.dg/encode-5.mm compilation failed to produce executable
FAIL: obj-c++.dg/encode-6.mm (internal compiler error)
FAIL: obj-c++.dg/encode-6.mm (test for excess errors)
WARNING: obj-c++.dg/encode-6.mm compilation failed to produce executable
FAIL: obj-c++.dg/encode-7.mm (internal compiler error)
FAIL: obj-c++.dg/encode-7.mm (test for warnings, line 31)
FAIL: obj-c++.dg/encode-7.mm (test for warnings, line 39)
FAIL: obj-c++.dg/encode-7.mm (test for excess errors)
FAIL: obj-c++.dg/except-1.mm (internal compiler error)
FAIL: obj-c++.dg/except-1.mm (test for excess errors)
WARNING: obj-c++.dg/except-1.mm compilation failed to produce executable
FAIL: obj-c++.dg/extern-c-1.mm (internal compiler error)
FAIL: obj-c++.dg/extern-c-1.mm (test for excess errors)
FAIL: obj-c++.dg/extra-semi.mm (internal compiler error)
FAIL: obj-c++.dg/extra-semi.mm (test for excess errors)
FAIL: obj-c++.dg/gnu-runtime-1.mm (internal compiler error)
FAIL: obj-c++.dg/gnu-runtime-1.mm (test for excess errors)
FAIL: obj-c++.dg/gnu-runtime-2.mm (internal compiler error)
FAIL: obj-c++.dg/gnu-runtime-2.mm (test for excess errors)
FAIL: obj-c++.dg/gnu-runtime-3.mm (internal compiler error)
FAIL: obj-c++.dg/gnu-runtime-3.mm (test for excess errors)
WARNING: obj-c++.dg/gnu-runtime-3.mm compilation failed to produce executable
FAIL: obj-c++.dg/isa-field-1.mm (test for excess errors)
FAIL: obj-c++.dg/ivar-list-semi.mm (internal compiler error)
FAIL: obj-c++.dg/ivar-list-semi.mm (test for excess errors)
FAIL: obj-c++.dg/layout-1.mm (internal compiler error)
FAIL: obj-c++.dg/layout-1.mm (test for excess errors)
FAIL: obj-c++.dg/local-decl-1.mm (internal compiler error)
FAIL: obj-c++.dg/local-decl-1.mm (test for warnings, line 23)
FAIL: obj-c++.dg/local-decl-1.mm (test for warnings, line 39)
FAIL: obj-c++.dg/local-decl-1.mm (test for warnings, line 41)
FAIL: obj-c++.dg/local-decl-1.mm (test for excess errors)
FAIL: obj-c++.dg/lookup-1.mm (internal compiler error)
FAIL: obj-c++.dg/lookup-1.mm (test for excess errors)
FAIL: obj-c++.dg/lookup-2.mm (test for excess errors)
WARNING: obj-c++.dg/lookup-2.mm compilation failed to produce executable
FAIL: obj-c++.dg/method-10.mm (internal compiler error)
FAIL: obj-c++.dg/method-10.mm (test for excess errors)
WARNING: obj-c++.dg/method-10.mm compilation failed to produce executable
FAIL: obj-c++.dg/method-11.mm (internal compiler error)
FAIL: obj-c++.dg/method-11.mm (test for excess errors)
ERROR: obj-c++.dg/method-11.mm: error executing dg-final: couldn't open "method-11.s": no such file or directory
UNRESOLVED: obj-c++.dg/method-11.mm: error executing dg-final: couldn't open "method-11.s": no such file or directory
FAIL: obj-c++.dg/method-12.mm (internal compiler error)
FAIL: obj-c++.dg/method-12.mm (test for warnings, line 21)
FAIL: obj-c++.dg/method-12.mm (test for warnings, line 9)
FAIL: obj-c++.dg/method-12.mm (test for warnings, line 14)
FAIL: obj-c++.dg/method-12.mm (test for warnings, line 25)
FAIL: obj-c++.dg/method-12.mm (test for warnings, line 25)
FAIL: obj-c++.dg/method-12.mm (test for warnings, line 25)
FAIL: obj-c++.dg/method-12.mm (test for warnings, line 25)
FAIL: obj-c++.dg/method-12.mm (test for errors, line 30)
FAIL: obj-c++.dg/method-12.mm (test for excess errors)
FAIL: obj-c++.dg/method-13.mm (internal compiler error)
FAIL: obj-c++.dg/method-13.mm (test for warnings, line 18)
FAIL: obj-c++.dg/method-13.mm (test for warnings, line 18)
FAIL: obj-c++.dg/method-13.mm (test for warnings, line 18)
FAIL: obj-c++.dg/method-13.mm (test for warnings, line 18)
FAIL: obj-c++.dg/method-13.mm (test for warnings, line 22)
FAIL: obj-c++.dg/method-13.mm (test for warnings, line 8)
FAIL: obj-c++.dg/method-13.mm (test for warnings, line 12)
FAIL: obj-c++.dg/method-13.mm (test for excess errors)
FAIL: obj-c++.dg/method-14.mm (internal compiler error)
FAIL: obj-c++.dg/method-14.mm (test for excess errors)
FAIL: obj-c++.dg/method-15.mm (internal compiler error)
FAIL: obj-c++.dg/method-15.mm (test for warnings, line 33)
FAIL: obj-c++.dg/method-15.mm (test for warnings, line 9)
FAIL: obj-c++.dg/method-15.mm (test for warnings, line 17)
FAIL: obj-c++.dg/method-15.mm (test for warnings, line 13)
FAIL: obj-c++.dg/method-15.mm (test for warnings, line 33)
FAIL: obj-c++.dg/method-15.mm (test for excess errors)
FAIL: obj-c++.dg/method-16.mm (internal compiler error)
FAIL: obj-c++.dg/method-16.mm (test for warnings, line 26)
FAIL: obj-c++.dg/method-16.mm (test for warnings, line 13)
FAIL: obj-c++.dg/method-16.mm (test for warnings, line 17)
FAIL: obj-c++.dg/method-16.mm (test for warnings, line 21)
FAIL: obj-c++.dg/method-16.mm (test for errors, line 26)
FAIL: obj-c++.dg/method-16.mm (test for excess errors)
FAIL: obj-c++.dg/method-17.mm (internal compiler error)
FAIL: obj-c++.dg/method-17.mm (test for excess errors)
WARNING: obj-c++.dg/method-17.mm compilation failed to produce executable
FAIL: obj-c++.dg/method-18.mm (internal compiler error)
FAIL: obj-c++.dg/method-18.mm (test for excess errors)
FAIL: obj-c++.dg/method-19.mm (internal compiler error)
FAIL: obj-c++.dg/method-19.mm (test for excess errors)
WARNING: obj-c++.dg/method-19.mm compilation failed to produce executable
FAIL: obj-c++.dg/method-2.mm (internal compiler error)
FAIL: obj-c++.dg/method-2.mm (test for excess errors)
FAIL: obj-c++.dg/method-20.mm (internal compiler error)
FAIL: obj-c++.dg/method-20.mm (test for excess errors)
ERROR: obj-c++.dg/method-20.mm: error executing dg-final: couldn't open "method-20.s": no such file or directory
UNRESOLVED: obj-c++.dg/method-20.mm: error executing dg-final: couldn't open "method-20.s": no such file or directory
FAIL: obj-c++.dg/method-21.mm (internal compiler error)
FAIL: obj-c++.dg/method-21.mm (test for errors, line 18)
FAIL: obj-c++.dg/method-21.mm (test for excess errors)
FAIL: obj-c++.dg/method-3.mm (internal compiler error)
FAIL: obj-c++.dg/method-3.mm (test for excess errors)
FAIL: obj-c++.dg/method-4.mm (internal compiler error)
FAIL: obj-c++.dg/method-4.mm (test for warnings, line 10)
FAIL: obj-c++.dg/method-4.mm (test for warnings, line 11)
FAIL: obj-c++.dg/method-4.mm (test for warnings, line 15)
FAIL: obj-c++.dg/method-4.mm (test for warnings, line 16)
FAIL: obj-c++.dg/method-4.mm (test for warnings, line 22)
FAIL: obj-c++.dg/method-4.mm (test for warnings, line 23)
FAIL: obj-c++.dg/method-4.mm (test for excess errors)
FAIL: obj-c++.dg/method-5.mm (internal compiler error)
FAIL: obj-c++.dg/method-5.mm (test for excess errors)
FAIL: obj-c++.dg/method-6.mm (internal compiler error)
FAIL: obj-c++.dg/method-6.mm (test for warnings, line 13)
FAIL: obj-c++.dg/method-6.mm (test for warnings, line )
FAIL: obj-c++.dg/method-6.mm (test for warnings, line )
FAIL: obj-c++.dg/method-6.mm (test for warnings, line )
FAIL: obj-c++.dg/method-6.mm (test for excess errors)
FAIL: obj-c++.dg/method-8.mm (internal compiler error)
FAIL: obj-c++.dg/method-8.mm (test for errors, line 6)
FAIL: obj-c++.dg/method-8.mm (test for errors, line 11)
FAIL: obj-c++.dg/method-8.mm (test for errors, line 19)
FAIL: obj-c++.dg/method-8.mm (test for errors, line 20)
FAIL: obj-c++.dg/method-8.mm (test for errors, line 28)
FAIL: obj-c++.dg/method-8.mm (test for errors, line 29)
FAIL: obj-c++.dg/method-8.mm (test for excess errors)
FAIL: obj-c++.dg/method-9.mm (internal compiler error)
FAIL: obj-c++.dg/method-9.mm (test for warnings, line 25)
FAIL: obj-c++.dg/method-9.mm (test for warnings, line 26)
FAIL: obj-c++.dg/method-9.mm (test for warnings, line )
FAIL: obj-c++.dg/method-9.mm (test for warnings, line )
FAIL: obj-c++.dg/method-9.mm (test for warnings, line )
FAIL: obj-c++.dg/method-9.mm (test for excess errors)
FAIL: obj-c++.dg/no-extra-load.mm (internal compiler error)
FAIL: obj-c++.dg/no-extra-load.mm (test for excess errors)
ERROR: obj-c++.dg/no-extra-load.mm: error executing dg-final: couldn't open "no-extra-load.s": no such file or directory
UNRESOLVED: obj-c++.dg/no-extra-load.mm: error executing dg-final: couldn't open "no-extra-load.s": no such file or directory
FAIL: obj-c++.dg/pragma-1.mm (internal compiler error)
FAIL: obj-c++.dg/pragma-1.mm (test for excess errors)
FAIL: obj-c++.dg/pragma-2.mm (internal compiler error)
FAIL: obj-c++.dg/pragma-2.mm (test for excess errors)
FAIL: obj-c++.dg/private-1.mm (internal compiler error)
FAIL: obj-c++.dg/private-1.mm (test for errors, line 39)
FAIL: obj-c++.dg/private-1.mm (test for errors, line 54)
FAIL: obj-c++.dg/private-1.mm (test for errors, line 55)
FAIL: obj-c++.dg/private-1.mm (test for excess errors)
FAIL: obj-c++.dg/private-2.mm (internal compiler error)
FAIL: obj-c++.dg/private-2.mm (test for warnings, line 32)
FAIL: obj-c++.dg/private-2.mm (test for warnings, line 33)
FAIL: obj-c++.dg/private-2.mm (test for warnings, line 34)
FAIL: obj-c++.dg/private-2.mm (test for warnings, line 53)
FAIL: obj-c++.dg/private-2.mm (test for warnings, line 54)
FAIL: obj-c++.dg/private-2.mm (test for excess errors)
FAIL: obj-c++.dg/proto-lossage-1.mm (internal compiler error)
FAIL: obj-c++.dg/proto-lossage-1.mm (test for warnings, line 38)
FAIL: obj-c++.dg/proto-lossage-1.mm (test for excess errors)
FAIL: obj-c++.dg/proto-lossage-2.mm (internal compiler error)
FAIL: obj-c++.dg/proto-lossage-2.mm (test for excess errors)
FAIL: obj-c++.dg/proto-lossage-3.mm (internal compiler error)
FAIL: obj-c++.dg/proto-lossage-3.mm (test for excess errors)
WARNING: obj-c++.dg/proto-lossage-3.mm compilation failed to produce executable
FAIL: obj-c++.dg/proto-lossage-4.mm (internal compiler error)
FAIL: obj-c++.dg/proto-lossage-4.mm (test for warnings, line 25)
FAIL: obj-c++.dg/proto-lossage-4.mm (test for warnings, line 26)
FAIL: obj-c++.dg/proto-lossage-4.mm (test for warnings, line 28)
FAIL: obj-c++.dg/proto-lossage-4.mm (test for errors, line 28)
FAIL: obj-c++.dg/proto-lossage-4.mm (test for warnings, line 34)
FAIL: obj-c++.dg/proto-lossage-4.mm (test for errors, line 34)
FAIL: obj-c++.dg/proto-lossage-4.mm (test for warnings, line 42)
FAIL: obj-c++.dg/proto-lossage-4.mm (test for warnings, line 42)
FAIL: obj-c++.dg/proto-lossage-4.mm (test for warnings, line )
FAIL: obj-c++.dg/proto-lossage-4.mm (test for warnings, line )
FAIL: obj-c++.dg/proto-lossage-4.mm (test for warnings, line )
FAIL: obj-c++.dg/proto-lossage-4.mm (test for excess errors)
FAIL: obj-c++.dg/proto-lossage-6.mm (internal compiler error)
FAIL: obj-c++.dg/proto-lossage-6.mm (test for excess errors)
FAIL: obj-c++.dg/proto-qual-1.mm (internal compiler error)
FAIL: obj-c++.dg/proto-qual-1.mm (test for excess errors)
WARNING: obj-c++.dg/proto-qual-1.mm compilation failed to produce executable
FAIL: obj-c++.dg/qual-types-1.mm (internal compiler error)
FAIL: obj-c++.dg/qual-types-1.mm (test for excess errors)
WARNING: obj-c++.dg/qual-types-1.mm compilation failed to produce executable
FAIL: obj-c++.dg/selector-1.mm (internal compiler error)
FAIL: obj-c++.dg/selector-1.mm (test for excess errors)
ERROR: obj-c++.dg/selector-1.mm: error executing dg-final: couldn't open "selector-1.s": no such file or directory
UNRESOLVED: obj-c++.dg/selector-1.mm: error executing dg-final: couldn't open "selector-1.s": no such file or directory
FAIL: obj-c++.dg/selector-2.mm (internal compiler error)
FAIL: obj-c++.dg/selector-2.mm (test for warnings, line )
FAIL: obj-c++.dg/selector-2.mm (test for excess errors)
FAIL: obj-c++.dg/selector-3.mm (internal compiler error)
FAIL: obj-c++.dg/selector-3.mm (test for warnings, line 25)
FAIL: obj-c++.dg/selector-3.mm (test for excess errors)
FAIL: obj-c++.dg/selector-4.mm (internal compiler error)
FAIL: obj-c++.dg/selector-4.mm (test for warnings, line 23)
FAIL: obj-c++.dg/selector-4.mm (test for excess errors)
FAIL: obj-c++.dg/selector-5.mm (internal compiler error)
FAIL: obj-c++.dg/selector-5.mm (test for excess errors)
ERROR: obj-c++.dg/selector-5.mm: error executing dg-final: couldn't open "selector-5.s": no such file or directory
UNRESOLVED: obj-c++.dg/selector-5.mm: error executing dg-final: couldn't open "selector-5.s": no such file or directory
FAIL: obj-c++.dg/selector-6.mm (internal compiler error)
FAIL: obj-c++.dg/selector-6.mm (test for excess errors)
ERROR: obj-c++.dg/selector-6.mm: error executing dg-final: couldn't open "selector-6.s": no such file or directory
UNRESOLVED: obj-c++.dg/selector-6.mm: error executing dg-final: couldn't open "selector-6.s": no such file or directory
FAIL: obj-c++.dg/super-class-1.mm (internal compiler error)
FAIL: obj-c++.dg/super-class-1.mm (test for excess errors)
FAIL: obj-c++.dg/super-class-2.mm (internal compiler error)
FAIL: obj-c++.dg/super-class-2.mm (test for errors, line 22)
FAIL: obj-c++.dg/super-class-2.mm (test for errors, line 26)
FAIL: obj-c++.dg/super-class-2.mm (test for excess errors)
FAIL: obj-c++.dg/super-dealloc-1.mm (internal compiler error)
FAIL: obj-c++.dg/super-dealloc-1.mm (test for warnings, line 38)
FAIL: obj-c++.dg/super-dealloc-1.mm (test for excess errors)
FAIL: obj-c++.dg/super-dealloc-2.mm (internal compiler error)
FAIL: obj-c++.dg/super-dealloc-2.mm (test for warnings, line 45)
FAIL: obj-c++.dg/super-dealloc-2.mm (test for excess errors)
FAIL: obj-c++.dg/template-1.mm (internal compiler error)
FAIL: obj-c++.dg/template-1.mm (test for excess errors)
WARNING: obj-c++.dg/template-1.mm compilation failed to produce executable
FAIL: obj-c++.dg/template-2.mm (internal compiler error)
FAIL: obj-c++.dg/template-2.mm (test for excess errors)
FAIL: obj-c++.dg/template-3.mm (internal compiler error)
FAIL: obj-c++.dg/template-3.mm (test for excess errors)
WARNING: obj-c++.dg/template-3.mm compilation failed to produce executable
FAIL: obj-c++.dg/template-4.mm (internal compiler error)
FAIL: obj-c++.dg/template-4.mm (test for excess errors)
WARNING: obj-c++.dg/template-4.mm compilation failed to produce executable
FAIL: obj-c++.dg/try-catch-1.mm (internal compiler error)
FAIL: obj-c++.dg/try-catch-1.mm (test for excess errors)
FAIL: obj-c++.dg/try-catch-11.mm (internal compiler error)
FAIL: obj-c++.dg/try-catch-11.mm (test for warnings, line 32)
FAIL: obj-c++.dg/try-catch-11.mm (test for excess errors)
FAIL: obj-c++.dg/try-catch-2.mm (test for excess errors)
WARNING: obj-c++.dg/try-catch-2.mm compilation failed to produce executable
FAIL: obj-c++.dg/try-catch-3.mm (internal compiler error)
FAIL: obj-c++.dg/try-catch-3.mm (test for excess errors)
FAIL: obj-c++.dg/try-catch-4.mm (internal compiler error)
FAIL: obj-c++.dg/try-catch-4.mm (test for excess errors)
FAIL: obj-c++.dg/try-catch-5.mm (internal compiler error)
FAIL: obj-c++.dg/try-catch-5.mm (test for warnings, line 22)
FAIL: obj-c++.dg/try-catch-5.mm (test for warnings, line 24)
FAIL: obj-c++.dg/try-catch-5.mm (test for excess errors)
FAIL: obj-c++.dg/try-catch-7.mm (internal compiler error)
FAIL: obj-c++.dg/try-catch-7.mm (test for excess errors)
FAIL: obj-c++.dg/try-catch-8.mm (internal compiler error)
FAIL: obj-c++.dg/try-catch-8.mm (test for excess errors)
WARNING: obj-c++.dg/try-catch-9.mm compilation failed to produce executable
FAIL: obj-c++.dg/typedef-alias-1.mm (internal compiler error)
FAIL: obj-c++.dg/typedef-alias-1.mm (test for excess errors)
FAIL: obj-c++.dg/va-meth-1.mm (internal compiler error)
FAIL: obj-c++.dg/va-meth-1.mm (test for excess errors)
WARNING: obj-c++.dg/va-meth-1.mm compilation failed to produce executable
=== obj-c++ Summary ===
# of expected passes 64
# of unexpected failures 427
# of unexpected successes 8
# of expected failures 9
# of unresolved testcases 7
# of unsupported tests 13
/31bit/build-extralong/BUILD/gcc/obj-s390x-redhat-linux/gcc/testsuite/obj-c++/../../g++ version 4.5.0 20091121 (experimental) (GCC)
=== objc tests ===
Running target unix
FAIL: objc/execute/forward-1.m execution, -O0 -fgnu-runtime
FAIL: objc/execute/forward-1.m execution, -O1 -fgnu-runtime
FAIL: objc/execute/forward-1.m execution, -O2 -fgnu-runtime
FAIL: objc/execute/forward-1.m execution, -O3 -fomit-frame-pointer -fgnu-runtime
FAIL: objc/execute/forward-1.m execution, -O3 -fomit-frame-pointer -funroll-loops -fgnu-runtime
FAIL: objc/execute/forward-1.m execution, -O3 -fomit-frame-pointer -funroll-all-loops -finline-functions -fgnu-runtime
FAIL: objc/execute/forward-1.m execution, -O3 -g -fgnu-runtime
FAIL: objc/execute/forward-1.m execution, -Os -fgnu-runtime
=== objc Summary ===
# of expected passes 1867
# of unexpected failures 8
# of expected failures 7
# of unsupported tests 24
/31bit/build-extralong/BUILD/gcc/obj-s390x-redhat-linux/gcc/xgcc version 4.5.0 20091121 (experimental) (GCC)
=== libffi tests ===
Running target unix
FAIL: libffi.call/cls_longdouble_va.c -O0 -W -Wall output pattern test, is %.1f
FAIL: libffi.call/cls_longdouble_va.c -O2 output pattern test, is %.1f
FAIL: libffi.call/cls_longdouble_va.c -O3 output pattern test, is %.1f
FAIL: libffi.call/cls_longdouble_va.c -Os output pattern test, is %.1f
FAIL: libffi.call/cls_longdouble_va.c -O2 -fomit-frame-pointer output pattern test, is %.1f
=== libffi Summary ===
# of expected passes 1604
# of unexpected failures 5
# of expected failures 10
# of unsupported tests 15
=== libgomp tests ===
Running target unix
=== libgomp Summary ===
# of expected passes 2410
=== libjava tests ===
Running target unix
=== libjava Summary ===
# of expected passes 2574
=== libmudflap tests ===
Running target unix
FAIL: libmudflap.c/pass54-frag.c execution test
FAIL: libmudflap.c/pass54-frag.c execution test
FAIL: libmudflap.c/pass54-frag.c (-static) execution test
FAIL: libmudflap.c/pass54-frag.c (-static) execution test
FAIL: libmudflap.c/fail31-frag.c (-O3) crash test
FAIL: libmudflap.c/fail31-frag.c (-O3) output pattern test
FAIL: libmudflap.c/pass45-frag.c (-O3) execution test
FAIL: libmudflap.c/pass45-frag.c (-O3) output pattern test
FAIL: libmudflap.c/pass45-frag.c (-O3) execution test
FAIL: libmudflap.c/pass45-frag.c (-O3) output pattern test
FAIL: libmudflap.c++/pass41-frag.cxx execution test
FAIL: libmudflap.c++/pass57-frag.cxx (test for excess errors)
FAIL: libmudflap.c++/pass41-frag.cxx (-static) execution test
FAIL: libmudflap.c++/pass57-frag.cxx (-static) (test for excess errors)
FAIL: libmudflap.c++/pass41-frag.cxx ( -O) execution test
FAIL: libmudflap.c++/pass57-frag.cxx ( -O) (test for excess errors)
FAIL: libmudflap.c++/pass41-frag.cxx (-O2) execution test
FAIL: libmudflap.c++/pass57-frag.cxx (-O2) (test for excess errors)
FAIL: libmudflap.c++/pass41-frag.cxx (-O3) execution test
FAIL: libmudflap.c++/pass57-frag.cxx (-O3) (test for excess errors)
=== libmudflap Summary ===
# of expected passes 1874
# of unexpected failures 20
=== libstdc++ tests ===
Running target unix
FAIL: 21_strings/basic_string/requirements/citerators.cc (test for excess errors)
XPASS: 26_numerics/headers/cmath/c99_classification_macros_c.cc (test for excess errors)
FAIL: ext/pb_ds/example/erase_if.cc (test for excess errors)
FAIL: ext/pb_ds/regression/hash_data_map_rand.cc (test for excess errors)
FAIL: ext/pb_ds/regression/hash_no_data_map_rand.cc (test for excess errors)
FAIL: ext/vstring/requirements/citerators.cc (test for excess errors)
=== libstdc++ Summary ===
# of expected passes 7055
# of unexpected failures 5
# of unexpected successes 1
# of expected failures 89
# of unsupported tests 13
Compiler version: 4.5.0 20091121 (experimental) (GCC)
Platform: s390x-ibm-linux-gnu
configure flags: --prefix=/usr --mandir=/usr/share/man --infodir=/usr/share/info --enable-shared --enable-threads=posix --enable-checking --with-system-zlib --enable-__cxa_atexit --with-long-double-128 --host=s390x-redhat-linux --build=s390x-redhat-linux --target=s390x-redhat-linux --enable-languages=c,c++,objc,obj-c++,java,fortran