This is the mail archive of the
gcc-testresults@gcc.gnu.org
mailing list for the GCC project.
Results for 4.5.0 20091112 (experimental) [trunk revision 154127] (GCC) testsuite on i686-pc-linux-gnu
- From: guerby at gcc01 dot fsffrance dot org (Laurent GUERBY gcc01)
- To: gcc-testresults at gcc dot gnu dot org
- Date: Fri, 13 Nov 2009 01:50:53 +0100 (CET)
- Subject: Results for 4.5.0 20091112 (experimental) [trunk revision 154127] (GCC) testsuite on i686-pc-linux-gnu
LAST_UPDATED: Thu Nov 12 19:12:54 UTC 2009 (revision 154127)
=== acats tests ===
FAIL: c52103x
FAIL: c52104x
=== acats Summary ===
# of expected passes 2319
# of unexpected failures 2
Native configuration is i686-pc-linux-gnu
=== gcc tests ===
Running target unix
FAIL: gcc.c-torture/compile/init-1.c -O0 (internal compiler error)
FAIL: gcc.c-torture/compile/init-1.c -O0 (test for excess errors)
FAIL: gcc.c-torture/compile/init-1.c -O1 (internal compiler error)
FAIL: gcc.c-torture/compile/init-1.c -O1 (test for excess errors)
FAIL: gcc.c-torture/compile/init-1.c -O2 (internal compiler error)
FAIL: gcc.c-torture/compile/init-1.c -O2 (test for excess errors)
FAIL: gcc.c-torture/compile/init-1.c -O3 -fomit-frame-pointer (internal compiler error)
FAIL: gcc.c-torture/compile/init-1.c -O3 -fomit-frame-pointer (test for excess errors)
FAIL: gcc.c-torture/compile/init-1.c -O3 -g (internal compiler error)
FAIL: gcc.c-torture/compile/init-1.c -O3 -g (test for excess errors)
FAIL: gcc.c-torture/compile/init-1.c -Os (internal compiler error)
FAIL: gcc.c-torture/compile/init-1.c -Os (test for excess errors)
FAIL: gcc.c-torture/compile/limits-exprparen.c -O0 (test for excess errors)
FAIL: gcc.c-torture/compile/limits-exprparen.c -O1 (test for excess errors)
FAIL: gcc.c-torture/compile/limits-exprparen.c -O2 (test for excess errors)
FAIL: gcc.c-torture/compile/limits-exprparen.c -O3 -fomit-frame-pointer (test for excess errors)
FAIL: gcc.c-torture/compile/limits-exprparen.c -O3 -g (test for excess errors)
FAIL: gcc.c-torture/compile/limits-exprparen.c -Os (test for excess errors)
FAIL: gcc.c-torture/execute/20050929-1.c compilation, -O0 (internal compiler error)
UNRESOLVED: gcc.c-torture/execute/20050929-1.c execution, -O0
FAIL: gcc.c-torture/execute/20050929-1.c compilation, -O1 (internal compiler error)
UNRESOLVED: gcc.c-torture/execute/20050929-1.c execution, -O1
FAIL: gcc.c-torture/execute/20050929-1.c compilation, -O2 (internal compiler error)
UNRESOLVED: gcc.c-torture/execute/20050929-1.c execution, -O2
FAIL: gcc.c-torture/execute/20050929-1.c compilation, -O3 -fomit-frame-pointer (internal compiler error)
UNRESOLVED: gcc.c-torture/execute/20050929-1.c execution, -O3 -fomit-frame-pointer
FAIL: gcc.c-torture/execute/20050929-1.c compilation, -O3 -g (internal compiler error)
UNRESOLVED: gcc.c-torture/execute/20050929-1.c execution, -O3 -g
FAIL: gcc.c-torture/execute/20050929-1.c compilation, -Os (internal compiler error)
UNRESOLVED: gcc.c-torture/execute/20050929-1.c execution, -Os
FAIL: gcc.dg/debug/pr41893-1.c -gdwarf-2 -g1 (internal compiler error)
FAIL: gcc.dg/debug/pr41893-1.c -gdwarf-2 -g1 (test for excess errors)
FAIL: gcc.dg/debug/pr41893-1.c -gdwarf-2 -g1 -O (internal compiler error)
FAIL: gcc.dg/debug/pr41893-1.c -gdwarf-2 -g1 -O (test for excess errors)
FAIL: gcc.dg/debug/pr41893-1.c -gdwarf-2 -g1 -O3 (internal compiler error)
FAIL: gcc.dg/debug/pr41893-1.c -gdwarf-2 -g1 -O3 (test for excess errors)
FAIL: gcc.dg/debug/pr41893-1.c -gdwarf-2 (internal compiler error)
FAIL: gcc.dg/debug/pr41893-1.c -gdwarf-2 (test for excess errors)
FAIL: gcc.dg/debug/pr41893-1.c -gdwarf-2 -O (internal compiler error)
FAIL: gcc.dg/debug/pr41893-1.c -gdwarf-2 -O (test for excess errors)
FAIL: gcc.dg/debug/pr41893-1.c -gdwarf-2 -O3 (internal compiler error)
FAIL: gcc.dg/debug/pr41893-1.c -gdwarf-2 -O3 (test for excess errors)
FAIL: gcc.dg/debug/pr41893-1.c -gdwarf-2 -g3 (internal compiler error)
FAIL: gcc.dg/debug/pr41893-1.c -gdwarf-2 -g3 (test for excess errors)
FAIL: gcc.dg/debug/pr41893-1.c -gdwarf-2 -g3 -O (internal compiler error)
FAIL: gcc.dg/debug/pr41893-1.c -gdwarf-2 -g3 -O (test for excess errors)
FAIL: gcc.dg/debug/pr41893-1.c -gdwarf-2 -g3 -O3 (internal compiler error)
FAIL: gcc.dg/debug/pr41893-1.c -gdwarf-2 -g3 -O3 (test for excess errors)
FAIL: gcc.dg/debug/pr41893-1.c -gstabs1 (internal compiler error)
FAIL: gcc.dg/debug/pr41893-1.c -gstabs1 (test for excess errors)
FAIL: gcc.dg/debug/pr41893-1.c -gstabs1 -O (internal compiler error)
FAIL: gcc.dg/debug/pr41893-1.c -gstabs1 -O (test for excess errors)
FAIL: gcc.dg/debug/pr41893-1.c -gstabs1 -O3 (internal compiler error)
FAIL: gcc.dg/debug/pr41893-1.c -gstabs1 -O3 (test for excess errors)
FAIL: gcc.dg/debug/pr41893-1.c -gstabs (internal compiler error)
FAIL: gcc.dg/debug/pr41893-1.c -gstabs (test for excess errors)
FAIL: gcc.dg/debug/pr41893-1.c -gstabs -O (internal compiler error)
FAIL: gcc.dg/debug/pr41893-1.c -gstabs -O (test for excess errors)
FAIL: gcc.dg/debug/pr41893-1.c -gstabs -O3 (internal compiler error)
FAIL: gcc.dg/debug/pr41893-1.c -gstabs -O3 (test for excess errors)
FAIL: gcc.dg/debug/pr41893-1.c -gstabs3 (internal compiler error)
FAIL: gcc.dg/debug/pr41893-1.c -gstabs3 (test for excess errors)
FAIL: gcc.dg/debug/pr41893-1.c -gstabs3 -O (internal compiler error)
FAIL: gcc.dg/debug/pr41893-1.c -gstabs3 -O (test for excess errors)
FAIL: gcc.dg/debug/pr41893-1.c -gstabs3 -O3 (internal compiler error)
FAIL: gcc.dg/debug/pr41893-1.c -gstabs3 -O3 (test for excess errors)
FAIL: gcc.dg/debug/pr41893-1.c -gstabs+1 (internal compiler error)
FAIL: gcc.dg/debug/pr41893-1.c -gstabs+1 (test for excess errors)
FAIL: gcc.dg/debug/pr41893-1.c -gstabs+1 -O (internal compiler error)
FAIL: gcc.dg/debug/pr41893-1.c -gstabs+1 -O (test for excess errors)
FAIL: gcc.dg/debug/pr41893-1.c -gstabs+1 -O3 (internal compiler error)
FAIL: gcc.dg/debug/pr41893-1.c -gstabs+1 -O3 (test for excess errors)
FAIL: gcc.dg/debug/pr41893-1.c -gstabs+ (internal compiler error)
FAIL: gcc.dg/debug/pr41893-1.c -gstabs+ (test for excess errors)
FAIL: gcc.dg/debug/pr41893-1.c -gstabs+ -O (internal compiler error)
FAIL: gcc.dg/debug/pr41893-1.c -gstabs+ -O (test for excess errors)
FAIL: gcc.dg/debug/pr41893-1.c -gstabs+ -O3 (internal compiler error)
FAIL: gcc.dg/debug/pr41893-1.c -gstabs+ -O3 (test for excess errors)
FAIL: gcc.dg/debug/pr41893-1.c -gstabs+3 (internal compiler error)
FAIL: gcc.dg/debug/pr41893-1.c -gstabs+3 (test for excess errors)
FAIL: gcc.dg/debug/pr41893-1.c -gstabs+3 -O (internal compiler error)
FAIL: gcc.dg/debug/pr41893-1.c -gstabs+3 -O (test for excess errors)
FAIL: gcc.dg/debug/pr41893-1.c -gstabs+3 -O3 (internal compiler error)
FAIL: gcc.dg/debug/pr41893-1.c -gstabs+3 -O3 (test for excess errors)
XPASS: gcc.dg/Warray-bounds.c (test for warnings, line 59)
XPASS: gcc.dg/Warray-bounds.c (test for warnings, line 65)
XPASS: gcc.dg/Wunreachable-8.c (test for bogus messages, line 7)
FAIL: gcc.dg/attr-externally-visible-1.c (internal compiler error)
FAIL: gcc.dg/attr-externally-visible-1.c (test for excess errors)
ERROR: gcc.dg/attr-externally-visible-1.c: error executing dg-final: couldn't open "attr-externally-visible-1.s": no such file or directory
UNRESOLVED: gcc.dg/attr-externally-visible-1.c: error executing dg-final: couldn't open "attr-externally-visible-1.s": no such file or directory
FAIL: gcc.dg/c99-complit-1.c (internal compiler error)
FAIL: gcc.dg/c99-complit-1.c (test for excess errors)
WARNING: gcc.dg/c99-complit-1.c compilation failed to produce executable
FAIL: gcc.dg/c99-init-4.c (internal compiler error)
FAIL: gcc.dg/c99-init-4.c (test for excess errors)
FAIL: gcc.dg/init-empty-1.c (internal compiler error)
FAIL: gcc.dg/init-empty-1.c (test for excess errors)
FAIL: gcc.dg/init-empty-2.c (internal compiler error)
FAIL: gcc.dg/init-empty-2.c (test for excess errors)
FAIL: gcc.dg/pr25795-1.c (internal compiler error)
FAIL: gcc.dg/pr25795-1.c (test for excess errors)
ERROR: gcc.dg/pr25795-1.c: error executing dg-final: couldn't open "pr25795-1.s": no such file or directory
UNRESOLVED: gcc.dg/pr25795-1.c: error executing dg-final: couldn't open "pr25795-1.s": no such file or directory
FAIL: gcc.dg/pr34668-1.c (internal compiler error)
FAIL: gcc.dg/pr34668-1.c (test for excess errors)
FAIL: gcc.dg/pr36584.c execution test
XPASS: gcc.dg/guality/example.c -O0 execution test
XPASS: gcc.dg/guality/pr41353-1.c -O0 line 28 j == 28 + 37
XPASS: gcc.dg/guality/pr41447-1.c -O0 execution test
XPASS: gcc.dg/guality/pr41616-1.c -O0 execution test
FAIL: gcc.dg/matrix/matrix-1.c (internal compiler error)
FAIL: gcc.dg/matrix/matrix-1.c (test for excess errors)
WARNING: gcc.dg/matrix/matrix-1.c compilation failed to produce executable
FAIL: gcc.dg/matrix/matrix-2.c (internal compiler error)
FAIL: gcc.dg/matrix/matrix-2.c (test for excess errors)
WARNING: gcc.dg/matrix/matrix-2.c compilation failed to produce executable
FAIL: gcc.dg/matrix/matrix-3.c (internal compiler error)
FAIL: gcc.dg/matrix/matrix-3.c (test for excess errors)
FAIL: gcc.dg/matrix/matrix-4.c (internal compiler error)
FAIL: gcc.dg/matrix/matrix-4.c (test for excess errors)
FAIL: gcc.dg/matrix/matrix-5.c (internal compiler error)
FAIL: gcc.dg/matrix/matrix-5.c (test for excess errors)
WARNING: gcc.dg/matrix/matrix-5.c compilation failed to produce executable
FAIL: gcc.dg/matrix/matrix-6.c (internal compiler error)
FAIL: gcc.dg/matrix/matrix-6.c (test for excess errors)
FAIL: gcc.dg/matrix/transpose-1.c compilation, -fprofile-use -fipa-matrix-reorg -fdump-ipa-matrix-reorg -O3 -fwhole-program -combine (internal compiler error)
UNRESOLVED: gcc.dg/matrix/transpose-1.c execution, -fprofile-use -fipa-matrix-reorg -fdump-ipa-matrix-reorg -O3 -fwhole-program -combine
FAIL: gcc.dg/matrix/transpose-2.c compilation, -fprofile-use -fipa-matrix-reorg -fdump-ipa-matrix-reorg -O3 -fwhole-program -combine (internal compiler error)
UNRESOLVED: gcc.dg/matrix/transpose-2.c execution, -fprofile-use -fipa-matrix-reorg -fdump-ipa-matrix-reorg -O3 -fwhole-program -combine
FAIL: gcc.dg/matrix/transpose-3.c compilation, -fprofile-use -fipa-matrix-reorg -fdump-ipa-matrix-reorg -O3 -fwhole-program -combine (internal compiler error)
UNRESOLVED: gcc.dg/matrix/transpose-3.c execution, -fprofile-use -fipa-matrix-reorg -fdump-ipa-matrix-reorg -O3 -fwhole-program -combine
FAIL: gcc.dg/matrix/transpose-4.c compilation, -fprofile-use -fipa-matrix-reorg -fdump-ipa-matrix-reorg -O3 -fwhole-program -combine (internal compiler error)
UNRESOLVED: gcc.dg/matrix/transpose-4.c execution, -fprofile-use -fipa-matrix-reorg -fdump-ipa-matrix-reorg -O3 -fwhole-program -combine
FAIL: gcc.dg/matrix/transpose-5.c compilation, -fprofile-use -fipa-matrix-reorg -fdump-ipa-matrix-reorg -O3 -fwhole-program -combine (internal compiler error)
UNRESOLVED: gcc.dg/matrix/transpose-5.c execution, -fprofile-use -fipa-matrix-reorg -fdump-ipa-matrix-reorg -O3 -fwhole-program -combine
FAIL: gcc.dg/matrix/transpose-6.c compilation, -fprofile-use -fipa-matrix-reorg -fdump-ipa-matrix-reorg -O3 -fwhole-program -combine (internal compiler error)
UNRESOLVED: gcc.dg/matrix/transpose-6.c execution, -fprofile-use -fipa-matrix-reorg -fdump-ipa-matrix-reorg -O3 -fwhole-program -combine
FAIL: gcc.dg/struct/wo_prof_array_field.c (internal compiler error)
FAIL: gcc.dg/struct/wo_prof_array_field.c (test for excess errors)
WARNING: gcc.dg/struct/wo_prof_array_field.c compilation failed to produce executable
FAIL: gcc.dg/struct/wo_prof_array_field.c scan-ipa-dump ipa_struct_reorg "Number of structures to transform is 1": dump file does not exist
XPASS: gcc.dg/struct/wo_prof_array_through_pointer.c scan-ipa-dump ipa_struct_reorg "Number of structures to transform is 1"
FAIL: gcc.dg/struct/wo_prof_double_malloc.c (internal compiler error)
FAIL: gcc.dg/struct/wo_prof_double_malloc.c (test for excess errors)
WARNING: gcc.dg/struct/wo_prof_double_malloc.c compilation failed to produce executable
FAIL: gcc.dg/struct/wo_prof_double_malloc.c scan-ipa-dump ipa_struct_reorg "Number of structures to transform is 1": dump file does not exist
FAIL: gcc.dg/struct/wo_prof_escape_return.c (internal compiler error)
FAIL: gcc.dg/struct/wo_prof_escape_return.c (test for excess errors)
WARNING: gcc.dg/struct/wo_prof_escape_return.c compilation failed to produce executable
FAIL: gcc.dg/struct/wo_prof_escape_return.c scan-ipa-dump ipa_struct_reorg "is return type of function...Excluded": dump file does not exist
FAIL: gcc.dg/struct/wo_prof_escape_substr_array.c (internal compiler error)
FAIL: gcc.dg/struct/wo_prof_escape_substr_array.c (test for excess errors)
WARNING: gcc.dg/struct/wo_prof_escape_substr_array.c compilation failed to produce executable
FAIL: gcc.dg/struct/wo_prof_escape_substr_array.c scan-ipa-dump ipa_struct_reorg "is a field in the structure": dump file does not exist
FAIL: gcc.dg/struct/wo_prof_escape_substr_pointer.c (internal compiler error)
FAIL: gcc.dg/struct/wo_prof_escape_substr_pointer.c (test for excess errors)
WARNING: gcc.dg/struct/wo_prof_escape_substr_pointer.c compilation failed to produce executable
FAIL: gcc.dg/struct/wo_prof_escape_substr_pointer.c scan-ipa-dump ipa_struct_reorg "is a field in the structure": dump file does not exist
FAIL: gcc.dg/struct/wo_prof_global_array.c (internal compiler error)
FAIL: gcc.dg/struct/wo_prof_global_array.c (test for excess errors)
WARNING: gcc.dg/struct/wo_prof_global_array.c compilation failed to produce executable
FAIL: gcc.dg/struct/wo_prof_global_array.c scan-ipa-dump ipa_struct_reorg "Number of structures to transform is 1": dump file does not exist
FAIL: gcc.dg/struct/wo_prof_global_var.c (internal compiler error)
FAIL: gcc.dg/struct/wo_prof_global_var.c (test for excess errors)
WARNING: gcc.dg/struct/wo_prof_global_var.c compilation failed to produce executable
FAIL: gcc.dg/struct/wo_prof_global_var.c scan-ipa-dump ipa_struct_reorg "Number of structures to transform is 1": dump file does not exist
FAIL: gcc.dg/struct/wo_prof_single_str_global.c (internal compiler error)
FAIL: gcc.dg/struct/wo_prof_single_str_global.c (test for excess errors)
WARNING: gcc.dg/struct/wo_prof_single_str_global.c compilation failed to produce executable
FAIL: gcc.dg/struct/wo_prof_single_str_global.c scan-ipa-dump ipa_struct_reorg "Number of structures to transform is 1": dump file does not exist
FAIL: gcc.dg/struct/wo_prof_single_str_pointer.c (internal compiler error)
FAIL: gcc.dg/struct/wo_prof_single_str_pointer.c (test for excess errors)
WARNING: gcc.dg/struct/wo_prof_single_str_pointer.c compilation failed to produce executable
FAIL: gcc.dg/struct/wo_prof_two_strs.c (internal compiler error)
FAIL: gcc.dg/struct/wo_prof_two_strs.c (test for excess errors)
WARNING: gcc.dg/struct/wo_prof_two_strs.c compilation failed to produce executable
FAIL: gcc.dg/struct/wo_prof_two_strs.c scan-ipa-dump ipa_struct_reorg "Number of structures to transform is 2": dump file does not exist
FAIL: gcc.dg/struct/w_prof_global_array.c compilation, -O3 -fwhole-program -combine -fipa-type-escape -fprofile-generate (internal compiler error)
UNRESOLVED: gcc.dg/struct/w_prof_global_array.c execution, -O3 -fwhole-program -combine -fipa-type-escape -fprofile-generate
UNRESOLVED: gcc.dg/struct/w_prof_global_array.c compilation, -O3 -fwhole-program -combine -fipa-type-escape -fprofile-use -fipa-struct-reorg -fdump-ipa-all
UNRESOLVED: gcc.dg/struct/w_prof_global_array.c execution, -O3 -fwhole-program -combine -fipa-type-escape -fprofile-use -fipa-struct-reorg -fdump-ipa-all
FAIL: gcc.dg/struct/w_prof_global_var.c compilation, -O3 -fwhole-program -combine -fipa-type-escape -fprofile-generate (internal compiler error)
UNRESOLVED: gcc.dg/struct/w_prof_global_var.c execution, -O3 -fwhole-program -combine -fipa-type-escape -fprofile-generate
UNRESOLVED: gcc.dg/struct/w_prof_global_var.c compilation, -O3 -fwhole-program -combine -fipa-type-escape -fprofile-use -fipa-struct-reorg -fdump-ipa-all
UNRESOLVED: gcc.dg/struct/w_prof_global_var.c execution, -O3 -fwhole-program -combine -fipa-type-escape -fprofile-use -fipa-struct-reorg -fdump-ipa-all
FAIL: gcc.dg/struct/w_prof_single_str_global.c compilation, -O3 -fwhole-program -combine -fipa-type-escape -fprofile-generate (internal compiler error)
UNRESOLVED: gcc.dg/struct/w_prof_single_str_global.c execution, -O3 -fwhole-program -combine -fipa-type-escape -fprofile-generate
UNRESOLVED: gcc.dg/struct/w_prof_single_str_global.c compilation, -O3 -fwhole-program -combine -fipa-type-escape -fprofile-use -fipa-struct-reorg -fdump-ipa-all
UNRESOLVED: gcc.dg/struct/w_prof_single_str_global.c execution, -O3 -fwhole-program -combine -fipa-type-escape -fprofile-use -fipa-struct-reorg -fdump-ipa-all
FAIL: gcc.dg/struct/w_prof_two_strs.c compilation, -O3 -fwhole-program -combine -fipa-type-escape -fprofile-generate (internal compiler error)
UNRESOLVED: gcc.dg/struct/w_prof_two_strs.c execution, -O3 -fwhole-program -combine -fipa-type-escape -fprofile-generate
UNRESOLVED: gcc.dg/struct/w_prof_two_strs.c compilation, -O3 -fwhole-program -combine -fipa-type-escape -fprofile-use -fipa-struct-reorg -fdump-ipa-all
UNRESOLVED: gcc.dg/struct/w_prof_two_strs.c execution, -O3 -fwhole-program -combine -fipa-type-escape -fprofile-use -fipa-struct-reorg -fdump-ipa-all
FAIL: gcc.dg/struct/w_ratio_cold_str.c compilation, -O3 -fwhole-program -combine -fipa-type-escape -fprofile-generate (internal compiler error)
UNRESOLVED: gcc.dg/struct/w_ratio_cold_str.c execution, -O3 -fwhole-program -combine -fipa-type-escape -fprofile-generate
UNRESOLVED: gcc.dg/struct/w_ratio_cold_str.c compilation, -O3 -fwhole-program -combine -fipa-type-escape -fprofile-use -fipa-struct-reorg -fdump-ipa-all --param struct-reorg-cold-struct-ratio=30
UNRESOLVED: gcc.dg/struct/w_ratio_cold_str.c execution, -O3 -fwhole-program -combine -fipa-type-escape -fprofile-use -fipa-struct-reorg -fdump-ipa-all --param struct-reorg-cold-struct-ratio=30
FAIL: gcc.dg/torture/pr41094.c -O0 (test for excess errors)
WARNING: gcc.dg/torture/pr41094.c -O0 compilation failed to produce executable
FAIL: gcc.dg/tree-ssa/wholeprogram-1.c (internal compiler error)
FAIL: gcc.dg/tree-ssa/wholeprogram-1.c (test for excess errors)
FAIL: gcc.dg/tree-ssa/wholeprogram-1.c scan-tree-dump-not optimized "large_function": dump file does not exist
=== gcc Summary ===
# of expected passes 58678
# of unexpected failures 149
# of unexpected successes 8
# of expected failures 199
# of unresolved testcases 29
# of unsupported tests 1187
/home/guerby/build/gcc/xgcc version 4.5.0 20091112 (experimental) [trunk revision 154127] (GCC)
=== gnat tests ===
Running target unix
FAIL: gnat.dg/null_pointer_deref1.adb execution test
=== gnat Summary ===
# of expected passes 742
# of unexpected failures 1
# of expected failures 5
=== libgomp tests ===
Running target unix
=== libgomp Summary ===
# of expected passes 260
=== libmudflap tests ===
Running target unix
FAIL: libmudflap.c/fail31-frag.c (-O3) output pattern test
FAIL: libmudflap.c/pass45-frag.c (-O3) execution test
FAIL: libmudflap.c/pass45-frag.c (-O3) output pattern test
FAIL: libmudflap.c/pass45-frag.c (-O3) execution test
FAIL: libmudflap.c/pass45-frag.c (-O3) output pattern test
FAIL: libmudflap.cth/pass37-frag.c (-static -DSTATIC) execution test
FAIL: libmudflap.cth/pass37-frag.c (-static -DSTATIC) output pattern test
FAIL: libmudflap.cth/pass37-frag.c (-static -DSTATIC) (rerun 1) execution test
FAIL: libmudflap.cth/pass37-frag.c (-static -DSTATIC) (rerun 1) output pattern test
FAIL: libmudflap.cth/pass37-frag.c (-static -DSTATIC) (rerun 2) execution test
FAIL: libmudflap.cth/pass37-frag.c (-static -DSTATIC) (rerun 2) output pattern test
FAIL: libmudflap.cth/pass37-frag.c (-static -DSTATIC) (rerun 3) execution test
FAIL: libmudflap.cth/pass37-frag.c (-static -DSTATIC) (rerun 3) output pattern test
FAIL: libmudflap.cth/pass37-frag.c (-static -DSTATIC) (rerun 4) execution test
FAIL: libmudflap.cth/pass37-frag.c (-static -DSTATIC) (rerun 4) output pattern test
FAIL: libmudflap.cth/pass37-frag.c (-static -DSTATIC) (rerun 5) execution test
FAIL: libmudflap.cth/pass37-frag.c (-static -DSTATIC) (rerun 5) output pattern test
FAIL: libmudflap.cth/pass37-frag.c (-static -DSTATIC) (rerun 6) execution test
FAIL: libmudflap.cth/pass37-frag.c (-static -DSTATIC) (rerun 6) output pattern test
FAIL: libmudflap.cth/pass37-frag.c (-static -DSTATIC) (rerun 7) execution test
FAIL: libmudflap.cth/pass37-frag.c (-static -DSTATIC) (rerun 7) output pattern test
FAIL: libmudflap.cth/pass37-frag.c (-static -DSTATIC) (rerun 8) execution test
FAIL: libmudflap.cth/pass37-frag.c (-static -DSTATIC) (rerun 8) output pattern test
FAIL: libmudflap.cth/pass37-frag.c (-static -DSTATIC) (rerun 9) execution test
FAIL: libmudflap.cth/pass37-frag.c (-static -DSTATIC) (rerun 9) output pattern test
FAIL: libmudflap.cth/pass37-frag.c (-static -DSTATIC) (rerun 10) execution test
FAIL: libmudflap.cth/pass37-frag.c (-static -DSTATIC) (rerun 10) output pattern test
FAIL: libmudflap.cth/pass37-frag.c (-static -DSTATIC) (rerun 11) execution test
FAIL: libmudflap.cth/pass37-frag.c (-static -DSTATIC) (rerun 11) output pattern test
FAIL: libmudflap.cth/pass37-frag.c (-static -DSTATIC) (rerun 12) execution test
FAIL: libmudflap.cth/pass37-frag.c (-static -DSTATIC) (rerun 12) output pattern test
FAIL: libmudflap.cth/pass37-frag.c (-static -DSTATIC) (rerun 13) execution test
FAIL: libmudflap.cth/pass37-frag.c (-static -DSTATIC) (rerun 13) output pattern test
FAIL: libmudflap.cth/pass37-frag.c (-static -DSTATIC) (rerun 14) execution test
FAIL: libmudflap.cth/pass37-frag.c (-static -DSTATIC) (rerun 14) output pattern test
FAIL: libmudflap.cth/pass37-frag.c (-static -DSTATIC) (rerun 15) execution test
FAIL: libmudflap.cth/pass37-frag.c (-static -DSTATIC) (rerun 15) output pattern test
FAIL: libmudflap.cth/pass37-frag.c (-static -DSTATIC) (rerun 16) execution test
FAIL: libmudflap.cth/pass37-frag.c (-static -DSTATIC) (rerun 16) output pattern test
FAIL: libmudflap.cth/pass37-frag.c (-static -DSTATIC) (rerun 17) execution test
FAIL: libmudflap.cth/pass37-frag.c (-static -DSTATIC) (rerun 17) output pattern test
FAIL: libmudflap.cth/pass37-frag.c (-static -DSTATIC) (rerun 18) execution test
FAIL: libmudflap.cth/pass37-frag.c (-static -DSTATIC) (rerun 18) output pattern test
FAIL: libmudflap.cth/pass37-frag.c (-static -DSTATIC) (rerun 19) execution test
FAIL: libmudflap.cth/pass37-frag.c (-static -DSTATIC) (rerun 19) output pattern test
FAIL: libmudflap.cth/pass39-frag.c (-static -DSTATIC) execution test
FAIL: libmudflap.cth/pass39-frag.c (-static -DSTATIC) output pattern test
FAIL: libmudflap.cth/pass39-frag.c (-static -DSTATIC) (rerun 1) execution test
FAIL: libmudflap.cth/pass39-frag.c (-static -DSTATIC) (rerun 1) output pattern test
FAIL: libmudflap.cth/pass39-frag.c (-static -DSTATIC) (rerun 2) execution test
FAIL: libmudflap.cth/pass39-frag.c (-static -DSTATIC) (rerun 2) output pattern test
FAIL: libmudflap.cth/pass39-frag.c (-static -DSTATIC) (rerun 3) execution test
FAIL: libmudflap.cth/pass39-frag.c (-static -DSTATIC) (rerun 3) output pattern test
FAIL: libmudflap.cth/pass39-frag.c (-static -DSTATIC) (rerun 4) execution test
FAIL: libmudflap.cth/pass39-frag.c (-static -DSTATIC) (rerun 4) output pattern test
FAIL: libmudflap.cth/pass39-frag.c (-static -DSTATIC) (rerun 5) execution test
FAIL: libmudflap.cth/pass39-frag.c (-static -DSTATIC) (rerun 5) output pattern test
FAIL: libmudflap.cth/pass39-frag.c (-static -DSTATIC) (rerun 6) execution test
FAIL: libmudflap.cth/pass39-frag.c (-static -DSTATIC) (rerun 6) output pattern test
FAIL: libmudflap.cth/pass39-frag.c (-static -DSTATIC) (rerun 7) execution test
FAIL: libmudflap.cth/pass39-frag.c (-static -DSTATIC) (rerun 7) output pattern test
FAIL: libmudflap.cth/pass39-frag.c (-static -DSTATIC) (rerun 8) execution test
FAIL: libmudflap.cth/pass39-frag.c (-static -DSTATIC) (rerun 8) output pattern test
FAIL: libmudflap.cth/pass39-frag.c (-static -DSTATIC) (rerun 9) execution test
FAIL: libmudflap.cth/pass39-frag.c (-static -DSTATIC) (rerun 9) output pattern test
FAIL: libmudflap.cth/pass39-frag.c (-static -DSTATIC) (rerun 10) execution test
FAIL: libmudflap.cth/pass39-frag.c (-static -DSTATIC) (rerun 10) output pattern test
FAIL: libmudflap.cth/pass39-frag.c (-static -DSTATIC) (rerun 11) execution test
FAIL: libmudflap.cth/pass39-frag.c (-static -DSTATIC) (rerun 11) output pattern test
FAIL: libmudflap.cth/pass39-frag.c (-static -DSTATIC) (rerun 12) execution test
FAIL: libmudflap.cth/pass39-frag.c (-static -DSTATIC) (rerun 12) output pattern test
FAIL: libmudflap.cth/pass39-frag.c (-static -DSTATIC) (rerun 13) execution test
FAIL: libmudflap.cth/pass39-frag.c (-static -DSTATIC) (rerun 13) output pattern test
FAIL: libmudflap.cth/pass39-frag.c (-static -DSTATIC) (rerun 14) execution test
FAIL: libmudflap.cth/pass39-frag.c (-static -DSTATIC) (rerun 14) output pattern test
FAIL: libmudflap.cth/pass39-frag.c (-static -DSTATIC) (rerun 15) execution test
FAIL: libmudflap.cth/pass39-frag.c (-static -DSTATIC) (rerun 15) output pattern test
FAIL: libmudflap.cth/pass39-frag.c (-static -DSTATIC) (rerun 16) execution test
FAIL: libmudflap.cth/pass39-frag.c (-static -DSTATIC) (rerun 16) output pattern test
FAIL: libmudflap.cth/pass39-frag.c (-static -DSTATIC) (rerun 17) execution test
FAIL: libmudflap.cth/pass39-frag.c (-static -DSTATIC) (rerun 17) output pattern test
FAIL: libmudflap.cth/pass39-frag.c (-static -DSTATIC) (rerun 18) execution test
FAIL: libmudflap.cth/pass39-frag.c (-static -DSTATIC) (rerun 18) output pattern test
FAIL: libmudflap.cth/pass39-frag.c (-static -DSTATIC) (rerun 19) execution test
FAIL: libmudflap.cth/pass39-frag.c (-static -DSTATIC) (rerun 19) output pattern test
FAIL: libmudflap.cth/pass40-frag.c (-static -DSTATIC) execution test
FAIL: libmudflap.cth/pass40-frag.c (-static -DSTATIC) output pattern test
FAIL: libmudflap.cth/pass59-frag.c (-static -DSTATIC) execution test
FAIL: libmudflap.cth/pass59-frag.c (-static -DSTATIC) output pattern test
=== libmudflap Summary ===
# of expected passes 1651
# of unexpected failures 89
# of unsupported tests 2
Compiler version: 4.5.0 20091112 (experimental) [trunk revision 154127] (GCC)
Platform: i686-pc-linux-gnu
configure flags: --prefix=/n/01/guerby/install-trunk --enable-languages=c,ada --enable-__cxa_atexit --disable-nls --enable-threads=posix --with-mpfr=/opt/cfarm/mpfr-2.4.1 --with-gmp=/opt/cfarm/gmp-4.2.4