This is the mail archive of the
gcc-testresults@gcc.gnu.org
mailing list for the GCC project.
Results for 4.5.0 20091107 (experimental) [trunk revision 153993p2] (GCC) testsuite on i686-apple-darwin9
- From: dominiq at lps dot ens dot fr (Dominique Dhumieres)
- To: gcc-testresults at gcc dot gnu dot org
- Date: Sun, 08 Nov 2009 15:05:08 +0100
- Subject: Results for 4.5.0 20091107 (experimental) [trunk revision 153993p2] (GCC) testsuite on i686-apple-darwin9
LAST_UPDATED: Updated Sat Nov 7 10:04:42 CET 2009 to revision 153993.
Native configuration is i686-apple-darwin9
=== g++ tests ===
Running target unix
FAIL: g++.dg/debug/anonunion1.C -gdwarf-2 -g1 (internal compiler error)
FAIL: g++.dg/debug/anonunion1.C -gdwarf-2 -g1 (test for excess errors)
FAIL: g++.dg/debug/anonunion1.C -gdwarf-2 -g1 -O2 (internal compiler error)
FAIL: g++.dg/debug/anonunion1.C -gdwarf-2 -g1 -O2 (test for excess errors)
FAIL: g++.dg/debug/anonunion1.C -gdwarf-2 -g1 -O3 (internal compiler error)
FAIL: g++.dg/debug/anonunion1.C -gdwarf-2 -g1 -O3 (test for excess errors)
FAIL: g++.dg/debug/const1.C -gdwarf-2 -g1 (internal compiler error)
FAIL: g++.dg/debug/const1.C -gdwarf-2 -g1 (test for excess errors)
FAIL: g++.dg/debug/const1.C -gdwarf-2 -g1 -O2 (internal compiler error)
FAIL: g++.dg/debug/const1.C -gdwarf-2 -g1 -O2 (test for excess errors)
FAIL: g++.dg/debug/const1.C -gdwarf-2 -g1 -O3 (internal compiler error)
FAIL: g++.dg/debug/const1.C -gdwarf-2 -g1 -O3 (test for excess errors)
FAIL: g++.dg/debug/debug1.C -gdwarf-2 -g1 (internal compiler error)
FAIL: g++.dg/debug/debug1.C -gdwarf-2 -g1 (test for excess errors)
FAIL: g++.dg/debug/debug1.C -gdwarf-2 -g1 -O2 (internal compiler error)
FAIL: g++.dg/debug/debug1.C -gdwarf-2 -g1 -O2 (test for excess errors)
FAIL: g++.dg/debug/debug1.C -gdwarf-2 -g1 -O3 (internal compiler error)
FAIL: g++.dg/debug/debug1.C -gdwarf-2 -g1 -O3 (test for excess errors)
FAIL: g++.dg/debug/debug2.C -gdwarf-2 -g1 (internal compiler error)
FAIL: g++.dg/debug/debug2.C -gdwarf-2 -g1 (test for excess errors)
FAIL: g++.dg/debug/debug2.C -gdwarf-2 -g1 -O2 (internal compiler error)
FAIL: g++.dg/debug/debug2.C -gdwarf-2 -g1 -O2 (test for excess errors)
FAIL: g++.dg/debug/debug2.C -gdwarf-2 -g1 -O3 (internal compiler error)
FAIL: g++.dg/debug/debug2.C -gdwarf-2 -g1 -O3 (test for excess errors)
FAIL: g++.dg/debug/debug3.C -gdwarf-2 -g1 (internal compiler error)
FAIL: g++.dg/debug/debug3.C -gdwarf-2 -g1 (test for excess errors)
FAIL: g++.dg/debug/debug3.C -gdwarf-2 -g1 -O2 (internal compiler error)
FAIL: g++.dg/debug/debug3.C -gdwarf-2 -g1 -O2 (test for excess errors)
FAIL: g++.dg/debug/debug3.C -gdwarf-2 -g1 -O3 (internal compiler error)
FAIL: g++.dg/debug/debug3.C -gdwarf-2 -g1 -O3 (test for excess errors)
FAIL: g++.dg/debug/debug4.C -gdwarf-2 -g1 (internal compiler error)
FAIL: g++.dg/debug/debug4.C -gdwarf-2 -g1 (test for excess errors)
FAIL: g++.dg/debug/debug4.C -gdwarf-2 -g1 -O2 (internal compiler error)
FAIL: g++.dg/debug/debug4.C -gdwarf-2 -g1 -O2 (test for excess errors)
FAIL: g++.dg/debug/debug4.C -gdwarf-2 -g1 -O3 (internal compiler error)
FAIL: g++.dg/debug/debug4.C -gdwarf-2 -g1 -O3 (test for excess errors)
FAIL: g++.dg/debug/debug5.C -gdwarf-2 -g1 (internal compiler error)
FAIL: g++.dg/debug/debug5.C -gdwarf-2 -g1 (test for excess errors)
FAIL: g++.dg/debug/debug5.C -gdwarf-2 -g1 -O2 (internal compiler error)
FAIL: g++.dg/debug/debug5.C -gdwarf-2 -g1 -O2 (test for excess errors)
FAIL: g++.dg/debug/debug5.C -gdwarf-2 -g1 -O3 (internal compiler error)
FAIL: g++.dg/debug/debug5.C -gdwarf-2 -g1 -O3 (test for excess errors)
FAIL: g++.dg/debug/debug6.C -gdwarf-2 -g1 (internal compiler error)
FAIL: g++.dg/debug/debug6.C -gdwarf-2 -g1 (test for excess errors)
FAIL: g++.dg/debug/debug6.C -gdwarf-2 -g1 -O2 (internal compiler error)
FAIL: g++.dg/debug/debug6.C -gdwarf-2 -g1 -O2 (test for excess errors)
FAIL: g++.dg/debug/debug6.C -gdwarf-2 -g1 -O3 (internal compiler error)
FAIL: g++.dg/debug/debug6.C -gdwarf-2 -g1 -O3 (test for excess errors)
FAIL: g++.dg/debug/debug9.C -gdwarf-2 -g1 (internal compiler error)
FAIL: g++.dg/debug/debug9.C -gdwarf-2 -g1 (test for excess errors)
FAIL: g++.dg/debug/debug9.C -gdwarf-2 -g1 -O2 (internal compiler error)
FAIL: g++.dg/debug/debug9.C -gdwarf-2 -g1 -O2 (test for excess errors)
FAIL: g++.dg/debug/debug9.C -gdwarf-2 -g1 -O3 (internal compiler error)
FAIL: g++.dg/debug/debug9.C -gdwarf-2 -g1 -O3 (test for excess errors)
FAIL: g++.dg/debug/dwarf-eh-personality-1.C -gdwarf-2 -g1 (internal compiler error)
FAIL: g++.dg/debug/dwarf-eh-personality-1.C -gdwarf-2 -g1 (test for excess errors)
FAIL: g++.dg/debug/dwarf-eh-personality-1.C -gdwarf-2 -g1 -O2 (internal compiler error)
FAIL: g++.dg/debug/dwarf-eh-personality-1.C -gdwarf-2 -g1 -O2 (test for excess errors)
FAIL: g++.dg/debug/dwarf-eh-personality-1.C -gdwarf-2 -g1 -O3 (internal compiler error)
FAIL: g++.dg/debug/dwarf-eh-personality-1.C -gdwarf-2 -g1 -O3 (test for excess errors)
FAIL: g++.dg/debug/dwarf2-2.C -gdwarf-2 -g1 (internal compiler error)
FAIL: g++.dg/debug/dwarf2-2.C -gdwarf-2 -g1 (test for excess errors)
FAIL: g++.dg/debug/dwarf2-2.C -gdwarf-2 -g1 -O2 (internal compiler error)
FAIL: g++.dg/debug/dwarf2-2.C -gdwarf-2 -g1 -O2 (test for excess errors)
FAIL: g++.dg/debug/dwarf2-2.C -gdwarf-2 -g1 -O3 (internal compiler error)
FAIL: g++.dg/debug/dwarf2-2.C -gdwarf-2 -g1 -O3 (test for excess errors)
FAIL: g++.dg/debug/minimal1.C -gdwarf-2 -g1 (internal compiler error)
FAIL: g++.dg/debug/minimal1.C -gdwarf-2 -g1 (test for excess errors)
FAIL: g++.dg/debug/minimal1.C -gdwarf-2 -g1 -O2 (internal compiler error)
FAIL: g++.dg/debug/minimal1.C -gdwarf-2 -g1 -O2 (test for excess errors)
FAIL: g++.dg/debug/minimal1.C -gdwarf-2 -g1 -O3 (internal compiler error)
FAIL: g++.dg/debug/minimal1.C -gdwarf-2 -g1 -O3 (test for excess errors)
FAIL: g++.dg/debug/namespace1.C -gdwarf-2 -g1 (internal compiler error)
FAIL: g++.dg/debug/namespace1.C -gdwarf-2 -g1 (test for excess errors)
FAIL: g++.dg/debug/namespace1.C -gdwarf-2 -g1 -O2 (internal compiler error)
FAIL: g++.dg/debug/namespace1.C -gdwarf-2 -g1 -O2 (test for excess errors)
FAIL: g++.dg/debug/namespace1.C -gdwarf-2 -g1 -O3 (internal compiler error)
FAIL: g++.dg/debug/namespace1.C -gdwarf-2 -g1 -O3 (test for excess errors)
FAIL: g++.dg/debug/pr16792.C -gdwarf-2 -g1 (internal compiler error)
FAIL: g++.dg/debug/pr16792.C -gdwarf-2 -g1 (test for excess errors)
FAIL: g++.dg/debug/pr16792.C -gdwarf-2 -g1 -O2 (internal compiler error)
FAIL: g++.dg/debug/pr16792.C -gdwarf-2 -g1 -O2 (test for excess errors)
FAIL: g++.dg/debug/pr16792.C -gdwarf-2 -g1 -O3 (internal compiler error)
FAIL: g++.dg/debug/pr16792.C -gdwarf-2 -g1 -O3 (test for excess errors)
FAIL: g++.dg/debug/pr27657.C -gdwarf-2 -g1 (internal compiler error)
FAIL: g++.dg/debug/pr27657.C -gdwarf-2 -g1 (test for excess errors)
FAIL: g++.dg/debug/pr27657.C -gdwarf-2 -g1 -O2 (internal compiler error)
FAIL: g++.dg/debug/pr27657.C -gdwarf-2 -g1 -O2 (test for excess errors)
FAIL: g++.dg/debug/pr27657.C -gdwarf-2 -g1 -O3 (internal compiler error)
FAIL: g++.dg/debug/pr27657.C -gdwarf-2 -g1 -O3 (test for excess errors)
FAIL: g++.dg/debug/pr30898.C -gdwarf-2 -g1 (internal compiler error)
FAIL: g++.dg/debug/pr30898.C -gdwarf-2 -g1 (test for excess errors)
FAIL: g++.dg/debug/pr30898.C -gdwarf-2 -g1 -O2 (internal compiler error)
FAIL: g++.dg/debug/pr30898.C -gdwarf-2 -g1 -O2 (test for excess errors)
FAIL: g++.dg/debug/pr30898.C -gdwarf-2 -g1 -O3 (internal compiler error)
FAIL: g++.dg/debug/pr30898.C -gdwarf-2 -g1 -O3 (test for excess errors)
FAIL: g++.dg/debug/pr34895.C -gdwarf-2 -g1 (internal compiler error)
FAIL: g++.dg/debug/pr34895.C -gdwarf-2 -g1 (test for excess errors)
FAIL: g++.dg/debug/pr34895.C -gdwarf-2 -g1 -O2 (internal compiler error)
FAIL: g++.dg/debug/pr34895.C -gdwarf-2 -g1 -O2 (test for excess errors)
FAIL: g++.dg/debug/pr34895.C -gdwarf-2 -g1 -O3 (internal compiler error)
FAIL: g++.dg/debug/pr34895.C -gdwarf-2 -g1 -O3 (test for excess errors)
FAIL: g++.dg/debug/template1.C -gdwarf-2 -g1 (internal compiler error)
FAIL: g++.dg/debug/template1.C -gdwarf-2 -g1 (test for excess errors)
FAIL: g++.dg/debug/template1.C -gdwarf-2 -g1 -O2 (internal compiler error)
FAIL: g++.dg/debug/template1.C -gdwarf-2 -g1 -O2 (test for excess errors)
FAIL: g++.dg/debug/template1.C -gdwarf-2 -g1 -O3 (internal compiler error)
FAIL: g++.dg/debug/template1.C -gdwarf-2 -g1 -O3 (test for excess errors)
FAIL: g++.dg/debug/trivial.C -gdwarf-2 -g1 (internal compiler error)
FAIL: g++.dg/debug/trivial.C -gdwarf-2 -g1 (test for excess errors)
WARNING: g++.dg/debug/trivial.C -gdwarf-2 -g1 compilation failed to produce executable
FAIL: g++.dg/debug/trivial.C -gdwarf-2 -g1 -O2 (internal compiler error)
FAIL: g++.dg/debug/trivial.C -gdwarf-2 -g1 -O2 (test for excess errors)
WARNING: g++.dg/debug/trivial.C -gdwarf-2 -g1 -O2 compilation failed to produce executable
FAIL: g++.dg/debug/trivial.C -gdwarf-2 -g1 -O3 (internal compiler error)
FAIL: g++.dg/debug/trivial.C -gdwarf-2 -g1 -O3 (test for excess errors)
WARNING: g++.dg/debug/trivial.C -gdwarf-2 -g1 -O3 compilation failed to produce executable
FAIL: g++.dg/debug/typedef2.C -gdwarf-2 -g1 (internal compiler error)
FAIL: g++.dg/debug/typedef2.C -gdwarf-2 -g1 (test for excess errors)
FAIL: g++.dg/debug/typedef2.C -gdwarf-2 -g1 -O2 (internal compiler error)
FAIL: g++.dg/debug/typedef2.C -gdwarf-2 -g1 -O2 (test for excess errors)
FAIL: g++.dg/debug/typedef2.C -gdwarf-2 -g1 -O3 (internal compiler error)
FAIL: g++.dg/debug/typedef2.C -gdwarf-2 -g1 -O3 (test for excess errors)
FAIL: g++.dg/debug/typedef3.C -gdwarf-2 -g1 (internal compiler error)
FAIL: g++.dg/debug/typedef3.C -gdwarf-2 -g1 (test for excess errors)
FAIL: g++.dg/debug/typedef3.C -gdwarf-2 -g1 -O2 (internal compiler error)
FAIL: g++.dg/debug/typedef3.C -gdwarf-2 -g1 -O2 (test for excess errors)
FAIL: g++.dg/debug/typedef3.C -gdwarf-2 -g1 -O3 (internal compiler error)
FAIL: g++.dg/debug/typedef3.C -gdwarf-2 -g1 -O3 (test for excess errors)
FAIL: g++.dg/debug/using1.C -gdwarf-2 -g1 (internal compiler error)
FAIL: g++.dg/debug/using1.C -gdwarf-2 -g1 (test for excess errors)
FAIL: g++.dg/debug/using1.C -gdwarf-2 -g1 -O2 (internal compiler error)
FAIL: g++.dg/debug/using1.C -gdwarf-2 -g1 -O2 (test for excess errors)
FAIL: g++.dg/debug/using1.C -gdwarf-2 -g1 -O3 (internal compiler error)
FAIL: g++.dg/debug/using1.C -gdwarf-2 -g1 -O3 (test for excess errors)
FAIL: g++.dg/debug/using2.C -gdwarf-2 -g1 (internal compiler error)
FAIL: g++.dg/debug/using2.C -gdwarf-2 -g1 (test for excess errors)
FAIL: g++.dg/debug/using2.C -gdwarf-2 -g1 -O2 (internal compiler error)
FAIL: g++.dg/debug/using2.C -gdwarf-2 -g1 -O2 (test for excess errors)
FAIL: g++.dg/debug/using2.C -gdwarf-2 -g1 -O3 (internal compiler error)
FAIL: g++.dg/debug/using2.C -gdwarf-2 -g1 -O3 (test for excess errors)
FAIL: g++.dg/debug/vartrack1.C -gdwarf-2 -g1 (internal compiler error)
FAIL: g++.dg/debug/vartrack1.C -gdwarf-2 -g1 (test for excess errors)
FAIL: g++.dg/debug/vartrack1.C -gdwarf-2 -g1 -O2 (internal compiler error)
FAIL: g++.dg/debug/vartrack1.C -gdwarf-2 -g1 -O2 (test for excess errors)
FAIL: g++.dg/debug/vartrack1.C -gdwarf-2 -g1 -O3 (internal compiler error)
FAIL: g++.dg/debug/vartrack1.C -gdwarf-2 -g1 -O3 (test for excess errors)
FAIL: g++.dg/abi/mangle11.C (test for warnings, line 10)
FAIL: g++.dg/abi/mangle11.C (test for excess errors)
FAIL: g++.dg/abi/mangle12.C (test for warnings, line 11)
FAIL: g++.dg/abi/mangle12.C (test for excess errors)
FAIL: g++.dg/abi/mangle17.C (test for warnings, line 8)
FAIL: g++.dg/abi/mangle17.C (test for warnings, line 11)
FAIL: g++.dg/abi/mangle17.C (test for excess errors)
FAIL: g++.dg/abi/mangle20-2.C (test for warnings, line 13)
FAIL: g++.dg/abi/mangle20-2.C (test for excess errors)
FAIL: g++.dg/cpp0x/lambda/lambda-mangle.C scan-assembler weak[ \\t]*_?_ZN1RIiE1xMUlvE_clEv
=== g++ Summary for unix ===
# of expected passes 20954
# of unexpected failures 154
# of expected failures 154
# of unsupported tests 167
Running target unix/-m64
FAIL: g++.dg/abi/mangle11.C (test for warnings, line 10)
FAIL: g++.dg/abi/mangle11.C (test for excess errors)
FAIL: g++.dg/abi/mangle12.C (test for warnings, line 11)
FAIL: g++.dg/abi/mangle12.C (test for excess errors)
FAIL: g++.dg/abi/mangle17.C (test for warnings, line 8)
FAIL: g++.dg/abi/mangle17.C (test for warnings, line 11)
FAIL: g++.dg/abi/mangle17.C (test for excess errors)
FAIL: g++.dg/abi/mangle20-2.C (test for warnings, line 13)
FAIL: g++.dg/abi/mangle20-2.C (test for excess errors)
FAIL: g++.dg/cpp0x/lambda/lambda-mangle.C scan-assembler weak[ \\t]*_?_ZN1RIiE1xMUlvE_clEv
=== g++ Summary for unix/-m64 ===
# of expected passes 20717
# of unexpected failures 10
# of expected failures 154
# of unsupported tests 313
=== g++ Summary ===
# of expected passes 41671
# of unexpected failures 164
# of expected failures 308
# of unsupported tests 480
/Volumes/MacBook/opt/gcc/i686-darwin/gcc/testsuite/g++/../../g++ version 4.5.0 20091107 (experimental) [trunk revision 153993p2] (GCC)
=== gcc tests ===
Running target unix
XPASS: gcc.dg/Warray-bounds.c (test for warnings, line 59)
XPASS: gcc.dg/Warray-bounds.c (test for warnings, line 65)
XPASS: gcc.dg/Wunreachable-8.c (test for bogus messages, line 7)
FAIL: gcc.dg/pr34668-1.c (internal compiler error)
FAIL: gcc.dg/pr34668-1.c (test for excess errors)
FAIL: gcc.dg/graphite/id-15.c (test for excess errors)
FAIL: gcc.dg/graphite/run-id-1.c execution test
XPASS: gcc.dg/struct/wo_prof_array_through_pointer.c scan-ipa-dump ipa_struct_reorg "Number of structures to transform is 1"
FAIL: gcc.dg/struct/wo_prof_double_malloc.c (internal compiler error)
FAIL: gcc.dg/struct/wo_prof_double_malloc.c (test for excess errors)
WARNING: gcc.dg/struct/wo_prof_double_malloc.c compilation failed to produce executable
FAIL: gcc.target/i386/builtin-unreachable.c scan-assembler-not %e[bs]p
=== gcc Summary for unix ===
# of expected passes 58017
# of unexpected failures 7
# of unexpected successes 4
# of expected failures 180
# of unsupported tests 1174
Running target unix/-m64
XPASS: gcc.dg/Warray-bounds.c (test for warnings, line 59)
XPASS: gcc.dg/Warray-bounds.c (test for warnings, line 65)
XPASS: gcc.dg/Wunreachable-8.c (test for bogus messages, line 7)
FAIL: gcc.dg/pr34668-1.c (internal compiler error)
FAIL: gcc.dg/pr34668-1.c (test for excess errors)
FAIL: gcc.dg/graphite/run-id-1.c execution test
XPASS: gcc.dg/struct/wo_prof_array_through_pointer.c scan-ipa-dump ipa_struct_reorg "Number of structures to transform is 1"
FAIL: gcc.dg/struct/wo_prof_double_malloc.c (internal compiler error)
FAIL: gcc.dg/struct/wo_prof_double_malloc.c (test for excess errors)
WARNING: gcc.dg/struct/wo_prof_double_malloc.c compilation failed to produce executable
=== gcc Summary for unix/-m64 ===
# of expected passes 57651
# of unexpected failures 5
# of unexpected successes 4
# of expected failures 180
# of unsupported tests 1446
=== gcc Summary ===
# of expected passes 115668
# of unexpected failures 12
# of unexpected successes 8
# of expected failures 360
# of unsupported tests 2620
/Volumes/MacBook/opt/gcc/i686-darwin/gcc/xgcc version 4.5.0 20091107 (experimental) [trunk revision 153993p2] (GCC)
=== gfortran tests ===
Running target unix
=== gfortran Summary for unix ===
# of expected passes 32853
# of expected failures 35
# of unsupported tests 133
Running target unix/-m64
=== gfortran Summary for unix/-m64 ===
# of expected passes 32982
# of expected failures 35
# of unsupported tests 73
=== gfortran Summary ===
# of expected passes 65835
# of expected failures 70
# of unsupported tests 206
/Volumes/MacBook/opt/gcc/i686-darwin/gcc/testsuite/gfortran/../../gfortran version 4.5.0 20091107 (experimental) [trunk revision 153993p2] (GCC)
=== obj-c++ tests ===
Running target unix
FAIL: obj-c++.dg/basic.mm (test for excess errors)
FAIL: obj-c++.dg/basic.mm execution test
FAIL: obj-c++.dg/bitfield-2.mm (test for excess errors)
FAIL: obj-c++.dg/bitfield-2.mm execution test
XPASS: obj-c++.dg/comp-types-10.mm (test for excess errors)
FAIL: obj-c++.dg/const-str-10.mm (test for excess errors)
FAIL: obj-c++.dg/const-str-11.mm (test for excess errors)
FAIL: obj-c++.dg/const-str-3.mm (test for excess errors)
FAIL: obj-c++.dg/const-str-7.mm (test for excess errors)
FAIL: obj-c++.dg/const-str-8.mm (test for excess errors)
FAIL: obj-c++.dg/const-str-9.mm (test for excess errors)
FAIL: obj-c++.dg/cxx-ivars-1.mm (test for excess errors)
FAIL: obj-c++.dg/cxx-ivars-1.mm execution test
FAIL: obj-c++.dg/cxx-ivars-2.mm (test for excess errors)
FAIL: obj-c++.dg/cxx-ivars-3.mm (test for excess errors)
FAIL: obj-c++.dg/cxx-scope-1.mm (test for excess errors)
FAIL: obj-c++.dg/cxx-scope-1.mm execution test
FAIL: obj-c++.dg/defs.mm (test for excess errors)
FAIL: obj-c++.dg/defs.mm execution test
FAIL: obj-c++.dg/encode-4.mm (test for excess errors)
FAIL: obj-c++.dg/encode-4.mm execution test
FAIL: obj-c++.dg/encode-5.mm (test for excess errors)
WARNING: obj-c++.dg/encode-5.mm compilation failed to produce executable
FAIL: obj-c++.dg/encode-6.mm (test for excess errors)
FAIL: obj-c++.dg/encode-7.mm (test for excess errors)
XPASS: obj-c++.dg/encode-8.mm execution test
FAIL: obj-c++.dg/except-1.mm (test for excess errors)
FAIL: obj-c++.dg/except-1.mm execution test
XPASS: obj-c++.dg/isa-field-1.mm (test for excess errors)
FAIL: obj-c++.dg/lookup-2.mm execution test
FAIL: obj-c++.dg/method-10.mm (test for excess errors)
FAIL: obj-c++.dg/method-10.mm execution test
FAIL: obj-c++.dg/method-12.mm (test for excess errors)
FAIL: obj-c++.dg/method-17.mm (test for excess errors)
FAIL: obj-c++.dg/method-17.mm execution test
FAIL: obj-c++.dg/method-19.mm (test for excess errors)
FAIL: obj-c++.dg/method-19.mm execution test
FAIL: obj-c++.dg/proto-lossage-3.mm (test for excess errors)
WARNING: obj-c++.dg/proto-lossage-3.mm compilation failed to produce executable
FAIL: obj-c++.dg/proto-qual-1.mm (test for excess errors)
WARNING: obj-c++.dg/proto-qual-1.mm compilation failed to produce executable
FAIL: obj-c++.dg/qual-types-1.mm (test for excess errors)
FAIL: obj-c++.dg/qual-types-1.mm execution test
FAIL: obj-c++.dg/stubify-2.mm (test for excess errors)
ERROR: obj-c++.dg/stubify-2.mm: error executing dg-final: couldn't open "stubify-2.mm.08.jump": no such file or directory
UNRESOLVED: obj-c++.dg/stubify-2.mm: error executing dg-final: couldn't open "stubify-2.mm.08.jump": no such file or directory
FAIL: obj-c++.dg/template-1.mm (test for excess errors)
FAIL: obj-c++.dg/template-1.mm execution test
FAIL: obj-c++.dg/template-3.mm (test for excess errors)
FAIL: obj-c++.dg/template-3.mm execution test
FAIL: obj-c++.dg/template-4.mm (test for excess errors)
FAIL: obj-c++.dg/template-4.mm execution test
FAIL: obj-c++.dg/try-catch-2.mm execution test
FAIL: obj-c++.dg/try-catch-9.mm execution test
FAIL: obj-c++.dg/va-meth-1.mm (test for excess errors)
FAIL: obj-c++.dg/va-meth-1.mm execution test
=== obj-c++ Summary for unix ===
# of expected passes 412
# of unexpected failures 48
# of unexpected successes 3
# of expected failures 7
# of unresolved testcases 1
# of unsupported tests 1
Running target unix/-m64
FAIL: obj-c++.dg/basic.mm (test for excess errors)
FAIL: obj-c++.dg/basic.mm execution test
FAIL: obj-c++.dg/bitfield-2.mm (test for excess errors)
FAIL: obj-c++.dg/bitfield-2.mm execution test
XPASS: obj-c++.dg/comp-types-10.mm (test for excess errors)
FAIL: obj-c++.dg/const-str-10.mm (test for excess errors)
FAIL: obj-c++.dg/const-str-10.mm scan-assembler .long\\t__NSConstantStringClassReference\\n\\t.long\\t.*\\n\\t.long\\t5\\n\\t.data
FAIL: obj-c++.dg/const-str-11.mm (test for excess errors)
FAIL: obj-c++.dg/const-str-11.mm scan-assembler .long\\t__XStrClassReference\\n\\t.long\\t.*\\n\\t.long\\t5\\n\\t.data
FAIL: obj-c++.dg/const-str-3.mm (test for excess errors)
FAIL: obj-c++.dg/const-str-3.mm execution test
FAIL: obj-c++.dg/const-str-7.mm (test for excess errors)
FAIL: obj-c++.dg/const-str-8.mm (test for excess errors)
FAIL: obj-c++.dg/cxx-ivars-1.mm (test for excess errors)
FAIL: obj-c++.dg/cxx-ivars-1.mm execution test
FAIL: obj-c++.dg/cxx-ivars-2.mm (test for excess errors)
FAIL: obj-c++.dg/cxx-ivars-3.mm (test for excess errors)
FAIL: obj-c++.dg/cxx-ivars-3.mm execution test
FAIL: obj-c++.dg/cxx-scope-1.mm (test for excess errors)
FAIL: obj-c++.dg/cxx-scope-1.mm execution test
FAIL: obj-c++.dg/defs.mm (test for excess errors)
FAIL: obj-c++.dg/defs.mm execution test
FAIL: obj-c++.dg/encode-4.mm (test for excess errors)
FAIL: obj-c++.dg/encode-4.mm execution test
FAIL: obj-c++.dg/encode-5.mm (test for excess errors)
WARNING: obj-c++.dg/encode-5.mm compilation failed to produce executable
FAIL: obj-c++.dg/encode-6.mm (test for excess errors)
FAIL: obj-c++.dg/encode-6.mm execution test
FAIL: obj-c++.dg/encode-7.mm (test for excess errors)
XPASS: obj-c++.dg/encode-8.mm execution test
FAIL: obj-c++.dg/except-1.mm (test for excess errors)
FAIL: obj-c++.dg/except-1.mm execution test
XPASS: obj-c++.dg/isa-field-1.mm (test for excess errors)
FAIL: obj-c++.dg/lookup-2.mm execution test
FAIL: obj-c++.dg/method-10.mm (test for excess errors)
FAIL: obj-c++.dg/method-10.mm execution test
FAIL: obj-c++.dg/method-12.mm (test for excess errors)
FAIL: obj-c++.dg/method-17.mm (test for excess errors)
FAIL: obj-c++.dg/method-17.mm execution test
FAIL: obj-c++.dg/method-19.mm (test for excess errors)
FAIL: obj-c++.dg/method-19.mm execution test
FAIL: obj-c++.dg/proto-lossage-3.mm (test for excess errors)
WARNING: obj-c++.dg/proto-lossage-3.mm compilation failed to produce executable
FAIL: obj-c++.dg/proto-qual-1.mm (test for excess errors)
WARNING: obj-c++.dg/proto-qual-1.mm compilation failed to produce executable
FAIL: obj-c++.dg/qual-types-1.mm (test for excess errors)
FAIL: obj-c++.dg/qual-types-1.mm execution test
FAIL: obj-c++.dg/stubify-2.mm (test for excess errors)
ERROR: obj-c++.dg/stubify-2.mm: error executing dg-final: couldn't open "stubify-2.mm.08.jump": no such file or directory
UNRESOLVED: obj-c++.dg/stubify-2.mm: error executing dg-final: couldn't open "stubify-2.mm.08.jump": no such file or directory
FAIL: obj-c++.dg/template-1.mm (test for excess errors)
FAIL: obj-c++.dg/template-1.mm execution test
FAIL: obj-c++.dg/template-3.mm (test for excess errors)
FAIL: obj-c++.dg/template-3.mm execution test
WARNING: obj-c++.dg/try-catch-2.mm compilation failed to produce executable
WARNING: obj-c++.dg/try-catch-9.mm compilation failed to produce executable
FAIL: obj-c++.dg/va-meth-1.mm (test for excess errors)
FAIL: obj-c++.dg/va-meth-1.mm execution test
=== obj-c++ Summary for unix/-m64 ===
# of expected passes 397
# of unexpected failures 48
# of unexpected successes 3
# of expected failures 15
# of unresolved testcases 1
# of unsupported tests 3
=== obj-c++ Summary ===
# of expected passes 809
# of unexpected failures 96
# of unexpected successes 6
# of expected failures 22
# of unresolved testcases 2
# of unsupported tests 4
/Volumes/MacBook/opt/gcc/i686-darwin/gcc/testsuite/obj-c++/../../g++ version 4.5.0 20091107 (experimental) [trunk revision 153993p2] (GCC)
=== objc tests ===
Running target unix
FAIL: objc/execute/exceptions/catchall-1.m execution, -O3 -fomit-frame-pointer -fnext-runtime
FAIL: objc/execute/exceptions/catchall-1.m execution, -O3 -g -fnext-runtime
FAIL: objc/execute/exceptions/local-variables-1.m execution, -O3 -fomit-frame-pointer -fnext-runtime
FAIL: objc/execute/exceptions/local-variables-1.m execution, -O3 -g -fnext-runtime
FAIL: objc/execute/bycopy-1.m compilation, -O0 -fnext-runtime
UNRESOLVED: objc/execute/bycopy-1.m execution, -O0 -fnext-runtime
FAIL: objc/execute/bycopy-1.m compilation, -O1 -fnext-runtime
UNRESOLVED: objc/execute/bycopy-1.m execution, -O1 -fnext-runtime
FAIL: objc/execute/bycopy-1.m compilation, -O2 -fnext-runtime
UNRESOLVED: objc/execute/bycopy-1.m execution, -O2 -fnext-runtime
FAIL: objc/execute/bycopy-1.m compilation, -O3 -fomit-frame-pointer -fnext-runtime
UNRESOLVED: objc/execute/bycopy-1.m execution, -O3 -fomit-frame-pointer -fnext-runtime
FAIL: objc/execute/bycopy-1.m compilation, -O3 -g -fnext-runtime
UNRESOLVED: objc/execute/bycopy-1.m execution, -O3 -g -fnext-runtime
FAIL: objc/execute/bycopy-1.m compilation, -Os -fnext-runtime
UNRESOLVED: objc/execute/bycopy-1.m execution, -Os -fnext-runtime
FAIL: objc/execute/bycopy-2.m compilation, -O0 -fnext-runtime
UNRESOLVED: objc/execute/bycopy-2.m execution, -O0 -fnext-runtime
FAIL: objc/execute/bycopy-2.m compilation, -O1 -fnext-runtime
UNRESOLVED: objc/execute/bycopy-2.m execution, -O1 -fnext-runtime
FAIL: objc/execute/bycopy-2.m compilation, -O2 -fnext-runtime
UNRESOLVED: objc/execute/bycopy-2.m execution, -O2 -fnext-runtime
FAIL: objc/execute/bycopy-2.m compilation, -O3 -fomit-frame-pointer -fnext-runtime
UNRESOLVED: objc/execute/bycopy-2.m execution, -O3 -fomit-frame-pointer -fnext-runtime
FAIL: objc/execute/bycopy-2.m compilation, -O3 -g -fnext-runtime
UNRESOLVED: objc/execute/bycopy-2.m execution, -O3 -g -fnext-runtime
FAIL: objc/execute/bycopy-2.m compilation, -Os -fnext-runtime
UNRESOLVED: objc/execute/bycopy-2.m execution, -Os -fnext-runtime
FAIL: objc/execute/bycopy-3.m compilation, -O0 -fnext-runtime
UNRESOLVED: objc/execute/bycopy-3.m execution, -O0 -fnext-runtime
FAIL: objc/execute/bycopy-3.m compilation, -O1 -fnext-runtime
UNRESOLVED: objc/execute/bycopy-3.m execution, -O1 -fnext-runtime
FAIL: objc/execute/bycopy-3.m compilation, -O2 -fnext-runtime
UNRESOLVED: objc/execute/bycopy-3.m execution, -O2 -fnext-runtime
FAIL: objc/execute/bycopy-3.m compilation, -O3 -fomit-frame-pointer -fnext-runtime
UNRESOLVED: objc/execute/bycopy-3.m execution, -O3 -fomit-frame-pointer -fnext-runtime
FAIL: objc/execute/bycopy-3.m compilation, -O3 -g -fnext-runtime
UNRESOLVED: objc/execute/bycopy-3.m execution, -O3 -g -fnext-runtime
FAIL: objc/execute/bycopy-3.m compilation, -Os -fnext-runtime
UNRESOLVED: objc/execute/bycopy-3.m execution, -Os -fnext-runtime
FAIL: objc/execute/formal_protocol-5.m compilation, -O0 -fnext-runtime
UNRESOLVED: objc/execute/formal_protocol-5.m execution, -O0 -fnext-runtime
FAIL: objc/execute/formal_protocol-5.m compilation, -O1 -fnext-runtime
UNRESOLVED: objc/execute/formal_protocol-5.m execution, -O1 -fnext-runtime
FAIL: objc/execute/formal_protocol-5.m compilation, -O2 -fnext-runtime
UNRESOLVED: objc/execute/formal_protocol-5.m execution, -O2 -fnext-runtime
FAIL: objc/execute/formal_protocol-5.m compilation, -O3 -fomit-frame-pointer -fnext-runtime
UNRESOLVED: objc/execute/formal_protocol-5.m execution, -O3 -fomit-frame-pointer -fnext-runtime
FAIL: objc/execute/formal_protocol-5.m compilation, -O3 -g -fnext-runtime
UNRESOLVED: objc/execute/formal_protocol-5.m execution, -O3 -g -fnext-runtime
FAIL: objc/execute/formal_protocol-5.m compilation, -Os -fnext-runtime
UNRESOLVED: objc/execute/formal_protocol-5.m execution, -Os -fnext-runtime
FAIL: objc/execute/formal_protocol-6.m compilation, -O0 -fnext-runtime
UNRESOLVED: objc/execute/formal_protocol-6.m execution, -O0 -fnext-runtime
FAIL: objc/execute/formal_protocol-6.m compilation, -O1 -fnext-runtime
UNRESOLVED: objc/execute/formal_protocol-6.m execution, -O1 -fnext-runtime
FAIL: objc/execute/formal_protocol-6.m compilation, -O2 -fnext-runtime
UNRESOLVED: objc/execute/formal_protocol-6.m execution, -O2 -fnext-runtime
FAIL: objc/execute/formal_protocol-6.m compilation, -O3 -fomit-frame-pointer -fnext-runtime
UNRESOLVED: objc/execute/formal_protocol-6.m execution, -O3 -fomit-frame-pointer -fnext-runtime
FAIL: objc/execute/formal_protocol-6.m compilation, -O3 -g -fnext-runtime
UNRESOLVED: objc/execute/formal_protocol-6.m execution, -O3 -g -fnext-runtime
FAIL: objc/execute/formal_protocol-6.m compilation, -Os -fnext-runtime
UNRESOLVED: objc/execute/formal_protocol-6.m execution, -Os -fnext-runtime
FAIL: objc/execute/formal_protocol-7.m compilation, -O0 -fnext-runtime
UNRESOLVED: objc/execute/formal_protocol-7.m execution, -O0 -fnext-runtime
FAIL: objc/execute/formal_protocol-7.m compilation, -O1 -fnext-runtime
UNRESOLVED: objc/execute/formal_protocol-7.m execution, -O1 -fnext-runtime
FAIL: objc/execute/formal_protocol-7.m compilation, -O2 -fnext-runtime
UNRESOLVED: objc/execute/formal_protocol-7.m execution, -O2 -fnext-runtime
FAIL: objc/execute/formal_protocol-7.m compilation, -O3 -fomit-frame-pointer -fnext-runtime
UNRESOLVED: objc/execute/formal_protocol-7.m execution, -O3 -fomit-frame-pointer -fnext-runtime
FAIL: objc/execute/formal_protocol-7.m compilation, -O3 -g -fnext-runtime
UNRESOLVED: objc/execute/formal_protocol-7.m execution, -O3 -g -fnext-runtime
FAIL: objc/execute/formal_protocol-7.m compilation, -Os -fnext-runtime
UNRESOLVED: objc/execute/formal_protocol-7.m execution, -Os -fnext-runtime
FAIL: objc/execute/np-1.m compilation, -O0 -fnext-runtime
UNRESOLVED: objc/execute/np-1.m execution, -O0 -fnext-runtime
FAIL: objc/execute/np-1.m compilation, -O1 -fnext-runtime
UNRESOLVED: objc/execute/np-1.m execution, -O1 -fnext-runtime
FAIL: objc/execute/np-1.m compilation, -O2 -fnext-runtime
UNRESOLVED: objc/execute/np-1.m execution, -O2 -fnext-runtime
FAIL: objc/execute/np-1.m compilation, -O3 -fomit-frame-pointer -fnext-runtime
UNRESOLVED: objc/execute/np-1.m execution, -O3 -fomit-frame-pointer -fnext-runtime
FAIL: objc/execute/np-1.m compilation, -O3 -g -fnext-runtime
UNRESOLVED: objc/execute/np-1.m execution, -O3 -g -fnext-runtime
FAIL: objc/execute/np-1.m compilation, -Os -fnext-runtime
UNRESOLVED: objc/execute/np-1.m execution, -Os -fnext-runtime
FAIL: objc/execute/np-2.m compilation, -O0 -fnext-runtime
UNRESOLVED: objc/execute/np-2.m execution, -O0 -fnext-runtime
FAIL: objc/execute/np-2.m compilation, -O1 -fnext-runtime
UNRESOLVED: objc/execute/np-2.m execution, -O1 -fnext-runtime
FAIL: objc/execute/np-2.m compilation, -O2 -fnext-runtime
UNRESOLVED: objc/execute/np-2.m execution, -O2 -fnext-runtime
FAIL: objc/execute/np-2.m compilation, -O3 -fomit-frame-pointer -fnext-runtime
UNRESOLVED: objc/execute/np-2.m execution, -O3 -fomit-frame-pointer -fnext-runtime
FAIL: objc/execute/np-2.m compilation, -O3 -g -fnext-runtime
UNRESOLVED: objc/execute/np-2.m execution, -O3 -g -fnext-runtime
FAIL: objc/execute/np-2.m compilation, -Os -fnext-runtime
UNRESOLVED: objc/execute/np-2.m execution, -Os -fnext-runtime
FAIL: objc/execute/protocol-isEqual-1.m compilation, -O0 -fnext-runtime
UNRESOLVED: objc/execute/protocol-isEqual-1.m execution, -O0 -fnext-runtime
FAIL: objc/execute/protocol-isEqual-1.m compilation, -O1 -fnext-runtime
UNRESOLVED: objc/execute/protocol-isEqual-1.m execution, -O1 -fnext-runtime
FAIL: objc/execute/protocol-isEqual-1.m compilation, -O2 -fnext-runtime
UNRESOLVED: objc/execute/protocol-isEqual-1.m execution, -O2 -fnext-runtime
FAIL: objc/execute/protocol-isEqual-1.m compilation, -O3 -fomit-frame-pointer -fnext-runtime
UNRESOLVED: objc/execute/protocol-isEqual-1.m execution, -O3 -fomit-frame-pointer -fnext-runtime
FAIL: objc/execute/protocol-isEqual-1.m compilation, -O3 -g -fnext-runtime
UNRESOLVED: objc/execute/protocol-isEqual-1.m execution, -O3 -g -fnext-runtime
FAIL: objc/execute/protocol-isEqual-1.m compilation, -Os -fnext-runtime
UNRESOLVED: objc/execute/protocol-isEqual-1.m execution, -Os -fnext-runtime
FAIL: objc/execute/protocol-isEqual-2.m compilation, -O0 -fnext-runtime
UNRESOLVED: objc/execute/protocol-isEqual-2.m execution, -O0 -fnext-runtime
FAIL: objc/execute/protocol-isEqual-2.m compilation, -O1 -fnext-runtime
UNRESOLVED: objc/execute/protocol-isEqual-2.m execution, -O1 -fnext-runtime
FAIL: objc/execute/protocol-isEqual-2.m compilation, -O2 -fnext-runtime
UNRESOLVED: objc/execute/protocol-isEqual-2.m execution, -O2 -fnext-runtime
FAIL: objc/execute/protocol-isEqual-2.m compilation, -O3 -fomit-frame-pointer -fnext-runtime
UNRESOLVED: objc/execute/protocol-isEqual-2.m execution, -O3 -fomit-frame-pointer -fnext-runtime
FAIL: objc/execute/protocol-isEqual-2.m compilation, -O3 -g -fnext-runtime
UNRESOLVED: objc/execute/protocol-isEqual-2.m execution, -O3 -g -fnext-runtime
FAIL: objc/execute/protocol-isEqual-2.m compilation, -Os -fnext-runtime
UNRESOLVED: objc/execute/protocol-isEqual-2.m execution, -Os -fnext-runtime
FAIL: objc/execute/protocol-isEqual-3.m compilation, -O0 -fnext-runtime
UNRESOLVED: objc/execute/protocol-isEqual-3.m execution, -O0 -fnext-runtime
FAIL: objc/execute/protocol-isEqual-3.m compilation, -O1 -fnext-runtime
UNRESOLVED: objc/execute/protocol-isEqual-3.m execution, -O1 -fnext-runtime
FAIL: objc/execute/protocol-isEqual-3.m compilation, -O2 -fnext-runtime
UNRESOLVED: objc/execute/protocol-isEqual-3.m execution, -O2 -fnext-runtime
FAIL: objc/execute/protocol-isEqual-3.m compilation, -O3 -fomit-frame-pointer -fnext-runtime
UNRESOLVED: objc/execute/protocol-isEqual-3.m execution, -O3 -fomit-frame-pointer -fnext-runtime
FAIL: objc/execute/protocol-isEqual-3.m compilation, -O3 -g -fnext-runtime
UNRESOLVED: objc/execute/protocol-isEqual-3.m execution, -O3 -g -fnext-runtime
FAIL: objc/execute/protocol-isEqual-3.m compilation, -Os -fnext-runtime
UNRESOLVED: objc/execute/protocol-isEqual-3.m execution, -Os -fnext-runtime
FAIL: objc/execute/protocol-isEqual-4.m compilation, -O0 -fnext-runtime
UNRESOLVED: objc/execute/protocol-isEqual-4.m execution, -O0 -fnext-runtime
FAIL: objc/execute/protocol-isEqual-4.m compilation, -O1 -fnext-runtime
UNRESOLVED: objc/execute/protocol-isEqual-4.m execution, -O1 -fnext-runtime
FAIL: objc/execute/protocol-isEqual-4.m compilation, -O2 -fnext-runtime
UNRESOLVED: objc/execute/protocol-isEqual-4.m execution, -O2 -fnext-runtime
FAIL: objc/execute/protocol-isEqual-4.m compilation, -O3 -fomit-frame-pointer -fnext-runtime
UNRESOLVED: objc/execute/protocol-isEqual-4.m execution, -O3 -fomit-frame-pointer -fnext-runtime
FAIL: objc/execute/protocol-isEqual-4.m compilation, -O3 -g -fnext-runtime
UNRESOLVED: objc/execute/protocol-isEqual-4.m execution, -O3 -g -fnext-runtime
FAIL: objc/execute/protocol-isEqual-4.m compilation, -Os -fnext-runtime
UNRESOLVED: objc/execute/protocol-isEqual-4.m execution, -Os -fnext-runtime
FAIL: objc.dg/category-1.m (test for excess errors)
FAIL: objc.dg/const-str-10.m (test for excess errors)
FAIL: objc.dg/const-str-11.m (test for excess errors)
FAIL: objc.dg/const-str-3.m (test for excess errors)
FAIL: objc.dg/const-str-7.m (test for excess errors)
FAIL: objc.dg/const-str-8.m (test for excess errors)
FAIL: objc.dg/const-str-9.m (test for excess errors)
FAIL: objc.dg/encode-2.m (test for excess errors)
FAIL: objc.dg/encode-3.m (test for excess errors)
WARNING: objc.dg/encode-3.m compilation failed to produce executable
FAIL: objc.dg/encode-4.m (test for excess errors)
FAIL: objc.dg/encode-5.m (test for excess errors)
FAIL: objc.dg/headers.m (test for excess errors)
FAIL: objc.dg/method-6.m (test for excess errors)
FAIL: objc.dg/no-extra-load.m (test for excess errors)
ERROR: objc.dg/no-extra-load.m: error executing dg-final: couldn't open "no-extra-load.s": no such file or directory
UNRESOLVED: objc.dg/no-extra-load.m: error executing dg-final: couldn't open "no-extra-load.s": no such file or directory
FAIL: objc.dg/proto-lossage-3.m (test for excess errors)
WARNING: objc.dg/proto-lossage-3.m compilation failed to produce executable
FAIL: objc.dg/proto-qual-1.m (test for excess errors)
WARNING: objc.dg/proto-qual-1.m compilation failed to produce executable
FAIL: objc.dg/stret-2.m scan-assembler objc_msgSend_stret
FAIL: objc.dg/stret-2.m scan-assembler-not objc_msgSend[^_S]
FAIL: objc.dg/stret-2.m scan-assembler-not objc_msgSendSuper[^_]
FAIL: objc.dg/stubify-1.m (test for excess errors)
ERROR: objc.dg/stubify-1.m: error executing dg-final: couldn't open "stubify-1.s": no such file or directory
UNRESOLVED: objc.dg/stubify-1.m: error executing dg-final: couldn't open "stubify-1.s": no such file or directory
FAIL: objc.dg/stubify-2.m (test for excess errors)
FAIL: objc.dg/stubify-2.m scan-rtl-dump-not jump "symbol_ref.*"objc_msgSend"": dump file does not exist
FAIL: objc.dg/symtab-1.m scan-assembler L_OBJC_SYMBOLS.*:\\n\\t.long\\t0\\n\\t.long\\t0\\n\\t.short\\t2\\n\\t.short\\t0\\n\\t.long\\tL_OBJC_CLASS_Derived.*\\n\\t.long\\tL_OBJC_CLASS_Base.*\\n
FAIL: objc.dg/type-size-2.m (test for excess errors)
=== objc Summary for unix ===
# of expected passes 2982
# of unexpected failures 100
# of expected failures 7
# of unresolved testcases 74
# of unsupported tests 2
Running target unix/-m64
FAIL: objc/execute/exceptions/catchall-1.m compilation, -O0 -fnext-runtime
UNRESOLVED: objc/execute/exceptions/catchall-1.m execution, -O0 -fnext-runtime
FAIL: objc/execute/exceptions/catchall-1.m compilation, -O1 -fnext-runtime
UNRESOLVED: objc/execute/exceptions/catchall-1.m execution, -O1 -fnext-runtime
FAIL: objc/execute/exceptions/catchall-1.m compilation, -O2 -fnext-runtime
UNRESOLVED: objc/execute/exceptions/catchall-1.m execution, -O2 -fnext-runtime
FAIL: objc/execute/exceptions/catchall-1.m compilation, -O3 -fomit-frame-pointer -fnext-runtime
UNRESOLVED: objc/execute/exceptions/catchall-1.m execution, -O3 -fomit-frame-pointer -fnext-runtime
FAIL: objc/execute/exceptions/catchall-1.m compilation, -O3 -g -fnext-runtime
UNRESOLVED: objc/execute/exceptions/catchall-1.m execution, -O3 -g -fnext-runtime
FAIL: objc/execute/exceptions/catchall-1.m compilation, -Os -fnext-runtime
UNRESOLVED: objc/execute/exceptions/catchall-1.m execution, -Os -fnext-runtime
FAIL: objc/execute/exceptions/finally-1.m compilation, -O0 -fnext-runtime
UNRESOLVED: objc/execute/exceptions/finally-1.m execution, -O0 -fnext-runtime
FAIL: objc/execute/exceptions/finally-1.m compilation, -O1 -fnext-runtime
UNRESOLVED: objc/execute/exceptions/finally-1.m execution, -O1 -fnext-runtime
FAIL: objc/execute/exceptions/finally-1.m compilation, -O2 -fnext-runtime
UNRESOLVED: objc/execute/exceptions/finally-1.m execution, -O2 -fnext-runtime
FAIL: objc/execute/exceptions/finally-1.m compilation, -O3 -fomit-frame-pointer -fnext-runtime
UNRESOLVED: objc/execute/exceptions/finally-1.m execution, -O3 -fomit-frame-pointer -fnext-runtime
FAIL: objc/execute/exceptions/finally-1.m compilation, -O3 -g -fnext-runtime
UNRESOLVED: objc/execute/exceptions/finally-1.m execution, -O3 -g -fnext-runtime
FAIL: objc/execute/exceptions/finally-1.m compilation, -Os -fnext-runtime
UNRESOLVED: objc/execute/exceptions/finally-1.m execution, -Os -fnext-runtime
FAIL: objc/execute/exceptions/foward-1.m compilation, -O0 -fnext-runtime
UNRESOLVED: objc/execute/exceptions/foward-1.m execution, -O0 -fnext-runtime
FAIL: objc/execute/exceptions/foward-1.m compilation, -O1 -fnext-runtime
UNRESOLVED: objc/execute/exceptions/foward-1.m execution, -O1 -fnext-runtime
FAIL: objc/execute/exceptions/foward-1.m compilation, -O2 -fnext-runtime
UNRESOLVED: objc/execute/exceptions/foward-1.m execution, -O2 -fnext-runtime
FAIL: objc/execute/exceptions/foward-1.m compilation, -O3 -fomit-frame-pointer -fnext-runtime
UNRESOLVED: objc/execute/exceptions/foward-1.m execution, -O3 -fomit-frame-pointer -fnext-runtime
FAIL: objc/execute/exceptions/foward-1.m compilation, -O3 -fomit-frame-pointer -funroll-loops -fnext-runtime
UNRESOLVED: objc/execute/exceptions/foward-1.m execution, -O3 -fomit-frame-pointer -funroll-loops -fnext-runtime
FAIL: objc/execute/exceptions/foward-1.m compilation, -O3 -fomit-frame-pointer -funroll-all-loops -finline-functions -fnext-runtime
UNRESOLVED: objc/execute/exceptions/foward-1.m execution, -O3 -fomit-frame-pointer -funroll-all-loops -finline-functions -fnext-runtime
FAIL: objc/execute/exceptions/foward-1.m compilation, -O3 -g -fnext-runtime
UNRESOLVED: objc/execute/exceptions/foward-1.m execution, -O3 -g -fnext-runtime
FAIL: objc/execute/exceptions/foward-1.m compilation, -Os -fnext-runtime
UNRESOLVED: objc/execute/exceptions/foward-1.m execution, -Os -fnext-runtime
FAIL: objc/execute/exceptions/local-variables-1.m compilation, -O0 -fnext-runtime
UNRESOLVED: objc/execute/exceptions/local-variables-1.m execution, -O0 -fnext-runtime
FAIL: objc/execute/exceptions/local-variables-1.m compilation, -O1 -fnext-runtime
UNRESOLVED: objc/execute/exceptions/local-variables-1.m execution, -O1 -fnext-runtime
FAIL: objc/execute/exceptions/local-variables-1.m compilation, -O2 -fnext-runtime
UNRESOLVED: objc/execute/exceptions/local-variables-1.m execution, -O2 -fnext-runtime
FAIL: objc/execute/exceptions/local-variables-1.m compilation, -O3 -fomit-frame-pointer -fnext-runtime
UNRESOLVED: objc/execute/exceptions/local-variables-1.m execution, -O3 -fomit-frame-pointer -fnext-runtime
FAIL: objc/execute/exceptions/local-variables-1.m compilation, -O3 -g -fnext-runtime
UNRESOLVED: objc/execute/exceptions/local-variables-1.m execution, -O3 -g -fnext-runtime
FAIL: objc/execute/exceptions/local-variables-1.m compilation, -Os -fnext-runtime
UNRESOLVED: objc/execute/exceptions/local-variables-1.m execution, -Os -fnext-runtime
FAIL: objc/execute/exceptions/pr31281.m compilation, -O0 -fnext-runtime
UNRESOLVED: objc/execute/exceptions/pr31281.m execution, -O0 -fnext-runtime
FAIL: objc/execute/exceptions/pr31281.m compilation, -O1 -fnext-runtime
UNRESOLVED: objc/execute/exceptions/pr31281.m execution, -O1 -fnext-runtime
FAIL: objc/execute/exceptions/pr31281.m compilation, -O2 -fnext-runtime
UNRESOLVED: objc/execute/exceptions/pr31281.m execution, -O2 -fnext-runtime
FAIL: objc/execute/exceptions/pr31281.m compilation, -O3 -fomit-frame-pointer -fnext-runtime
UNRESOLVED: objc/execute/exceptions/pr31281.m execution, -O3 -fomit-frame-pointer -fnext-runtime
FAIL: objc/execute/exceptions/pr31281.m compilation, -O3 -fomit-frame-pointer -funroll-loops -fnext-runtime
UNRESOLVED: objc/execute/exceptions/pr31281.m execution, -O3 -fomit-frame-pointer -funroll-loops -fnext-runtime
FAIL: objc/execute/exceptions/pr31281.m compilation, -O3 -fomit-frame-pointer -funroll-all-loops -finline-functions -fnext-runtime
UNRESOLVED: objc/execute/exceptions/pr31281.m execution, -O3 -fomit-frame-pointer -funroll-all-loops -finline-functions -fnext-runtime
FAIL: objc/execute/exceptions/pr31281.m compilation, -O3 -g -fnext-runtime
UNRESOLVED: objc/execute/exceptions/pr31281.m execution, -O3 -g -fnext-runtime
FAIL: objc/execute/exceptions/pr31281.m compilation, -Os -fnext-runtime
UNRESOLVED: objc/execute/exceptions/pr31281.m execution, -Os -fnext-runtime
FAIL: objc/execute/exceptions/trivial.m compilation, -O0 -fnext-runtime
UNRESOLVED: objc/execute/exceptions/trivial.m execution, -O0 -fnext-runtime
FAIL: objc/execute/exceptions/trivial.m compilation, -O1 -fnext-runtime
UNRESOLVED: objc/execute/exceptions/trivial.m execution, -O1 -fnext-runtime
FAIL: objc/execute/exceptions/trivial.m compilation, -O2 -fnext-runtime
UNRESOLVED: objc/execute/exceptions/trivial.m execution, -O2 -fnext-runtime
FAIL: objc/execute/exceptions/trivial.m compilation, -O3 -fomit-frame-pointer -fnext-runtime
UNRESOLVED: objc/execute/exceptions/trivial.m execution, -O3 -fomit-frame-pointer -fnext-runtime
FAIL: objc/execute/exceptions/trivial.m compilation, -O3 -g -fnext-runtime
UNRESOLVED: objc/execute/exceptions/trivial.m execution, -O3 -g -fnext-runtime
FAIL: objc/execute/exceptions/trivial.m compilation, -Os -fnext-runtime
UNRESOLVED: objc/execute/exceptions/trivial.m execution, -Os -fnext-runtime
FAIL: objc/execute/IMP.m compilation, -O0 -fnext-runtime
UNRESOLVED: objc/execute/IMP.m execution, -O0 -fnext-runtime
FAIL: objc/execute/IMP.m compilation, -O1 -fnext-runtime
UNRESOLVED: objc/execute/IMP.m execution, -O1 -fnext-runtime
FAIL: objc/execute/IMP.m compilation, -O2 -fnext-runtime
UNRESOLVED: objc/execute/IMP.m execution, -O2 -fnext-runtime
FAIL: objc/execute/IMP.m compilation, -O3 -fomit-frame-pointer -fnext-runtime
UNRESOLVED: objc/execute/IMP.m execution, -O3 -fomit-frame-pointer -fnext-runtime
FAIL: objc/execute/IMP.m compilation, -O3 -g -fnext-runtime
UNRESOLVED: objc/execute/IMP.m execution, -O3 -g -fnext-runtime
FAIL: objc/execute/IMP.m compilation, -Os -fnext-runtime
UNRESOLVED: objc/execute/IMP.m execution, -Os -fnext-runtime
FAIL: objc/execute/_cmd.m compilation, -O0 -fnext-runtime
UNRESOLVED: objc/execute/_cmd.m execution, -O0 -fnext-runtime
FAIL: objc/execute/_cmd.m compilation, -O1 -fnext-runtime
UNRESOLVED: objc/execute/_cmd.m execution, -O1 -fnext-runtime
FAIL: objc/execute/_cmd.m compilation, -O2 -fnext-runtime
UNRESOLVED: objc/execute/_cmd.m execution, -O2 -fnext-runtime
FAIL: objc/execute/_cmd.m compilation, -O3 -fomit-frame-pointer -fnext-runtime
UNRESOLVED: objc/execute/_cmd.m execution, -O3 -fomit-frame-pointer -fnext-runtime
FAIL: objc/execute/_cmd.m compilation, -O3 -g -fnext-runtime
UNRESOLVED: objc/execute/_cmd.m execution, -O3 -g -fnext-runtime
FAIL: objc/execute/_cmd.m compilation, -Os -fnext-runtime
UNRESOLVED: objc/execute/_cmd.m execution, -Os -fnext-runtime
FAIL: objc/execute/accessing_ivars.m compilation, -O0 -fnext-runtime
UNRESOLVED: objc/execute/accessing_ivars.m execution, -O0 -fnext-runtime
FAIL: objc/execute/accessing_ivars.m compilation, -O1 -fnext-runtime
UNRESOLVED: objc/execute/accessing_ivars.m execution, -O1 -fnext-runtime
FAIL: objc/execute/accessing_ivars.m compilation, -O2 -fnext-runtime
UNRESOLVED: objc/execute/accessing_ivars.m execution, -O2 -fnext-runtime
FAIL: objc/execute/accessing_ivars.m compilation, -O3 -fomit-frame-pointer -fnext-runtime
UNRESOLVED: objc/execute/accessing_ivars.m execution, -O3 -fomit-frame-pointer -fnext-runtime
FAIL: objc/execute/accessing_ivars.m compilation, -O3 -g -fnext-runtime
UNRESOLVED: objc/execute/accessing_ivars.m execution, -O3 -g -fnext-runtime
FAIL: objc/execute/accessing_ivars.m compilation, -Os -fnext-runtime
UNRESOLVED: objc/execute/accessing_ivars.m execution, -Os -fnext-runtime
FAIL: objc/execute/bf-1.m compilation, -O0 -fnext-runtime
UNRESOLVED: objc/execute/bf-1.m execution, -O0 -fnext-runtime
FAIL: objc/execute/bf-1.m compilation, -O1 -fnext-runtime
UNRESOLVED: objc/execute/bf-1.m execution, -O1 -fnext-runtime
FAIL: objc/execute/bf-1.m compilation, -O2 -fnext-runtime
UNRESOLVED: objc/execute/bf-1.m execution, -O2 -fnext-runtime
FAIL: objc/execute/bf-1.m compilation, -O3 -fomit-frame-pointer -fnext-runtime
UNRESOLVED: objc/execute/bf-1.m execution, -O3 -fomit-frame-pointer -fnext-runtime
FAIL: objc/execute/bf-1.m compilation, -O3 -g -fnext-runtime
UNRESOLVED: objc/execute/bf-1.m execution, -O3 -g -fnext-runtime
FAIL: objc/execute/bf-1.m compilation, -Os -fnext-runtime
UNRESOLVED: objc/execute/bf-1.m execution, -Os -fnext-runtime
FAIL: objc/execute/bf-10.m compilation, -O0 -fnext-runtime
UNRESOLVED: objc/execute/bf-10.m execution, -O0 -fnext-runtime
FAIL: objc/execute/bf-10.m compilation, -O1 -fnext-runtime
UNRESOLVED: objc/execute/bf-10.m execution, -O1 -fnext-runtime
FAIL: objc/execute/bf-10.m compilation, -O2 -fnext-runtime
UNRESOLVED: objc/execute/bf-10.m execution, -O2 -fnext-runtime
FAIL: objc/execute/bf-10.m compilation, -O3 -fomit-frame-pointer -fnext-runtime
UNRESOLVED: objc/execute/bf-10.m execution, -O3 -fomit-frame-pointer -fnext-runtime
FAIL: objc/execute/bf-10.m compilation, -O3 -g -fnext-runtime
UNRESOLVED: objc/execute/bf-10.m execution, -O3 -g -fnext-runtime
FAIL: objc/execute/bf-10.m compilation, -Os -fnext-runtime
UNRESOLVED: objc/execute/bf-10.m execution, -Os -fnext-runtime
FAIL: objc/execute/bf-11.m compilation, -O0 -fnext-runtime
UNRESOLVED: objc/execute/bf-11.m execution, -O0 -fnext-runtime
FAIL: objc/execute/bf-11.m compilation, -O1 -fnext-runtime
UNRESOLVED: objc/execute/bf-11.m execution, -O1 -fnext-runtime
FAIL: objc/execute/bf-11.m compilation, -O2 -fnext-runtime
UNRESOLVED: objc/execute/bf-11.m execution, -O2 -fnext-runtime
FAIL: objc/execute/bf-11.m compilation, -O3 -fomit-frame-pointer -fnext-runtime
UNRESOLVED: objc/execute/bf-11.m execution, -O3 -fomit-frame-pointer -fnext-runtime
FAIL: objc/execute/bf-11.m compilation, -O3 -g -fnext-runtime
UNRESOLVED: objc/execute/bf-11.m execution, -O3 -g -fnext-runtime
FAIL: objc/execute/bf-11.m compilation, -Os -fnext-runtime
UNRESOLVED: objc/execute/bf-11.m execution, -Os -fnext-runtime
FAIL: objc/execute/bf-12.m compilation, -O0 -fnext-runtime
UNRESOLVED: objc/execute/bf-12.m execution, -O0 -fnext-runtime
FAIL: objc/execute/bf-12.m compilation, -O1 -fnext-runtime
UNRESOLVED: objc/execute/bf-12.m execution, -O1 -fnext-runtime
FAIL: objc/execute/bf-12.m compilation, -O2 -fnext-runtime
UNRESOLVED: objc/execute/bf-12.m execution, -O2 -fnext-runtime
FAIL: objc/execute/bf-12.m compilation, -O3 -fomit-frame-pointer -fnext-runtime
UNRESOLVED: objc/execute/bf-12.m execution, -O3 -fomit-frame-pointer -fnext-runtime
FAIL: objc/execute/bf-12.m compilation, -O3 -g -fnext-runtime
UNRESOLVED: objc/execute/bf-12.m execution, -O3 -g -fnext-runtime
FAIL: objc/execute/bf-12.m compilation, -Os -fnext-runtime
UNRESOLVED: objc/execute/bf-12.m execution, -Os -fnext-runtime
FAIL: objc/execute/bf-13.m compilation, -O0 -fnext-runtime
UNRESOLVED: objc/execute/bf-13.m execution, -O0 -fnext-runtime
FAIL: objc/execute/bf-13.m compilation, -O1 -fnext-runtime
UNRESOLVED: objc/execute/bf-13.m execution, -O1 -fnext-runtime
FAIL: objc/execute/bf-13.m compilation, -O2 -fnext-runtime
UNRESOLVED: objc/execute/bf-13.m execution, -O2 -fnext-runtime
FAIL: objc/execute/bf-13.m compilation, -O3 -fomit-frame-pointer -fnext-runtime
UNRESOLVED: objc/execute/bf-13.m execution, -O3 -fomit-frame-pointer -fnext-runtime
FAIL: objc/execute/bf-13.m compilation, -O3 -g -fnext-runtime
UNRESOLVED: objc/execute/bf-13.m execution, -O3 -g -fnext-runtime
FAIL: objc/execute/bf-13.m compilation, -Os -fnext-runtime
UNRESOLVED: objc/execute/bf-13.m execution, -Os -fnext-runtime
FAIL: objc/execute/bf-14.m compilation, -O0 -fnext-runtime
UNRESOLVED: objc/execute/bf-14.m execution, -O0 -fnext-runtime
FAIL: objc/execute/bf-14.m compilation, -O1 -fnext-runtime
UNRESOLVED: objc/execute/bf-14.m execution, -O1 -fnext-runtime
FAIL: objc/execute/bf-14.m compilation, -O2 -fnext-runtime
UNRESOLVED: objc/execute/bf-14.m execution, -O2 -fnext-runtime
FAIL: objc/execute/bf-14.m compilation, -O3 -fomit-frame-pointer -fnext-runtime
UNRESOLVED: objc/execute/bf-14.m execution, -O3 -fomit-frame-pointer -fnext-runtime
FAIL: objc/execute/bf-14.m compilation, -O3 -g -fnext-runtime
UNRESOLVED: objc/execute/bf-14.m execution, -O3 -g -fnext-runtime
FAIL: objc/execute/bf-14.m compilation, -Os -fnext-runtime
UNRESOLVED: objc/execute/bf-14.m execution, -Os -fnext-runtime
FAIL: objc/execute/bf-15.m compilation, -O0 -fnext-runtime
UNRESOLVED: objc/execute/bf-15.m execution, -O0 -fnext-runtime
FAIL: objc/execute/bf-15.m compilation, -O1 -fnext-runtime
UNRESOLVED: objc/execute/bf-15.m execution, -O1 -fnext-runtime
FAIL: objc/execute/bf-15.m compilation, -O2 -fnext-runtime
UNRESOLVED: objc/execute/bf-15.m execution, -O2 -fnext-runtime
FAIL: objc/execute/bf-15.m compilation, -O3 -fomit-frame-pointer -fnext-runtime
UNRESOLVED: objc/execute/bf-15.m execution, -O3 -fomit-frame-pointer -fnext-runtime
FAIL: objc/execute/bf-15.m compilation, -O3 -g -fnext-runtime
UNRESOLVED: objc/execute/bf-15.m execution, -O3 -g -fnext-runtime
FAIL: objc/execute/bf-15.m compilation, -Os -fnext-runtime
UNRESOLVED: objc/execute/bf-15.m execution, -Os -fnext-runtime
FAIL: objc/execute/bf-16.m compilation, -O0 -fnext-runtime
UNRESOLVED: objc/execute/bf-16.m execution, -O0 -fnext-runtime
FAIL: objc/execute/bf-16.m compilation, -O1 -fnext-runtime
UNRESOLVED: objc/execute/bf-16.m execution, -O1 -fnext-runtime
FAIL: objc/execute/bf-16.m compilation, -O2 -fnext-runtime
UNRESOLVED: objc/execute/bf-16.m execution, -O2 -fnext-runtime
FAIL: objc/execute/bf-16.m compilation, -O3 -fomit-frame-pointer -fnext-runtime
UNRESOLVED: objc/execute/bf-16.m execution, -O3 -fomit-frame-pointer -fnext-runtime
FAIL: objc/execute/bf-16.m compilation, -O3 -g -fnext-runtime
UNRESOLVED: objc/execute/bf-16.m execution, -O3 -g -fnext-runtime
FAIL: objc/execute/bf-16.m compilation, -Os -fnext-runtime
UNRESOLVED: objc/execute/bf-16.m execution, -Os -fnext-runtime
FAIL: objc/execute/bf-17.m compilation, -O0 -fnext-runtime
UNRESOLVED: objc/execute/bf-17.m execution, -O0 -fnext-runtime
FAIL: objc/execute/bf-17.m compilation, -O1 -fnext-runtime
UNRESOLVED: objc/execute/bf-17.m execution, -O1 -fnext-runtime
FAIL: objc/execute/bf-17.m compilation, -O2 -fnext-runtime
UNRESOLVED: objc/execute/bf-17.m execution, -O2 -fnext-runtime
FAIL: objc/execute/bf-17.m compilation, -O3 -fomit-frame-pointer -fnext-runtime
UNRESOLVED: objc/execute/bf-17.m execution, -O3 -fomit-frame-pointer -fnext-runtime
FAIL: objc/execute/bf-17.m compilation, -O3 -g -fnext-runtime
UNRESOLVED: objc/execute/bf-17.m execution, -O3 -g -fnext-runtime
FAIL: objc/execute/bf-17.m compilation, -Os -fnext-runtime
UNRESOLVED: objc/execute/bf-17.m execution, -Os -fnext-runtime
FAIL: objc/execute/bf-18.m compilation, -O0 -fnext-runtime
UNRESOLVED: objc/execute/bf-18.m execution, -O0 -fnext-runtime
FAIL: objc/execute/bf-18.m compilation, -O1 -fnext-runtime
UNRESOLVED: objc/execute/bf-18.m execution, -O1 -fnext-runtime
FAIL: objc/execute/bf-18.m compilation, -O2 -fnext-runtime
UNRESOLVED: objc/execute/bf-18.m execution, -O2 -fnext-runtime
FAIL: objc/execute/bf-18.m compilation, -O3 -fomit-frame-pointer -fnext-runtime
UNRESOLVED: objc/execute/bf-18.m execution, -O3 -fomit-frame-pointer -fnext-runtime
FAIL: objc/execute/bf-18.m compilation, -O3 -g -fnext-runtime
UNRESOLVED: objc/execute/bf-18.m execution, -O3 -g -fnext-runtime
FAIL: objc/execute/bf-18.m compilation, -Os -fnext-runtime
UNRESOLVED: objc/execute/bf-18.m execution, -Os -fnext-runtime
FAIL: objc/execute/bf-19.m compilation, -O0 -fnext-runtime
UNRESOLVED: objc/execute/bf-19.m execution, -O0 -fnext-runtime
FAIL: objc/execute/bf-19.m compilation, -O1 -fnext-runtime
UNRESOLVED: objc/execute/bf-19.m execution, -O1 -fnext-runtime
FAIL: objc/execute/bf-19.m compilation, -O2 -fnext-runtime
UNRESOLVED: objc/execute/bf-19.m execution, -O2 -fnext-runtime
FAIL: objc/execute/bf-19.m compilation, -O3 -fomit-frame-pointer -fnext-runtime
UNRESOLVED: objc/execute/bf-19.m execution, -O3 -fomit-frame-pointer -fnext-runtime
FAIL: objc/execute/bf-19.m compilation, -O3 -g -fnext-runtime
UNRESOLVED: objc/execute/bf-19.m execution, -O3 -g -fnext-runtime
FAIL: objc/execute/bf-19.m compilation, -Os -fnext-runtime
UNRESOLVED: objc/execute/bf-19.m execution, -Os -fnext-runtime
FAIL: objc/execute/bf-2.m compilation, -O0 -fnext-runtime
UNRESOLVED: objc/execute/bf-2.m execution, -O0 -fnext-runtime
FAIL: objc/execute/bf-2.m compilation, -O1 -fnext-runtime
UNRESOLVED: objc/execute/bf-2.m execution, -O1 -fnext-runtime
FAIL: objc/execute/bf-2.m compilation, -O2 -fnext-runtime
UNRESOLVED: objc/execute/bf-2.m execution, -O2 -fnext-runtime
FAIL: objc/execute/bf-2.m compilation, -O3 -fomit-frame-pointer -fnext-runtime
UNRESOLVED: objc/execute/bf-2.m execution, -O3 -fomit-frame-pointer -fnext-runtime
FAIL: objc/execute/bf-2.m compilation, -O3 -g -fnext-runtime
UNRESOLVED: objc/execute/bf-2.m execution, -O3 -g -fnext-runtime
FAIL: objc/execute/bf-2.m compilation, -Os -fnext-runtime
UNRESOLVED: objc/execute/bf-2.m execution, -Os -fnext-runtime
FAIL: objc/execute/bf-20.m compilation, -O0 -fnext-runtime
UNRESOLVED: objc/execute/bf-20.m execution, -O0 -fnext-runtime
FAIL: objc/execute/bf-20.m compilation, -O1 -fnext-runtime
UNRESOLVED: objc/execute/bf-20.m execution, -O1 -fnext-runtime
FAIL: objc/execute/bf-20.m compilation, -O2 -fnext-runtime
UNRESOLVED: objc/execute/bf-20.m execution, -O2 -fnext-runtime
FAIL: objc/execute/bf-20.m compilation, -O3 -fomit-frame-pointer -fnext-runtime
UNRESOLVED: objc/execute/bf-20.m execution, -O3 -fomit-frame-pointer -fnext-runtime
FAIL: objc/execute/bf-20.m compilation, -O3 -g -fnext-runtime
UNRESOLVED: objc/execute/bf-20.m execution, -O3 -g -fnext-runtime
FAIL: objc/execute/bf-20.m compilation, -Os -fnext-runtime
UNRESOLVED: objc/execute/bf-20.m execution, -Os -fnext-runtime
FAIL: objc/execute/bf-21.m compilation, -O0 -fnext-runtime
UNRESOLVED: objc/execute/bf-21.m execution, -O0 -fnext-runtime
FAIL: objc/execute/bf-21.m compilation, -O1 -fnext-runtime
UNRESOLVED: objc/execute/bf-21.m execution, -O1 -fnext-runtime
FAIL: objc/execute/bf-21.m compilation, -O2 -fnext-runtime
UNRESOLVED: objc/execute/bf-21.m execution, -O2 -fnext-runtime
FAIL: objc/execute/bf-21.m compilation, -O3 -fomit-frame-pointer -fnext-runtime
UNRESOLVED: objc/execute/bf-21.m execution, -O3 -fomit-frame-pointer -fnext-runtime
FAIL: objc/execute/bf-21.m compilation, -O3 -g -fnext-runtime
UNRESOLVED: objc/execute/bf-21.m execution, -O3 -g -fnext-runtime
FAIL: objc/execute/bf-21.m compilation, -Os -fnext-runtime
UNRESOLVED: objc/execute/bf-21.m execution, -Os -fnext-runtime
FAIL: objc/execute/bf-3.m compilation, -O0 -fnext-runtime
UNRESOLVED: objc/execute/bf-3.m execution, -O0 -fnext-runtime
FAIL: objc/execute/bf-3.m compilation, -O1 -fnext-runtime
UNRESOLVED: objc/execute/bf-3.m execution, -O1 -fnext-runtime
FAIL: objc/execute/bf-3.m compilation, -O2 -fnext-runtime
UNRESOLVED: objc/execute/bf-3.m execution, -O2 -fnext-runtime
FAIL: objc/execute/bf-3.m compilation, -O3 -fomit-frame-pointer -fnext-runtime
UNRESOLVED: objc/execute/bf-3.m execution, -O3 -fomit-frame-pointer -fnext-runtime
FAIL: objc/execute/bf-3.m compilation, -O3 -g -fnext-runtime
UNRESOLVED: objc/execute/bf-3.m execution, -O3 -g -fnext-runtime
FAIL: objc/execute/bf-3.m compilation, -Os -fnext-runtime
UNRESOLVED: objc/execute/bf-3.m execution, -Os -fnext-runtime
FAIL: objc/execute/bf-4.m compilation, -O0 -fnext-runtime
UNRESOLVED: objc/execute/bf-4.m execution, -O0 -fnext-runtime
FAIL: objc/execute/bf-4.m compilation, -O1 -fnext-runtime
UNRESOLVED: objc/execute/bf-4.m execution, -O1 -fnext-runtime
FAIL: objc/execute/bf-4.m compilation, -O2 -fnext-runtime
UNRESOLVED: objc/execute/bf-4.m execution, -O2 -fnext-runtime
FAIL: objc/execute/bf-4.m compilation, -O3 -fomit-frame-pointer -fnext-runtime
UNRESOLVED: objc/execute/bf-4.m execution, -O3 -fomit-frame-pointer -fnext-runtime
FAIL: objc/execute/bf-4.m compilation, -O3 -g -fnext-runtime
UNRESOLVED: objc/execute/bf-4.m execution, -O3 -g -fnext-runtime
FAIL: objc/execute/bf-4.m compilation, -Os -fnext-runtime
UNRESOLVED: objc/execute/bf-4.m execution, -Os -fnext-runtime
FAIL: objc/execute/bf-5.m compilation, -O0 -fnext-runtime
UNRESOLVED: objc/execute/bf-5.m execution, -O0 -fnext-runtime
FAIL: objc/execute/bf-5.m compilation, -O1 -fnext-runtime
UNRESOLVED: objc/execute/bf-5.m execution, -O1 -fnext-runtime
FAIL: objc/execute/bf-5.m compilation, -O2 -fnext-runtime
UNRESOLVED: objc/execute/bf-5.m execution, -O2 -fnext-runtime
FAIL: objc/execute/bf-5.m compilation, -O3 -fomit-frame-pointer -fnext-runtime
UNRESOLVED: objc/execute/bf-5.m execution, -O3 -fomit-frame-pointer -fnext-runtime
FAIL: objc/execute/bf-5.m compilation, -O3 -g -fnext-runtime
UNRESOLVED: objc/execute/bf-5.m execution, -O3 -g -fnext-runtime
FAIL: objc/execute/bf-5.m compilation, -Os -fnext-runtime
UNRESOLVED: objc/execute/bf-5.m execution, -Os -fnext-runtime
FAIL: objc/execute/bf-6.m compilation, -O0 -fnext-runtime
UNRESOLVED: objc/execute/bf-6.m execution, -O0 -fnext-runtime
FAIL: objc/execute/bf-6.m compilation, -O1 -fnext-runtime
UNRESOLVED: objc/execute/bf-6.m execution, -O1 -fnext-runtime
FAIL: objc/execute/bf-6.m compilation, -O2 -fnext-runtime
UNRESOLVED: objc/execute/bf-6.m execution, -O2 -fnext-runtime
FAIL: objc/execute/bf-6.m compilation, -O3 -fomit-frame-pointer -fnext-runtime
UNRESOLVED: objc/execute/bf-6.m execution, -O3 -fomit-frame-pointer -fnext-runtime
FAIL: objc/execute/bf-6.m compilation, -O3 -g -fnext-runtime
UNRESOLVED: objc/execute/bf-6.m execution, -O3 -g -fnext-runtime
FAIL: objc/execute/bf-6.m compilation, -Os -fnext-runtime
UNRESOLVED: objc/execute/bf-6.m execution, -Os -fnext-runtime
FAIL: objc/execute/bf-7.m compilation, -O0 -fnext-runtime
UNRESOLVED: objc/execute/bf-7.m execution, -O0 -fnext-runtime
FAIL: objc/execute/bf-7.m compilation, -O1 -fnext-runtime
UNRESOLVED: objc/execute/bf-7.m execution, -O1 -fnext-runtime
FAIL: objc/execute/bf-7.m compilation, -O2 -fnext-runtime
UNRESOLVED: objc/execute/bf-7.m execution, -O2 -fnext-runtime
FAIL: objc/execute/bf-7.m compilation, -O3 -fomit-frame-pointer -fnext-runtime
UNRESOLVED: objc/execute/bf-7.m execution, -O3 -fomit-frame-pointer -fnext-runtime
FAIL: objc/execute/bf-7.m compilation, -O3 -g -fnext-runtime
UNRESOLVED: objc/execute/bf-7.m execution, -O3 -g -fnext-runtime
FAIL: objc/execute/bf-7.m compilation, -Os -fnext-runtime
UNRESOLVED: objc/execute/bf-7.m execution, -Os -fnext-runtime
FAIL: objc/execute/bf-8.m compilation, -O0 -fnext-runtime
UNRESOLVED: objc/execute/bf-8.m execution, -O0 -fnext-runtime
FAIL: objc/execute/bf-8.m compilation, -O1 -fnext-runtime
UNRESOLVED: objc/execute/bf-8.m execution, -O1 -fnext-runtime
FAIL: objc/execute/bf-8.m compilation, -O2 -fnext-runtime
UNRESOLVED: objc/execute/bf-8.m execution, -O2 -fnext-runtime
FAIL: objc/execute/bf-8.m compilation, -O3 -fomit-frame-pointer -fnext-runtime
UNRESOLVED: objc/execute/bf-8.m execution, -O3 -fomit-frame-pointer -fnext-runtime
FAIL: objc/execute/bf-8.m compilation, -O3 -g -fnext-runtime
UNRESOLVED: objc/execute/bf-8.m execution, -O3 -g -fnext-runtime
FAIL: objc/execute/bf-8.m compilation, -Os -fnext-runtime
UNRESOLVED: objc/execute/bf-8.m execution, -Os -fnext-runtime
FAIL: objc/execute/bf-9.m compilation, -O0 -fnext-runtime
UNRESOLVED: objc/execute/bf-9.m execution, -O0 -fnext-runtime
FAIL: objc/execute/bf-9.m compilation, -O1 -fnext-runtime
UNRESOLVED: objc/execute/bf-9.m execution, -O1 -fnext-runtime
FAIL: objc/execute/bf-9.m compilation, -O2 -fnext-runtime
UNRESOLVED: objc/execute/bf-9.m execution, -O2 -fnext-runtime
FAIL: objc/execute/bf-9.m compilation, -O3 -fomit-frame-pointer -fnext-runtime
UNRESOLVED: objc/execute/bf-9.m execution, -O3 -fomit-frame-pointer -fnext-runtime
FAIL: objc/execute/bf-9.m compilation, -O3 -g -fnext-runtime
UNRESOLVED: objc/execute/bf-9.m execution, -O3 -g -fnext-runtime
FAIL: objc/execute/bf-9.m compilation, -Os -fnext-runtime
UNRESOLVED: objc/execute/bf-9.m execution, -Os -fnext-runtime
FAIL: objc/execute/bycopy-1.m compilation, -O0 -fnext-runtime
UNRESOLVED: objc/execute/bycopy-1.m execution, -O0 -fnext-runtime
FAIL: objc/execute/bycopy-1.m compilation, -O1 -fnext-runtime
UNRESOLVED: objc/execute/bycopy-1.m execution, -O1 -fnext-runtime
FAIL: objc/execute/bycopy-1.m compilation, -O2 -fnext-runtime
UNRESOLVED: objc/execute/bycopy-1.m execution, -O2 -fnext-runtime
FAIL: objc/execute/bycopy-1.m compilation, -O3 -fomit-frame-pointer -fnext-runtime
UNRESOLVED: objc/execute/bycopy-1.m execution, -O3 -fomit-frame-pointer -fnext-runtime
FAIL: objc/execute/bycopy-1.m compilation, -O3 -g -fnext-runtime
UNRESOLVED: objc/execute/bycopy-1.m execution, -O3 -g -fnext-runtime
FAIL: objc/execute/bycopy-1.m compilation, -Os -fnext-runtime
UNRESOLVED: objc/execute/bycopy-1.m execution, -Os -fnext-runtime
FAIL: objc/execute/bycopy-2.m compilation, -O0 -fnext-runtime
UNRESOLVED: objc/execute/bycopy-2.m execution, -O0 -fnext-runtime
FAIL: objc/execute/bycopy-2.m compilation, -O1 -fnext-runtime
UNRESOLVED: objc/execute/bycopy-2.m execution, -O1 -fnext-runtime
FAIL: objc/execute/bycopy-2.m compilation, -O2 -fnext-runtime
UNRESOLVED: objc/execute/bycopy-2.m execution, -O2 -fnext-runtime
FAIL: objc/execute/bycopy-2.m compilation, -O3 -fomit-frame-pointer -fnext-runtime
UNRESOLVED: objc/execute/bycopy-2.m execution, -O3 -fomit-frame-pointer -fnext-runtime
FAIL: objc/execute/bycopy-2.m compilation, -O3 -g -fnext-runtime
UNRESOLVED: objc/execute/bycopy-2.m execution, -O3 -g -fnext-runtime
FAIL: objc/execute/bycopy-2.m compilation, -Os -fnext-runtime
UNRESOLVED: objc/execute/bycopy-2.m execution, -Os -fnext-runtime
FAIL: objc/execute/bycopy-3.m compilation, -O0 -fnext-runtime
UNRESOLVED: objc/execute/bycopy-3.m execution, -O0 -fnext-runtime
FAIL: objc/execute/bycopy-3.m compilation, -O1 -fnext-runtime
UNRESOLVED: objc/execute/bycopy-3.m execution, -O1 -fnext-runtime
FAIL: objc/execute/bycopy-3.m compilation, -O2 -fnext-runtime
UNRESOLVED: objc/execute/bycopy-3.m execution, -O2 -fnext-runtime
FAIL: objc/execute/bycopy-3.m compilation, -O3 -fomit-frame-pointer -fnext-runtime
UNRESOLVED: objc/execute/bycopy-3.m execution, -O3 -fomit-frame-pointer -fnext-runtime
FAIL: objc/execute/bycopy-3.m compilation, -O3 -g -fnext-runtime
UNRESOLVED: objc/execute/bycopy-3.m execution, -O3 -g -fnext-runtime
FAIL: objc/execute/bycopy-3.m compilation, -Os -fnext-runtime
UNRESOLVED: objc/execute/bycopy-3.m execution, -Os -fnext-runtime
FAIL: objc/execute/cascading-1.m compilation, -O0 -fnext-runtime
UNRESOLVED: objc/execute/cascading-1.m execution, -O0 -fnext-runtime
FAIL: objc/execute/cascading-1.m compilation, -O1 -fnext-runtime
UNRESOLVED: objc/execute/cascading-1.m execution, -O1 -fnext-runtime
FAIL: objc/execute/cascading-1.m compilation, -O2 -fnext-runtime
UNRESOLVED: objc/execute/cascading-1.m execution, -O2 -fnext-runtime
FAIL: objc/execute/cascading-1.m compilation, -O3 -fomit-frame-pointer -fnext-runtime
UNRESOLVED: objc/execute/cascading-1.m execution, -O3 -fomit-frame-pointer -fnext-runtime
FAIL: objc/execute/cascading-1.m compilation, -O3 -g -fnext-runtime
UNRESOLVED: objc/execute/cascading-1.m execution, -O3 -g -fnext-runtime
FAIL: objc/execute/cascading-1.m compilation, -Os -fnext-runtime
UNRESOLVED: objc/execute/cascading-1.m execution, -Os -fnext-runtime
FAIL: objc/execute/class-1.m compilation, -O0 -fnext-runtime
UNRESOLVED: objc/execute/class-1.m execution, -O0 -fnext-runtime
FAIL: objc/execute/class-1.m compilation, -O1 -fnext-runtime
UNRESOLVED: objc/execute/class-1.m execution, -O1 -fnext-runtime
FAIL: objc/execute/class-1.m compilation, -O2 -fnext-runtime
UNRESOLVED: objc/execute/class-1.m execution, -O2 -fnext-runtime
FAIL: objc/execute/class-1.m compilation, -O3 -fomit-frame-pointer -fnext-runtime
UNRESOLVED: objc/execute/class-1.m execution, -O3 -fomit-frame-pointer -fnext-runtime
FAIL: objc/execute/class-1.m compilation, -O3 -g -fnext-runtime
UNRESOLVED: objc/execute/class-1.m execution, -O3 -g -fnext-runtime
FAIL: objc/execute/class-1.m compilation, -Os -fnext-runtime
UNRESOLVED: objc/execute/class-1.m execution, -Os -fnext-runtime
FAIL: objc/execute/class-10.m compilation, -O0 -fnext-runtime
UNRESOLVED: objc/execute/class-10.m execution, -O0 -fnext-runtime
FAIL: objc/execute/class-10.m compilation, -O1 -fnext-runtime
UNRESOLVED: objc/execute/class-10.m execution, -O1 -fnext-runtime
FAIL: objc/execute/class-10.m compilation, -O2 -fnext-runtime
UNRESOLVED: objc/execute/class-10.m execution, -O2 -fnext-runtime
FAIL: objc/execute/class-10.m compilation, -O3 -fomit-frame-pointer -fnext-runtime
UNRESOLVED: objc/execute/class-10.m execution, -O3 -fomit-frame-pointer -fnext-runtime
FAIL: objc/execute/class-10.m compilation, -O3 -g -fnext-runtime
UNRESOLVED: objc/execute/class-10.m execution, -O3 -g -fnext-runtime
FAIL: objc/execute/class-10.m compilation, -Os -fnext-runtime
UNRESOLVED: objc/execute/class-10.m execution, -Os -fnext-runtime
FAIL: objc/execute/class-11.m compilation, -O0 -fnext-runtime
UNRESOLVED: objc/execute/class-11.m execution, -O0 -fnext-runtime
FAIL: objc/execute/class-11.m compilation, -O1 -fnext-runtime
UNRESOLVED: objc/execute/class-11.m execution, -O1 -fnext-runtime
FAIL: objc/execute/class-11.m compilation, -O2 -fnext-runtime
UNRESOLVED: objc/execute/class-11.m execution, -O2 -fnext-runtime
FAIL: objc/execute/class-11.m compilation, -O3 -fomit-frame-pointer -fnext-runtime
UNRESOLVED: objc/execute/class-11.m execution, -O3 -fomit-frame-pointer -fnext-runtime
FAIL: objc/execute/class-11.m compilation, -O3 -g -fnext-runtime
UNRESOLVED: objc/execute/class-11.m execution, -O3 -g -fnext-runtime
FAIL: objc/execute/class-11.m compilation, -Os -fnext-runtime
UNRESOLVED: objc/execute/class-11.m execution, -Os -fnext-runtime
FAIL: objc/execute/class-12.m compilation, -O0 -fnext-runtime
UNRESOLVED: objc/execute/class-12.m execution, -O0 -fnext-runtime
FAIL: objc/execute/class-12.m compilation, -O1 -fnext-runtime
UNRESOLVED: objc/execute/class-12.m execution, -O1 -fnext-runtime
FAIL: objc/execute/class-12.m compilation, -O2 -fnext-runtime
UNRESOLVED: objc/execute/class-12.m execution, -O2 -fnext-runtime
FAIL: objc/execute/class-12.m compilation, -O3 -fomit-frame-pointer -fnext-runtime
UNRESOLVED: objc/execute/class-12.m execution, -O3 -fomit-frame-pointer -fnext-runtime
FAIL: objc/execute/class-12.m compilation, -O3 -g -fnext-runtime
UNRESOLVED: objc/execute/class-12.m execution, -O3 -g -fnext-runtime
FAIL: objc/execute/class-12.m compilation, -Os -fnext-runtime
UNRESOLVED: objc/execute/class-12.m execution, -Os -fnext-runtime
FAIL: objc/execute/class-13.m compilation, -O0 -fnext-runtime
UNRESOLVED: objc/execute/class-13.m execution, -O0 -fnext-runtime
FAIL: objc/execute/class-13.m compilation, -O1 -fnext-runtime
UNRESOLVED: objc/execute/class-13.m execution, -O1 -fnext-runtime
FAIL: objc/execute/class-13.m compilation, -O2 -fnext-runtime
UNRESOLVED: objc/execute/class-13.m execution, -O2 -fnext-runtime
FAIL: objc/execute/class-13.m compilation, -O3 -fomit-frame-pointer -fnext-runtime
UNRESOLVED: objc/execute/class-13.m execution, -O3 -fomit-frame-pointer -fnext-runtime
FAIL: objc/execute/class-13.m compilation, -O3 -g -fnext-runtime
UNRESOLVED: objc/execute/class-13.m execution, -O3 -g -fnext-runtime
FAIL: objc/execute/class-13.m compilation, -Os -fnext-runtime
UNRESOLVED: objc/execute/class-13.m execution, -Os -fnext-runtime
FAIL: objc/execute/class-14.m compilation, -O0 -fnext-runtime
UNRESOLVED: objc/execute/class-14.m execution, -O0 -fnext-runtime
FAIL: objc/execute/class-14.m compilation, -O1 -fnext-runtime
UNRESOLVED: objc/execute/class-14.m execution, -O1 -fnext-runtime
FAIL: objc/execute/class-14.m compilation, -O2 -fnext-runtime
UNRESOLVED: objc/execute/class-14.m execution, -O2 -fnext-runtime
FAIL: objc/execute/class-14.m compilation, -O3 -fomit-frame-pointer -fnext-runtime
UNRESOLVED: objc/execute/class-14.m execution, -O3 -fomit-frame-pointer -fnext-runtime
FAIL: objc/execute/class-14.m compilation, -O3 -g -fnext-runtime
UNRESOLVED: objc/execute/class-14.m execution, -O3 -g -fnext-runtime
FAIL: objc/execute/class-14.m compilation, -Os -fnext-runtime
UNRESOLVED: objc/execute/class-14.m execution, -Os -fnext-runtime
FAIL: objc/execute/class-2.m compilation, -O0 -fnext-runtime
UNRESOLVED: objc/execute/class-2.m execution, -O0 -fnext-runtime
FAIL: objc/execute/class-2.m compilation, -O1 -fnext-runtime
UNRESOLVED: objc/execute/class-2.m execution, -O1 -fnext-runtime
FAIL: objc/execute/class-2.m compilation, -O2 -fnext-runtime
UNRESOLVED: objc/execute/class-2.m execution, -O2 -fnext-runtime
FAIL: objc/execute/class-2.m compilation, -O3 -fomit-frame-pointer -fnext-runtime
UNRESOLVED: objc/execute/class-2.m execution, -O3 -fomit-frame-pointer -fnext-runtime
FAIL: objc/execute/class-2.m compilation, -O3 -g -fnext-runtime
UNRESOLVED: objc/execute/class-2.m execution, -O3 -g -fnext-runtime
FAIL: objc/execute/class-2.m compilation, -Os -fnext-runtime
UNRESOLVED: objc/execute/class-2.m execution, -Os -fnext-runtime
FAIL: objc/execute/class-3.m compilation, -O0 -fnext-runtime
UNRESOLVED: objc/execute/class-3.m execution, -O0 -fnext-runtime
FAIL: objc/execute/class-3.m compilation, -O1 -fnext-runtime
UNRESOLVED: objc/execute/class-3.m execution, -O1 -fnext-runtime
FAIL: objc/execute/class-3.m compilation, -O2 -fnext-runtime
UNRESOLVED: objc/execute/class-3.m execution, -O2 -fnext-runtime
FAIL: objc/execute/class-3.m compilation, -O3 -fomit-frame-pointer -fnext-runtime
UNRESOLVED: objc/execute/class-3.m execution, -O3 -fomit-frame-pointer -fnext-runtime
FAIL: objc/execute/class-3.m compilation, -O3 -g -fnext-runtime
UNRESOLVED: objc/execute/class-3.m execution, -O3 -g -fnext-runtime
FAIL: objc/execute/class-3.m compilation, -Os -fnext-runtime
UNRESOLVED: objc/execute/class-3.m execution, -Os -fnext-runtime
FAIL: objc/execute/class-4.m compilation, -O0 -fnext-runtime
UNRESOLVED: objc/execute/class-4.m execution, -O0 -fnext-runtime
FAIL: objc/execute/class-4.m compilation, -O1 -fnext-runtime
UNRESOLVED: objc/execute/class-4.m execution, -O1 -fnext-runtime
FAIL: objc/execute/class-4.m compilation, -O2 -fnext-runtime
UNRESOLVED: objc/execute/class-4.m execution, -O2 -fnext-runtime
FAIL: objc/execute/class-4.m compilation, -O3 -fomit-frame-pointer -fnext-runtime
UNRESOLVED: objc/execute/class-4.m execution, -O3 -fomit-frame-pointer -fnext-runtime
FAIL: objc/execute/class-4.m compilation, -O3 -g -fnext-runtime
UNRESOLVED: objc/execute/class-4.m execution, -O3 -g -fnext-runtime
FAIL: objc/execute/class-4.m compilation, -Os -fnext-runtime
UNRESOLVED: objc/execute/class-4.m execution, -Os -fnext-runtime
FAIL: objc/execute/class-5.m compilation, -O0 -fnext-runtime
UNRESOLVED: objc/execute/class-5.m execution, -O0 -fnext-runtime
FAIL: objc/execute/class-5.m compilation, -O1 -fnext-runtime
UNRESOLVED: objc/execute/class-5.m execution, -O1 -fnext-runtime
FAIL: objc/execute/class-5.m compilation, -O2 -fnext-runtime
UNRESOLVED: objc/execute/class-5.m execution, -O2 -fnext-runtime
FAIL: objc/execute/class-5.m compilation, -O3 -fomit-frame-pointer -fnext-runtime
UNRESOLVED: objc/execute/class-5.m execution, -O3 -fomit-frame-pointer -fnext-runtime
FAIL: objc/execute/class-5.m compilation, -O3 -g -fnext-runtime
UNRESOLVED: objc/execute/class-5.m execution, -O3 -g -fnext-runtime
FAIL: objc/execute/class-5.m compilation, -Os -fnext-runtime
UNRESOLVED: objc/execute/class-5.m execution, -Os -fnext-runtime
FAIL: objc/execute/class-6.m compilation, -O0 -fnext-runtime
UNRESOLVED: objc/execute/class-6.m execution, -O0 -fnext-runtime
FAIL: objc/execute/class-6.m compilation, -O1 -fnext-runtime
UNRESOLVED: objc/execute/class-6.m execution, -O1 -fnext-runtime
FAIL: objc/execute/class-6.m compilation, -O2 -fnext-runtime
UNRESOLVED: objc/execute/class-6.m execution, -O2 -fnext-runtime
FAIL: objc/execute/class-6.m compilation, -O3 -fomit-frame-pointer -fnext-runtime
UNRESOLVED: objc/execute/class-6.m execution, -O3 -fomit-frame-pointer -fnext-runtime
FAIL: objc/execute/class-6.m compilation, -O3 -g -fnext-runtime
UNRESOLVED: objc/execute/class-6.m execution, -O3 -g -fnext-runtime
FAIL: objc/execute/class-6.m compilation, -Os -fnext-runtime
UNRESOLVED: objc/execute/class-6.m execution, -Os -fnext-runtime
FAIL: objc/execute/class-7.m compilation, -O0 -fnext-runtime
UNRESOLVED: objc/execute/class-7.m execution, -O0 -fnext-runtime
FAIL: objc/execute/class-7.m compilation, -O1 -fnext-runtime
UNRESOLVED: objc/execute/class-7.m execution, -O1 -fnext-runtime
FAIL: objc/execute/class-7.m compilation, -O2 -fnext-runtime
UNRESOLVED: objc/execute/class-7.m execution, -O2 -fnext-runtime
FAIL: objc/execute/class-7.m compilation, -O3 -fomit-frame-pointer -fnext-runtime
UNRESOLVED: objc/execute/class-7.m execution, -O3 -fomit-frame-pointer -fnext-runtime
FAIL: objc/execute/class-7.m compilation, -O3 -g -fnext-runtime
UNRESOLVED: objc/execute/class-7.m execution, -O3 -g -fnext-runtime
FAIL: objc/execute/class-7.m compilation, -Os -fnext-runtime
UNRESOLVED: objc/execute/class-7.m execution, -Os -fnext-runtime
FAIL: objc/execute/class-8.m compilation, -O0 -fnext-runtime
UNRESOLVED: objc/execute/class-8.m execution, -O0 -fnext-runtime
FAIL: objc/execute/class-8.m compilation, -O1 -fnext-runtime
UNRESOLVED: objc/execute/class-8.m execution, -O1 -fnext-runtime
FAIL: objc/execute/class-8.m compilation, -O2 -fnext-runtime
UNRESOLVED: objc/execute/class-8.m execution, -O2 -fnext-runtime
FAIL: objc/execute/class-8.m compilation, -O3 -fomit-frame-pointer -fnext-runtime
UNRESOLVED: objc/execute/class-8.m execution, -O3 -fomit-frame-pointer -fnext-runtime
FAIL: objc/execute/class-8.m compilation, -O3 -g -fnext-runtime
UNRESOLVED: objc/execute/class-8.m execution, -O3 -g -fnext-runtime
FAIL: objc/execute/class-8.m compilation, -Os -fnext-runtime
UNRESOLVED: objc/execute/class-8.m execution, -Os -fnext-runtime
FAIL: objc/execute/class-9.m compilation, -O0 -fnext-runtime
UNRESOLVED: objc/execute/class-9.m execution, -O0 -fnext-runtime
FAIL: objc/execute/class-9.m compilation, -O1 -fnext-runtime
UNRESOLVED: objc/execute/class-9.m execution, -O1 -fnext-runtime
FAIL: objc/execute/class-9.m compilation, -O2 -fnext-runtime
UNRESOLVED: objc/execute/class-9.m execution, -O2 -fnext-runtime
FAIL: objc/execute/class-9.m compilation, -O3 -fomit-frame-pointer -fnext-runtime
UNRESOLVED: objc/execute/class-9.m execution, -O3 -fomit-frame-pointer -fnext-runtime
FAIL: objc/execute/class-9.m compilation, -O3 -g -fnext-runtime
UNRESOLVED: objc/execute/class-9.m execution, -O3 -g -fnext-runtime
FAIL: objc/execute/class-9.m compilation, -Os -fnext-runtime
UNRESOLVED: objc/execute/class-9.m execution, -Os -fnext-runtime
FAIL: objc/execute/class_self-1.m execution, -O0 -fnext-runtime
FAIL: objc/execute/class_self-1.m execution, -O1 -fnext-runtime
FAIL: objc/execute/class_self-1.m execution, -O2 -fnext-runtime
FAIL: objc/execute/class_self-1.m execution, -O3 -fomit-frame-pointer -fnext-runtime
FAIL: objc/execute/class_self-1.m execution, -O3 -g -fnext-runtime
FAIL: objc/execute/class_self-1.m execution, -Os -fnext-runtime
FAIL: objc/execute/class_self-2.m execution, -O0 -fnext-runtime
FAIL: objc/execute/class_self-2.m execution, -O1 -fnext-runtime
FAIL: objc/execute/class_self-2.m execution, -O2 -fnext-runtime
FAIL: objc/execute/class_self-2.m execution, -O3 -fomit-frame-pointer -fnext-runtime
FAIL: objc/execute/class_self-2.m execution, -O3 -g -fnext-runtime
FAIL: objc/execute/class_self-2.m execution, -Os -fnext-runtime
FAIL: objc/execute/compatibility_alias.m compilation, -O0 -fnext-runtime
UNRESOLVED: objc/execute/compatibility_alias.m execution, -O0 -fnext-runtime
FAIL: objc/execute/compatibility_alias.m compilation, -O1 -fnext-runtime
UNRESOLVED: objc/execute/compatibility_alias.m execution, -O1 -fnext-runtime
FAIL: objc/execute/compatibility_alias.m compilation, -O2 -fnext-runtime
UNRESOLVED: objc/execute/compatibility_alias.m execution, -O2 -fnext-runtime
FAIL: objc/execute/compatibility_alias.m compilation, -O3 -fomit-frame-pointer -fnext-runtime
UNRESOLVED: objc/execute/compatibility_alias.m execution, -O3 -fomit-frame-pointer -fnext-runtime
FAIL: objc/execute/compatibility_alias.m compilation, -O3 -g -fnext-runtime
UNRESOLVED: objc/execute/compatibility_alias.m execution, -O3 -g -fnext-runtime
FAIL: objc/execute/compatibility_alias.m compilation, -Os -fnext-runtime
UNRESOLVED: objc/execute/compatibility_alias.m execution, -Os -fnext-runtime
FAIL: objc/execute/enumeration-1.m compilation, -O0 -fnext-runtime
UNRESOLVED: objc/execute/enumeration-1.m execution, -O0 -fnext-runtime
FAIL: objc/execute/enumeration-1.m compilation, -O1 -fnext-runtime
UNRESOLVED: objc/execute/enumeration-1.m execution, -O1 -fnext-runtime
FAIL: objc/execute/enumeration-1.m compilation, -O2 -fnext-runtime
UNRESOLVED: objc/execute/enumeration-1.m execution, -O2 -fnext-runtime
FAIL: objc/execute/enumeration-1.m compilation, -O3 -fomit-frame-pointer -fnext-runtime
UNRESOLVED: objc/execute/enumeration-1.m execution, -O3 -fomit-frame-pointer -fnext-runtime
FAIL: objc/execute/enumeration-1.m compilation, -O3 -g -fnext-runtime
UNRESOLVED: objc/execute/enumeration-1.m execution, -O3 -g -fnext-runtime
FAIL: objc/execute/enumeration-1.m compilation, -Os -fnext-runtime
UNRESOLVED: objc/execute/enumeration-1.m execution, -Os -fnext-runtime
FAIL: objc/execute/enumeration-2.m compilation, -O0 -fnext-runtime
UNRESOLVED: objc/execute/enumeration-2.m execution, -O0 -fnext-runtime
FAIL: objc/execute/enumeration-2.m compilation, -O1 -fnext-runtime
UNRESOLVED: objc/execute/enumeration-2.m execution, -O1 -fnext-runtime
FAIL: objc/execute/enumeration-2.m compilation, -O2 -fnext-runtime
UNRESOLVED: objc/execute/enumeration-2.m execution, -O2 -fnext-runtime
FAIL: objc/execute/enumeration-2.m compilation, -O3 -fomit-frame-pointer -fnext-runtime
UNRESOLVED: objc/execute/enumeration-2.m execution, -O3 -fomit-frame-pointer -fnext-runtime
FAIL: objc/execute/enumeration-2.m compilation, -O3 -g -fnext-runtime
UNRESOLVED: objc/execute/enumeration-2.m execution, -O3 -g -fnext-runtime
FAIL: objc/execute/enumeration-2.m compilation, -Os -fnext-runtime
UNRESOLVED: objc/execute/enumeration-2.m execution, -Os -fnext-runtime
FAIL: objc/execute/formal_protocol-1.m compilation, -O0 -fnext-runtime
UNRESOLVED: objc/execute/formal_protocol-1.m execution, -O0 -fnext-runtime
FAIL: objc/execute/formal_protocol-1.m compilation, -O1 -fnext-runtime
UNRESOLVED: objc/execute/formal_protocol-1.m execution, -O1 -fnext-runtime
FAIL: objc/execute/formal_protocol-1.m compilation, -O2 -fnext-runtime
UNRESOLVED: objc/execute/formal_protocol-1.m execution, -O2 -fnext-runtime
FAIL: objc/execute/formal_protocol-1.m compilation, -O3 -fomit-frame-pointer -fnext-runtime
UNRESOLVED: objc/execute/formal_protocol-1.m execution, -O3 -fomit-frame-pointer -fnext-runtime
FAIL: objc/execute/formal_protocol-1.m compilation, -O3 -g -fnext-runtime
UNRESOLVED: objc/execute/formal_protocol-1.m execution, -O3 -g -fnext-runtime
FAIL: objc/execute/formal_protocol-1.m compilation, -Os -fnext-runtime
UNRESOLVED: objc/execute/formal_protocol-1.m execution, -Os -fnext-runtime
FAIL: objc/execute/formal_protocol-2.m compilation, -O0 -fnext-runtime
UNRESOLVED: objc/execute/formal_protocol-2.m execution, -O0 -fnext-runtime
FAIL: objc/execute/formal_protocol-2.m compilation, -O1 -fnext-runtime
UNRESOLVED: objc/execute/formal_protocol-2.m execution, -O1 -fnext-runtime
FAIL: objc/execute/formal_protocol-2.m compilation, -O2 -fnext-runtime
UNRESOLVED: objc/execute/formal_protocol-2.m execution, -O2 -fnext-runtime
FAIL: objc/execute/formal_protocol-2.m compilation, -O3 -fomit-frame-pointer -fnext-runtime
UNRESOLVED: objc/execute/formal_protocol-2.m execution, -O3 -fomit-frame-pointer -fnext-runtime
FAIL: objc/execute/formal_protocol-2.m compilation, -O3 -g -fnext-runtime
UNRESOLVED: objc/execute/formal_protocol-2.m execution, -O3 -g -fnext-runtime
FAIL: objc/execute/formal_protocol-2.m compilation, -Os -fnext-runtime
UNRESOLVED: objc/execute/formal_protocol-2.m execution, -Os -fnext-runtime
FAIL: objc/execute/formal_protocol-3.m compilation, -O0 -fnext-runtime
UNRESOLVED: objc/execute/formal_protocol-3.m execution, -O0 -fnext-runtime
FAIL: objc/execute/formal_protocol-3.m compilation, -O1 -fnext-runtime
UNRESOLVED: objc/execute/formal_protocol-3.m execution, -O1 -fnext-runtime
FAIL: objc/execute/formal_protocol-3.m compilation, -O2 -fnext-runtime
UNRESOLVED: objc/execute/formal_protocol-3.m execution, -O2 -fnext-runtime
FAIL: objc/execute/formal_protocol-3.m compilation, -O3 -fomit-frame-pointer -fnext-runtime
UNRESOLVED: objc/execute/formal_protocol-3.m execution, -O3 -fomit-frame-pointer -fnext-runtime
FAIL: objc/execute/formal_protocol-3.m compilation, -O3 -g -fnext-runtime
UNRESOLVED: objc/execute/formal_protocol-3.m execution, -O3 -g -fnext-runtime
FAIL: objc/execute/formal_protocol-3.m compilation, -Os -fnext-runtime
UNRESOLVED: objc/execute/formal_protocol-3.m execution, -Os -fnext-runtime
FAIL: objc/execute/formal_protocol-4.m compilation, -O0 -fnext-runtime
UNRESOLVED: objc/execute/formal_protocol-4.m execution, -O0 -fnext-runtime
FAIL: objc/execute/formal_protocol-4.m compilation, -O1 -fnext-runtime
UNRESOLVED: objc/execute/formal_protocol-4.m execution, -O1 -fnext-runtime
FAIL: objc/execute/formal_protocol-4.m compilation, -O2 -fnext-runtime
UNRESOLVED: objc/execute/formal_protocol-4.m execution, -O2 -fnext-runtime
FAIL: objc/execute/formal_protocol-4.m compilation, -O3 -fomit-frame-pointer -fnext-runtime
UNRESOLVED: objc/execute/formal_protocol-4.m execution, -O3 -fomit-frame-pointer -fnext-runtime
FAIL: objc/execute/formal_protocol-4.m compilation, -O3 -g -fnext-runtime
UNRESOLVED: objc/execute/formal_protocol-4.m execution, -O3 -g -fnext-runtime
FAIL: objc/execute/formal_protocol-4.m compilation, -Os -fnext-runtime
UNRESOLVED: objc/execute/formal_protocol-4.m execution, -Os -fnext-runtime
FAIL: objc/execute/formal_protocol-5.m compilation, -O0 -fnext-runtime
UNRESOLVED: objc/execute/formal_protocol-5.m execution, -O0 -fnext-runtime
FAIL: objc/execute/formal_protocol-5.m compilation, -O1 -fnext-runtime
UNRESOLVED: objc/execute/formal_protocol-5.m execution, -O1 -fnext-runtime
FAIL: objc/execute/formal_protocol-5.m compilation, -O2 -fnext-runtime
UNRESOLVED: objc/execute/formal_protocol-5.m execution, -O2 -fnext-runtime
FAIL: objc/execute/formal_protocol-5.m compilation, -O3 -fomit-frame-pointer -fnext-runtime
UNRESOLVED: objc/execute/formal_protocol-5.m execution, -O3 -fomit-frame-pointer -fnext-runtime
FAIL: objc/execute/formal_protocol-5.m compilation, -O3 -g -fnext-runtime
UNRESOLVED: objc/execute/formal_protocol-5.m execution, -O3 -g -fnext-runtime
FAIL: objc/execute/formal_protocol-5.m compilation, -Os -fnext-runtime
UNRESOLVED: objc/execute/formal_protocol-5.m execution, -Os -fnext-runtime
FAIL: objc/execute/formal_protocol-6.m compilation, -O0 -fnext-runtime
UNRESOLVED: objc/execute/formal_protocol-6.m execution, -O0 -fnext-runtime
FAIL: objc/execute/formal_protocol-6.m compilation, -O1 -fnext-runtime
UNRESOLVED: objc/execute/formal_protocol-6.m execution, -O1 -fnext-runtime
FAIL: objc/execute/formal_protocol-6.m compilation, -O2 -fnext-runtime
UNRESOLVED: objc/execute/formal_protocol-6.m execution, -O2 -fnext-runtime
FAIL: objc/execute/formal_protocol-6.m compilation, -O3 -fomit-frame-pointer -fnext-runtime
UNRESOLVED: objc/execute/formal_protocol-6.m execution, -O3 -fomit-frame-pointer -fnext-runtime
FAIL: objc/execute/formal_protocol-6.m compilation, -O3 -g -fnext-runtime
UNRESOLVED: objc/execute/formal_protocol-6.m execution, -O3 -g -fnext-runtime
FAIL: objc/execute/formal_protocol-6.m compilation, -Os -fnext-runtime
UNRESOLVED: objc/execute/formal_protocol-6.m execution, -Os -fnext-runtime
FAIL: objc/execute/formal_protocol-7.m compilation, -O0 -fnext-runtime
UNRESOLVED: objc/execute/formal_protocol-7.m execution, -O0 -fnext-runtime
FAIL: objc/execute/formal_protocol-7.m compilation, -O1 -fnext-runtime
UNRESOLVED: objc/execute/formal_protocol-7.m execution, -O1 -fnext-runtime
FAIL: objc/execute/formal_protocol-7.m compilation, -O2 -fnext-runtime
UNRESOLVED: objc/execute/formal_protocol-7.m execution, -O2 -fnext-runtime
FAIL: objc/execute/formal_protocol-7.m compilation, -O3 -fomit-frame-pointer -fnext-runtime
UNRESOLVED: objc/execute/formal_protocol-7.m execution, -O3 -fomit-frame-pointer -fnext-runtime
FAIL: objc/execute/formal_protocol-7.m compilation, -O3 -g -fnext-runtime
UNRESOLVED: objc/execute/formal_protocol-7.m execution, -O3 -g -fnext-runtime
FAIL: objc/execute/formal_protocol-7.m compilation, -Os -fnext-runtime
UNRESOLVED: objc/execute/formal_protocol-7.m execution, -Os -fnext-runtime
FAIL: objc/execute/forward-1.m execution, -O0 -fgnu-runtime
FAIL: objc/execute/forward-1.m execution, -O1 -fgnu-runtime
FAIL: objc/execute/forward-1.m execution, -O2 -fgnu-runtime
FAIL: objc/execute/forward-1.m execution, -O3 -fomit-frame-pointer -fgnu-runtime
FAIL: objc/execute/forward-1.m execution, -O3 -fomit-frame-pointer -funroll-loops -fgnu-runtime
FAIL: objc/execute/forward-1.m execution, -O3 -fomit-frame-pointer -funroll-all-loops -finline-functions -fgnu-runtime
FAIL: objc/execute/forward-1.m execution, -O3 -g -fgnu-runtime
FAIL: objc/execute/forward-1.m execution, -Os -fgnu-runtime
FAIL: objc/execute/function-message-1.m compilation, -O0 -fnext-runtime
UNRESOLVED: objc/execute/function-message-1.m execution, -O0 -fnext-runtime
FAIL: objc/execute/function-message-1.m compilation, -O1 -fnext-runtime
UNRESOLVED: objc/execute/function-message-1.m execution, -O1 -fnext-runtime
FAIL: objc/execute/function-message-1.m compilation, -O2 -fnext-runtime
UNRESOLVED: objc/execute/function-message-1.m execution, -O2 -fnext-runtime
FAIL: objc/execute/function-message-1.m compilation, -O3 -fomit-frame-pointer -fnext-runtime
UNRESOLVED: objc/execute/function-message-1.m execution, -O3 -fomit-frame-pointer -fnext-runtime
FAIL: objc/execute/function-message-1.m compilation, -O3 -g -fnext-runtime
UNRESOLVED: objc/execute/function-message-1.m execution, -O3 -g -fnext-runtime
FAIL: objc/execute/function-message-1.m compilation, -Os -fnext-runtime
UNRESOLVED: objc/execute/function-message-1.m execution, -Os -fnext-runtime
FAIL: objc/execute/initialize.m execution, -O0 -fnext-runtime
FAIL: objc/execute/initialize.m execution, -O1 -fnext-runtime
FAIL: objc/execute/initialize.m execution, -O2 -fnext-runtime
FAIL: objc/execute/initialize.m execution, -O3 -fomit-frame-pointer -fnext-runtime
FAIL: objc/execute/initialize.m execution, -O3 -g -fnext-runtime
FAIL: objc/execute/initialize.m execution, -Os -fnext-runtime
FAIL: objc/execute/load-2.m execution, -O0 -fnext-runtime
FAIL: objc/execute/load-2.m execution, -O1 -fnext-runtime
FAIL: objc/execute/load-2.m execution, -O2 -fnext-runtime
FAIL: objc/execute/load-2.m execution, -O3 -fomit-frame-pointer -fnext-runtime
FAIL: objc/execute/load-2.m execution, -O3 -g -fnext-runtime
FAIL: objc/execute/load-2.m execution, -Os -fnext-runtime
FAIL: objc/execute/load-3.m compilation, -O0 -fnext-runtime
UNRESOLVED: objc/execute/load-3.m execution, -O0 -fnext-runtime
FAIL: objc/execute/load-3.m compilation, -O1 -fnext-runtime
UNRESOLVED: objc/execute/load-3.m execution, -O1 -fnext-runtime
FAIL: objc/execute/load-3.m compilation, -O2 -fnext-runtime
UNRESOLVED: objc/execute/load-3.m execution, -O2 -fnext-runtime
FAIL: objc/execute/load-3.m compilation, -O3 -fomit-frame-pointer -fnext-runtime
UNRESOLVED: objc/execute/load-3.m execution, -O3 -fomit-frame-pointer -fnext-runtime
FAIL: objc/execute/load-3.m compilation, -O3 -fomit-frame-pointer -funroll-loops -fnext-runtime
UNRESOLVED: objc/execute/load-3.m execution, -O3 -fomit-frame-pointer -funroll-loops -fnext-runtime
FAIL: objc/execute/load-3.m compilation, -O3 -fomit-frame-pointer -funroll-all-loops -finline-functions -fnext-runtime
UNRESOLVED: objc/execute/load-3.m execution, -O3 -fomit-frame-pointer -funroll-all-loops -finline-functions -fnext-runtime
FAIL: objc/execute/load-3.m compilation, -O3 -g -fnext-runtime
UNRESOLVED: objc/execute/load-3.m execution, -O3 -g -fnext-runtime
FAIL: objc/execute/load-3.m compilation, -Os -fnext-runtime
UNRESOLVED: objc/execute/load-3.m execution, -Os -fnext-runtime
FAIL: objc/execute/load.m execution, -O0 -fnext-runtime
FAIL: objc/execute/load.m execution, -O1 -fnext-runtime
FAIL: objc/execute/load.m execution, -O2 -fnext-runtime
FAIL: objc/execute/load.m execution, -O3 -fomit-frame-pointer -fnext-runtime
FAIL: objc/execute/load.m execution, -O3 -g -fnext-runtime
FAIL: objc/execute/load.m execution, -Os -fnext-runtime
FAIL: objc/execute/many_args_method.m execution, -O0 -fnext-runtime
FAIL: objc/execute/many_args_method.m execution, -O1 -fnext-runtime
FAIL: objc/execute/many_args_method.m execution, -O2 -fnext-runtime
FAIL: objc/execute/many_args_method.m execution, -O3 -fomit-frame-pointer -fnext-runtime
FAIL: objc/execute/many_args_method.m execution, -O3 -g -fnext-runtime
FAIL: objc/execute/many_args_method.m execution, -Os -fnext-runtime
FAIL: objc/execute/nested-3.m execution, -O0 -fnext-runtime
FAIL: objc/execute/nested-3.m execution, -O1 -fnext-runtime
FAIL: objc/execute/nested-3.m execution, -O2 -fnext-runtime
FAIL: objc/execute/nested-3.m execution, -O3 -fomit-frame-pointer -fnext-runtime
FAIL: objc/execute/nested-3.m execution, -O3 -g -fnext-runtime
FAIL: objc/execute/nested-3.m execution, -Os -fnext-runtime
FAIL: objc/execute/nested-func-1.m compilation, -O0 -fnext-runtime
UNRESOLVED: objc/execute/nested-func-1.m execution, -O0 -fnext-runtime
FAIL: objc/execute/nested-func-1.m compilation, -O1 -fnext-runtime
UNRESOLVED: objc/execute/nested-func-1.m execution, -O1 -fnext-runtime
FAIL: objc/execute/nested-func-1.m compilation, -O2 -fnext-runtime
UNRESOLVED: objc/execute/nested-func-1.m execution, -O2 -fnext-runtime
FAIL: objc/execute/nested-func-1.m compilation, -O3 -fomit-frame-pointer -fnext-runtime
UNRESOLVED: objc/execute/nested-func-1.m execution, -O3 -fomit-frame-pointer -fnext-runtime
FAIL: objc/execute/nested-func-1.m compilation, -O3 -g -fnext-runtime
UNRESOLVED: objc/execute/nested-func-1.m execution, -O3 -g -fnext-runtime
FAIL: objc/execute/nested-func-1.m compilation, -Os -fnext-runtime
UNRESOLVED: objc/execute/nested-func-1.m execution, -Os -fnext-runtime
FAIL: objc/execute/no_clash.m compilation, -O0 -fnext-runtime
UNRESOLVED: objc/execute/no_clash.m execution, -O0 -fnext-runtime
FAIL: objc/execute/no_clash.m compilation, -O1 -fnext-runtime
UNRESOLVED: objc/execute/no_clash.m execution, -O1 -fnext-runtime
FAIL: objc/execute/no_clash.m compilation, -O2 -fnext-runtime
UNRESOLVED: objc/execute/no_clash.m execution, -O2 -fnext-runtime
FAIL: objc/execute/no_clash.m compilation, -O3 -fomit-frame-pointer -fnext-runtime
UNRESOLVED: objc/execute/no_clash.m execution, -O3 -fomit-frame-pointer -fnext-runtime
FAIL: objc/execute/no_clash.m compilation, -O3 -g -fnext-runtime
UNRESOLVED: objc/execute/no_clash.m execution, -O3 -g -fnext-runtime
FAIL: objc/execute/no_clash.m compilation, -Os -fnext-runtime
UNRESOLVED: objc/execute/no_clash.m execution, -Os -fnext-runtime
FAIL: objc/execute/np-1.m compilation, -O0 -fnext-runtime
UNRESOLVED: objc/execute/np-1.m execution, -O0 -fnext-runtime
FAIL: objc/execute/np-1.m compilation, -O1 -fnext-runtime
UNRESOLVED: objc/execute/np-1.m execution, -O1 -fnext-runtime
FAIL: objc/execute/np-1.m compilation, -O2 -fnext-runtime
UNRESOLVED: objc/execute/np-1.m execution, -O2 -fnext-runtime
FAIL: objc/execute/np-1.m compilation, -O3 -fomit-frame-pointer -fnext-runtime
UNRESOLVED: objc/execute/np-1.m execution, -O3 -fomit-frame-pointer -fnext-runtime
FAIL: objc/execute/np-1.m compilation, -O3 -g -fnext-runtime
UNRESOLVED: objc/execute/np-1.m execution, -O3 -g -fnext-runtime
FAIL: objc/execute/np-1.m compilation, -Os -fnext-runtime
UNRESOLVED: objc/execute/np-1.m execution, -Os -fnext-runtime
FAIL: objc/execute/np-2.m compilation, -O0 -fnext-runtime
UNRESOLVED: objc/execute/np-2.m execution, -O0 -fnext-runtime
FAIL: objc/execute/np-2.m compilation, -O1 -fnext-runtime
UNRESOLVED: objc/execute/np-2.m execution, -O1 -fnext-runtime
FAIL: objc/execute/np-2.m compilation, -O2 -fnext-runtime
UNRESOLVED: objc/execute/np-2.m execution, -O2 -fnext-runtime
FAIL: objc/execute/np-2.m compilation, -O3 -fomit-frame-pointer -fnext-runtime
UNRESOLVED: objc/execute/np-2.m execution, -O3 -fomit-frame-pointer -fnext-runtime
FAIL: objc/execute/np-2.m compilation, -O3 -g -fnext-runtime
UNRESOLVED: objc/execute/np-2.m execution, -O3 -g -fnext-runtime
FAIL: objc/execute/np-2.m compilation, -Os -fnext-runtime
UNRESOLVED: objc/execute/np-2.m execution, -Os -fnext-runtime
FAIL: objc/execute/object_is_class.m compilation, -O0 -fnext-runtime
UNRESOLVED: objc/execute/object_is_class.m execution, -O0 -fnext-runtime
FAIL: objc/execute/object_is_class.m compilation, -O1 -fnext-runtime
UNRESOLVED: objc/execute/object_is_class.m execution, -O1 -fnext-runtime
FAIL: objc/execute/object_is_class.m compilation, -O2 -fnext-runtime
UNRESOLVED: objc/execute/object_is_class.m execution, -O2 -fnext-runtime
FAIL: objc/execute/object_is_class.m compilation, -O3 -fomit-frame-pointer -fnext-runtime
UNRESOLVED: objc/execute/object_is_class.m execution, -O3 -fomit-frame-pointer -fnext-runtime
FAIL: objc/execute/object_is_class.m compilation, -O3 -g -fnext-runtime
UNRESOLVED: objc/execute/object_is_class.m execution, -O3 -g -fnext-runtime
FAIL: objc/execute/object_is_class.m compilation, -Os -fnext-runtime
UNRESOLVED: objc/execute/object_is_class.m execution, -Os -fnext-runtime
FAIL: objc/execute/object_is_meta_class.m compilation, -O0 -fnext-runtime
UNRESOLVED: objc/execute/object_is_meta_class.m execution, -O0 -fnext-runtime
FAIL: objc/execute/object_is_meta_class.m compilation, -O1 -fnext-runtime
UNRESOLVED: objc/execute/object_is_meta_class.m execution, -O1 -fnext-runtime
FAIL: objc/execute/object_is_meta_class.m compilation, -O2 -fnext-runtime
UNRESOLVED: objc/execute/object_is_meta_class.m execution, -O2 -fnext-runtime
FAIL: objc/execute/object_is_meta_class.m compilation, -O3 -fomit-frame-pointer -fnext-runtime
UNRESOLVED: objc/execute/object_is_meta_class.m execution, -O3 -fomit-frame-pointer -fnext-runtime
FAIL: objc/execute/object_is_meta_class.m compilation, -O3 -g -fnext-runtime
UNRESOLVED: objc/execute/object_is_meta_class.m execution, -O3 -g -fnext-runtime
FAIL: objc/execute/object_is_meta_class.m compilation, -Os -fnext-runtime
UNRESOLVED: objc/execute/object_is_meta_class.m execution, -Os -fnext-runtime
FAIL: objc/execute/private.m compilation, -O0 -fnext-runtime
UNRESOLVED: objc/execute/private.m execution, -O0 -fnext-runtime
FAIL: objc/execute/private.m compilation, -O1 -fnext-runtime
UNRESOLVED: objc/execute/private.m execution, -O1 -fnext-runtime
FAIL: objc/execute/private.m compilation, -O2 -fnext-runtime
UNRESOLVED: objc/execute/private.m execution, -O2 -fnext-runtime
FAIL: objc/execute/private.m compilation, -O3 -fomit-frame-pointer -fnext-runtime
UNRESOLVED: objc/execute/private.m execution, -O3 -fomit-frame-pointer -fnext-runtime
FAIL: objc/execute/private.m compilation, -O3 -g -fnext-runtime
UNRESOLVED: objc/execute/private.m execution, -O3 -g -fnext-runtime
FAIL: objc/execute/private.m compilation, -Os -fnext-runtime
UNRESOLVED: objc/execute/private.m execution, -Os -fnext-runtime
FAIL: objc/execute/protocol-isEqual-1.m compilation, -O0 -fnext-runtime
UNRESOLVED: objc/execute/protocol-isEqual-1.m execution, -O0 -fnext-runtime
FAIL: objc/execute/protocol-isEqual-1.m compilation, -O1 -fnext-runtime
UNRESOLVED: objc/execute/protocol-isEqual-1.m execution, -O1 -fnext-runtime
FAIL: objc/execute/protocol-isEqual-1.m compilation, -O2 -fnext-runtime
UNRESOLVED: objc/execute/protocol-isEqual-1.m execution, -O2 -fnext-runtime
FAIL: objc/execute/protocol-isEqual-1.m compilation, -O3 -fomit-frame-pointer -fnext-runtime
UNRESOLVED: objc/execute/protocol-isEqual-1.m execution, -O3 -fomit-frame-pointer -fnext-runtime
FAIL: objc/execute/protocol-isEqual-1.m compilation, -O3 -g -fnext-runtime
UNRESOLVED: objc/execute/protocol-isEqual-1.m execution, -O3 -g -fnext-runtime
FAIL: objc/execute/protocol-isEqual-1.m compilation, -Os -fnext-runtime
UNRESOLVED: objc/execute/protocol-isEqual-1.m execution, -Os -fnext-runtime
FAIL: objc/execute/protocol-isEqual-2.m compilation, -O0 -fnext-runtime
UNRESOLVED: objc/execute/protocol-isEqual-2.m execution, -O0 -fnext-runtime
FAIL: objc/execute/protocol-isEqual-2.m compilation, -O1 -fnext-runtime
UNRESOLVED: objc/execute/protocol-isEqual-2.m execution, -O1 -fnext-runtime
FAIL: objc/execute/protocol-isEqual-2.m compilation, -O2 -fnext-runtime
UNRESOLVED: objc/execute/protocol-isEqual-2.m execution, -O2 -fnext-runtime
FAIL: objc/execute/protocol-isEqual-2.m compilation, -O3 -fomit-frame-pointer -fnext-runtime
UNRESOLVED: objc/execute/protocol-isEqual-2.m execution, -O3 -fomit-frame-pointer -fnext-runtime
FAIL: objc/execute/protocol-isEqual-2.m compilation, -O3 -g -fnext-runtime
UNRESOLVED: objc/execute/protocol-isEqual-2.m execution, -O3 -g -fnext-runtime
FAIL: objc/execute/protocol-isEqual-2.m compilation, -Os -fnext-runtime
UNRESOLVED: objc/execute/protocol-isEqual-2.m execution, -Os -fnext-runtime
FAIL: objc/execute/protocol-isEqual-3.m compilation, -O0 -fnext-runtime
UNRESOLVED: objc/execute/protocol-isEqual-3.m execution, -O0 -fnext-runtime
FAIL: objc/execute/protocol-isEqual-3.m compilation, -O1 -fnext-runtime
UNRESOLVED: objc/execute/protocol-isEqual-3.m execution, -O1 -fnext-runtime
FAIL: objc/execute/protocol-isEqual-3.m compilation, -O2 -fnext-runtime
UNRESOLVED: objc/execute/protocol-isEqual-3.m execution, -O2 -fnext-runtime
FAIL: objc/execute/protocol-isEqual-3.m compilation, -O3 -fomit-frame-pointer -fnext-runtime
UNRESOLVED: objc/execute/protocol-isEqual-3.m execution, -O3 -fomit-frame-pointer -fnext-runtime
FAIL: objc/execute/protocol-isEqual-3.m compilation, -O3 -g -fnext-runtime
UNRESOLVED: objc/execute/protocol-isEqual-3.m execution, -O3 -g -fnext-runtime
FAIL: objc/execute/protocol-isEqual-3.m compilation, -Os -fnext-runtime
UNRESOLVED: objc/execute/protocol-isEqual-3.m execution, -Os -fnext-runtime
FAIL: objc/execute/protocol-isEqual-4.m compilation, -O0 -fnext-runtime
UNRESOLVED: objc/execute/protocol-isEqual-4.m execution, -O0 -fnext-runtime
FAIL: objc/execute/protocol-isEqual-4.m compilation, -O1 -fnext-runtime
UNRESOLVED: objc/execute/protocol-isEqual-4.m execution, -O1 -fnext-runtime
FAIL: objc/execute/protocol-isEqual-4.m compilation, -O2 -fnext-runtime
UNRESOLVED: objc/execute/protocol-isEqual-4.m execution, -O2 -fnext-runtime
FAIL: objc/execute/protocol-isEqual-4.m compilation, -O3 -fomit-frame-pointer -fnext-runtime
UNRESOLVED: objc/execute/protocol-isEqual-4.m execution, -O3 -fomit-frame-pointer -fnext-runtime
FAIL: objc/execute/protocol-isEqual-4.m compilation, -O3 -g -fnext-runtime
UNRESOLVED: objc/execute/protocol-isEqual-4.m execution, -O3 -g -fnext-runtime
FAIL: objc/execute/protocol-isEqual-4.m compilation, -Os -fnext-runtime
UNRESOLVED: objc/execute/protocol-isEqual-4.m execution, -Os -fnext-runtime
FAIL: objc/execute/redefining_self.m execution, -O0 -fnext-runtime
FAIL: objc/execute/redefining_self.m execution, -O1 -fnext-runtime
FAIL: objc/execute/redefining_self.m execution, -O2 -fnext-runtime
FAIL: objc/execute/redefining_self.m execution, -O3 -fomit-frame-pointer -fnext-runtime
FAIL: objc/execute/redefining_self.m execution, -O3 -g -fnext-runtime
FAIL: objc/execute/redefining_self.m execution, -Os -fnext-runtime
FAIL: objc/execute/root_methods.m compilation, -O0 -fnext-runtime
UNRESOLVED: objc/execute/root_methods.m execution, -O0 -fnext-runtime
FAIL: objc/execute/root_methods.m compilation, -O1 -fnext-runtime
UNRESOLVED: objc/execute/root_methods.m execution, -O1 -fnext-runtime
FAIL: objc/execute/root_methods.m compilation, -O2 -fnext-runtime
UNRESOLVED: objc/execute/root_methods.m execution, -O2 -fnext-runtime
FAIL: objc/execute/root_methods.m compilation, -O3 -fomit-frame-pointer -fnext-runtime
UNRESOLVED: objc/execute/root_methods.m execution, -O3 -fomit-frame-pointer -fnext-runtime
FAIL: objc/execute/root_methods.m compilation, -O3 -g -fnext-runtime
UNRESOLVED: objc/execute/root_methods.m execution, -O3 -g -fnext-runtime
FAIL: objc/execute/root_methods.m compilation, -Os -fnext-runtime
UNRESOLVED: objc/execute/root_methods.m execution, -Os -fnext-runtime
FAIL: objc/execute/static-1.m execution, -O0 -fnext-runtime
FAIL: objc/execute/static-1.m execution, -O1 -fnext-runtime
FAIL: objc/execute/static-1.m execution, -O2 -fnext-runtime
FAIL: objc/execute/static-1.m execution, -O3 -fomit-frame-pointer -fnext-runtime
FAIL: objc/execute/static-1.m execution, -O3 -g -fnext-runtime
FAIL: objc/execute/static-1.m execution, -Os -fnext-runtime
FAIL: objc/execute/static-2.m execution, -O0 -fnext-runtime
FAIL: objc/execute/static-2.m execution, -O1 -fnext-runtime
FAIL: objc/execute/static-2.m execution, -O2 -fnext-runtime
FAIL: objc/execute/static-2.m execution, -O3 -fomit-frame-pointer -fnext-runtime
FAIL: objc/execute/static-2.m execution, -O3 -g -fnext-runtime
FAIL: objc/execute/static-2.m execution, -Os -fnext-runtime
FAIL: objc/execute/string1.m compilation, -O0 -fnext-runtime
UNRESOLVED: objc/execute/string1.m execution, -O0 -fnext-runtime
FAIL: objc/execute/string1.m compilation, -O1 -fnext-runtime
UNRESOLVED: objc/execute/string1.m execution, -O1 -fnext-runtime
FAIL: objc/execute/string1.m compilation, -O2 -fnext-runtime
UNRESOLVED: objc/execute/string1.m execution, -O2 -fnext-runtime
FAIL: objc/execute/string1.m compilation, -O3 -fomit-frame-pointer -fnext-runtime
UNRESOLVED: objc/execute/string1.m execution, -O3 -fomit-frame-pointer -fnext-runtime
FAIL: objc/execute/string1.m compilation, -O3 -g -fnext-runtime
UNRESOLVED: objc/execute/string1.m execution, -O3 -g -fnext-runtime
FAIL: objc/execute/string1.m compilation, -Os -fnext-runtime
UNRESOLVED: objc/execute/string1.m execution, -Os -fnext-runtime
FAIL: objc/execute/string2.m compilation, -O0 -fnext-runtime
UNRESOLVED: objc/execute/string2.m execution, -O0 -fnext-runtime
FAIL: objc/execute/string2.m compilation, -O1 -fnext-runtime
UNRESOLVED: objc/execute/string2.m execution, -O1 -fnext-runtime
FAIL: objc/execute/string2.m compilation, -O2 -fnext-runtime
UNRESOLVED: objc/execute/string2.m execution, -O2 -fnext-runtime
FAIL: objc/execute/string2.m compilation, -O3 -fomit-frame-pointer -fnext-runtime
UNRESOLVED: objc/execute/string2.m execution, -O3 -fomit-frame-pointer -fnext-runtime
FAIL: objc/execute/string2.m compilation, -O3 -g -fnext-runtime
UNRESOLVED: objc/execute/string2.m execution, -O3 -g -fnext-runtime
FAIL: objc/execute/string2.m compilation, -Os -fnext-runtime
UNRESOLVED: objc/execute/string2.m execution, -Os -fnext-runtime
FAIL: objc/execute/string3.m compilation, -O0 -fnext-runtime
UNRESOLVED: objc/execute/string3.m execution, -O0 -fnext-runtime
FAIL: objc/execute/string3.m compilation, -O1 -fnext-runtime
UNRESOLVED: objc/execute/string3.m execution, -O1 -fnext-runtime
FAIL: objc/execute/string3.m compilation, -O2 -fnext-runtime
UNRESOLVED: objc/execute/string3.m execution, -O2 -fnext-runtime
FAIL: objc/execute/string3.m compilation, -O3 -fomit-frame-pointer -fnext-runtime
UNRESOLVED: objc/execute/string3.m execution, -O3 -fomit-frame-pointer -fnext-runtime
FAIL: objc/execute/string3.m compilation, -O3 -g -fnext-runtime
UNRESOLVED: objc/execute/string3.m execution, -O3 -g -fnext-runtime
FAIL: objc/execute/string3.m compilation, -Os -fnext-runtime
UNRESOLVED: objc/execute/string3.m execution, -Os -fnext-runtime
FAIL: objc/execute/string4.m compilation, -O0 -fnext-runtime
UNRESOLVED: objc/execute/string4.m execution, -O0 -fnext-runtime
FAIL: objc/execute/string4.m compilation, -O1 -fnext-runtime
UNRESOLVED: objc/execute/string4.m execution, -O1 -fnext-runtime
FAIL: objc/execute/string4.m compilation, -O2 -fnext-runtime
UNRESOLVED: objc/execute/string4.m execution, -O2 -fnext-runtime
FAIL: objc/execute/string4.m compilation, -O3 -fomit-frame-pointer -fnext-runtime
UNRESOLVED: objc/execute/string4.m execution, -O3 -fomit-frame-pointer -fnext-runtime
FAIL: objc/execute/string4.m compilation, -O3 -g -fnext-runtime
UNRESOLVED: objc/execute/string4.m execution, -O3 -g -fnext-runtime
FAIL: objc/execute/string4.m compilation, -Os -fnext-runtime
UNRESOLVED: objc/execute/string4.m execution, -Os -fnext-runtime
FAIL: objc/execute/trivial.m compilation, -O0 -fnext-runtime
UNRESOLVED: objc/execute/trivial.m execution, -O0 -fnext-runtime
FAIL: objc/execute/trivial.m compilation, -O1 -fnext-runtime
UNRESOLVED: objc/execute/trivial.m execution, -O1 -fnext-runtime
FAIL: objc/execute/trivial.m compilation, -O2 -fnext-runtime
UNRESOLVED: objc/execute/trivial.m execution, -O2 -fnext-runtime
FAIL: objc/execute/trivial.m compilation, -O3 -fomit-frame-pointer -fnext-runtime
UNRESOLVED: objc/execute/trivial.m execution, -O3 -fomit-frame-pointer -fnext-runtime
FAIL: objc/execute/trivial.m compilation, -O3 -g -fnext-runtime
UNRESOLVED: objc/execute/trivial.m execution, -O3 -g -fnext-runtime
FAIL: objc/execute/trivial.m compilation, -Os -fnext-runtime
UNRESOLVED: objc/execute/trivial.m execution, -Os -fnext-runtime
FAIL: objc/execute/va_method.m execution, -O0 -fnext-runtime
FAIL: objc/execute/va_method.m execution, -O1 -fnext-runtime
FAIL: objc/execute/va_method.m execution, -O2 -fnext-runtime
FAIL: objc/execute/va_method.m execution, -O3 -fomit-frame-pointer -fnext-runtime
FAIL: objc/execute/va_method.m execution, -O3 -fomit-frame-pointer -funroll-loops -fnext-runtime
FAIL: objc/execute/va_method.m execution, -O3 -fomit-frame-pointer -funroll-all-loops -finline-functions -fnext-runtime
FAIL: objc/execute/va_method.m execution, -O3 -g -fnext-runtime
FAIL: objc/execute/va_method.m execution, -Os -fnext-runtime
FAIL: objc.dg/bitfield-1.m (test for excess errors)
WARNING: objc.dg/bitfield-1.m compilation failed to produce executable
FAIL: objc.dg/call-super-1.m (test for excess errors)
WARNING: objc.dg/call-super-1.m compilation failed to produce executable
FAIL: objc.dg/call-super-3.m (test for excess errors)
WARNING: objc.dg/call-super-3.m compilation failed to produce executable
FAIL: objc.dg/category-1.m (test for excess errors)
WARNING: objc.dg/category-1.m compilation failed to produce executable
FAIL: objc.dg/const-str-10.m (test for excess errors)
FAIL: objc.dg/const-str-10.m scan-assembler .long\\t__NSConstantStringClassReference\\n\\t.long\\t.*\\n\\t.long\\t5\\n\\t.data
FAIL: objc.dg/const-str-11.m (test for excess errors)
FAIL: objc.dg/const-str-11.m scan-assembler .long\\t__XStrClassReference\\n\\t.long\\t.*\\n\\t.long\\t5\\n\\t.data
FAIL: objc.dg/const-str-3.m (test for excess errors)
WARNING: objc.dg/const-str-3.m compilation failed to produce executable
FAIL: objc.dg/const-str-7.m (test for excess errors)
WARNING: objc.dg/const-str-7.m compilation failed to produce executable
FAIL: objc.dg/const-str-8.m (test for excess errors)
WARNING: objc.dg/const-str-8.m compilation failed to produce executable
FAIL: objc.dg/const-str-9.m (test for excess errors)
FAIL: objc.dg/const-str-9.m scan-assembler .long\\t__NSConstantStringClassReference\\n\\t.long\\t.*\\n\\t.long\\t5\\n\\t.data
FAIL: objc.dg/defs.m (test for excess errors)
WARNING: objc.dg/defs.m compilation failed to produce executable
FAIL: objc.dg/desig-init-1.m (test for excess errors)
WARNING: objc.dg/desig-init-1.m compilation failed to produce executable
FAIL: objc.dg/encode-2.m (test for excess errors)
WARNING: objc.dg/encode-2.m compilation failed to produce executable
FAIL: objc.dg/encode-3.m (test for excess errors)
WARNING: objc.dg/encode-3.m compilation failed to produce executable
FAIL: objc.dg/encode-4.m (test for excess errors)
WARNING: objc.dg/encode-4.m compilation failed to produce executable
FAIL: objc.dg/encode-5.m (test for excess errors)
FAIL: objc.dg/fix-and-continue-1.m (test for excess errors)
WARNING: objc.dg/fix-and-continue-1.m compilation failed to produce executable
FAIL: objc.dg/func-ptr-1.m (test for excess errors)
WARNING: objc.dg/func-ptr-1.m compilation failed to produce executable
FAIL: objc.dg/func-ptr-2.m (test for excess errors)
WARNING: objc.dg/func-ptr-2.m compilation failed to produce executable
FAIL: objc.dg/headers.m (test for excess errors)
FAIL: objc.dg/lookup-1.m (test for excess errors)
WARNING: objc.dg/lookup-1.m compilation failed to produce executable
FAIL: objc.dg/method-10.m (test for excess errors)
WARNING: objc.dg/method-10.m compilation failed to produce executable
FAIL: objc.dg/method-13.m execution test
FAIL: objc.dg/method-3.m (test for excess errors)
WARNING: objc.dg/method-3.m compilation failed to produce executable
FAIL: objc.dg/method-6.m (test for excess errors)
FAIL: objc.dg/next-runtime-1.m scan-assembler L_OBJC_MODULES:\\n[ \\t]*.long\\t6\\n
FAIL: objc.dg/no-extra-load.m (test for excess errors)
ERROR: objc.dg/no-extra-load.m: error executing dg-final: couldn't open "no-extra-load.s": no such file or directory
UNRESOLVED: objc.dg/no-extra-load.m: error executing dg-final: couldn't open "no-extra-load.s": no such file or directory
FAIL: objc.dg/proto-lossage-3.m (test for excess errors)
WARNING: objc.dg/proto-lossage-3.m compilation failed to produce executable
FAIL: objc.dg/proto-qual-1.m (test for excess errors)
WARNING: objc.dg/proto-qual-1.m compilation failed to produce executable
FAIL: objc.dg/sizeof-1.m (test for excess errors)
WARNING: objc.dg/sizeof-1.m compilation failed to produce executable
FAIL: objc.dg/stret-1.m (test for excess errors)
WARNING: objc.dg/stret-1.m compilation failed to produce executable
FAIL: objc.dg/stret-2.m scan-assembler objc_msgSend_stret
FAIL: objc.dg/stret-2.m scan-assembler-not objc_msgSend[^_S]
FAIL: objc.dg/stret-2.m scan-assembler-not objc_msgSendSuper[^_]
FAIL: objc.dg/stubify-1.m (test for excess errors)
ERROR: objc.dg/stubify-1.m: error executing dg-final: couldn't open "stubify-1.s": no such file or directory
UNRESOLVED: objc.dg/stubify-1.m: error executing dg-final: couldn't open "stubify-1.s": no such file or directory
FAIL: objc.dg/stubify-2.m (test for excess errors)
FAIL: objc.dg/stubify-2.m scan-rtl-dump-not jump "symbol_ref.*"objc_msgSend"": dump file does not exist
FAIL: objc.dg/super-class-3.m (test for excess errors)
WARNING: objc.dg/super-class-3.m compilation failed to produce executable
FAIL: objc.dg/symtab-1.m scan-assembler L_OBJC_SYMBOLS.*:\\n\\t.long\\t0\\n\\t.long\\t0\\n\\t.short\\t2\\n\\t.short\\t0\\n\\t.long\\tL_OBJC_CLASS_Derived.*\\n\\t.long\\tL_OBJC_CLASS_Base.*\\n
FAIL: objc.dg/type-size-2.m (test for excess errors)
FAIL: objc.dg/type-size-2.m execution test
FAIL: objc.dg/va-meth-1.m (test for excess errors)
WARNING: objc.dg/va-meth-1.m compilation failed to produce executable
FAIL: objc.dg/zero-link-3.m (test for excess errors)
WARNING: objc.dg/zero-link-3.m compilation failed to produce executable
FAIL: objc.dg/special/unclaimed-category-1.m unclaimed-category-1a.o (test for excess errors)
FAIL: objc.dg/special/unclaimed-category-1.m unclaimed-category-1a.o execution test
=== objc Summary for unix/-m64 ===
# of expected passes 2072
# of unexpected failures 592
# of expected failures 7
# of unresolved testcases 470
# of unsupported tests 2
=== objc Summary ===
# of expected passes 5054
# of unexpected failures 692
# of expected failures 14
# of unresolved testcases 544
# of unsupported tests 4
/Volumes/MacBook/opt/gcc/i686-darwin/gcc/xgcc version 4.5.0 20091107 (experimental) [trunk revision 153993p2] (GCC)
=== libffi tests ===
Running target unix
=== libffi Summary for unix ===
# of expected passes 1609
# of expected failures 10
# of unsupported tests 15
Running target unix/-m64
FAIL: libffi.call/cls_dbls_struct.c -O0 -W -Wall output pattern test, is 1.0 0.0
FAIL: libffi.call/testclosure.c -O0 -W -Wall output pattern test, is 4 5 0 0
FAIL: libffi.call/cls_dbls_struct.c -O2 output pattern test, is 1.0 0.0
FAIL: libffi.call/testclosure.c -O2 output pattern test, is 4 5 0 0
FAIL: libffi.call/cls_dbls_struct.c -O3 output pattern test, is 1.0 0.0
FAIL: libffi.call/testclosure.c -O3 output pattern test, is 4 5 0 0
FAIL: libffi.call/cls_dbls_struct.c -Os output pattern test, is 1.0 0.0
FAIL: libffi.call/testclosure.c -Os output pattern test, is 4 5 0 0
FAIL: libffi.call/cls_dbls_struct.c -O2 -fomit-frame-pointer output pattern test, is 1.0 0.0
FAIL: libffi.call/testclosure.c -O2 -fomit-frame-pointer output pattern test, is 4 5 0 0
=== libffi Summary for unix/-m64 ===
# of expected passes 1599
# of unexpected failures 10
# of expected failures 10
# of unsupported tests 15
=== libffi Summary ===
# of expected passes 3208
# of unexpected failures 10
# of expected failures 20
# of unsupported tests 30
=== libgomp tests ===
Running target unix
FAIL: libgomp.graphite/force-parallel-2.c execution test
XPASS: libgomp.graphite/force-parallel-5.c scan-tree-dump-times optimized "loopfn.1" 5
=== libgomp Summary for unix ===
# of expected passes 2193
# of unexpected failures 1
# of unexpected successes 1
# of unsupported tests 128
Running target unix/-m64
FAIL: libgomp.graphite/force-parallel-2.c execution test
XPASS: libgomp.graphite/force-parallel-5.c scan-tree-dump-times optimized "loopfn.1" 5
=== libgomp Summary for unix/-m64 ===
# of expected passes 2193
# of unexpected failures 1
# of unexpected successes 1
# of unsupported tests 128
=== libgomp Summary ===
# of expected passes 4386
# of unexpected failures 2
# of unexpected successes 2
# of unsupported tests 256
=== libjava tests ===
Running target unix
FAIL: resource compilation dummy.class
=== libjava Summary for unix ===
# of expected passes 2561
# of unexpected failures 1
Running target unix/-m64
FAIL: PR16923 run
FAIL: events output
FAIL: StackTrace2 execution - source compiled test
FAIL: StackTrace2 -findirect-dispatch execution - source compiled test
FAIL: StackTrace2 -O3 execution - source compiled test
FAIL: Throw_3 execution - source compiled test
FAIL: Throw_3 -findirect-dispatch execution - source compiled test
FAIL: Throw_3 -O3 execution - source compiled test
FAIL: Throw_3 -O3 -findirect-dispatch execution - source compiled test
FAIL: stacktrace execution - source compiled test
FAIL: stacktrace -findirect-dispatch execution - source compiled test
FAIL: stacktrace -O3 execution - source compiled test
FAIL: stacktrace -O3 -findirect-dispatch execution - source compiled test
=== libjava Summary for unix/-m64 ===
# of expected passes 2550
# of unexpected failures 13
# of untested testcases 12
=== libjava Summary ===
# of expected passes 5111
# of unexpected failures 14
# of untested testcases 12
=== libstdc++ tests ===
Running target unix
XPASS: 26_numerics/headers/cmath/c99_classification_macros_c.cc (test for excess errors)
FAIL: ext/mt_allocator/deallocate_global_thread-1.cc execution test
FAIL: ext/mt_allocator/deallocate_global_thread-3.cc execution test
=== libstdc++ Summary for unix ===
# of expected passes 6026
# of unexpected failures 2
# of unexpected successes 1
# of expected failures 82
# of unsupported tests 540
Running target unix/-m64
XPASS: 26_numerics/headers/cmath/c99_classification_macros_c.cc (test for excess errors)
FAIL: ext/mt_allocator/deallocate_global_thread-1.cc execution test
FAIL: ext/mt_allocator/deallocate_global_thread-3.cc execution test
=== libstdc++ Summary for unix/-m64 ===
# of expected passes 6043
# of unexpected failures 2
# of unexpected successes 1
# of expected failures 82
# of unsupported tests 531
=== libstdc++ Summary ===
# of expected passes 12069
# of unexpected failures 4
# of unexpected successes 2
# of expected failures 164
# of unsupported tests 1071
Compiler version: 4.5.0 20091107 (experimental) [trunk revision 153993p2] (GCC)
Platform: i686-apple-darwin9
configure flags: --prefix=/opt/gcc/gcc4.5w --mandir=/opt/gcc/gcc4.5w/share/man --infodir=/opt/gcc/gcc4.5w/share/info --build=i686-apple-darwin9 --enable-languages=c,c++,fortran,objc,obj-c++,java --with-gmp=/sw --with-libiconv-prefix=/usr --with-system-zlib --x-includes=/usr/X11R6/include --x-libraries=/usr/X11R6/lib --with-cloog=/sw --with-ppl=/sw --with-mpc=/opt/mpc/build