This is the mail archive of the
gcc-testresults@gcc.gnu.org
mailing list for the GCC project.
Results for 4.5.0 20090929 (experimental) [trunk revision 152300] (GCC) gcc testsuite on cris-axis-elf
- From: Mike Stein <mstein dot lists at googlemail dot com>
- To: gcc-testresults at gcc dot gnu dot org
- Date: Wed, 30 Sep 2009 23:55:05 +0200
- Subject: Results for 4.5.0 20090929 (experimental) [trunk revision 152300] (GCC) gcc testsuite on cris-axis-elf
- Reply-to: gcc at gcc dot gnu dot org
Debian 5 on x86_64
cross tool versions:
GNU assembler (GNU Binutils) 2.18.50.20080419
GNU gdb 6.8.50.20080419-cvs
GNU ld (GNU Binutils) 2.18.50.20080419
GNU Make 3.81
expect version 5.43.0
host gcc version: gcc (GCC) 4.5.0 20090929 (experimental) [trunk revision 152300]
LAST_UPDATED: Tue Sep 29 22:03:18 UTC 2009 (revision 152300)
Target is cris-axis-elf
Host is x86_64-unknown-linux-gnu
=== gcc tests ===
Running target cris-sim
XPASS: gcc.dg/Warray-bounds.c (test for warnings, line 59)
XPASS: gcc.dg/Warray-bounds.c (test for warnings, line 65)
XPASS: gcc.dg/Wunreachable-8.c (test for bogus messages, line 7)
FAIL: gcc.dg/c99-stdint-7.c (test for excess errors)
FAIL: gcc.dg/large-size-array-2.c (internal compiler error)
FAIL: gcc.dg/large-size-array-2.c (test for errors, line 6)
FAIL: gcc.dg/large-size-array-2.c (test for excess errors)
FAIL: gcc.dg/large-size-array-4.c (internal compiler error)
FAIL: gcc.dg/large-size-array-4.c (test for errors, line 6)
FAIL: gcc.dg/large-size-array-4.c (test for excess errors)
FAIL: gcc.dg/pr28796-2.c execution test
FAIL: gcc.dg/pr34668-1.c (internal compiler error)
FAIL: gcc.dg/pr34668-1.c (test for excess errors)
FAIL: gcc.dg/trampoline-1.c execution test
UNRESOLVED: selfassign.c compilation, -I. -I/home/mstein/svn/trunk/gcc/testsuite -I/home/mstein/svn/trunk/gcc/testsuite/../../gcc -I/home/mstein/sim/trunk/cris-elf/build/gcc/testsuite/gcc/../../../gcc -I/home/mstein/svn/trunk/gcc/testsuite/../../include -I/home/mstein/svn/trunk/gcc/testsuite/../../libcpp/include -I/opt/cfarm/mpfr-2.3.2/include -O -DIN_GCC -fPIC -shared
UNRESOLVED: one_time_plugin.c compilation, -I. -I/home/mstein/svn/trunk/gcc/testsuite -I/home/mstein/svn/trunk/gcc/testsuite/../../gcc -I/home/mstein/sim/trunk/cris-elf/build/gcc/testsuite/gcc/../../../gcc -I/home/mstein/svn/trunk/gcc/testsuite/../../include -I/home/mstein/svn/trunk/gcc/testsuite/../../libcpp/include -I/opt/cfarm/mpfr-2.3.2/include -DIN_GCC -fPIC -shared
XPASS: gcc.dg/struct/wo_prof_array_through_pointer.c scan-ipa-dump ipa_struct_reorg "Number of structures to transform is 1"
FAIL: gcc.dg/struct/wo_prof_double_malloc.c (internal compiler error)
FAIL: gcc.dg/struct/wo_prof_double_malloc.c (test for excess errors)
UNRESOLVED: gcc.dg/struct/wo_prof_double_malloc.c compilation failed to produce executable
FAIL: gcc.dg/tree-ssa/vrp47.c scan-tree-dump-times vrp1 "[xy][^ ]* !=" 0
FAIL: gcc.dg/tree-ssa/vrp47.c scan-tree-dump-times dom1 "x[^ ]* & y" 1
FAIL: gcc.dg/tree-ssa/vrp47.c scan-tree-dump-times vrp1 "x[^ ]* [|] y" 1
=== gcc Summary ===
# of expected passes 51159
# of unexpected failures 16
# of unexpected successes 4
# of expected failures 79
# of unresolved testcases 3
# of unsupported tests 742
/home/mstein/sim/trunk/cris-elf/build/gcc/xgcc version 4.5.0 20090929 (experimental) [trunk revision 152300] (GCC)
Compiler version: 4.5.0 20090929 (experimental) [trunk revision 152300] (GCC) gcc
Platform: cris-axis-elf
configure flags: --target=cris-elf --prefix=/home/mstein/cross-local/cris-elf --enable-languages=c --disable-nls --disable-build-warnings --with-sysroot=/home/mstein/cross-local/cris-elf --with-build-sysroot=/home/mstein/cross-local/cris-elf --with-ld=/home/mstein/cross-local/cris-elf/usr/bin/ld --with-as=/home/mstein/cross-local/cris-elf/usr/bin/as --disable-libssp --with-mpfr=/opt/cfarm/mpfr-2.3.2