This is the mail archive of the
gcc-testresults@gcc.gnu.org
mailing list for the GCC project.
[PATCHED] Results for gcc libjava testsuite on i686-pc-cygwin
- From: Dave Korn <dave dot korn dot cygwin at googlemail dot com>
- To: gcc-testresults at gcc dot gnu dot org
- Date: Wed, 30 Sep 2009 19:16:29 +0100
- Subject: [PATCHED] Results for gcc libjava testsuite on i686-pc-cygwin
Native configuration is i686-pc-cygwin
=== libjava tests ===
Running target unix
FAIL: PR16923 run
WARNING: program timed out.
FAIL: Process_1 execution - source compiled test
FAIL: Process_1 -findirect-dispatch compilation from source
WARNING: program timed out.
FAIL: Process_2 execution - source compiled test
WARNING: program timed out.
FAIL: Process_2 -findirect-dispatch execution - source compiled test
FAIL: Process_2 -O3 compilation from source
WARNING: program timed out.
FAIL: Process_2 -O3 -findirect-dispatch execution - source compiled test
FAIL: Process_3 compilation from source
FAIL: Process_3 -findirect-dispatch compilation from source
WARNING: program timed out.
FAIL: Process_3 -O3 -findirect-dispatch execution - source compiled test
WARNING: program timed out.
FAIL: Process_4 execution - source compiled test
FAIL: Process_4 -findirect-dispatch compilation from source
WARNING: program timed out.
FAIL: Process_4 -O3 execution - source compiled test
WARNING: program timed out.
FAIL: Process_4 -O3 -findirect-dispatch execution - source compiled test
FAIL: Process_5 compilation from source
FAIL: Process_5 -findirect-dispatch compilation from source
WARNING: program timed out.
FAIL: Process_5 -O3 execution - source compiled test
WARNING: program timed out.
FAIL: Process_5 -O3 -findirect-dispatch execution - source compiled test
FAIL: Process_7 output - source compiled test
FAIL: Process_7 -findirect-dispatch output - source compiled test
FAIL: Process_7 -O3 output - source compiled test
FAIL: Process_7 -O3 -findirect-dispatch output - source compiled test
FAIL: Thread_Interrupt output - source compiled test
FAIL: Throw_2 execution - source compiled test
FAIL: Throw_2 -findirect-dispatch execution - source compiled test
FAIL: Throw_2 -O3 execution - source compiled test
FAIL: Throw_2 -O3 -findirect-dispatch execution - source compiled test
=== libjava Summary ===
# of expected passes 2527
# of unexpected failures 27
# of untested testcases 29
Compiler version: gcc libjava
Platform: i686-pc-cygwin
configure flags: --prefix=/opt/gcc-tools -v --with-gmp=/usr --with-mpfr=/usr
--enable-bootstrap --enable-version-specific-runtime-libs --enable-static
--enable-shared --enable-shared-libgcc --disable-__cxa_atexit --with-gnu-ld
--with-gnu-as --with-dwarf2 --disable-sjlj-exceptions --disable-symvers
--enable-libjava --enable-interpreter --program-suffix=-4 --disable-libgomp
--enable-libssp --disable-libada --enable-threads=posix --with-arch=i686
--with-tune=generic CC=gcc-4 CXX=g++-4 CC_FOR_TARGET=gcc-4
CXX_FOR_TARGET=g++-4 --with-ecj-jar=/usr/share/java/ecj.jar
LD=/opt/gcc-tools/bin/ld.exe LD_FOR_TARGET=/opt/gcc-tools/bin/ld.exe
AS=/opt/gcc-tools/bin/as.exe AS_FOR_TARGET=/opt/gcc-tools/bin/as.exe
--disable-win32-registry --disable-libgcj-debug --enable-languages=c,c++,java