This is the mail archive of the
gcc-testresults@gcc.gnu.org
mailing list for the GCC project.
Results for 4.5.0 20090929 (experimental) [trunk revision 152266] (GCC) testsuite on x86_64-unknown-linux-gnu
- From: hjl at gnu-33 dot sc dot intel dot com (H.J. Lu (Intel64))
- To: gcc-testresults at gcc dot gnu dot org
- Date: Tue, 29 Sep 2009 03:18:43 -0700
- Subject: Results for 4.5.0 20090929 (experimental) [trunk revision 152266] (GCC) testsuite on x86_64-unknown-linux-gnu
LAST_UPDATED: Tue Sep 29 08:10:47 UTC 2009 (revision 152266)
Native configuration is x86_64-unknown-linux-gnu
=== g++ tests ===
Running target unix/-m32
FAIL: g++.dg/conversion/dr195.C (test for warnings, line 21)
FAIL: g++.dg/conversion/dr195.C (test for warnings, line 22)
FAIL: g++.dg/conversion/dr195.C (test for warnings, line 25)
FAIL: g++.dg/conversion/dr195.C (test for warnings, line 26)
FAIL: g++.dg/conversion/op5.C (test for errors, line 18)
FAIL: g++.dg/conversion/op5.C (test for excess errors)
FAIL: g++.dg/cpp/string-1.C (test for errors, line 5)
FAIL: g++.dg/cpp/string-1.C (test for errors, line 7)
FAIL: g++.dg/cpp/string-1.C (test for excess errors)
FAIL: g++.dg/cpp0x/variadic60.C (test for errors, line 1)
FAIL: g++.dg/cpp0x/variadic60.C (test for excess errors)
FAIL: g++.dg/expr/cast2.C (test for warnings, line 4)
FAIL: g++.dg/expr/string-1.C (test for errors, line 6)
FAIL: g++.dg/expr/string-1.C (test for excess errors)
FAIL: g++.dg/ext/anon-struct6.C (test for errors, line 9)
FAIL: g++.dg/ext/offsetof1.C (test for excess errors)
FAIL: g++.dg/ext/vla1.C (test for errors, line 12)
FAIL: g++.dg/inherit/error4.C (test for excess errors)
FAIL: g++.dg/init/bitfield1.C (test for warnings, line 17)
FAIL: g++.dg/init/bitfield1.C (test for warnings, line 18)
FAIL: g++.dg/init/bitfield1.C (test for warnings, line 21)
FAIL: g++.dg/init/brace2.C (test for errors, line 8)
FAIL: g++.dg/init/brace2.C (test for excess errors)
FAIL: g++.dg/init/brace6.C (test for excess errors)
FAIL: g++.dg/init/string1.C (test for excess errors)
FAIL: g++.dg/lookup/extern-c-redecl.C (test for errors, line 6)
FAIL: g++.dg/lookup/extern-c-redecl.C (test for excess errors)
FAIL: g++.dg/other/warning1.C (test for warnings, line 10)
FAIL: g++.dg/other/warning1.C (test for warnings, line 11)
FAIL: g++.dg/other/warning1.C (test for excess errors)
FAIL: g++.dg/parse/constant5.C (test for errors, line 5)
FAIL: g++.dg/parse/constant5.C (test for errors, line 6)
FAIL: g++.dg/parse/ctor3.C (test for excess errors)
FAIL: g++.dg/parse/ctor7.C (test for errors, line 15)
FAIL: g++.dg/parse/template23.C (test for errors, line 8)
FAIL: g++.dg/parse/template23.C (test for errors, line 9)
FAIL: g++.dg/template/crash90.C (test for excess errors)
FAIL: g++.dg/template/dependent-name3.C (test for errors, line 13)
FAIL: g++.dg/template/error17.C anon (test for errors, line 7)
FAIL: g++.dg/template/ptrmem6.C (test for excess errors)
FAIL: g++.dg/template/sfinae3.C (test for errors, line 13)
FAIL: g++.dg/template/sfinae3.C (test for warnings, line 17)
FAIL: g++.dg/template/spec22.C (test for warnings, line 11)
FAIL: g++.dg/template/spec22.C (test for warnings, line 15)
FAIL: g++.dg/template/spec22.C (test for errors, line 20)
UNRESOLVED: selfassign.c compilation, -I. -I/export/gnu/import/svn/gcc-test/src-trunk/gcc/testsuite -I/export/gnu/import/svn/gcc-test/src-trunk/gcc/testsuite/../../gcc -I/export/gnu/import/svn/gcc-test/bld/gcc/testsuite/g++/../../../gcc -I/export/gnu/import/svn/gcc-test/src-trunk/gcc/testsuite/../../include -I/export/gnu/import/svn/gcc-test/src-trunk/gcc/testsuite/../../libcpp/include -O -DIN_GCC -fPIC -shared
UNRESOLVED: dumb_plugin.c compilation, -I. -I/export/gnu/import/svn/gcc-test/src-trunk/gcc/testsuite -I/export/gnu/import/svn/gcc-test/src-trunk/gcc/testsuite/../../gcc -I/export/gnu/import/svn/gcc-test/bld/gcc/testsuite/g++/../../../gcc -I/export/gnu/import/svn/gcc-test/src-trunk/gcc/testsuite/../../include -I/export/gnu/import/svn/gcc-test/src-trunk/gcc/testsuite/../../libcpp/include -DIN_GCC -fPIC -shared
FAIL: g++.old-deja/g++.brendan/cvt1.C (test for errors, line 8)
FAIL: g++.old-deja/g++.brendan/cvt1.C (test for errors, line 18)
FAIL: g++.old-deja/g++.brendan/enum11.C (test for errors, line 9)
FAIL: g++.old-deja/g++.brendan/enum8.C (test for errors, line 9)
FAIL: g++.old-deja/g++.brendan/enum9.C (test for errors, line 5)
FAIL: g++.old-deja/g++.brendan/friend3.C (test for errors, line 8)
FAIL: g++.old-deja/g++.brendan/init4.C (test for errors, line 5)
FAIL: g++.old-deja/g++.brendan/init4.C (test for excess errors)
FAIL: g++.old-deja/g++.brendan/misc14.C (test for errors, line 7)
FAIL: g++.old-deja/g++.brendan/overload4.C (test for warnings, line 8)
FAIL: g++.old-deja/g++.brendan/overload4.C (test for errors, line 21)
FAIL: g++.old-deja/g++.brendan/overload4.C (test for excess errors)
FAIL: g++.old-deja/g++.bugs/900402_02.C (test for errors, line 9)
FAIL: g++.old-deja/g++.bugs/900402_02.C (test for errors, line 11)
FAIL: g++.old-deja/g++.bugs/900402_02.C (test for errors, line 13)
FAIL: g++.old-deja/g++.bugs/900402_02.C (test for errors, line 19)
FAIL: g++.old-deja/g++.bugs/900404_04.C (test for errors, line 16)
FAIL: g++.old-deja/g++.eh/spec6.C (test for errors, line 10)
FAIL: g++.old-deja/g++.eh/spec6.C (test for errors, line 11)
FAIL: g++.old-deja/g++.eh/spec6.C (test for errors, line 12)
FAIL: g++.old-deja/g++.eh/spec6.C (test for errors, line 13)
FAIL: g++.old-deja/g++.eh/spec6.C (test for excess errors)
FAIL: g++.old-deja/g++.jason/cond.C (test for errors, line 55)
FAIL: g++.old-deja/g++.jason/cond.C (test for excess errors)
FAIL: g++.old-deja/g++.jason/conversion10.C (test for excess errors)
FAIL: g++.old-deja/g++.jason/parse11.C (test for errors, line 6)
FAIL: g++.old-deja/g++.jason/parse11.C (test for errors, line 8)
FAIL: g++.old-deja/g++.jason/rfg20.C (test for errors, line 9)
FAIL: g++.old-deja/g++.jason/rfg22.C (test for errors, line 2)
FAIL: g++.old-deja/g++.jason/rfg22.C (test for excess errors)
FAIL: g++.old-deja/g++.law/enum4.C (test for warnings, line 14)
FAIL: g++.old-deja/g++.law/enum4.C (test for errors, line 27)
FAIL: g++.old-deja/g++.law/enum4.C (test for excess errors)
FAIL: g++.old-deja/g++.law/missed-error2.C extra ; (test for errors, line 17)
FAIL: g++.old-deja/g++.law/missed-error2.C extra ; (test for errors, line 19)
FAIL: g++.old-deja/g++.niklas/t120.C match (test for errors, line 5)
FAIL: g++.old-deja/g++.niklas/t120.C note (test for warnings, line 5)
FAIL: g++.old-deja/g++.niklas/t120.C (test for excess errors)
FAIL: g++.old-deja/g++.niklas/t121.C match (test for errors, line 5)
FAIL: g++.old-deja/g++.niklas/t121.C note (test for warnings, line 5)
FAIL: g++.old-deja/g++.niklas/t121.C (test for excess errors)
FAIL: g++.old-deja/g++.other/crash24.C (test for warnings, line 10)
FAIL: g++.old-deja/g++.other/crash24.C no matching (test for errors, line 14)
FAIL: g++.old-deja/g++.other/crash24.C (test for excess errors)
FAIL: g++.old-deja/g++.other/decl5.C anon (test for errors, line 14)
FAIL: g++.old-deja/g++.other/sizeof4.C (test for errors, line 33)
FAIL: g++.old-deja/g++.other/sizeof4.C (test for excess errors)
FAIL: g++.old-deja/g++.other/sizeof5.C (test for errors, line 10)
FAIL: g++.old-deja/g++.other/sizeof5.C (test for excess errors)
FAIL: g++.old-deja/g++.other/using9.C (test for errors, line 16)
FAIL: g++.old-deja/g++.other/using9.C (test for errors, line 19)
FAIL: g++.old-deja/g++.other/using9.C (test for excess errors)
FAIL: g++.old-deja/g++.pt/explicit70.C (test for errors, line 21)
FAIL: g++.old-deja/g++.pt/explicit70.C (test for errors, line 22)
FAIL: g++.old-deja/g++.pt/static5.C (test for errors, line 6)
FAIL: g++.old-deja/g++.pt/unify8.C (test for warnings, line 13)
FAIL: g++.old-deja/g++.pt/unify8.C (test for warnings, line 14)
FAIL: g++.old-deja/g++.pt/unify8.C (test for errors, line 18)
FAIL: g++.old-deja/g++.pt/unify8.C (test for excess errors)
=== g++ Summary for unix/-m32 ===
# of expected passes 6741
# of unexpected failures 59
# of expected failures 26
# of unsupported tests 10
Running target unix
FAIL: g++.dg/conversion/dr195.C (test for warnings, line 21)
FAIL: g++.dg/conversion/dr195.C (test for warnings, line 22)
FAIL: g++.dg/conversion/dr195.C (test for warnings, line 25)
FAIL: g++.dg/conversion/dr195.C (test for warnings, line 26)
FAIL: g++.dg/conversion/op5.C (test for errors, line 18)
FAIL: g++.dg/conversion/op5.C (test for excess errors)
FAIL: g++.dg/cpp/string-1.C (test for errors, line 5)
FAIL: g++.dg/cpp/string-1.C (test for errors, line 7)
FAIL: g++.dg/cpp/string-1.C (test for excess errors)
FAIL: g++.dg/cpp0x/variadic60.C (test for errors, line 1)
FAIL: g++.dg/cpp0x/variadic60.C (test for excess errors)
FAIL: g++.dg/expr/cast2.C (test for warnings, line 4)
FAIL: g++.dg/expr/string-1.C (test for errors, line 6)
FAIL: g++.dg/expr/string-1.C (test for excess errors)
FAIL: g++.dg/ext/anon-struct6.C (test for errors, line 9)
FAIL: g++.dg/ext/offsetof1.C (test for excess errors)
FAIL: g++.dg/ext/vla1.C (test for errors, line 12)
FAIL: g++.dg/inherit/error4.C (test for excess errors)
FAIL: g++.dg/init/bitfield1.C (test for warnings, line 17)
FAIL: g++.dg/init/bitfield1.C (test for warnings, line 18)
FAIL: g++.dg/init/bitfield1.C (test for warnings, line 21)
FAIL: g++.dg/init/brace2.C (test for errors, line 8)
FAIL: g++.dg/init/brace2.C (test for excess errors)
FAIL: g++.dg/init/brace6.C (test for excess errors)
FAIL: g++.dg/init/string1.C (test for excess errors)
FAIL: g++.dg/lookup/extern-c-redecl.C (test for errors, line 6)
FAIL: g++.dg/lookup/extern-c-redecl.C (test for excess errors)
FAIL: g++.dg/other/warning1.C (test for warnings, line 10)
FAIL: g++.dg/other/warning1.C (test for warnings, line 11)
FAIL: g++.dg/other/warning1.C (test for excess errors)
FAIL: g++.dg/parse/constant5.C (test for errors, line 5)
FAIL: g++.dg/parse/constant5.C (test for errors, line 6)
FAIL: g++.dg/parse/ctor3.C (test for excess errors)
FAIL: g++.dg/parse/ctor7.C (test for errors, line 15)
FAIL: g++.dg/parse/template23.C (test for errors, line 8)
FAIL: g++.dg/parse/template23.C (test for errors, line 9)
FAIL: g++.dg/template/crash90.C (test for excess errors)
FAIL: g++.dg/template/dependent-name3.C (test for errors, line 13)
FAIL: g++.dg/template/error17.C anon (test for errors, line 7)
FAIL: g++.dg/template/ptrmem6.C (test for excess errors)
FAIL: g++.dg/template/sfinae3.C (test for errors, line 13)
FAIL: g++.dg/template/sfinae3.C (test for warnings, line 17)
FAIL: g++.dg/template/spec22.C (test for warnings, line 11)
FAIL: g++.dg/template/spec22.C (test for warnings, line 15)
FAIL: g++.dg/template/spec22.C (test for errors, line 20)
UNRESOLVED: selfassign.c compilation, -I. -I/export/gnu/import/svn/gcc-test/src-trunk/gcc/testsuite -I/export/gnu/import/svn/gcc-test/src-trunk/gcc/testsuite/../../gcc -I/export/gnu/import/svn/gcc-test/bld/gcc/testsuite/g++/../../../gcc -I/export/gnu/import/svn/gcc-test/src-trunk/gcc/testsuite/../../include -I/export/gnu/import/svn/gcc-test/src-trunk/gcc/testsuite/../../libcpp/include -O -DIN_GCC -fPIC -shared
UNRESOLVED: dumb_plugin.c compilation, -I. -I/export/gnu/import/svn/gcc-test/src-trunk/gcc/testsuite -I/export/gnu/import/svn/gcc-test/src-trunk/gcc/testsuite/../../gcc -I/export/gnu/import/svn/gcc-test/bld/gcc/testsuite/g++/../../../gcc -I/export/gnu/import/svn/gcc-test/src-trunk/gcc/testsuite/../../include -I/export/gnu/import/svn/gcc-test/src-trunk/gcc/testsuite/../../libcpp/include -DIN_GCC -fPIC -shared
FAIL: g++.old-deja/g++.brendan/cvt1.C (test for errors, line 8)
FAIL: g++.old-deja/g++.brendan/cvt1.C (test for errors, line 18)
FAIL: g++.old-deja/g++.brendan/enum11.C (test for errors, line 9)
FAIL: g++.old-deja/g++.brendan/enum8.C (test for errors, line 9)
FAIL: g++.old-deja/g++.brendan/enum9.C (test for errors, line 5)
FAIL: g++.old-deja/g++.brendan/friend3.C (test for errors, line 8)
FAIL: g++.old-deja/g++.brendan/init4.C (test for errors, line 5)
FAIL: g++.old-deja/g++.brendan/init4.C (test for excess errors)
FAIL: g++.old-deja/g++.brendan/misc14.C (test for errors, line 7)
FAIL: g++.old-deja/g++.brendan/overload4.C (test for warnings, line 8)
FAIL: g++.old-deja/g++.brendan/overload4.C (test for errors, line 21)
FAIL: g++.old-deja/g++.brendan/overload4.C (test for excess errors)
FAIL: g++.old-deja/g++.bugs/900402_02.C (test for errors, line 9)
FAIL: g++.old-deja/g++.bugs/900402_02.C (test for errors, line 11)
FAIL: g++.old-deja/g++.bugs/900402_02.C (test for errors, line 13)
FAIL: g++.old-deja/g++.bugs/900402_02.C (test for errors, line 19)
FAIL: g++.old-deja/g++.bugs/900404_04.C (test for errors, line 16)
FAIL: g++.old-deja/g++.eh/spec6.C (test for errors, line 10)
FAIL: g++.old-deja/g++.eh/spec6.C (test for errors, line 11)
FAIL: g++.old-deja/g++.eh/spec6.C (test for errors, line 12)
FAIL: g++.old-deja/g++.eh/spec6.C (test for errors, line 13)
FAIL: g++.old-deja/g++.eh/spec6.C (test for excess errors)
FAIL: g++.old-deja/g++.jason/cond.C (test for errors, line 55)
FAIL: g++.old-deja/g++.jason/cond.C (test for excess errors)
FAIL: g++.old-deja/g++.jason/conversion10.C (test for excess errors)
FAIL: g++.old-deja/g++.jason/parse11.C (test for errors, line 6)
FAIL: g++.old-deja/g++.jason/parse11.C (test for errors, line 8)
FAIL: g++.old-deja/g++.jason/rfg20.C (test for errors, line 9)
FAIL: g++.old-deja/g++.jason/rfg22.C (test for errors, line 2)
FAIL: g++.old-deja/g++.jason/rfg22.C (test for excess errors)
FAIL: g++.old-deja/g++.law/enum4.C (test for warnings, line 14)
FAIL: g++.old-deja/g++.law/enum4.C (test for errors, line 27)
FAIL: g++.old-deja/g++.law/enum4.C (test for excess errors)
FAIL: g++.old-deja/g++.law/missed-error2.C extra ; (test for errors, line 17)
FAIL: g++.old-deja/g++.law/missed-error2.C extra ; (test for errors, line 19)
FAIL: g++.old-deja/g++.niklas/t120.C match (test for errors, line 5)
FAIL: g++.old-deja/g++.niklas/t120.C note (test for warnings, line 5)
FAIL: g++.old-deja/g++.niklas/t120.C (test for excess errors)
FAIL: g++.old-deja/g++.niklas/t121.C match (test for errors, line 5)
FAIL: g++.old-deja/g++.niklas/t121.C note (test for warnings, line 5)
FAIL: g++.old-deja/g++.niklas/t121.C (test for excess errors)
FAIL: g++.old-deja/g++.other/crash24.C (test for warnings, line 10)
FAIL: g++.old-deja/g++.other/crash24.C no matching (test for errors, line 14)
FAIL: g++.old-deja/g++.other/crash24.C (test for excess errors)
FAIL: g++.old-deja/g++.other/decl5.C anon (test for errors, line 14)
FAIL: g++.old-deja/g++.other/sizeof4.C (test for errors, line 33)
FAIL: g++.old-deja/g++.other/sizeof4.C (test for excess errors)
FAIL: g++.old-deja/g++.other/sizeof5.C (test for errors, line 10)
FAIL: g++.old-deja/g++.other/sizeof5.C (test for excess errors)
FAIL: g++.old-deja/g++.other/using9.C (test for errors, line 16)
FAIL: g++.old-deja/g++.other/using9.C (test for errors, line 19)
FAIL: g++.old-deja/g++.other/using9.C (test for excess errors)
FAIL: g++.old-deja/g++.pt/explicit70.C (test for errors, line 21)
FAIL: g++.old-deja/g++.pt/explicit70.C (test for errors, line 22)
FAIL: g++.old-deja/g++.pt/static5.C (test for errors, line 6)
FAIL: g++.old-deja/g++.pt/unify8.C (test for warnings, line 13)
FAIL: g++.old-deja/g++.pt/unify8.C (test for warnings, line 14)
FAIL: g++.old-deja/g++.pt/unify8.C (test for errors, line 18)
FAIL: g++.old-deja/g++.pt/unify8.C (test for excess errors)
=== g++ Summary for unix ===
# of expected passes 6694
# of unexpected failures 59
# of expected failures 26
# of unsupported tests 20
=== g++ Summary ===
# of expected passes 41568
# of unexpected failures 208
# of expected failures 309
# of unresolved testcases 4
# of unsupported tests 376
/export/gnu/import/svn/gcc-test/bld/gcc/testsuite/g++/../../g++ version 4.5.0 20090929 (experimental) [trunk revision 152266] (GCC)
=== gcc tests ===
Running target unix/-m32
FAIL: gcc.c-torture/compile/limits-exprparen.c -O0 (test for excess errors)
FAIL: gcc.c-torture/compile/limits-exprparen.c -O1 (test for excess errors)
FAIL: gcc.c-torture/compile/limits-exprparen.c -O2 (test for excess errors)
FAIL: gcc.c-torture/compile/limits-exprparen.c -O3 -fomit-frame-pointer (test for excess errors)
FAIL: gcc.c-torture/compile/limits-exprparen.c -O3 -g (test for excess errors)
FAIL: gcc.c-torture/compile/limits-exprparen.c -Os (test for excess errors)
XPASS: gcc.dg/Warray-bounds.c (test for warnings, line 59)
XPASS: gcc.dg/Warray-bounds.c (test for warnings, line 65)
XPASS: gcc.dg/Wunreachable-8.c (test for bogus messages, line 7)
FAIL: gcc.dg/pr34668-1.c (internal compiler error)
FAIL: gcc.dg/pr34668-1.c (test for excess errors)
UNRESOLVED: selfassign.c compilation, -I. -I/export/gnu/import/svn/gcc-test/src-trunk/gcc/testsuite -I/export/gnu/import/svn/gcc-test/src-trunk/gcc/testsuite/../../gcc -I/export/gnu/import/svn/gcc-test/bld/gcc/testsuite/gcc/../../../gcc -I/export/gnu/import/svn/gcc-test/src-trunk/gcc/testsuite/../../include -I/export/gnu/import/svn/gcc-test/src-trunk/gcc/testsuite/../../libcpp/include -O -DIN_GCC -fPIC -shared
UNRESOLVED: one_time_plugin.c compilation, -I. -I/export/gnu/import/svn/gcc-test/src-trunk/gcc/testsuite -I/export/gnu/import/svn/gcc-test/src-trunk/gcc/testsuite/../../gcc -I/export/gnu/import/svn/gcc-test/bld/gcc/testsuite/gcc/../../../gcc -I/export/gnu/import/svn/gcc-test/src-trunk/gcc/testsuite/../../include -I/export/gnu/import/svn/gcc-test/src-trunk/gcc/testsuite/../../libcpp/include -DIN_GCC -fPIC -shared
XPASS: gcc.dg/struct/wo_prof_array_through_pointer.c scan-ipa-dump ipa_struct_reorg "Number of structures to transform is 1"
FAIL: gcc.dg/struct/wo_prof_double_malloc.c (internal compiler error)
FAIL: gcc.dg/struct/wo_prof_double_malloc.c (test for excess errors)
WARNING: gcc.dg/struct/wo_prof_double_malloc.c compilation failed to produce executable
=== gcc Summary for unix/-m32 ===
Running target unix
FAIL: gcc.c-torture/compile/limits-exprparen.c -O0 (test for excess errors)
FAIL: gcc.c-torture/compile/limits-exprparen.c -O1 (test for excess errors)
FAIL: gcc.c-torture/compile/limits-exprparen.c -O2 (test for excess errors)
FAIL: gcc.c-torture/compile/limits-exprparen.c -O3 -fomit-frame-pointer (test for excess errors)
FAIL: gcc.c-torture/compile/limits-exprparen.c -O3 -g (test for excess errors)
FAIL: gcc.c-torture/compile/limits-exprparen.c -Os (test for excess errors)
XPASS: gcc.dg/Warray-bounds.c (test for warnings, line 59)
XPASS: gcc.dg/Warray-bounds.c (test for warnings, line 65)
XPASS: gcc.dg/Wunreachable-8.c (test for bogus messages, line 7)
FAIL: gcc.dg/pr34668-1.c (internal compiler error)
FAIL: gcc.dg/pr34668-1.c (test for excess errors)
UNRESOLVED: selfassign.c compilation, -I. -I/export/gnu/import/svn/gcc-test/src-trunk/gcc/testsuite -I/export/gnu/import/svn/gcc-test/src-trunk/gcc/testsuite/../../gcc -I/export/gnu/import/svn/gcc-test/bld/gcc/testsuite/gcc/../../../gcc -I/export/gnu/import/svn/gcc-test/src-trunk/gcc/testsuite/../../include -I/export/gnu/import/svn/gcc-test/src-trunk/gcc/testsuite/../../libcpp/include -O -DIN_GCC -fPIC -shared
UNRESOLVED: one_time_plugin.c compilation, -I. -I/export/gnu/import/svn/gcc-test/src-trunk/gcc/testsuite -I/export/gnu/import/svn/gcc-test/src-trunk/gcc/testsuite/../../gcc -I/export/gnu/import/svn/gcc-test/bld/gcc/testsuite/gcc/../../../gcc -I/export/gnu/import/svn/gcc-test/src-trunk/gcc/testsuite/../../include -I/export/gnu/import/svn/gcc-test/src-trunk/gcc/testsuite/../../libcpp/include -DIN_GCC -fPIC -shared
XPASS: gcc.dg/struct/wo_prof_array_through_pointer.c scan-ipa-dump ipa_struct_reorg "Number of structures to transform is 1"
FAIL: gcc.dg/struct/wo_prof_double_malloc.c (internal compiler error)
FAIL: gcc.dg/struct/wo_prof_double_malloc.c (test for excess errors)
WARNING: gcc.dg/struct/wo_prof_double_malloc.c compilation failed to produce executable
=== gcc Summary for unix ===
=== gcc Summary ===
# of expected passes 118817
# of unexpected failures 20
# of unexpected successes 8
# of expected failures 403
# of unresolved testcases 4
# of unsupported tests 1325
/export/gnu/import/svn/gcc-test/bld/gcc/xgcc version 4.5.0 20090929 (experimental) [trunk revision 152266] (GCC)
=== gfortran tests ===
Running target unix/-m32
=== gfortran Summary for unix/-m32 ===
# of expected passes 3996
Running target unix
=== gfortran Summary for unix ===
# of expected passes 3996
=== gfortran Summary ===
# of expected passes 64701
# of expected failures 60
# of unsupported tests 164
/export/gnu/import/svn/gcc-test/bld/gcc/testsuite/gfortran/../../gfortran version 4.5.0 20090929 (experimental) [trunk revision 152266] (GCC)
=== objc tests ===
Running target unix/-m32
=== objc Summary for unix/-m32 ===
# of expected passes 2
Running target unix
=== objc Summary for unix ===
# of expected passes 2
=== objc Summary ===
# of expected passes 3742
# of expected failures 22
# of unsupported tests 48
/export/gnu/import/svn/gcc-test/bld/gcc/xgcc version 4.5.0 20090929 (experimental) [trunk revision 152266] (GCC)
=== libffi tests ===
Running target unix/-m32
XPASS: libffi.call/cls_dbls_struct.c -O0 -W -Wall output pattern test, 1.0 2.0?
XPASS: libffi.call/cls_dbls_struct.c -O2 output pattern test, 1.0 2.0?
XPASS: libffi.call/cls_dbls_struct.c -O3 output pattern test, 1.0 2.0?
XPASS: libffi.call/cls_dbls_struct.c -Os output pattern test, 1.0 2.0?
XPASS: libffi.call/cls_dbls_struct.c -O2 -fomit-frame-pointer output pattern test, 1.0 2.0?
=== libffi Summary for unix/-m32 ===
# of expected passes 24
Running target unix
=== libffi Summary for unix ===
# of expected passes 24
=== libffi Summary ===
# of expected passes 3168
# of unexpected successes 5
# of expected failures 35
# of unsupported tests 30
=== libgomp tests ===
Running target unix/-m32
=== libgomp Summary for unix/-m32 ===
Running target unix
=== libgomp Summary for unix ===
=== libgomp Summary ===
# of expected passes 4816
=== libjava tests ===
Running target unix/-m32
=== libjava Summary for unix/-m32 ===
Running target unix
=== libjava Summary for unix ===
=== libjava Summary ===
# of expected passes 5148
=== libmudflap tests ===
Running target unix/-m32
FAIL: libmudflap.c/fail31-frag.c (-O3) output pattern test
FAIL: libmudflap.c/pass45-frag.c (-O3) execution test
FAIL: libmudflap.c/pass45-frag.c (-O3) output pattern test
FAIL: libmudflap.c/pass45-frag.c (-O3) execution test
FAIL: libmudflap.c/pass45-frag.c (-O3) output pattern test
FAIL: libmudflap.c++/pass41-frag.cxx execution test
FAIL: libmudflap.c++/pass41-frag.cxx (-static) execution test
FAIL: libmudflap.c++/pass41-frag.cxx ( -O) execution test
FAIL: libmudflap.c++/pass41-frag.cxx (-O2) execution test
FAIL: libmudflap.c++/pass41-frag.cxx (-O3) execution test
FAIL: libmudflap.cth/pass39-frag.c (rerun 6) execution test
FAIL: libmudflap.cth/pass39-frag.c (rerun 6) output pattern test
FAIL: libmudflap.cth/pass39-frag.c (-O2) (rerun 4) execution test
FAIL: libmudflap.cth/pass39-frag.c (-O2) (rerun 4) output pattern test
FAIL: libmudflap.cth/pass39-frag.c (-O2) (rerun 5) execution test
FAIL: libmudflap.cth/pass39-frag.c (-O2) (rerun 5) output pattern test
FAIL: libmudflap.cth/pass39-frag.c (-O2) (rerun 12) execution test
FAIL: libmudflap.cth/pass39-frag.c (-O2) (rerun 12) output pattern test
FAIL: libmudflap.cth/pass39-frag.c (-O3) (rerun 15) execution test
FAIL: libmudflap.cth/pass39-frag.c (-O3) (rerun 15) output pattern test
=== libmudflap Summary for unix/-m32 ===
# of expected passes 342
# of unexpected failures 10
Running target unix
FAIL: libmudflap.c/fail31-frag.c (-O3) output pattern test
FAIL: libmudflap.c/pass45-frag.c (-O3) execution test
FAIL: libmudflap.c/pass45-frag.c (-O3) output pattern test
FAIL: libmudflap.c/pass45-frag.c (-O3) execution test
FAIL: libmudflap.c/pass45-frag.c (-O3) output pattern test
FAIL: libmudflap.c++/pass41-frag.cxx execution test
FAIL: libmudflap.c++/pass41-frag.cxx (-static) execution test
FAIL: libmudflap.c++/pass41-frag.cxx ( -O) execution test
FAIL: libmudflap.c++/pass41-frag.cxx (-O2) execution test
FAIL: libmudflap.c++/pass41-frag.cxx (-O3) execution test
=== libmudflap Summary for unix ===
# of expected passes 352
=== libmudflap Summary ===
# of expected passes 3758
# of unexpected failures 30
=== libstdc++ tests ===
Running target unix/-m32
XPASS: 26_numerics/headers/cmath/c99_classification_macros_c.cc (test for excess errors)
=== libstdc++ Summary for unix/-m32 ===
# of expected passes 6854
# of unexpected successes 1
# of expected failures 86
# of unsupported tests 83
Running target unix
XPASS: 26_numerics/headers/cmath/c99_classification_macros_c.cc (test for excess errors)
=== libstdc++ Summary for unix ===
# of expected passes 6999
# of unexpected successes 1
# of expected failures 88
# of unsupported tests 13
=== libstdc++ Summary ===
# of expected passes 13855
# of unexpected successes 2
# of expected failures 174
# of unsupported tests 96
Compiler version: 4.5.0 20090929 (experimental) [trunk revision 152266] (GCC)
Platform: x86_64-unknown-linux-gnu
configure flags: --enable-clocale=gnu --with-system-zlib --enable-shared --with-demangler-in-ld