This is the mail archive of the
gcc-testresults@gcc.gnu.org
mailing list for the GCC project.
Results for 4.5.0 20090916 (experimental) [trunk revision 151782] (GCC) testsuite on hppa64-hp-hpux11.00
- From: John David Anglin <dave at hiauly2 dot hia dot nrc dot ca>
- To: dave at hiauly2 dot hia dot nrc dot ca, gcc-testresults at gcc dot gnu dot org
- Date: Sun, 20 Sep 2009 17:04:28 -0400 (EDT)
- Subject: Results for 4.5.0 20090916 (experimental) [trunk revision 151782] (GCC) testsuite on hppa64-hp-hpux11.00
Native configuration is hppa64-hp-hpux11.00
=== g++ tests ===
Running target unix
WARNING: program timed out.
FAIL: g++.dg/eh/cleanup1.C (test for excess errors)
FAIL: g++.dg/tree-ssa/copyprop.C (test for excess errors)
UNRESOLVED: attribute_plugin.c compilation, -I. -I/xxx/gnu/gcc/gcc/gcc/testsuite -I/xxx/gnu/gcc/gcc/gcc/testsuite/../../gcc -I/home/gnu/gcc/objdir/gcc/testsuite/g++/../../../gcc -I/xxx/gnu/gcc/gcc/gcc/testsuite/../../include -I/xxx/gnu/gcc/gcc/gcc/testsuite/../../libcpp/include -I/opt/gnu64/gcc/gcc-4.5.0/include -DIN_GCC -fPIC -shared
UNRESOLVED: selfassign.c compilation, -I. -I/xxx/gnu/gcc/gcc/gcc/testsuite -I/xxx/gnu/gcc/gcc/gcc/testsuite/../../gcc -I/home/gnu/gcc/objdir/gcc/testsuite/g++/../../../gcc -I/xxx/gnu/gcc/gcc/gcc/testsuite/../../include -I/xxx/gnu/gcc/gcc/gcc/testsuite/../../libcpp/include -I/opt/gnu64/gcc/gcc-4.5.0/include -O -DIN_GCC -fPIC -shared
UNRESOLVED: dumb_plugin.c compilation, -I. -I/xxx/gnu/gcc/gcc/gcc/testsuite -I/xxx/gnu/gcc/gcc/gcc/testsuite/../../gcc -I/home/gnu/gcc/objdir/gcc/testsuite/g++/../../../gcc -I/xxx/gnu/gcc/gcc/gcc/testsuite/../../include -I/xxx/gnu/gcc/gcc/gcc/testsuite/../../libcpp/include -I/opt/gnu64/gcc/gcc-4.5.0/include -DIN_GCC -fPIC -shared
UNRESOLVED: header_plugin.c compilation, -I. -I/xxx/gnu/gcc/gcc/gcc/testsuite -I/xxx/gnu/gcc/gcc/gcc/testsuite/../../gcc -I/home/gnu/gcc/objdir/gcc/testsuite/g++/../../../gcc -I/xxx/gnu/gcc/gcc/gcc/testsuite/../../include -I/xxx/gnu/gcc/gcc/gcc/testsuite/../../libcpp/include -I/opt/gnu64/gcc/gcc-4.5.0/include -DIN_GCC -fPIC -shared
FAIL: g++.dg/torture/pr37922.C -O1 execution test
FAIL: g++.dg/torture/pr37922.C -O2 execution test
FAIL: g++.dg/torture/pr37922.C -O3 -fomit-frame-pointer execution test
FAIL: g++.dg/torture/pr37922.C -O3 -fomit-frame-pointer -funroll-loops execution test
FAIL: g++.dg/torture/pr37922.C -O3 -fomit-frame-pointer -funroll-all-loops -finline-functions execution test
FAIL: g++.dg/torture/pr37922.C -O3 -g execution test
FAIL: g++.dg/torture/pr37922.C -Os execution test
FAIL: g++.old-deja/g++.law/profile1.C (internal compiler error)
FAIL: g++.old-deja/g++.law/profile1.C (test for excess errors)
WARNING: g++.old-deja/g++.law/profile1.C compilation failed to produce executable
=== g++ Summary ===
# of expected passes 19225
# of unexpected failures 11
# of expected failures 154
# of unresolved testcases 4
# of unsupported tests 213
/home/gnu/gcc/objdir/gcc/testsuite/g++/../../g++ version 4.5.0 20090916 (experimental) [trunk revision 151782] (GCC)
=== gcc tests ===
Running target unix
WARNING: program timed out.
FAIL: gcc.c-torture/compile/20001226-1.c -O3 -g (test for excess errors)
WARNING: program timed out.
FAIL: gcc.c-torture/compile/limits-fnargs.c -O2 (test for excess errors)
WARNING: program timed out.
FAIL: gcc.c-torture/compile/limits-fnargs.c -O3 -fomit-frame-pointer (test for excess errors)
WARNING: program timed out.
FAIL: gcc.c-torture/compile/limits-fnargs.c -O3 -g (test for excess errors)
WARNING: program timed out.
FAIL: gcc.c-torture/compile/limits-fnargs.c -Os (test for excess errors)
WARNING: program timed out.
FAIL: gcc.c-torture/compile/limits-fndefn.c -O1 (test for excess errors)
WARNING: program timed out.
FAIL: gcc.c-torture/compile/limits-fndefn.c -O2 (test for excess errors)
WARNING: program timed out.
FAIL: gcc.c-torture/compile/limits-fndefn.c -O3 -fomit-frame-pointer (test for excess errors)
WARNING: program timed out.
FAIL: gcc.c-torture/compile/limits-fndefn.c -O3 -g (test for excess errors)
WARNING: program timed out.
FAIL: gcc.c-torture/compile/limits-fndefn.c -Os (test for excess errors)
WARNING: program timed out.
FAIL: gcc.c-torture/compile/limits-structnest.c -O2 (test for excess errors)
WARNING: program timed out.
FAIL: gcc.c-torture/compile/limits-structnest.c -O3 -fomit-frame-pointer (test for excess errors)
WARNING: program timed out.
FAIL: gcc.c-torture/compile/limits-structnest.c -O3 -g (test for excess errors)
WARNING: program timed out.
FAIL: gcc.c-torture/compile/limits-structnest.c -Os (test for excess errors)
WARNING: program timed out.
FAIL: gcc.c-torture/execute/builtins/memset-chk.c compilation, -O3 -g
UNRESOLVED: gcc.c-torture/execute/builtins/memset-chk.c execution, -O3 -g
WARNING: program timed out.
FAIL: gcc.dg/20020425-1.c (test for excess errors)
FAIL: gcc.dg/20021014-1.c (internal compiler error)
FAIL: gcc.dg/20021014-1.c (test for excess errors)
WARNING: gcc.dg/20021014-1.c compilation failed to produce executable
XPASS: gcc.dg/Warray-bounds.c (test for warnings, line 59)
XPASS: gcc.dg/Warray-bounds.c (test for warnings, line 65)
XPASS: gcc.dg/Wunreachable-8.c (test for bogus messages, line 7)
WARNING: program timed out.
WARNING: program timed out.
FAIL: gcc.dg/c99-intconst-1.c (test for excess errors)
XPASS: gcc.dg/funcorder.c scan-assembler-not link_error,%r
FAIL: gcc.dg/nest.c (internal compiler error)
FAIL: gcc.dg/nest.c (test for excess errors)
WARNING: gcc.dg/nest.c compilation failed to produce executable
FAIL: gcc.dg/nested-func-4.c (internal compiler error)
FAIL: gcc.dg/nested-func-4.c (test for excess errors)
WARNING: gcc.dg/nested-func-4.c compilation failed to produce executable
FAIL: gcc.dg/pr32450.c (internal compiler error)
FAIL: gcc.dg/pr32450.c (test for excess errors)
WARNING: gcc.dg/pr32450.c compilation failed to produce executable
FAIL: gcc.dg/pr34668-1.c (internal compiler error)
FAIL: gcc.dg/pr34668-1.c (test for excess errors)
WARNING: program timed out.
UNRESOLVED: selfassign.c compilation, -I. -I/xxx/gnu/gcc/gcc/gcc/testsuite -I/xxx/gnu/gcc/gcc/gcc/testsuite/../../gcc -I/home/gnu/gcc/objdir/gcc/testsuite/gcc/../../../gcc -I/xxx/gnu/gcc/gcc/gcc/testsuite/../../include -I/xxx/gnu/gcc/gcc/gcc/testsuite/../../libcpp/include -I/opt/gnu64/gcc/gcc-4.5.0/include -O -DIN_GCC -fPIC -shared
UNRESOLVED: ggcplug.c compilation, -I. -I/xxx/gnu/gcc/gcc/gcc/testsuite -I/xxx/gnu/gcc/gcc/gcc/testsuite/../../gcc -I/home/gnu/gcc/objdir/gcc/testsuite/gcc/../../../gcc -I/xxx/gnu/gcc/gcc/gcc/testsuite/../../include -I/xxx/gnu/gcc/gcc/gcc/testsuite/../../libcpp/include -I/opt/gnu64/gcc/gcc-4.5.0/include -O -DIN_GCC -fPIC -shared
UNRESOLVED: one_time_plugin.c compilation, -I. -I/xxx/gnu/gcc/gcc/gcc/testsuite -I/xxx/gnu/gcc/gcc/gcc/testsuite/../../gcc -I/home/gnu/gcc/objdir/gcc/testsuite/gcc/../../../gcc -I/xxx/gnu/gcc/gcc/gcc/testsuite/../../include -I/xxx/gnu/gcc/gcc/gcc/testsuite/../../libcpp/include -I/opt/gnu64/gcc/gcc-4.5.0/include -DIN_GCC -fPIC -shared
UNRESOLVED: start_unit_plugin.c compilation, -I. -I/xxx/gnu/gcc/gcc/gcc/testsuite -I/xxx/gnu/gcc/gcc/gcc/testsuite/../../gcc -I/home/gnu/gcc/objdir/gcc/testsuite/gcc/../../../gcc -I/xxx/gnu/gcc/gcc/gcc/testsuite/../../include -I/xxx/gnu/gcc/gcc/gcc/testsuite/../../libcpp/include -I/opt/gnu64/gcc/gcc-4.5.0/include -DIN_GCC -fPIC -shared
UNRESOLVED: finish_unit_plugin.c compilation, -I. -I/xxx/gnu/gcc/gcc/gcc/testsuite -I/xxx/gnu/gcc/gcc/gcc/testsuite/../../gcc -I/home/gnu/gcc/objdir/gcc/testsuite/gcc/../../../gcc -I/xxx/gnu/gcc/gcc/gcc/testsuite/../../include -I/xxx/gnu/gcc/gcc/gcc/testsuite/../../libcpp/include -I/opt/gnu64/gcc/gcc-4.5.0/include -DIN_GCC -fPIC -shared
XPASS: gcc.dg/struct/wo_prof_array_through_pointer.c scan-ipa-dump ipa_struct_reorg "Number of structures to transform is 1"
FAIL: gcc.dg/struct/wo_prof_double_malloc.c (internal compiler error)
FAIL: gcc.dg/struct/wo_prof_double_malloc.c (test for excess errors)
WARNING: gcc.dg/struct/wo_prof_double_malloc.c compilation failed to produce executable
FAIL: gcc.dg/torture/pr26565.c -O1 execution test
FAIL: gcc.dg/torture/pr26565.c -O2 execution test
FAIL: gcc.dg/torture/pr26565.c -Os execution test
FAIL: gcc.dg/tree-prof/pr34999.c compilation, -fprofile-use -D_PROFILE_USE
UNRESOLVED: gcc.dg/tree-prof/pr34999.c execution, -fprofile-use -D_PROFILE_USE
=== gcc Summary ===
# of expected passes 50561
# of unexpected failures 33
# of unexpected successes 5
# of expected failures 85
# of unresolved testcases 7
# of unsupported tests 688
/home/gnu/gcc/objdir/gcc/xgcc version 4.5.0 20090916 (experimental) [trunk revision 151782] (GCC)
=== gfortran tests ===
Running target unix
WARNING: program timed out.
FAIL: gfortran.dg/cray_pointers_2.f90 -O3 -fomit-frame-pointer (test for excess errors)
WARNING: gfortran.dg/cray_pointers_2.f90 -O3 -fomit-frame-pointer compilation failed to produce executable
WARNING: program timed out.
FAIL: gfortran.dg/cray_pointers_2.f90 -O3 -fomit-frame-pointer -funroll-loops (test for excess errors)
WARNING: gfortran.dg/cray_pointers_2.f90 -O3 -fomit-frame-pointer -funroll-loops compilation failed to produce executable
WARNING: program timed out.
FAIL: gfortran.dg/cray_pointers_2.f90 -O3 -fomit-frame-pointer -funroll-all-loops -finline-functions (test for excess errors)
WARNING: gfortran.dg/cray_pointers_2.f90 -O3 -fomit-frame-pointer -funroll-all-loops -finline-functions compilation failed to produce executable
WARNING: program timed out.
FAIL: gfortran.dg/cray_pointers_2.f90 -O3 -g (test for excess errors)
WARNING: gfortran.dg/cray_pointers_2.f90 -O3 -g compilation failed to produce executable
WARNING: program timed out.
FAIL: gfortran.dg/forall_1.f90 -O3 -g (test for excess errors)
WARNING: gfortran.dg/forall_1.f90 -O3 -g compilation failed to produce executable
=== gfortran Summary ===
# of expected passes 31201
# of unexpected failures 5
# of expected failures 13
# of unsupported tests 268
/home/gnu/gcc/objdir/gcc/testsuite/gfortran/../../gfortran version 4.5.0 20090916 (experimental) [trunk revision 151782] (GCC)
=== obj-c++ tests ===
Running target unix
FAIL: obj-c++.dg/except-1.mm execution test
WARNING: obj-c++.dg/lookup-2.mm compilation failed to produce executable
FAIL: obj-c++.dg/try-catch-1.mm (internal compiler error)
FAIL: obj-c++.dg/try-catch-1.mm (test for excess errors)
FAIL: obj-c++.dg/try-catch-2.mm (test for excess errors)
WARNING: obj-c++.dg/try-catch-2.mm compilation failed to produce executable
FAIL: obj-c++.dg/try-catch-4.mm (internal compiler error)
FAIL: obj-c++.dg/try-catch-4.mm (test for excess errors)
WARNING: obj-c++.dg/try-catch-9.mm compilation failed to produce executable
=== obj-c++ Summary ===
# of expected passes 424
# of unexpected failures 6
# of expected failures 21
# of unsupported tests 13
/home/gnu/gcc/objdir/gcc/testsuite/obj-c++/../../g++ version 4.5.0 20090916 (experimental) [trunk revision 151782] (GCC)
=== objc tests ===
Running target unix
=== objc Summary ===
# of expected passes 1865
# of expected failures 15
# of unsupported tests 25
/home/gnu/gcc/objdir/gcc/xgcc version 4.5.0 20090916 (experimental) [trunk revision 151782] (GCC)
=== libgomp tests ===
Running target unix
=== libgomp Summary ===
# of expected passes 2390
# of unsupported tests 9
=== libstdc++ tests ===
Running target unix
FAIL: 21_strings/basic_string/requirements/typedefs.cc (test for excess errors)
FAIL: abi/demangle/abi_text/09.cc execution test
FAIL: abi/demangle/abi_text/10.cc execution test
FAIL: abi/demangle/regression/cw-11.cc execution test
FAIL: abi/demangle/regression/cw-15.cc execution test
FAIL: ext/new_allocator/deallocate_global.cc execution test
WARNING: program timed out.
FAIL: ext/pb_ds/regression/tree_data_map_rand.cc (test for excess errors)
WARNING: ext/pb_ds/regression/tree_data_map_rand.cc compilation failed to produce executable
WARNING: program timed out.
FAIL: ext/pb_ds/regression/tree_no_data_map_rand.cc (test for excess errors)
WARNING: ext/pb_ds/regression/tree_no_data_map_rand.cc compilation failed to produce executable
FAIL: ext/throw_allocator/deallocate_global.cc execution test
=== libstdc++ Summary ===
# of expected passes 4967
# of unexpected failures 9
# of expected failures 82
# of unsupported tests 428
Compiler version: 4.5.0 20090916 (experimental) [trunk revision 151782] (GCC)
Platform: hppa64-hp-hpux11.00
configure flags:Test Run By dave on Fri Sep 18 21:03:27 2009