This is the mail archive of the
gcc-testresults@gcc.gnu.org
mailing list for the GCC project.
Results for 4.5.0 20090914 (experimental) [lto revision 151735] (lto merged with rev 151681) testsuite on i686-pc-linux-gnu
- From: hjl at gnu-3 dot sc dot intel dot com (H.J. Lu (ia32))
- To: gcc-testresults at gcc dot gnu dot org
- Date: Tue, 15 Sep 2009 22:53:11 -0700 (PDT)
- Subject: Results for 4.5.0 20090914 (experimental) [lto revision 151735] (lto merged with rev 151681) testsuite on i686-pc-linux-gnu
LAST_UPDATED: Wed Sep 16 03:12:10 UTC 2009 (revision 151735)
Native configuration is i686-pc-linux-gnu
=== g++ tests ===
Running target unix
FAIL: g++.dg/lto/20090106 cp_lto_20090106_0.o-cp_lto_20090106_0.o link
UNRESOLVED: g++.dg/lto/20090106 cp_lto_20090106_0.o-cp_lto_20090106_0.o execute -O0 -fwhopr
FAIL: g++.dg/lto/20090106 cp_lto_20090106_0.o-cp_lto_20090106_0.o link
UNRESOLVED: g++.dg/lto/20090106 cp_lto_20090106_0.o-cp_lto_20090106_0.o execute -O0 -flto
FAIL: g++.dg/lto/20090311 cp_lto_20090311_0.o-cp_lto_20090311_1.o link
UNRESOLVED: g++.dg/lto/20090311 cp_lto_20090311_0.o-cp_lto_20090311_1.o execute -O2 -fwhopr
FAIL: g++.dg/lto/20090311 cp_lto_20090311_0.o-cp_lto_20090311_1.o link, (internal compiler error)
UNRESOLVED: g++.dg/lto/20090311 cp_lto_20090311_0.o-cp_lto_20090311_1.o execute -O2 -flto
=== g++ Summary ===
# of expected passes 22328
# of unexpected failures 4
# of expected failures 158
# of unresolved testcases 4
# of unsupported tests 110
/export/gnu/import/svn/gcc-test/bld/gcc/testsuite/g++/../../g++ version 4.5.0 20090914 (experimental) [lto revision 151735] (lto merged with rev 151681)
=== gcc tests ===
Running target unix
FAIL: gcc.c-torture/compile/limits-exprparen.c -O0 (test for excess errors)
FAIL: gcc.c-torture/compile/limits-exprparen.c -O1 (test for excess errors)
FAIL: gcc.c-torture/compile/limits-exprparen.c -O2 (test for excess errors)
FAIL: gcc.c-torture/compile/limits-exprparen.c -O3 -fomit-frame-pointer (test for excess errors)
FAIL: gcc.c-torture/compile/limits-exprparen.c -O3 -g (test for excess errors)
FAIL: gcc.c-torture/compile/limits-exprparen.c -Os (test for excess errors)
FAIL: gcc.c-torture/compile/limits-exprparen.c -O0 -flto (test for excess errors)
FAIL: gcc.c-torture/compile/limits-exprparen.c -O2 -flto (test for excess errors)
FAIL: gcc.c-torture/compile/limits-exprparen.c -O3 -flto (test for excess errors)
FAIL: gcc.c-torture/compile/limits-exprparen.c -O0 -fwhopr (test for excess errors)
FAIL: gcc.c-torture/compile/limits-exprparen.c -O2 -fwhopr (test for excess errors)
FAIL: gcc.c-torture/compile/limits-exprparen.c -O3 -fwhopr (test for excess errors)
XPASS: gcc.dg/Warray-bounds.c (test for warnings, line 59)
XPASS: gcc.dg/Warray-bounds.c (test for warnings, line 65)
XPASS: gcc.dg/Wunreachable-8.c (test for bogus messages, line 7)
FAIL: gcc.dg/attr-warn-unused-result.c (internal compiler error)
FAIL: gcc.dg/attr-warn-unused-result.c (test for excess errors)
FAIL: gcc.dg/pr34668-1.c (internal compiler error)
FAIL: gcc.dg/pr34668-1.c (test for excess errors)
FAIL: gcc.dg/visibility-7.c (test for warnings, line 8)
FAIL: gcc.dg/visibility-7.c (test for excess errors)
FAIL: gcc.dg/lto/20090116 c_lto_20090116_0.o-c_lto_20090116_0.o link, (internal compiler error)
UNRESOLVED: gcc.dg/lto/20090116 c_lto_20090116_0.o-c_lto_20090116_0.o execute -O1 -fwhopr -fPIC
XPASS: gcc.dg/struct/wo_prof_array_through_pointer.c scan-ipa-dump ipa_struct_reorg "Number of structures to transform is 1"
FAIL: gcc.dg/struct/wo_prof_double_malloc.c (internal compiler error)
FAIL: gcc.dg/struct/wo_prof_double_malloc.c (test for excess errors)
WARNING: gcc.dg/struct/wo_prof_double_malloc.c compilation failed to produce executable
FAIL: gcc.misc-tests/i386-pf-sse-1.c scan-assembler prefetchnta
FAIL: gcc.misc-tests/i386-pf-sse-1.c scan-assembler prefetcht0
FAIL: gcc.misc-tests/i386-pf-sse-1.c scan-assembler prefetcht1
FAIL: gcc.misc-tests/i386-pf-sse-1.c scan-assembler prefetcht2
FAIL: gcc.misc-tests/i386-pf-3dnow-1.c scan-assembler prefetch
FAIL: gcc.misc-tests/i386-pf-3dnow-1.c scan-assembler prefetchw
FAIL: gcc.misc-tests/i386-pf-athlon-1.c scan-assembler prefetchw
FAIL: gcc.misc-tests/i386-pf-athlon-1.c scan-assembler prefetchnta
FAIL: gcc.misc-tests/i386-pf-athlon-1.c scan-assembler prefetcht
=== gcc Summary ===
# of expected passes 89939
# of unexpected failures 30
# of unexpected successes 4
# of expected failures 199
# of unresolved testcases 1
# of unsupported tests 772
/export/gnu/import/svn/gcc-test/bld/gcc/xgcc version 4.5.0 20090914 (experimental) [lto revision 151735] (lto merged with rev 151681)
=== libmudflap tests ===
Running target unix
FAIL: libmudflap.c/fail31-frag.c (-O3) output pattern test
FAIL: libmudflap.c/pass45-frag.c (-O3) execution test
FAIL: libmudflap.c/pass45-frag.c (-O3) output pattern test
FAIL: libmudflap.c/pass45-frag.c (-O3) execution test
FAIL: libmudflap.c/pass45-frag.c (-O3) output pattern test
=== libmudflap Summary ===
# of expected passes 1889
# of unexpected failures 5
=== libstdc++ tests ===
Running target unix
FAIL: 21_strings/basic_string/numeric_conversions/wchar_t/stod.cc (test for excess errors)
WARNING: 21_strings/basic_string/numeric_conversions/wchar_t/stod.cc compilation failed to produce executable
FAIL: 21_strings/basic_string/numeric_conversions/wchar_t/stof.cc (test for excess errors)
WARNING: 21_strings/basic_string/numeric_conversions/wchar_t/stof.cc compilation failed to produce executable
FAIL: 21_strings/basic_string/numeric_conversions/wchar_t/stoi.cc (test for excess errors)
WARNING: 21_strings/basic_string/numeric_conversions/wchar_t/stoi.cc compilation failed to produce executable
FAIL: 21_strings/basic_string/numeric_conversions/wchar_t/stol.cc (test for excess errors)
WARNING: 21_strings/basic_string/numeric_conversions/wchar_t/stol.cc compilation failed to produce executable
FAIL: 21_strings/basic_string/numeric_conversions/wchar_t/stold.cc (test for excess errors)
WARNING: 21_strings/basic_string/numeric_conversions/wchar_t/stold.cc compilation failed to produce executable
FAIL: 21_strings/basic_string/numeric_conversions/wchar_t/stoul.cc (test for excess errors)
WARNING: 21_strings/basic_string/numeric_conversions/wchar_t/stoul.cc compilation failed to produce executable
XPASS: 26_numerics/headers/cmath/c99_classification_macros_c.cc (test for excess errors)
FAIL: ext/pb_ds/regression/hash_data_map_rand.cc execution test
FAIL: ext/pb_ds/regression/hash_no_data_map_rand.cc execution test
FAIL: ext/pb_ds/regression/priority_queue_rand.cc execution test
FAIL: ext/pb_ds/regression/tree_data_map_rand.cc execution test
FAIL: ext/pb_ds/regression/tree_no_data_map_rand.cc execution test
FAIL: ext/pb_ds/regression/trie_data_map_rand.cc execution test
FAIL: ext/pb_ds/regression/trie_no_data_map_rand.cc execution test
=== libstdc++ Summary ===
# of expected passes 6832
# of unexpected failures 13
# of unexpected successes 1
# of expected failures 86
# of unsupported tests 83
Compiler version: 4.5.0 20090914 (experimental) [lto revision 151735] (lto merged with rev 151681)
Platform: i686-pc-linux-gnu
configure flags: --enable-clocale=gnu --with-system-zlib --enable-shared --with-demangler-in-ld --enable-languages=c,c++,lto