This is the mail archive of the
gcc-testresults@gcc.gnu.org
mailing list for the GCC project.
Results for 4.5.0 20090909 (experimental) [trunk revision 151576] (GCC) testsuite on hppa2.0-unknown-linux-gnu
- From: "Laurent GUERBY gcc61" <guerby at dingo dot esiee dot fr>
- To: gcc-testresults at gcc dot gnu dot org
- Date: Fri, 11 Sep 2009 01:52:29 +0200
- Subject: Results for 4.5.0 20090909 (experimental) [trunk revision 151576] (GCC) testsuite on hppa2.0-unknown-linux-gnu
LAST_UPDATED: Wed Sep 9 20:30:09 UTC 2009 (revision 151576)
=== acats tests ===
FAIL: c354002
FAIL: c354003
FAIL: c35503d
FAIL: c35503f
FAIL: c45231d
FAIL: c52102a
FAIL: c66002a
FAIL: c66002c
FAIL: c66002d
FAIL: c66002e
FAIL: cxaa018
FAIL: cxf2002
FAIL: cxf2003
FAIL: cxf2004
FAIL: cxg2022
=== acats Summary ===
# of expected passes 2300
# of unexpected failures 15
Native configuration is hppa2.0-unknown-linux-gnu
=== gcc tests ===
Running target unix
WARNING: program timed out.
FAIL: gcc.c-torture/compile/20001226-1.c -O1 (test for excess errors)
WARNING: program timed out.
FAIL: gcc.c-torture/compile/20001226-1.c -O2 (test for excess errors)
WARNING: program timed out.
FAIL: gcc.c-torture/compile/20001226-1.c -O3 -fomit-frame-pointer (test for excess errors)
WARNING: program timed out.
FAIL: gcc.c-torture/compile/20001226-1.c -O3 -g (test for excess errors)
WARNING: program timed out.
FAIL: gcc.c-torture/compile/20001226-1.c -Os (test for excess errors)
WARNING: program timed out.
FAIL: gcc.c-torture/compile/980408-1.c -O3 -g (test for excess errors)
WARNING: program timed out.
FAIL: gcc.c-torture/compile/limits-blockid.c -O0 (test for excess errors)
WARNING: program timed out.
FAIL: gcc.c-torture/compile/limits-blockid.c -O1 (test for excess errors)
WARNING: program timed out.
FAIL: gcc.c-torture/compile/limits-blockid.c -O2 (test for excess errors)
WARNING: program timed out.
FAIL: gcc.c-torture/compile/limits-blockid.c -O3 -fomit-frame-pointer (test for excess errors)
WARNING: program timed out.
FAIL: gcc.c-torture/compile/limits-blockid.c -Os (test for excess errors)
FAIL: gcc.c-torture/execute/20041011-1.c execution, -O0
FAIL: gcc.c-torture/execute/20041011-1.c execution, -O1
FAIL: gcc.c-torture/execute/20041011-1.c execution, -O2
FAIL: gcc.c-torture/execute/20041011-1.c execution, -O3 -fomit-frame-pointer
FAIL: gcc.c-torture/execute/20041011-1.c execution, -O3 -fomit-frame-pointer -funroll-loops
FAIL: gcc.c-torture/execute/20041011-1.c execution, -O3 -fomit-frame-pointer -funroll-all-loops -finline-functions
FAIL: gcc.c-torture/execute/20041011-1.c execution, -O3 -g
FAIL: gcc.c-torture/execute/20041011-1.c execution, -Os
FAIL: gcc.c-torture/execute/920501-2.c execution, -O0
FAIL: gcc.c-torture/execute/950612-1.c execution, -O1
FAIL: gcc.c-torture/execute/mayalias-1.c compilation, -O1 (internal compiler error)
UNRESOLVED: gcc.c-torture/execute/mayalias-1.c execution, -O1
FAIL: gcc.c-torture/execute/mayalias-1.c compilation, -O2 (internal compiler error)
UNRESOLVED: gcc.c-torture/execute/mayalias-1.c execution, -O2
FAIL: gcc.c-torture/execute/mayalias-1.c compilation, -O3 -fomit-frame-pointer (internal compiler error)
UNRESOLVED: gcc.c-torture/execute/mayalias-1.c execution, -O3 -fomit-frame-pointer
FAIL: gcc.c-torture/execute/mayalias-1.c compilation, -O3 -g (internal compiler error)
UNRESOLVED: gcc.c-torture/execute/mayalias-1.c execution, -O3 -g
FAIL: gcc.c-torture/execute/mayalias-1.c compilation, -Os (internal compiler error)
UNRESOLVED: gcc.c-torture/execute/mayalias-1.c execution, -Os
WARNING: program timed out.
FAIL: gcc.c-torture/execute/memset-2.c compilation, -O3 -g
UNRESOLVED: gcc.c-torture/execute/memset-2.c execution, -O3 -g
XPASS: gcc.dg/Warray-bounds.c (test for warnings, line 59)
XPASS: gcc.dg/Warray-bounds.c (test for warnings, line 65)
XPASS: gcc.dg/Wunreachable-8.c (test for bogus messages, line 7)
WARNING: program timed out.
FAIL: gcc.dg/pr27003.c execution test
FAIL: gcc.dg/pr34668-1.c (internal compiler error)
FAIL: gcc.dg/pr34668-1.c (test for excess errors)
XPASS: gcc.dg/guality/example.c -O0 execution test
XPASS: gcc.dg/guality/example.c -O1 execution test
XPASS: gcc.dg/guality/example.c -O2 execution test
XPASS: gcc.dg/guality/example.c -Os execution test
XPASS: gcc.dg/struct/wo_prof_array_through_pointer.c scan-ipa-dump ipa_struct_reorg "Number of structures to transform is 1"
FAIL: gcc.dg/struct/wo_prof_double_malloc.c (internal compiler error)
FAIL: gcc.dg/struct/wo_prof_double_malloc.c (test for excess errors)
UNRESOLVED: gcc.dg/struct/wo_prof_double_malloc.c compilation failed to produce executable
XPASS: gcc.dg/tree-ssa/loop-1.c scan-assembler-times foo 5
=== gcc Summary ===
# of expected passes 51792
# of unexpected failures 32
# of unexpected successes 9
# of expected failures 92
# of unresolved testcases 7
# of unsupported tests 633
/home/guerby/build/gcc/xgcc version 4.5.0 20090909 (experimental) [trunk revision 151576] (GCC)
=== gnat tests ===
Running target unix
=== gnat Summary ===
# of expected passes 690
# of expected failures 5
=== libgomp tests ===
Running target unix
FAIL: libgomp.c/loop-12.c execution test
FAIL: libgomp.c/loop-6.c execution test
FAIL: libgomp.c/loop-7.c execution test
FAIL: libgomp.c/loop-9.c execution test
=== libgomp Summary ===
# of expected passes 242
# of unexpected failures 4
# of unsupported tests 7
=== libmudflap tests ===
Running target unix
FAIL: libmudflap.c/fail31-frag.c (-O3) crash test
FAIL: libmudflap.c/fail31-frag.c (-O3) output pattern test
FAIL: libmudflap.c/pass45-frag.c (-O3) execution test
FAIL: libmudflap.c/pass45-frag.c (-O3) output pattern test
FAIL: libmudflap.c/pass45-frag.c (-O3) execution test
FAIL: libmudflap.c/pass45-frag.c (-O3) output pattern test
WARNING: program timed out.
FAIL: libmudflap.cth/pass40-frag.c execution test
=== libmudflap Summary ===
# of expected passes 1733
# of unexpected failures 7
# of unsupported tests 2
Compiler version: 4.5.0 20090909 (experimental) [trunk revision 151576] (GCC)
Platform: hppa2.0-unknown-linux-gnu
configure flags: --prefix=/n/61/guerby/install-trunk --enable-languages=c,ada --enable-__cxa_atexit --disable-nls --enable-threads=posix --with-mpfr=/opt/cfarm/mpfr-2.3.2