This is the mail archive of the
gcc-testresults@gcc.gnu.org
mailing list for the GCC project.
Results for 4.5.0 20090904 (experimental) [trunk revision 151401] (GCC) testsuite on hppa64-hp-hpux11.00
- From: John David Anglin <dave at hiauly2 dot hia dot nrc dot ca>
- To: dave at hiauly2 dot hia dot nrc dot ca, gcc-testresults at gcc dot gnu dot org
- Date: Sun, 6 Sep 2009 10:51:19 -0400 (EDT)
- Subject: Results for 4.5.0 20090904 (experimental) [trunk revision 151401] (GCC) testsuite on hppa64-hp-hpux11.00
Native configuration is hppa64-hp-hpux11.00
=== g++ tests ===
Running target unix
FAIL: g++.dg/debug/dwarf2/namespace-1.C scan-assembler-times DW_AT_name: "not_emitted" 1
FAIL: g++.dg/debug/dwarf2/pubnames-1.C scan-assembler-times "main".*external name 1
FAIL: g++.dg/debug/dwarf2/template-func-params-6.C scan-assembler-times DW_AT_GNU_template_name: "vector" 1
FAIL: g++.dg/debug/dwarf2/template-func-params-7.C scan-assembler-times DW_AT_name: "printf<int, char, int>" 1
FAIL: g++.dg/debug/dwarf2/template-func-params-7.C scan-assembler-times DW_AT_name: "printf<char, int>" 1
FAIL: g++.dg/debug/dwarf2/template-func-params-7.C scan-assembler-times DW_AT_name: "printf<int>" 1
FAIL: g++.dg/debug/dwarf2/template-func-params-7.C scan-assembler-times DW_AT_name: "printf" 1
FAIL: g++.dg/debug/dwarf2/template-func-params-7.C scan-assembler-times DW_AT_name: "args#0" 2
FAIL: g++.dg/debug/dwarf2/template-func-params-7.C scan-assembler-times DW_AT_name: "PackTypes#1" 1
FAIL: g++.dg/debug/dwarf2/template-func-params-7.C scan-assembler-times DW_AT_name: "args#1" 1
FAIL: g++.dg/debug/dwarf2/template-params-6.C scan-assembler-times DW_AT_GNU_template_name: "vector" 1
WARNING: program timed out.
FAIL: g++.dg/eh/cleanup1.C (test for excess errors)
FAIL: g++.dg/tree-ssa/copyprop.C (test for excess errors)
FAIL: g++.dg/torture/pr37922.C -O1 execution test
FAIL: g++.dg/torture/pr37922.C -O2 execution test
FAIL: g++.dg/torture/pr37922.C -O3 -fomit-frame-pointer execution test
FAIL: g++.dg/torture/pr37922.C -O3 -fomit-frame-pointer -funroll-loops execution test
FAIL: g++.dg/torture/pr37922.C -O3 -fomit-frame-pointer -funroll-all-loops -finline-functions execution test
FAIL: g++.dg/torture/pr37922.C -O3 -g execution test
FAIL: g++.dg/torture/pr37922.C -Os execution test
=== g++ Summary ===
# of expected passes 19221
# of unexpected failures 20
# of expected failures 154
# of unsupported tests 213
/home/gnu/gcc/objdir/gcc/testsuite/g++/../../g++ version 4.5.0 20090904 (experimental) [trunk revision 151401] (GCC)
=== gcc tests ===
Running target unix
WARNING: program timed out.
FAIL: gcc.c-torture/compile/20001226-1.c -O3 -g (test for excess errors)
WARNING: program timed out.
FAIL: gcc.c-torture/compile/limits-fnargs.c -O2 (test for excess errors)
WARNING: program timed out.
FAIL: gcc.c-torture/compile/limits-fnargs.c -O3 -fomit-frame-pointer (test for excess errors)
WARNING: program timed out.
FAIL: gcc.c-torture/compile/limits-fnargs.c -O3 -g (test for excess errors)
WARNING: program timed out.
FAIL: gcc.c-torture/compile/limits-fnargs.c -Os (test for excess errors)
WARNING: program timed out.
FAIL: gcc.c-torture/compile/limits-fndefn.c -O1 (test for excess errors)
WARNING: program timed out.
FAIL: gcc.c-torture/compile/limits-fndefn.c -O2 (test for excess errors)
WARNING: program timed out.
FAIL: gcc.c-torture/compile/limits-fndefn.c -O3 -fomit-frame-pointer (test for excess errors)
WARNING: program timed out.
FAIL: gcc.c-torture/compile/limits-fndefn.c -O3 -g (test for excess errors)
WARNING: program timed out.
FAIL: gcc.c-torture/compile/limits-fndefn.c -Os (test for excess errors)
WARNING: program timed out.
FAIL: gcc.c-torture/compile/limits-structnest.c -O2 (test for excess errors)
WARNING: program timed out.
FAIL: gcc.c-torture/compile/limits-structnest.c -O3 -fomit-frame-pointer (test for excess errors)
WARNING: program timed out.
FAIL: gcc.c-torture/compile/limits-structnest.c -O3 -g (test for excess errors)
WARNING: program timed out.
FAIL: gcc.c-torture/compile/limits-structnest.c -Os (test for excess errors)
FAIL: gcc.c-torture/execute/mayalias-1.c compilation, -O1 (internal compiler error)
UNRESOLVED: gcc.c-torture/execute/mayalias-1.c execution, -O1
FAIL: gcc.c-torture/execute/mayalias-1.c compilation, -O2 (internal compiler error)
UNRESOLVED: gcc.c-torture/execute/mayalias-1.c execution, -O2
FAIL: gcc.c-torture/execute/mayalias-1.c compilation, -O3 -fomit-frame-pointer (internal compiler error)
UNRESOLVED: gcc.c-torture/execute/mayalias-1.c execution, -O3 -fomit-frame-pointer
FAIL: gcc.c-torture/execute/mayalias-1.c compilation, -O3 -g (internal compiler error)
UNRESOLVED: gcc.c-torture/execute/mayalias-1.c execution, -O3 -g
FAIL: gcc.c-torture/execute/mayalias-1.c compilation, -Os (internal compiler error)
UNRESOLVED: gcc.c-torture/execute/mayalias-1.c execution, -Os
WARNING: program timed out.
FAIL: gcc.dg/20020425-1.c (test for excess errors)
XPASS: gcc.dg/Warray-bounds.c (test for warnings, line 59)
XPASS: gcc.dg/Warray-bounds.c (test for warnings, line 65)
XPASS: gcc.dg/Wunreachable-8.c (test for bogus messages, line 7)
WARNING: program timed out.
FAIL: gcc.dg/c99-intconst-1.c (test for excess errors)
XPASS: gcc.dg/funcorder.c scan-assembler-not link_error,%r
WARNING: program timed out.
WARNING: program timed out.
WARNING: program timed out.
WARNING: program timed out.
WARNING: program timed out.
WARNING: program timed out.
WARNING: program timed out.
WARNING: program timed out.
WARNING: program timed out.
WARNING: program timed out.
WARNING: program timed out.
WARNING: program timed out.
WARNING: program timed out.
WARNING: program timed out.
XPASS: gcc.dg/struct/wo_prof_array_through_pointer.c scan-ipa-dump ipa_struct_reorg "Number of structures to transform is 1"
FAIL: gcc.dg/torture/pr26565.c -O1 execution test
FAIL: gcc.dg/torture/pr26565.c -O2 execution test
FAIL: gcc.dg/torture/pr26565.c -Os execution test
FAIL: gcc.dg/tree-prof/pr34999.c compilation, -fprofile-use -D_PROFILE_USE
UNRESOLVED: gcc.dg/tree-prof/pr34999.c execution, -fprofile-use -D_PROFILE_USE
=== gcc Summary ===
# of expected passes 50541
# of unexpected failures 25
# of unexpected successes 5
# of expected failures 97
# of unresolved testcases 6
# of unsupported tests 688
/home/gnu/gcc/objdir/gcc/xgcc version 4.5.0 20090904 (experimental) [trunk revision 151401] (GCC)
=== gfortran tests ===
Running target unix
FAIL: gfortran.dg/char_pointer_assign_3.f90 -O1 (internal compiler error)
FAIL: gfortran.dg/char_pointer_assign_3.f90 -O1 (test for excess errors)
WARNING: gfortran.dg/char_pointer_assign_3.f90 -O1 compilation failed to produce executable
FAIL: gfortran.dg/char_pointer_assign_3.f90 -O2 (internal compiler error)
FAIL: gfortran.dg/char_pointer_assign_3.f90 -O2 (test for excess errors)
WARNING: gfortran.dg/char_pointer_assign_3.f90 -O2 compilation failed to produce executable
FAIL: gfortran.dg/char_pointer_assign_3.f90 -O3 -fomit-frame-pointer (internal compiler error)
FAIL: gfortran.dg/char_pointer_assign_3.f90 -O3 -fomit-frame-pointer (test for excess errors)
WARNING: gfortran.dg/char_pointer_assign_3.f90 -O3 -fomit-frame-pointer compilation failed to produce executable
FAIL: gfortran.dg/char_pointer_assign_3.f90 -O3 -fomit-frame-pointer -funroll-loops (internal compiler error)
FAIL: gfortran.dg/char_pointer_assign_3.f90 -O3 -fomit-frame-pointer -funroll-loops (test for excess errors)
WARNING: gfortran.dg/char_pointer_assign_3.f90 -O3 -fomit-frame-pointer -funroll-loops compilation failed to produce executable
FAIL: gfortran.dg/char_pointer_assign_3.f90 -O3 -fomit-frame-pointer -funroll-all-loops -finline-functions (internal compiler error)
FAIL: gfortran.dg/char_pointer_assign_3.f90 -O3 -fomit-frame-pointer -funroll-all-loops -finline-functions (test for excess errors)
WARNING: gfortran.dg/char_pointer_assign_3.f90 -O3 -fomit-frame-pointer -funroll-all-loops -finline-functions compilation failed to produce executable
FAIL: gfortran.dg/char_pointer_assign_3.f90 -O3 -g (internal compiler error)
FAIL: gfortran.dg/char_pointer_assign_3.f90 -O3 -g (test for excess errors)
WARNING: gfortran.dg/char_pointer_assign_3.f90 -O3 -g compilation failed to produce executable
FAIL: gfortran.dg/char_pointer_assign_3.f90 -Os (internal compiler error)
FAIL: gfortran.dg/char_pointer_assign_3.f90 -Os (test for excess errors)
WARNING: gfortran.dg/char_pointer_assign_3.f90 -Os compilation failed to produce executable
WARNING: program timed out.
FAIL: gfortran.dg/forall_1.f90 -O3 -g (test for excess errors)
WARNING: gfortran.dg/forall_1.f90 -O3 -g compilation failed to produce executable
=== gfortran Summary ===
# of expected passes 31120
# of unexpected failures 15
# of expected failures 13
# of unsupported tests 268
/home/gnu/gcc/objdir/gcc/testsuite/gfortran/../../gfortran version 4.5.0 20090904 (experimental) [trunk revision 151401] (GCC)
=== obj-c++ tests ===
Running target unix
XPASS: obj-c++.dg/comp-types-10.mm (test for excess errors)
WARNING: obj-c++.dg/lookup-2.mm compilation failed to produce executable
WARNING: obj-c++.dg/try-catch-2.mm compilation failed to produce executable
WARNING: obj-c++.dg/try-catch-9.mm compilation failed to produce executable
=== obj-c++ Summary ===
# of expected passes 425
# of unexpected successes 1
# of expected failures 20
# of unsupported tests 13
/home/gnu/gcc/objdir/gcc/testsuite/obj-c++/../../g++ version 4.5.0 20090904 (experimental) [trunk revision 151401] (GCC)
=== objc tests ===
Running target unix
=== objc Summary ===
# of expected passes 1865
# of expected failures 15
# of unsupported tests 25
/home/gnu/gcc/objdir/gcc/xgcc version 4.5.0 20090904 (experimental) [trunk revision 151401] (GCC)
=== libgomp tests ===
Running target unix
FAIL: libgomp.fortran/condinc2.f -O (test for excess errors)
FAIL: libgomp.fortran/condinc2.f -O execution test
FAIL: libgomp.fortran/condinc4.f90 -O (test for excess errors)
FAIL: libgomp.fortran/condinc4.f90 -O execution test
FAIL: libgomp.fortran/omp_cond2.f -O (test for excess errors)
FAIL: libgomp.fortran/omp_cond2.f -O execution test
FAIL: libgomp.fortran/omp_cond4.F90 -O (test for excess errors)
FAIL: libgomp.fortran/omp_cond4.F90 -O execution test
=== libgomp Summary ===
# of expected passes 2382
# of unexpected failures 8
# of unsupported tests 9
=== libstdc++ tests ===
Running target unix
FAIL: 21_strings/basic_string/requirements/typedefs.cc (test for excess errors)
FAIL: abi/demangle/abi_text/09.cc execution test
FAIL: abi/demangle/abi_text/10.cc execution test
FAIL: abi/demangle/regression/cw-11.cc execution test
FAIL: abi/demangle/regression/cw-15.cc execution test
FAIL: ext/new_allocator/deallocate_global.cc execution test
WARNING: program timed out.
FAIL: ext/pb_ds/regression/tree_data_map_rand.cc (test for excess errors)
WARNING: ext/pb_ds/regression/tree_data_map_rand.cc compilation failed to produce executable
WARNING: program timed out.
FAIL: ext/pb_ds/regression/tree_no_data_map_rand.cc (test for excess errors)
WARNING: ext/pb_ds/regression/tree_no_data_map_rand.cc compilation failed to produce executable
FAIL: ext/throw_allocator/deallocate_global.cc execution test
=== libstdc++ Summary ===
# of expected passes 4965
# of unexpected failures 9
# of expected failures 82
# of unsupported tests 428
Compiler version: 4.5.0 20090904 (experimental) [trunk revision 151401] (GCC)
Platform: hppa64-hp-hpux11.00
configure flags:Test Run By dave on Sat Sep 5 06:07:13 2009