This is the mail archive of the
gcc-testresults@gcc.gnu.org
mailing list for the GCC project.
Results for 4.4.2 20090903 (prerelease) [gcc-4_4-branch revision 151371] (GCC) testsuite on alphaev68-unknown-linux-gnu
- From: uros at gcc13 dot fsffrance dot org
- To: gcc-testresults at gcc dot gnu dot org
- Date: Thu, 03 Sep 2009 13:12:48 +0200
- Subject: Results for 4.4.2 20090903 (prerelease) [gcc-4_4-branch revision 151371] (GCC) testsuite on alphaev68-unknown-linux-gnu
LAST_UPDATED: Thu Sep 3 07:51:11 UTC 2009 (revision 151371)
Native configuration is alphaev68-unknown-linux-gnu
=== libgomp tests ===
Running target unix
=== libgomp Summary ===
# of expected passes 2406
=== libmudflap tests ===
Running target unix
FAIL: libmudflap.c++/pass41-frag.cxx execution test
FAIL: libmudflap.c++/pass41-frag.cxx (-static) execution test
FAIL: libmudflap.c++/pass41-frag.cxx (-O2) execution test
FAIL: libmudflap.c++/pass41-frag.cxx (-O3) execution test
=== libmudflap Summary ===
# of expected passes 1890
# of unexpected failures 4
=== libstdc++ tests ===
Running target unix
XPASS: 26_numerics/headers/cmath/c99_classification_macros_c.cc (test for excess errors)
=== libstdc++ Summary ===
# of expected passes 5866
# of unexpected successes 1
# of expected failures 79
# of unsupported tests 333
=== g++ tests ===
Running target unix
=== g++ Summary ===
# of expected passes 19252
# of expected failures 156
# of unsupported tests 160
/space/uros/gcc-build-44/gcc/testsuite/g++/../../g++ version 4.4.2 20090903 (prerelease) [gcc-4_4-branch revision 151371] (GCC)
=== gcc tests ===
Running target unix
=== gcc Summary ===
# of expected passes 49736
# of expected failures 131
# of unsupported tests 533
/space/uros/gcc-build-44/gcc/xgcc version 4.4.2 20090903 (prerelease) [gcc-4_4-branch revision 151371] (GCC)
=== gfortran tests ===
Running target unix
=== gfortran Summary ===
# of expected passes 29686
# of expected failures 18
# of unsupported tests 46
/space/uros/gcc-build-44/gcc/testsuite/gfortran/../../gfortran version 4.4.2 20090903 (prerelease) [gcc-4_4-branch revision 151371] (GCC)
Compiler version: 4.4.2 20090903 (prerelease) [gcc-4_4-branch revision 151371] (GCC)
Platform: alphaev68-unknown-linux-gnu
configure flags: --enable-languages=c,c++,fortran
BOOT_CFLAGS=-g -O2