This is the mail archive of the
gcc-testresults@gcc.gnu.org
mailing list for the GCC project.
Results for 4.5.0 20090902 (experimental) [lto revision 151359] (lto merged with rev 151318) testsuite on x86_64-unknown-linux-gnu
- From: hjl at gnu-26 dot sc dot intel dot com (H.J. Lu (Intel64))
- To: gcc-testresults at gcc dot gnu dot org
- Date: Thu, 3 Sep 2009 01:41:13 -0700 (PDT)
- Subject: Results for 4.5.0 20090902 (experimental) [lto revision 151359] (lto merged with rev 151318) testsuite on x86_64-unknown-linux-gnu
LAST_UPDATED: Thu Sep 3 03:14:40 UTC 2009 (revision 151359)
Native configuration is x86_64-unknown-linux-gnu
=== g++ tests ===
Running target unix/-m32
FAIL: g++.dg/inherit/thunk1.C (test for excess errors)
WARNING: g++.dg/inherit/thunk1.C compilation failed to produce executable
FAIL: g++.dg/lto/20090106 cp_lto_20090106_0.o-cp_lto_20090106_0.o link
UNRESOLVED: g++.dg/lto/20090106 cp_lto_20090106_0.o-cp_lto_20090106_0.o execute -O2 -fwhopr
FAIL: g++.dg/lto/20090106 cp_lto_20090106_0.o-cp_lto_20090106_0.o link
UNRESOLVED: g++.dg/lto/20090106 cp_lto_20090106_0.o-cp_lto_20090106_0.o execute -O2 -flto
FAIL: g++.dg/lto/pr40818 cp_lto_pr40818_0.o assemble, -O0 -fwhopr (internal compiler error)
FAIL: g++.dg/lto/pr40818 cp_lto_pr40818_0.o assemble, -O2 -fwhopr (internal compiler error)
FAIL: g++.dg/lto/pr40818 cp_lto_pr40818_0.o assemble, -O0 -flto (internal compiler error)
FAIL: g++.dg/lto/pr40818 cp_lto_pr40818_0.o assemble, -O2 -flto (internal compiler error)
FAIL: g++.old-deja/g++.jason/thunk3.C (test for excess errors)
WARNING: g++.old-deja/g++.jason/thunk3.C compilation failed to produce executable
=== g++ Summary for unix/-m32 ===
# of expected passes 22242
# of unexpected failures 8
# of expected failures 157
# of unresolved testcases 2
# of unsupported tests 111
Running target unix
FAIL: g++.dg/inherit/thunk1.C (test for excess errors)
WARNING: g++.dg/inherit/thunk1.C compilation failed to produce executable
FAIL: g++.dg/lto/20090106 cp_lto_20090106_0.o-cp_lto_20090106_0.o link
UNRESOLVED: g++.dg/lto/20090106 cp_lto_20090106_0.o-cp_lto_20090106_0.o execute -O2 -fwhopr
FAIL: g++.dg/lto/20090106 cp_lto_20090106_0.o-cp_lto_20090106_0.o link
UNRESOLVED: g++.dg/lto/20090106 cp_lto_20090106_0.o-cp_lto_20090106_0.o execute -O2 -flto
FAIL: g++.dg/lto/pr40818 cp_lto_pr40818_0.o assemble, -O0 -fwhopr (internal compiler error)
FAIL: g++.dg/lto/pr40818 cp_lto_pr40818_0.o assemble, -O2 -fwhopr (internal compiler error)
FAIL: g++.dg/lto/pr40818 cp_lto_pr40818_0.o assemble, -O0 -flto (internal compiler error)
FAIL: g++.dg/lto/pr40818 cp_lto_pr40818_0.o assemble, -O2 -flto (internal compiler error)
FAIL: g++.old-deja/g++.jason/thunk3.C (test for excess errors)
WARNING: g++.old-deja/g++.jason/thunk3.C compilation failed to produce executable
=== g++ Summary for unix ===
# of expected passes 22570
# of unexpected failures 8
# of expected failures 157
# of unresolved testcases 2
# of unsupported tests 369
=== g++ Summary ===
# of expected passes 44812
# of unexpected failures 16
# of expected failures 314
# of unresolved testcases 4
# of unsupported tests 480
/export/gnu/import/svn/gcc-test/bld/gcc/testsuite/g++/../../g++ version 4.5.0 20090902 (experimental) [lto revision 151359] (lto merged with rev 151318)
=== gcc tests ===
Running target unix/-m32
FAIL: gcc.c-torture/compile/pr40753.c -O3 -g (internal compiler error)
FAIL: gcc.c-torture/compile/pr40753.c -O3 -g (test for excess errors)
FAIL: gcc.c-torture/execute/builtins/strncpy.c execution, -O3 -flto
XPASS: gcc.dg/Warray-bounds.c (test for warnings, line 59)
XPASS: gcc.dg/Warray-bounds.c (test for warnings, line 65)
XPASS: gcc.dg/Wunreachable-8.c (test for bogus messages, line 7)
FAIL: gcc.dg/pr34668-1.c (internal compiler error)
FAIL: gcc.dg/pr34668-1.c (test for excess errors)
FAIL: gcc.dg/visibility-7.c (test for warnings, line 8)
FAIL: gcc.dg/visibility-7.c (test for excess errors)
FAIL: gcc.dg/guality/example.c -O0 (test for excess errors)
WARNING: program timed out.
FAIL: gcc.dg/guality/example.c -O1 (test for excess errors)
WARNING: program timed out.
FAIL: gcc.dg/guality/example.c -O2 (test for excess errors)
WARNING: program timed out.
FAIL: gcc.dg/guality/example.c -O3 -fomit-frame-pointer (test for excess errors)
FAIL: gcc.dg/guality/example.c -O3 -fomit-frame-pointer -funroll-loops (test for excess errors)
WARNING: program timed out.
FAIL: gcc.dg/guality/example.c -O3 -fomit-frame-pointer -funroll-all-loops -finline-functions (test for excess errors)
WARNING: program timed out.
FAIL: gcc.dg/guality/example.c -O3 -g (test for excess errors)
WARNING: program timed out.
FAIL: gcc.dg/guality/example.c -Os (test for excess errors)
WARNING: program timed out.
FAIL: gcc.dg/guality/example.c -O0 -flto (test for excess errors)
WARNING: program timed out.
FAIL: gcc.dg/guality/example.c -O2 -flto (test for excess errors)
WARNING: program timed out.
FAIL: gcc.dg/guality/example.c -O3 -flto (test for excess errors)
WARNING: program timed out.
FAIL: gcc.dg/guality/example.c -O0 -fwhopr (test for excess errors)
WARNING: program timed out.
FAIL: gcc.dg/guality/example.c -O2 -fwhopr (test for excess errors)
WARNING: program timed out.
FAIL: gcc.dg/guality/example.c -O3 -fwhopr (test for excess errors)
WARNING: program timed out.
FAIL: gcc.dg/guality/guality.c -O0 (test for excess errors)
FAIL: gcc.dg/guality/guality.c -O1 (test for excess errors)
FAIL: gcc.dg/guality/guality.c -O2 (test for excess errors)
FAIL: gcc.dg/guality/guality.c -O3 -fomit-frame-pointer (test for excess errors)
FAIL: gcc.dg/guality/guality.c -O3 -g (test for excess errors)
FAIL: gcc.dg/guality/guality.c -Os (test for excess errors)
FAIL: gcc.dg/guality/guality.c -O0 -flto (test for excess errors)
FAIL: gcc.dg/guality/guality.c -O2 -flto (test for excess errors)
FAIL: gcc.dg/guality/guality.c -O3 -flto (test for excess errors)
FAIL: gcc.dg/guality/guality.c -O0 -fwhopr (test for excess errors)
FAIL: gcc.dg/guality/guality.c -O2 -fwhopr (test for excess errors)
FAIL: gcc.dg/guality/guality.c -O3 -fwhopr (test for excess errors)
FAIL: gcc.dg/lto/20090116 c_lto_20090116_0.o-c_lto_20090116_0.o link, (internal compiler error)
UNRESOLVED: gcc.dg/lto/20090116 c_lto_20090116_0.o-c_lto_20090116_0.o execute -O1 -fwhopr -fPIC
FAIL: gcc.dg/matrix/matrix-2.c scan-ipa-dump-times matrix-reorg "Flattened 2 dimensions" 1
XPASS: gcc.dg/struct/wo_prof_array_through_pointer.c scan-ipa-dump ipa_struct_reorg "Number of structures to transform is 1"
FAIL: gcc.dg/struct/wo_prof_double_malloc.c (internal compiler error)
FAIL: gcc.dg/struct/wo_prof_double_malloc.c (test for excess errors)
WARNING: gcc.dg/struct/wo_prof_double_malloc.c compilation failed to produce executable
FAIL: gcc.misc-tests/i386-pf-sse-1.c scan-assembler prefetchnta
FAIL: gcc.misc-tests/i386-pf-sse-1.c scan-assembler prefetcht0
FAIL: gcc.misc-tests/i386-pf-sse-1.c scan-assembler prefetcht1
FAIL: gcc.misc-tests/i386-pf-sse-1.c scan-assembler prefetcht2
FAIL: gcc.misc-tests/i386-pf-sse-1.c scan-assembler prefetchnta
FAIL: gcc.misc-tests/i386-pf-sse-1.c scan-assembler prefetcht0
FAIL: gcc.misc-tests/i386-pf-sse-1.c scan-assembler prefetcht1
FAIL: gcc.misc-tests/i386-pf-sse-1.c scan-assembler prefetcht2
FAIL: gcc.misc-tests/i386-pf-sse-1.c scan-assembler prefetchnta
FAIL: gcc.misc-tests/i386-pf-sse-1.c scan-assembler prefetcht0
FAIL: gcc.misc-tests/i386-pf-sse-1.c scan-assembler prefetcht1
FAIL: gcc.misc-tests/i386-pf-sse-1.c scan-assembler prefetcht2
FAIL: gcc.misc-tests/i386-pf-sse-1.c scan-assembler prefetchnta
FAIL: gcc.misc-tests/i386-pf-sse-1.c scan-assembler prefetcht0
FAIL: gcc.misc-tests/i386-pf-sse-1.c scan-assembler prefetcht1
FAIL: gcc.misc-tests/i386-pf-sse-1.c scan-assembler prefetcht2
FAIL: gcc.misc-tests/i386-pf-sse-1.c scan-assembler prefetchnta
FAIL: gcc.misc-tests/i386-pf-sse-1.c scan-assembler prefetcht0
FAIL: gcc.misc-tests/i386-pf-sse-1.c scan-assembler prefetcht1
FAIL: gcc.misc-tests/i386-pf-sse-1.c scan-assembler prefetcht2
FAIL: gcc.misc-tests/i386-pf-sse-1.c scan-assembler prefetchnta
FAIL: gcc.misc-tests/i386-pf-sse-1.c scan-assembler prefetcht0
FAIL: gcc.misc-tests/i386-pf-sse-1.c scan-assembler prefetcht1
FAIL: gcc.misc-tests/i386-pf-sse-1.c scan-assembler prefetcht2
FAIL: gcc.misc-tests/i386-pf-3dnow-1.c scan-assembler prefetch
FAIL: gcc.misc-tests/i386-pf-3dnow-1.c scan-assembler prefetchw
FAIL: gcc.misc-tests/i386-pf-3dnow-1.c scan-assembler prefetch
FAIL: gcc.misc-tests/i386-pf-3dnow-1.c scan-assembler prefetchw
FAIL: gcc.misc-tests/i386-pf-3dnow-1.c scan-assembler prefetch
FAIL: gcc.misc-tests/i386-pf-3dnow-1.c scan-assembler prefetchw
FAIL: gcc.misc-tests/i386-pf-3dnow-1.c scan-assembler prefetch
FAIL: gcc.misc-tests/i386-pf-3dnow-1.c scan-assembler prefetchw
FAIL: gcc.misc-tests/i386-pf-3dnow-1.c scan-assembler prefetch
FAIL: gcc.misc-tests/i386-pf-3dnow-1.c scan-assembler prefetchw
FAIL: gcc.misc-tests/i386-pf-3dnow-1.c scan-assembler prefetch
FAIL: gcc.misc-tests/i386-pf-3dnow-1.c scan-assembler prefetchw
FAIL: gcc.misc-tests/i386-pf-athlon-1.c scan-assembler prefetchw
FAIL: gcc.misc-tests/i386-pf-athlon-1.c scan-assembler prefetchnta
FAIL: gcc.misc-tests/i386-pf-athlon-1.c scan-assembler prefetcht
FAIL: gcc.misc-tests/i386-pf-athlon-1.c scan-assembler prefetchw
FAIL: gcc.misc-tests/i386-pf-athlon-1.c scan-assembler prefetchnta
FAIL: gcc.misc-tests/i386-pf-athlon-1.c scan-assembler prefetcht
FAIL: gcc.misc-tests/i386-pf-athlon-1.c scan-assembler prefetchw
FAIL: gcc.misc-tests/i386-pf-athlon-1.c scan-assembler prefetchnta
FAIL: gcc.misc-tests/i386-pf-athlon-1.c scan-assembler prefetcht
FAIL: gcc.misc-tests/i386-pf-athlon-1.c scan-assembler prefetchw
FAIL: gcc.misc-tests/i386-pf-athlon-1.c scan-assembler prefetchnta
FAIL: gcc.misc-tests/i386-pf-athlon-1.c scan-assembler prefetcht
FAIL: gcc.misc-tests/i386-pf-athlon-1.c scan-assembler prefetchw
FAIL: gcc.misc-tests/i386-pf-athlon-1.c scan-assembler prefetchnta
FAIL: gcc.misc-tests/i386-pf-athlon-1.c scan-assembler prefetcht
FAIL: gcc.misc-tests/i386-pf-athlon-1.c scan-assembler prefetchw
FAIL: gcc.misc-tests/i386-pf-athlon-1.c scan-assembler prefetchnta
FAIL: gcc.misc-tests/i386-pf-athlon-1.c scan-assembler prefetcht
=== gcc Summary for unix/-m32 ===
# of expected passes 89852
# of unexpected failures 91
# of unexpected successes 4
# of expected failures 222
# of unresolved testcases 1
# of unsupported tests 776
Running target unix
FAIL: gcc.c-torture/compile/pr40753.c -O3 -g (internal compiler error)
FAIL: gcc.c-torture/compile/pr40753.c -O3 -g (test for excess errors)
FAIL: gcc.c-torture/execute/builtins/strncpy.c execution, -O3 -flto
XPASS: gcc.dg/Warray-bounds.c (test for warnings, line 59)
XPASS: gcc.dg/Warray-bounds.c (test for warnings, line 65)
XPASS: gcc.dg/Wunreachable-8.c (test for bogus messages, line 7)
FAIL: gcc.dg/pr34668-1.c (internal compiler error)
FAIL: gcc.dg/pr34668-1.c (test for excess errors)
FAIL: gcc.dg/visibility-7.c (test for warnings, line 8)
FAIL: gcc.dg/visibility-7.c (test for excess errors)
WARNING: program timed out.
WARNING: program timed out.
WARNING: program timed out.
WARNING: program timed out.
WARNING: program timed out.
WARNING: program timed out.
WARNING: program timed out.
WARNING: program timed out.
WARNING: program timed out.
WARNING: program timed out.
WARNING: program timed out.
XPASS: gcc.dg/guality/guality.c -O2 execution test
XPASS: gcc.dg/guality/guality.c -O3 -fomit-frame-pointer execution test
XPASS: gcc.dg/guality/guality.c -O3 -g execution test
FAIL: gcc.dg/lto/20090116 c_lto_20090116_0.o-c_lto_20090116_0.o link, (internal compiler error)
UNRESOLVED: gcc.dg/lto/20090116 c_lto_20090116_0.o-c_lto_20090116_0.o execute -O1 -fwhopr -fPIC
FAIL: gcc.dg/matrix/matrix-2.c scan-ipa-dump-times matrix-reorg "Flattened 2 dimensions" 1
XPASS: gcc.dg/struct/wo_prof_array_through_pointer.c scan-ipa-dump ipa_struct_reorg "Number of structures to transform is 1"
FAIL: gcc.dg/struct/wo_prof_double_malloc.c (internal compiler error)
FAIL: gcc.dg/struct/wo_prof_double_malloc.c (test for excess errors)
WARNING: gcc.dg/struct/wo_prof_double_malloc.c compilation failed to produce executable
=== gcc Summary for unix ===
# of expected passes 90742
# of unexpected failures 11
# of unexpected successes 7
# of expected failures 220
# of unresolved testcases 1
# of unsupported tests 1257
=== gcc Summary ===
# of expected passes 180594
# of unexpected failures 102
# of unexpected successes 11
# of expected failures 442
# of unresolved testcases 2
# of unsupported tests 2033
/export/gnu/import/svn/gcc-test/bld/gcc/xgcc version 4.5.0 20090902 (experimental) [lto revision 151359] (lto merged with rev 151318)
=== libmudflap tests ===
Running target unix/-m32
FAIL: libmudflap.c/fail31-frag.c (-O3) output pattern test
FAIL: libmudflap.c/pass45-frag.c (-O3) execution test
FAIL: libmudflap.c/pass45-frag.c (-O3) output pattern test
FAIL: libmudflap.c/pass45-frag.c (-O3) execution test
FAIL: libmudflap.c/pass45-frag.c (-O3) output pattern test
FAIL: libmudflap.cth/pass37-frag.c (-static -DSTATIC) execution test
FAIL: libmudflap.cth/pass37-frag.c (-static -DSTATIC) output pattern test
FAIL: libmudflap.cth/pass37-frag.c (-static -DSTATIC) (rerun 1) execution test
FAIL: libmudflap.cth/pass37-frag.c (-static -DSTATIC) (rerun 1) output pattern test
FAIL: libmudflap.cth/pass37-frag.c (-static -DSTATIC) (rerun 2) execution test
FAIL: libmudflap.cth/pass37-frag.c (-static -DSTATIC) (rerun 2) output pattern test
FAIL: libmudflap.cth/pass37-frag.c (-static -DSTATIC) (rerun 3) execution test
FAIL: libmudflap.cth/pass37-frag.c (-static -DSTATIC) (rerun 3) output pattern test
FAIL: libmudflap.cth/pass37-frag.c (-static -DSTATIC) (rerun 4) execution test
FAIL: libmudflap.cth/pass37-frag.c (-static -DSTATIC) (rerun 4) output pattern test
FAIL: libmudflap.cth/pass37-frag.c (-static -DSTATIC) (rerun 5) execution test
FAIL: libmudflap.cth/pass37-frag.c (-static -DSTATIC) (rerun 5) output pattern test
FAIL: libmudflap.cth/pass37-frag.c (-static -DSTATIC) (rerun 6) execution test
FAIL: libmudflap.cth/pass37-frag.c (-static -DSTATIC) (rerun 6) output pattern test
FAIL: libmudflap.cth/pass37-frag.c (-static -DSTATIC) (rerun 7) execution test
FAIL: libmudflap.cth/pass37-frag.c (-static -DSTATIC) (rerun 7) output pattern test
FAIL: libmudflap.cth/pass37-frag.c (-static -DSTATIC) (rerun 8) execution test
FAIL: libmudflap.cth/pass37-frag.c (-static -DSTATIC) (rerun 8) output pattern test
FAIL: libmudflap.cth/pass37-frag.c (-static -DSTATIC) (rerun 9) execution test
FAIL: libmudflap.cth/pass37-frag.c (-static -DSTATIC) (rerun 9) output pattern test
FAIL: libmudflap.cth/pass37-frag.c (-static -DSTATIC) (rerun 10) execution test
FAIL: libmudflap.cth/pass37-frag.c (-static -DSTATIC) (rerun 10) output pattern test
FAIL: libmudflap.cth/pass37-frag.c (-static -DSTATIC) (rerun 11) execution test
FAIL: libmudflap.cth/pass37-frag.c (-static -DSTATIC) (rerun 11) output pattern test
FAIL: libmudflap.cth/pass37-frag.c (-static -DSTATIC) (rerun 12) execution test
FAIL: libmudflap.cth/pass37-frag.c (-static -DSTATIC) (rerun 12) output pattern test
FAIL: libmudflap.cth/pass37-frag.c (-static -DSTATIC) (rerun 13) execution test
FAIL: libmudflap.cth/pass37-frag.c (-static -DSTATIC) (rerun 13) output pattern test
FAIL: libmudflap.cth/pass37-frag.c (-static -DSTATIC) (rerun 14) execution test
FAIL: libmudflap.cth/pass37-frag.c (-static -DSTATIC) (rerun 14) output pattern test
FAIL: libmudflap.cth/pass37-frag.c (-static -DSTATIC) (rerun 15) execution test
FAIL: libmudflap.cth/pass37-frag.c (-static -DSTATIC) (rerun 15) output pattern test
FAIL: libmudflap.cth/pass37-frag.c (-static -DSTATIC) (rerun 16) execution test
FAIL: libmudflap.cth/pass37-frag.c (-static -DSTATIC) (rerun 16) output pattern test
FAIL: libmudflap.cth/pass37-frag.c (-static -DSTATIC) (rerun 17) execution test
FAIL: libmudflap.cth/pass37-frag.c (-static -DSTATIC) (rerun 17) output pattern test
FAIL: libmudflap.cth/pass37-frag.c (-static -DSTATIC) (rerun 18) execution test
FAIL: libmudflap.cth/pass37-frag.c (-static -DSTATIC) (rerun 18) output pattern test
FAIL: libmudflap.cth/pass37-frag.c (-static -DSTATIC) (rerun 19) execution test
FAIL: libmudflap.cth/pass37-frag.c (-static -DSTATIC) (rerun 19) output pattern test
FAIL: libmudflap.cth/pass39-frag.c (-static -DSTATIC) execution test
FAIL: libmudflap.cth/pass39-frag.c (-static -DSTATIC) output pattern test
FAIL: libmudflap.cth/pass39-frag.c (-static -DSTATIC) (rerun 1) execution test
FAIL: libmudflap.cth/pass39-frag.c (-static -DSTATIC) (rerun 1) output pattern test
FAIL: libmudflap.cth/pass39-frag.c (-static -DSTATIC) (rerun 2) execution test
FAIL: libmudflap.cth/pass39-frag.c (-static -DSTATIC) (rerun 2) output pattern test
FAIL: libmudflap.cth/pass39-frag.c (-static -DSTATIC) (rerun 3) execution test
FAIL: libmudflap.cth/pass39-frag.c (-static -DSTATIC) (rerun 3) output pattern test
FAIL: libmudflap.cth/pass39-frag.c (-static -DSTATIC) (rerun 4) execution test
FAIL: libmudflap.cth/pass39-frag.c (-static -DSTATIC) (rerun 4) output pattern test
FAIL: libmudflap.cth/pass39-frag.c (-static -DSTATIC) (rerun 5) execution test
FAIL: libmudflap.cth/pass39-frag.c (-static -DSTATIC) (rerun 5) output pattern test
FAIL: libmudflap.cth/pass39-frag.c (-static -DSTATIC) (rerun 6) execution test
FAIL: libmudflap.cth/pass39-frag.c (-static -DSTATIC) (rerun 6) output pattern test
FAIL: libmudflap.cth/pass39-frag.c (-static -DSTATIC) (rerun 7) execution test
FAIL: libmudflap.cth/pass39-frag.c (-static -DSTATIC) (rerun 7) output pattern test
FAIL: libmudflap.cth/pass39-frag.c (-static -DSTATIC) (rerun 8) execution test
FAIL: libmudflap.cth/pass39-frag.c (-static -DSTATIC) (rerun 8) output pattern test
FAIL: libmudflap.cth/pass39-frag.c (-static -DSTATIC) (rerun 9) execution test
FAIL: libmudflap.cth/pass39-frag.c (-static -DSTATIC) (rerun 9) output pattern test
FAIL: libmudflap.cth/pass39-frag.c (-static -DSTATIC) (rerun 10) execution test
FAIL: libmudflap.cth/pass39-frag.c (-static -DSTATIC) (rerun 10) output pattern test
FAIL: libmudflap.cth/pass39-frag.c (-static -DSTATIC) (rerun 11) execution test
FAIL: libmudflap.cth/pass39-frag.c (-static -DSTATIC) (rerun 11) output pattern test
FAIL: libmudflap.cth/pass39-frag.c (-static -DSTATIC) (rerun 12) execution test
FAIL: libmudflap.cth/pass39-frag.c (-static -DSTATIC) (rerun 12) output pattern test
FAIL: libmudflap.cth/pass39-frag.c (-static -DSTATIC) (rerun 13) execution test
FAIL: libmudflap.cth/pass39-frag.c (-static -DSTATIC) (rerun 13) output pattern test
FAIL: libmudflap.cth/pass39-frag.c (-static -DSTATIC) (rerun 14) execution test
FAIL: libmudflap.cth/pass39-frag.c (-static -DSTATIC) (rerun 14) output pattern test
FAIL: libmudflap.cth/pass39-frag.c (-static -DSTATIC) (rerun 15) execution test
FAIL: libmudflap.cth/pass39-frag.c (-static -DSTATIC) (rerun 15) output pattern test
FAIL: libmudflap.cth/pass39-frag.c (-static -DSTATIC) (rerun 16) execution test
FAIL: libmudflap.cth/pass39-frag.c (-static -DSTATIC) (rerun 16) output pattern test
FAIL: libmudflap.cth/pass39-frag.c (-static -DSTATIC) (rerun 17) execution test
FAIL: libmudflap.cth/pass39-frag.c (-static -DSTATIC) (rerun 17) output pattern test
FAIL: libmudflap.cth/pass39-frag.c (-static -DSTATIC) (rerun 18) execution test
FAIL: libmudflap.cth/pass39-frag.c (-static -DSTATIC) (rerun 18) output pattern test
FAIL: libmudflap.cth/pass39-frag.c (-static -DSTATIC) (rerun 19) execution test
FAIL: libmudflap.cth/pass39-frag.c (-static -DSTATIC) (rerun 19) output pattern test
FAIL: libmudflap.cth/pass40-frag.c (-static -DSTATIC) execution test
FAIL: libmudflap.cth/pass40-frag.c (-static -DSTATIC) output pattern test
FAIL: libmudflap.cth/pass59-frag.c (-static -DSTATIC) execution test
FAIL: libmudflap.cth/pass59-frag.c (-static -DSTATIC) output pattern test
=== libmudflap Summary for unix/-m32 ===
# of expected passes 1805
# of unexpected failures 89
Running target unix
FAIL: libmudflap.c/fail31-frag.c (-O3) output pattern test
FAIL: libmudflap.c/pass45-frag.c (-O3) execution test
FAIL: libmudflap.c/pass45-frag.c (-O3) output pattern test
FAIL: libmudflap.c/pass45-frag.c (-O3) execution test
FAIL: libmudflap.c/pass45-frag.c (-O3) output pattern test
=== libmudflap Summary for unix ===
# of expected passes 1889
# of unexpected failures 5
=== libmudflap Summary ===
# of expected passes 3694
# of unexpected failures 94
=== libstdc++ tests ===
Running target unix/-m32
XPASS: 26_numerics/headers/cmath/c99_classification_macros_c.cc (test for excess errors)
FAIL: ext/pb_ds/regression/hash_data_map_rand.cc execution test
FAIL: ext/pb_ds/regression/hash_no_data_map_rand.cc execution test
FAIL: ext/pb_ds/regression/priority_queue_rand.cc execution test
FAIL: ext/pb_ds/regression/tree_data_map_rand.cc execution test
FAIL: ext/pb_ds/regression/tree_no_data_map_rand.cc execution test
FAIL: ext/pb_ds/regression/trie_data_map_rand.cc execution test
FAIL: ext/pb_ds/regression/trie_no_data_map_rand.cc execution test
=== libstdc++ Summary for unix/-m32 ===
# of expected passes 6844
# of unexpected failures 7
# of unexpected successes 1
# of expected failures 86
# of unsupported tests 83
Running target unix
XPASS: 26_numerics/headers/cmath/c99_classification_macros_c.cc (test for excess errors)
FAIL: ext/pb_ds/regression/hash_data_map_rand.cc execution test
FAIL: ext/pb_ds/regression/priority_queue_rand.cc execution test
FAIL: ext/pb_ds/regression/tree_data_map_rand.cc execution test
FAIL: ext/pb_ds/regression/tree_no_data_map_rand.cc execution test
FAIL: ext/pb_ds/regression/trie_no_data_map_rand.cc execution test
=== libstdc++ Summary for unix ===
# of expected passes 6991
# of unexpected failures 5
# of unexpected successes 1
# of expected failures 88
# of unsupported tests 13
=== libstdc++ Summary ===
# of expected passes 13835
# of unexpected failures 12
# of unexpected successes 2
# of expected failures 174
# of unsupported tests 96
Compiler version: 4.5.0 20090902 (experimental) [lto revision 151359] (lto merged with rev 151318)
Platform: x86_64-unknown-linux-gnu
configure flags: --enable-clocale=gnu --with-system-zlib --enable-shared --with-demangler-in-ld --enable-languages=c,c++,lto