This is the mail archive of the
gcc-testresults@gcc.gnu.org
mailing list for the GCC project.
Results for 4.5.0 20090902 (experimental) (GCC) testsuite on ia64-hp-hpux11.23
- From: Steve Ellcey <sje at cup dot hp dot com>
- To: gcc-testresults at gcc dot gnu dot org
- Date: Wed, 2 Sep 2009 04:05:37 -0700 (PDT)
- Subject: Results for 4.5.0 20090902 (experimental) (GCC) testsuite on ia64-hp-hpux11.23
Native configuration is ia64-hp-hpux11.23
=== g++ tests ===
Running target unix/-milp32
=== g++ Summary for unix/-milp32 ===
# of expected passes 19418
# of expected failures 157
# of unsupported tests 194
Running target unix/-mlp64
FAIL: g++.dg/tree-ssa/copyprop.C (test for excess errors)
=== g++ Summary for unix/-mlp64 ===
# of expected passes 19378
# of unexpected failures 1
# of expected failures 157
# of unsupported tests 195
=== g++ Summary ===
# of expected passes 38796
# of unexpected failures 1
# of expected failures 314
# of unsupported tests 389
/proj/opensrc_nobackup/nightly2/build-ia64-hp-hpux11.23-trunk/obj_gcc/gcc/testsuite/g++/../../g++ version 4.5.0 20090902 (experimental) (GCC)
=== gcc tests ===
Running target unix/-milp32
FAIL: gcc.dg/debug/dwarf2/inline2.c scan-assembler-times byte.*?0x3.*? DW_AT_inline 3
XPASS: gcc.dg/Warray-bounds.c (test for warnings, line 59)
XPASS: gcc.dg/Warray-bounds.c (test for warnings, line 65)
XPASS: gcc.dg/Wunreachable-8.c (test for bogus messages, line 7)
FAIL: gcc.dg/builtin-apply4.c execution test
FAIL: gcc.dg/pr34668-1.c (internal compiler error)
FAIL: gcc.dg/pr34668-1.c (test for excess errors)
FAIL: gcc.dg/pr37106-1.c (internal compiler error)
FAIL: gcc.dg/pr37106-1.c (test for excess errors)
XPASS: gcc.dg/struct/wo_prof_array_through_pointer.c scan-ipa-dump ipa_struct_reorg "Number of structures to transform is 1"
FAIL: gcc.dg/struct/wo_prof_double_malloc.c (internal compiler error)
FAIL: gcc.dg/struct/wo_prof_double_malloc.c (test for excess errors)
WARNING: gcc.dg/struct/wo_prof_double_malloc.c compilation failed to produce executable
FAIL: gcc.dg/torture/pr26565.c -O1 execution test
FAIL: gcc.dg/torture/pr26565.c -O2 execution test
FAIL: gcc.dg/torture/pr26565.c -Os execution test
=== gcc Summary for unix/-milp32 ===
# of expected passes 52050
# of unexpected successes 4
# of unexpected failures 11
# of expected failures 219
# of unsupported tests 686
Running target unix/-mlp64
FAIL: gcc.dg/debug/dwarf2/inline2.c scan-assembler-times byte.*?0x3.*? DW_AT_inline 3
XPASS: gcc.dg/Warray-bounds.c (test for warnings, line 59)
XPASS: gcc.dg/Warray-bounds.c (test for warnings, line 65)
XPASS: gcc.dg/Wunreachable-8.c (test for bogus messages, line 7)
FAIL: gcc.dg/builtin-apply4.c execution test
FAIL: gcc.dg/pr34668-1.c (internal compiler error)
FAIL: gcc.dg/pr34668-1.c (test for excess errors)
FAIL: gcc.dg/pr37106-1.c (internal compiler error)
FAIL: gcc.dg/pr37106-1.c (test for excess errors)
XPASS: gcc.dg/struct/wo_prof_array_through_pointer.c scan-ipa-dump ipa_struct_reorg "Number of structures to transform is 1"
FAIL: gcc.dg/struct/wo_prof_double_malloc.c (internal compiler error)
FAIL: gcc.dg/struct/wo_prof_double_malloc.c (test for excess errors)
WARNING: gcc.dg/struct/wo_prof_double_malloc.c compilation failed to produce executable
FAIL: gcc.dg/torture/pr26565.c -O1 execution test
FAIL: gcc.dg/torture/pr26565.c -O2 execution test
FAIL: gcc.dg/torture/pr26565.c -Os execution test
FAIL: gcc.dg/vect/vect-cond-1.c execution test
FAIL: gcc.dg/vect/vect-cond-2.c execution test
FAIL: gcc.dg/vect/vect-cond-3.c execution test
=== gcc Summary for unix/-mlp64 ===
# of expected passes 52062
# of unexpected successes 4
# of unexpected failures 14
# of expected failures 220
# of unsupported tests 675
=== gcc Summary ===
# of expected passes 104112
# of unexpected failures 25
# of unexpected successes 8
# of expected failures 439
# of unsupported tests 1361
/proj/opensrc_nobackup/nightly2/build-ia64-hp-hpux11.23-trunk/obj_gcc/gcc/xgcc version 4.5.0 20090902 (experimental) (GCC)
=== gfortran tests ===
Running target unix/-milp32
WARNING: program timed out.
FAIL: gfortran.dg/vect/fast-math-pr38968.f90 execution test
=== gfortran Summary for unix/-milp32 ===
# of expected passes 32163
# of unexpected failures 1
# of expected failures 22
# of unsupported tests 54
Running target unix/-mlp64
WARNING: program timed out.
FAIL: gfortran.dg/vect/fast-math-pr38968.f90 execution test
=== gfortran Summary for unix/-mlp64 ===
# of expected passes 32163
# of unexpected failures 1
# of expected failures 22
# of unsupported tests 54
=== gfortran Summary ===
# of expected passes 64326
# of unexpected failures 2
# of expected failures 44
# of unsupported tests 108
/proj/opensrc_nobackup/nightly2/build-ia64-hp-hpux11.23-trunk/obj_gcc/gcc/testsuite/gfortran/../../gfortran version 4.5.0 20090902 (experimental) (GCC)
=== libgomp tests ===
Running target unix/-mlp64
FAIL: libgomp.fortran/condinc2.f -O (test for excess errors)
FAIL: libgomp.fortran/condinc2.f -O execution test
FAIL: libgomp.fortran/condinc4.f90 -O (test for excess errors)
FAIL: libgomp.fortran/condinc4.f90 -O execution test
FAIL: libgomp.fortran/omp_cond2.f -O (test for excess errors)
FAIL: libgomp.fortran/omp_cond2.f -O execution test
FAIL: libgomp.fortran/omp_cond4.F90 -O (test for excess errors)
FAIL: libgomp.fortran/omp_cond4.F90 -O execution test
=== libgomp Summary for unix/-mlp64 ===
# of expected passes 2396
# of unexpected failures 8
# of unsupported tests 2
Running target unix/-milp32
FAIL: libgomp.fortran/condinc2.f -O (test for excess errors)
FAIL: libgomp.fortran/condinc2.f -O execution test
FAIL: libgomp.fortran/condinc4.f90 -O (test for excess errors)
FAIL: libgomp.fortran/condinc4.f90 -O execution test
FAIL: libgomp.fortran/omp_cond2.f -O (test for excess errors)
FAIL: libgomp.fortran/omp_cond2.f -O execution test
FAIL: libgomp.fortran/omp_cond4.F90 -O (test for excess errors)
FAIL: libgomp.fortran/omp_cond4.F90 -O execution test
=== libgomp Summary for unix/-milp32 ===
# of expected passes 2396
# of unexpected failures 8
# of unsupported tests 2
=== libgomp Summary ===
# of expected passes 4792
# of unexpected failures 16
# of unsupported tests 4
=== libstdc++ tests ===
Running target unix/-milp32
FAIL: 17_intro/headers/c++200x/all_no_exceptions.cc (test for excess errors)
FAIL: 17_intro/headers/c++200x/all_pedantic_errors.cc (test for excess errors)
XPASS: 22_locale/collate/hash/char/1.cc (test for excess errors)
XPASS: 22_locale/collate/requirements/base_classes.cc (test for excess errors)
XPASS: 22_locale/collate/transform/wchar_t/28277.cc (test for excess errors)
XPASS: 22_locale/collate_byname/requirements/base_classes.cc (test for excess errors)
FAIL: 26_numerics/headers/random/types_std_c++0x.cc (test for excess errors)
FAIL: 27_io/objects/wchar_t/7.cc execution test
FAIL: 27_io/objects/wchar_t/9661-1.cc execution test
FAIL: ext/codecvt/wchar_t.cc execution test
FAIL: ext/new_allocator/deallocate_global.cc execution test
FAIL: ext/throw_allocator/deallocate_global.cc execution test
FAIL: ext/throw_allocator/variadic_construct.cc (test for excess errors)
WARNING: ext/throw_allocator/variadic_construct.cc compilation failed to produce executable
WARNING: program timed out.
WARNING: program timed out.
=== libstdc++ Summary for unix/-milp32 ===
# of expected passes 5483
# of unexpected successes 4
# of unexpected failures 9
# of expected failures 76
# of unsupported tests 786
Running target unix/-mlp64
XPASS: 22_locale/collate/hash/char/1.cc (test for excess errors)
XPASS: 22_locale/collate/requirements/base_classes.cc (test for excess errors)
XPASS: 22_locale/collate/transform/wchar_t/28277.cc (test for excess errors)
XPASS: 22_locale/collate_byname/requirements/base_classes.cc (test for excess errors)
FAIL: 27_io/objects/wchar_t/7.cc execution test
FAIL: 27_io/objects/wchar_t/9661-1.cc execution test
FAIL: ext/codecvt/wchar_t.cc execution test
FAIL: ext/new_allocator/deallocate_global.cc execution test
FAIL: ext/throw_allocator/deallocate_global.cc execution test
WARNING: program timed out.
WARNING: program timed out.
=== libstdc++ Summary for unix/-mlp64 ===
# of expected passes 5829
# of unexpected successes 4
# of unexpected failures 5
# of expected failures 84
# of unsupported tests 600
=== libstdc++ Summary ===
# of expected passes 11312
# of unexpected failures 14
# of unexpected successes 8
# of expected failures 160
# of unsupported tests 1386
=== libstdc++ Summary ===
Compiler version: 4.5.0 20090902 (experimental) (GCC)
Platform: ia64-hp-hpux11.23
configure flags: --host=ia64-hp-hpux11.23 --build=ia64-hp-hpux11.23 --prefix=/proj/opensrc_nobackup/nightly2/gcc-ia64-hp-hpux11.23-trunk --with-local-prefix=/proj/opensrc_nobackup/nightly2/gcc-ia64-hp-hpux11.23-trunk --disable-nls --with-gmp=/proj/opensrc/be/ia64-hp-hpux11.23 --with-mpfr=/proj/opensrc/be/ia64-hp-hpux11.23 --enable-libunwind-exceptions --with-fixincludes-sed=/usr/bin/sed --enable-languages=c,c++,fortran