This is the mail archive of the
gcc-testresults@gcc.gnu.org
mailing list for the GCC project.
Results for 4.5.0 20090825 (experimental) (GCC) testsuite on i686-pc-linux-gnu
- From: GCC regression tester <regress at geoffk dot org>
- To: gcc-testresults at gcc dot gnu dot org
- Date: Tue, 25 Aug 2009 16:22:54 -0700
- Subject: Results for 4.5.0 20090825 (experimental) (GCC) testsuite on i686-pc-linux-gnu
This build run by an automatic regression tester.
See <http://glutton.geoffk.org/HEAD/> for more information.
Date: 2009-08-25T22:12:07Z
Revision: 151105
URL: svn://gcc.gnu.org/svn/gcc/trunk
Status: regress-21
Prev-Endtime: 2009-08-25T22:11:13Z
Native configuration is i686-pc-linux-gnu
=== g++ tests ===
Running target unix
=== g++ Summary ===
# of expected passes 20731
# of expected failures 149
# of unsupported tests 112
/home/regress/tbox/native/build/gcc/testsuite/g++/../../g++ version 4.5.0 20090825 (experimental) (GCC)
=== gcc tests ===
Running target unix
FAIL: gcc.c-torture/execute/990525-1.c execution, -O1
FAIL: gcc.c-torture/execute/va-arg-22.c execution, -O1
XPASS: gcc.dg/Warray-bounds.c (test for warnings, line 59)
XPASS: gcc.dg/Warray-bounds.c (test for warnings, line 65)
XPASS: gcc.dg/Wunreachable-8.c (test for bogus messages, line 7)
FAIL: gcc.dg/pr18241-3.c execution test
FAIL: gcc.dg/pr34668-1.c (internal compiler error)
FAIL: gcc.dg/pr34668-1.c (test for excess errors)
XPASS: gcc.dg/struct/wo_prof_array_through_pointer.c scan-ipa-dump ipa_struct_reorg "Number of structures to transform is 1"
FAIL: gcc.dg/struct/wo_prof_double_malloc.c (internal compiler error)
FAIL: gcc.dg/struct/wo_prof_double_malloc.c (test for excess errors)
WARNING: gcc.dg/struct/wo_prof_double_malloc.c compilation failed to produce executable
FAIL: gcc.target/i386/funcspec-5.c (test for excess errors)
=== gcc Summary ===
# of expected passes 58464
# of unexpected failures 8
# of unexpected successes 4
# of expected failures 196
# of unsupported tests 962
/home/regress/tbox/native/build/gcc/xgcc version 4.5.0 20090825 (experimental) (GCC)
=== gfortran tests ===
Running target unix
FAIL: gfortran.dg/alloc_comp_assign_2.f90 -O1 execution test
FAIL: gfortran.dg/alloc_comp_assign_4.f90 -O1 execution test
FAIL: gfortran.dg/alloc_comp_assign_7.f90 -O1 execution test
FAIL: gfortran.dg/alloc_comp_initializer_1.f90 -O1 execution test
FAIL: gfortran.dg/alloc_comp_result_1.f90 -O1 execution test
FAIL: gfortran.dg/array_constructor_type_4.f03 -O1 execution test
FAIL: gfortran.dg/bound_7.f90 -O1 execution test
FAIL: gfortran.dg/bounds_check_1.f90 -O1 execution test
FAIL: gfortran.dg/bounds_check_14.f90 -O1 execution test
FAIL: gfortran.dg/dependency_22.f90 -O1 execution test
FAIL: gfortran.dg/minmaxloc_4.f90 -O1 execution test
FAIL: gfortran.dg/string_compare_1.f90 -O1 execution test
FAIL: gfortran.dg/zero_array_components_1.f90 -O1 execution test
=== gfortran Summary ===
# of expected passes 32015
# of unexpected failures 13
# of expected failures 20
# of unsupported tests 112
/home/regress/tbox/native/build/gcc/testsuite/gfortran/../../gfortran version 4.5.0 20090825 (experimental) (GCC)
=== objc tests ===
Running target unix
=== objc Summary ===
# of expected passes 1875
# of expected failures 7
# of unsupported tests 24
/home/regress/tbox/native/build/gcc/xgcc version 4.5.0 20090825 (experimental) (GCC)
=== libffi tests ===
Running target unix
=== libffi Summary ===
# of expected passes 1589
# of expected failures 15
# of unsupported tests 15
=== libgomp tests ===
Running target unix
FAIL: libgomp.fortran/reduction4.f90 -O1 execution test
=== libgomp Summary ===
# of expected passes 2407
# of unexpected failures 1
=== libjava tests ===
Running target unix
=== libjava Summary ===
# of expected passes 2574
=== libmudflap tests ===
Running target unix
FAIL: libmudflap.c/fail31-frag.c (-O3) output pattern test
FAIL: libmudflap.c/pass45-frag.c (-O3) execution test
FAIL: libmudflap.c/pass45-frag.c (-O3) output pattern test
FAIL: libmudflap.c/pass45-frag.c (-O3) execution test
FAIL: libmudflap.c/pass45-frag.c (-O3) output pattern test
FAIL: libmudflap.c++/pass41-frag.cxx execution test
FAIL: libmudflap.c++/pass41-frag.cxx (-static) execution test
FAIL: libmudflap.c++/pass41-frag.cxx ( -O) execution test
FAIL: libmudflap.c++/pass41-frag.cxx (-O2) execution test
FAIL: libmudflap.c++/pass41-frag.cxx (-O3) execution test
=== libmudflap Summary ===
# of expected passes 1884
# of unexpected failures 10
=== libstdc++ tests ===
Running target unix
FAIL: 23_containers/bitset/operations/1.cc execution test
XPASS: 26_numerics/headers/cmath/c99_classification_macros_c.cc (test for excess errors)
=== libstdc++ Summary ===
# of expected passes 6806
# of unexpected failures 1
# of unexpected successes 1
# of expected failures 82
# of unsupported tests 84
Compiler version: 4.5.0 20090825 (experimental) (GCC)
Platform: i686-pc-linux-gnu
configure flags: --prefix=/home/regress/tbox/objs --target=i686-pc-linux-gnu"