This is the mail archive of the
gcc-testresults@gcc.gnu.org
mailing list for the GCC project.
Results for 4.4.2 20090813 (prerelease) [gcc-4_4-branch revision 150727] (GCC) testsuite on ia64-unknown-linux-gnu
- From: Laurent GUERBY gcc41 <guerby at gcc41 dot fsffrance dot org>
- To: gcc-testresults at gcc dot gnu dot org
- Date: Sat, 15 Aug 2009 07:21:27 +0200
- Subject: Results for 4.4.2 20090813 (prerelease) [gcc-4_4-branch revision 150727] (GCC) testsuite on ia64-unknown-linux-gnu
LAST_UPDATED: Thu Aug 13 23:32:01 UTC 2009 (revision 150727)
=== acats tests ===
=== acats Summary ===
# of expected passes 2315
# of unexpected failures 0
Native configuration is ia64-unknown-linux-gnu
=== gcc tests ===
Running target unix
XPASS: gcc.c-torture/compile/pr11832.c -O3 -fomit-frame-pointer (test for excess errors)
XPASS: gcc.c-torture/compile/pr11832.c -O3 -fomit-frame-pointer -funroll-loops (test for excess errors)
XPASS: gcc.c-torture/compile/pr11832.c -O3 -fomit-frame-pointer -funroll-all-loops -finline-functions (test for excess errors)
XPASS: gcc.c-torture/compile/pr11832.c -O3 -g (test for excess errors)
XPASS: gcc.c-torture/compile/pr11832.c -Os (test for excess errors)
XPASS: gcc.c-torture/compile/pr33009.c -O1 (test for excess errors)
XPASS: gcc.c-torture/compile/pr33009.c -O2 (test for excess errors)
XPASS: gcc.c-torture/compile/pr33009.c -O3 -fomit-frame-pointer (test for excess errors)
XPASS: gcc.c-torture/compile/pr33009.c -O3 -fomit-frame-pointer -funroll-loops (test for excess errors)
XPASS: gcc.c-torture/compile/pr33009.c -O3 -fomit-frame-pointer -funroll-all-loops -finline-functions (test for excess errors)
XPASS: gcc.c-torture/compile/pr33009.c -O3 -g (test for excess errors)
XPASS: gcc.c-torture/compile/pr33009.c -Os (test for excess errors)
FAIL: gcc.dg/builtin-apply4.c execution test
FAIL: gcc.dg/pr37106-1.c (internal compiler error)
FAIL: gcc.dg/pr37106-1.c (test for excess errors)
XPASS: gcc.dg/tree-ssa/loop-1.c scan-assembler-times foo 5
FAIL: gcc.dg/tree-ssa/loop-31.c scan-tree-dump-times optimized " \\+ 2" 1
=== gcc Summary ===
# of expected passes 50018
# of unexpected failures 4
# of unexpected successes 13
# of expected failures 248
# of unsupported tests 511
/home/guerby/build/gcc/xgcc version 4.4.2 20090813 (prerelease) [gcc-4_4-branch revision 150727] (GCC)
=== gnat tests ===
Running target unix
=== gnat Summary ===
# of expected passes 613
# of expected failures 6
=== libgomp tests ===
Running target unix
=== libgomp Summary ===
# of expected passes 260
=== libmudflap tests ===
Running target unix
=== libmudflap Summary ===
# of expected passes 1740
# of unsupported tests 2
Compiler version: 4.4.2 20090813 (prerelease) [gcc-4_4-branch revision 150727] (GCC)
Platform: ia64-unknown-linux-gnu
configure flags: --prefix=/n/41/guerby/install-gcc-4_4-branch --enable-languages=c,ada --enable-__cxa_atexit --disable-nls --enable-threads=posix --with-mpfr=/opt/cfarm/mpfr-2.3.2