This is the mail archive of the gcc-testresults@gcc.gnu.org mailing list for the GCC project.


Index Nav: [Date Index] [Subject Index] [Author Index] [Thread Index]
Message Nav: [Date Prev] [Date Next] [Thread Prev] [Thread Next]
Other format: [Raw text]

Results for 4.5.0 20090721 (experimental) [lto revision 150304] (lto merged with rev 149863) testsuite on i686-pc-linux-gnu


LAST_UPDATED: Fri Jul 31 03:12:23 UTC 2009 (revision 150304)

Native configuration is i686-pc-linux-gnu

		=== g++ tests ===


Running target unix
FAIL: g++.dg/inherit/thunk1.C (test for excess errors)
WARNING: g++.dg/inherit/thunk1.C compilation failed to produce executable
FAIL: g++.dg/lto/20081109 cp_lto_20081109_0.o-cp_lto_20081109_1.o execute -O0 -fwhopr
FAIL: g++.dg/lto/20081109 cp_lto_20081109_0.o-cp_lto_20081109_1.o execute -O2 -fwhopr
FAIL: g++.dg/lto/20090106 cp_lto_20090106_0.o-cp_lto_20090106_0.o link
UNRESOLVED: g++.dg/lto/20090106 cp_lto_20090106_0.o-cp_lto_20090106_0.o execute -O2 -fwhopr
FAIL: g++.dg/lto/20090106 cp_lto_20090106_0.o-cp_lto_20090106_0.o link
UNRESOLVED: g++.dg/lto/20090106 cp_lto_20090106_0.o-cp_lto_20090106_0.o execute -O2 -flto
FAIL: g++.dg/lto/pr40818 cp_lto_pr40818_0.o assemble, -O0 -fwhopr (internal compiler error)
FAIL: g++.dg/lto/pr40818 cp_lto_pr40818_0.o assemble, -O2 -fwhopr (internal compiler error)
FAIL: g++.dg/lto/pr40818 cp_lto_pr40818_0.o assemble, -O0 -flto (internal compiler error)
FAIL: g++.dg/lto/pr40818 cp_lto_pr40818_0.o assemble, -O2 -flto (internal compiler error)
FAIL: g++.old-deja/g++.jason/thunk3.C (test for excess errors)
WARNING: g++.old-deja/g++.jason/thunk3.C compilation failed to produce executable

		=== g++ Summary ===

# of expected passes		21644
# of unexpected failures	10
# of expected failures		155
# of unresolved testcases	2
# of unsupported tests		114
/export/gnu/import/svn/gcc-test/bld/gcc/testsuite/g++/../../g++  version 4.5.0 20090721 (experimental) [lto revision 150304] (lto merged with rev 149863) 

		=== gcc tests ===


Running target unix
FAIL: gcc.c-torture/execute/builtins/strncpy.c execution,  -O3 -flto 
FAIL: gcc.dg/autopar/parallelization-1.c scan-tree-dump-times optimized "loopfn" 5
XPASS: gcc.dg/Warray-bounds.c  (test for warnings, line 59)
XPASS: gcc.dg/Warray-bounds.c  (test for warnings, line 65)
XPASS: gcc.dg/Wunreachable-8.c  (test for bogus messages, line 7)
FAIL: gcc.dg/pr34989-1.c (internal compiler error)
FAIL: gcc.dg/pr34989-1.c (test for excess errors)
FAIL: gcc.dg/visibility-7.c  (test for warnings, line 8)
FAIL: gcc.dg/visibility-7.c (test for excess errors)
FAIL: gcc.dg/lto/20090116 c_lto_20090116_0.o-c_lto_20090116_0.o link,  (internal compiler error)
UNRESOLVED: gcc.dg/lto/20090116 c_lto_20090116_0.o-c_lto_20090116_0.o execute -O1 -fwhopr -fPIC
XPASS: gcc.dg/struct/wo_prof_array_through_pointer.c scan-ipa-dump ipa_struct_reorg "Number of structures to transform is 1"
FAIL: gcc.dg/struct/wo_prof_double_malloc.c (internal compiler error)
FAIL: gcc.dg/struct/wo_prof_double_malloc.c (test for excess errors)
WARNING: gcc.dg/struct/wo_prof_double_malloc.c compilation failed to produce executable
FAIL: gcc.dg/tree-ssa/pr27236.c scan-tree-dump-times optimized "foo_read" 5
FAIL: gcc.dg/tree-ssa/tailrecursion-5.c scan-tree-dump-times optimized "\\msum\\M" 4
FAIL: gcc.dg/tree-ssa/tailrecursion-5.c scan-tree-dump-times optimized "\\mfac\\M" 4
FAIL: gcc.dg/tree-ssa/tailrecursion-5.c scan-tree-dump-times optimized "\\msq_sum\\M" 4
FAIL: gcc.dg/tree-ssa/tailrecursion-5.c scan-tree-dump-times optimized "\\mpow2m1\\M" 4
FAIL: gcc.dg/tree-ssa/tailrecursion-5.c scan-tree-dump-times optimized "\\mfib\\M" 5
FAIL: gcc.misc-tests/i386-pf-sse-1.c scan-assembler prefetchnta
FAIL: gcc.misc-tests/i386-pf-sse-1.c scan-assembler prefetcht0
FAIL: gcc.misc-tests/i386-pf-sse-1.c scan-assembler prefetcht1
FAIL: gcc.misc-tests/i386-pf-sse-1.c scan-assembler prefetcht2
FAIL: gcc.misc-tests/i386-pf-sse-1.c scan-assembler prefetchnta
FAIL: gcc.misc-tests/i386-pf-sse-1.c scan-assembler prefetcht0
FAIL: gcc.misc-tests/i386-pf-sse-1.c scan-assembler prefetcht1
FAIL: gcc.misc-tests/i386-pf-sse-1.c scan-assembler prefetcht2
FAIL: gcc.misc-tests/i386-pf-sse-1.c scan-assembler prefetchnta
FAIL: gcc.misc-tests/i386-pf-sse-1.c scan-assembler prefetcht0
FAIL: gcc.misc-tests/i386-pf-sse-1.c scan-assembler prefetcht1
FAIL: gcc.misc-tests/i386-pf-sse-1.c scan-assembler prefetcht2
FAIL: gcc.misc-tests/i386-pf-sse-1.c scan-assembler prefetchnta
FAIL: gcc.misc-tests/i386-pf-sse-1.c scan-assembler prefetcht0
FAIL: gcc.misc-tests/i386-pf-sse-1.c scan-assembler prefetcht1
FAIL: gcc.misc-tests/i386-pf-sse-1.c scan-assembler prefetcht2
FAIL: gcc.misc-tests/i386-pf-sse-1.c scan-assembler prefetchnta
FAIL: gcc.misc-tests/i386-pf-sse-1.c scan-assembler prefetcht0
FAIL: gcc.misc-tests/i386-pf-sse-1.c scan-assembler prefetcht1
FAIL: gcc.misc-tests/i386-pf-sse-1.c scan-assembler prefetcht2
FAIL: gcc.misc-tests/i386-pf-sse-1.c scan-assembler prefetchnta
FAIL: gcc.misc-tests/i386-pf-sse-1.c scan-assembler prefetcht0
FAIL: gcc.misc-tests/i386-pf-sse-1.c scan-assembler prefetcht1
FAIL: gcc.misc-tests/i386-pf-sse-1.c scan-assembler prefetcht2
FAIL: gcc.misc-tests/i386-pf-3dnow-1.c scan-assembler prefetch
FAIL: gcc.misc-tests/i386-pf-3dnow-1.c scan-assembler prefetchw
FAIL: gcc.misc-tests/i386-pf-3dnow-1.c scan-assembler prefetch
FAIL: gcc.misc-tests/i386-pf-3dnow-1.c scan-assembler prefetchw
FAIL: gcc.misc-tests/i386-pf-3dnow-1.c scan-assembler prefetch
FAIL: gcc.misc-tests/i386-pf-3dnow-1.c scan-assembler prefetchw
FAIL: gcc.misc-tests/i386-pf-3dnow-1.c scan-assembler prefetch
FAIL: gcc.misc-tests/i386-pf-3dnow-1.c scan-assembler prefetchw
FAIL: gcc.misc-tests/i386-pf-3dnow-1.c scan-assembler prefetch
FAIL: gcc.misc-tests/i386-pf-3dnow-1.c scan-assembler prefetchw
FAIL: gcc.misc-tests/i386-pf-3dnow-1.c scan-assembler prefetch
FAIL: gcc.misc-tests/i386-pf-3dnow-1.c scan-assembler prefetchw
FAIL: gcc.misc-tests/i386-pf-athlon-1.c scan-assembler prefetchw
FAIL: gcc.misc-tests/i386-pf-athlon-1.c scan-assembler prefetchnta
FAIL: gcc.misc-tests/i386-pf-athlon-1.c scan-assembler prefetcht
FAIL: gcc.misc-tests/i386-pf-athlon-1.c scan-assembler prefetchw
FAIL: gcc.misc-tests/i386-pf-athlon-1.c scan-assembler prefetchnta
FAIL: gcc.misc-tests/i386-pf-athlon-1.c scan-assembler prefetcht
FAIL: gcc.misc-tests/i386-pf-athlon-1.c scan-assembler prefetchw
FAIL: gcc.misc-tests/i386-pf-athlon-1.c scan-assembler prefetchnta
FAIL: gcc.misc-tests/i386-pf-athlon-1.c scan-assembler prefetcht
FAIL: gcc.misc-tests/i386-pf-athlon-1.c scan-assembler prefetchw
FAIL: gcc.misc-tests/i386-pf-athlon-1.c scan-assembler prefetchnta
FAIL: gcc.misc-tests/i386-pf-athlon-1.c scan-assembler prefetcht
FAIL: gcc.misc-tests/i386-pf-athlon-1.c scan-assembler prefetchw
FAIL: gcc.misc-tests/i386-pf-athlon-1.c scan-assembler prefetchnta
FAIL: gcc.misc-tests/i386-pf-athlon-1.c scan-assembler prefetcht
FAIL: gcc.misc-tests/i386-pf-athlon-1.c scan-assembler prefetchw
FAIL: gcc.misc-tests/i386-pf-athlon-1.c scan-assembler prefetchnta
FAIL: gcc.misc-tests/i386-pf-athlon-1.c scan-assembler prefetcht

		=== gcc Summary ===

# of expected passes		89693
# of unexpected failures	69
# of unexpected successes	4
# of expected failures		194
# of unresolved testcases	1
# of unsupported tests		783
/export/gnu/import/svn/gcc-test/bld/gcc/xgcc  version 4.5.0 20090721 (experimental) [lto revision 150304] (lto merged with rev 149863) 

		=== libmudflap tests ===


Running target unix
FAIL: libmudflap.c/fail31-frag.c (-O3) output pattern test
FAIL: libmudflap.c/pass45-frag.c (-O3) execution test
FAIL: libmudflap.c/pass45-frag.c (-O3) output pattern test
FAIL: libmudflap.c/pass45-frag.c (-O3) execution test
FAIL: libmudflap.c/pass45-frag.c (-O3) output pattern test

		=== libmudflap Summary ===

# of expected passes		1889
# of unexpected failures	5
		=== libstdc++ tests ===


Running target unix
XPASS: 26_numerics/headers/cmath/c99_classification_macros_c.cc (test for excess errors)
FAIL: 27_io/basic_filebuf/underflow/wchar_t/9178.cc execution test
FAIL: ext/pb_ds/regression/hash_data_map_rand.cc execution test
FAIL: ext/pb_ds/regression/hash_no_data_map_rand.cc execution test
FAIL: ext/pb_ds/regression/priority_queue_rand.cc execution test
FAIL: ext/pb_ds/regression/tree_data_map_rand.cc execution test
FAIL: ext/pb_ds/regression/tree_no_data_map_rand.cc execution test
FAIL: ext/pb_ds/regression/trie_data_map_rand.cc execution test
FAIL: ext/pb_ds/regression/trie_no_data_map_rand.cc execution test

		=== libstdc++ Summary ===

# of expected passes		6736
# of unexpected failures	8
# of unexpected successes	1
# of expected failures		82
# of unsupported tests		84

Compiler version: 4.5.0 20090721 (experimental) [lto revision 150304] (lto merged with rev 149863) 
Platform: i686-pc-linux-gnu
configure flags: --enable-clocale=gnu --with-system-zlib --enable-shared --with-demangler-in-ld --enable-languages=c,c++,lto


Index Nav: [Date Index] [Subject Index] [Author Index] [Thread Index]
Message Nav: [Date Prev] [Date Next] [Thread Prev] [Thread Next]