This is the mail archive of the gcc-testresults@gcc.gnu.org mailing list for the GCC project.


Index Nav: [Date Index] [Subject Index] [Author Index] [Thread Index]
Message Nav: [Date Prev] [Date Next] [Thread Prev] [Thread Next]
Other format: [Raw text]

Results for 4.5.0 20090728 (experimental) [trunk revision 150170] (GCC) testsuite on x86_64-unknown-linux-gnu


LAST_UPDATED: Tue Jul 28 17:28:12 UTC 2009 (revision 150170)

Native configuration is x86_64-unknown-linux-gnu

		=== gcc tests ===


Running target unix/-m32
XPASS: gcc.dg/Warray-bounds.c  (test for warnings, line 59)
XPASS: gcc.dg/Warray-bounds.c  (test for warnings, line 65)
XPASS: gcc.dg/Wunreachable-8.c  (test for bogus messages, line 7)
XPASS: gcc.dg/struct/wo_prof_array_through_pointer.c scan-ipa-dump ipa_struct_reorg "Number of structures to transform is 1"

		=== gcc Summary for unix/-m32 ===

# of expected passes		59629
# of unexpected successes	4
# of expected failures		194
# of unsupported tests		534

Running target unix
XPASS: gcc.dg/Warray-bounds.c  (test for warnings, line 59)
XPASS: gcc.dg/Warray-bounds.c  (test for warnings, line 65)
XPASS: gcc.dg/Wunreachable-8.c  (test for bogus messages, line 7)
XPASS: gcc.dg/struct/wo_prof_array_through_pointer.c scan-ipa-dump ipa_struct_reorg "Number of structures to transform is 1"

		=== gcc Summary for unix ===

# of expected passes		59299
# of unexpected successes	4
# of expected failures		195
# of unsupported tests		815

		=== gcc Summary ===

# of expected passes		118928
# of unexpected successes	8
# of expected failures		389
# of unsupported tests		1349
/export/build/gnu/gcc/build-x86_64-linux/gcc/xgcc  version 4.5.0 20090728 (experimental) [trunk revision 150170] (GCC) 

		=== gfortran tests ===


Running target unix/-m32

		=== gfortran Summary for unix/-m32 ===

# of expected passes		31636
# of expected failures		20
# of unsupported tests		104

Running target unix

		=== gfortran Summary for unix ===

# of expected passes		31765
# of expected failures		20
# of unsupported tests		44

		=== gfortran Summary ===

# of expected passes		63401
# of expected failures		40
# of unsupported tests		148
/export/build/gnu/gcc/build-x86_64-linux/gcc/testsuite/gfortran/../../gfortran  version 4.5.0 20090728 (experimental) [trunk revision 150170] (GCC) 

		=== g++ tests ===


Running target unix/-m32

		=== g++ Summary for unix/-m32 ===

# of expected passes		21142
# of expected failures		149
# of unsupported tests		114

Running target unix

		=== g++ Summary for unix ===

# of expected passes		20819
# of expected failures		149
# of unsupported tests		264

		=== g++ Summary ===

# of expected passes		41961
# of expected failures		298
# of unsupported tests		378
/export/build/gnu/gcc/build-x86_64-linux/gcc/testsuite/g++/../../g++  version 4.5.0 20090728 (experimental) [trunk revision 150170] (GCC) 

		=== objc tests ===


Running target unix/-m32

		=== objc Summary for unix/-m32 ===

# of expected passes		1875
# of expected failures		7
# of unsupported tests		24

Running target unix

		=== objc Summary for unix ===

# of expected passes		1867
# of expected failures		15
# of unsupported tests		24

		=== objc Summary ===

# of expected passes		3742
# of expected failures		22
# of unsupported tests		48
/export/build/gnu/gcc/build-x86_64-linux/gcc/xgcc  version 4.5.0 20090728 (experimental) [trunk revision 150170] (GCC) 

		=== libffi tests ===


Running target unix/-m32
XPASS: libffi.call/cls_dbls_struct.c -O0 -W -Wall output pattern test, 1.0 2.0
?
XPASS: libffi.call/cls_dbls_struct.c -O2 output pattern test, 1.0 2.0
?
XPASS: libffi.call/cls_dbls_struct.c -O3 output pattern test, 1.0 2.0
?
XPASS: libffi.call/cls_dbls_struct.c -Os output pattern test, 1.0 2.0
?
XPASS: libffi.call/cls_dbls_struct.c -O2 -fomit-frame-pointer output pattern test, 1.0 2.0
?

		=== libffi Summary for unix/-m32 ===

# of expected passes		1584
# of unexpected successes	5
# of expected failures		15
# of unsupported tests		15

Running target unix

		=== libffi Summary for unix ===

# of expected passes		1584
# of expected failures		20
# of unsupported tests		15

		=== libffi Summary ===

# of expected passes		3168
# of unexpected successes	5
# of expected failures		35
# of unsupported tests		30
		=== libgomp tests ===


Running target unix/-m32

		=== libgomp Summary for unix/-m32 ===

# of expected passes		2408

Running target unix

		=== libgomp Summary for unix ===

# of expected passes		2408

		=== libgomp Summary ===

# of expected passes		4816
		=== libjava tests ===


Running target unix/-m32
FAIL: StackTrace2 output - source compiled test
FAIL: StackTrace2 -findirect-dispatch output - source compiled test
FAIL: StackTrace2 -O3 output - source compiled test
FAIL: StackTrace2 -O3 -findirect-dispatch output - source compiled test

		=== libjava Summary for unix/-m32 ===

# of expected passes		2570
# of unexpected failures	4

Running target unix
FAIL: StackTrace2 output - source compiled test
FAIL: StackTrace2 -findirect-dispatch output - source compiled test
FAIL: StackTrace2 -O3 output - source compiled test
FAIL: StackTrace2 -O3 -findirect-dispatch output - source compiled test

		=== libjava Summary for unix ===

# of expected passes		2570
# of unexpected failures	4

		=== libjava Summary ===

# of expected passes		5140
# of unexpected failures	8
		=== libmudflap tests ===


Running target unix/-m32
FAIL: libmudflap.c/fail31-frag.c (-O3) output pattern test
FAIL: libmudflap.c/pass45-frag.c (-O3) execution test
FAIL: libmudflap.c/pass45-frag.c (-O3) output pattern test
FAIL: libmudflap.c/pass45-frag.c (-O3) execution test
FAIL: libmudflap.c/pass45-frag.c (-O3) output pattern test
FAIL: libmudflap.c++/pass41-frag.cxx execution test
FAIL: libmudflap.c++/pass41-frag.cxx (-static) execution test
FAIL: libmudflap.c++/pass41-frag.cxx ( -O) execution test
FAIL: libmudflap.c++/pass41-frag.cxx (-O2) execution test
FAIL: libmudflap.c++/pass41-frag.cxx (-O3) execution test
FAIL: libmudflap.cth/pass37-frag.c (-static -DSTATIC) execution test
FAIL: libmudflap.cth/pass37-frag.c (-static -DSTATIC) output pattern test
FAIL: libmudflap.cth/pass37-frag.c (-static -DSTATIC) (rerun 1) execution test
FAIL: libmudflap.cth/pass37-frag.c (-static -DSTATIC) (rerun 1) output pattern test
FAIL: libmudflap.cth/pass37-frag.c (-static -DSTATIC) (rerun 2) execution test
FAIL: libmudflap.cth/pass37-frag.c (-static -DSTATIC) (rerun 2) output pattern test
FAIL: libmudflap.cth/pass37-frag.c (-static -DSTATIC) (rerun 3) execution test
FAIL: libmudflap.cth/pass37-frag.c (-static -DSTATIC) (rerun 3) output pattern test
FAIL: libmudflap.cth/pass37-frag.c (-static -DSTATIC) (rerun 4) execution test
FAIL: libmudflap.cth/pass37-frag.c (-static -DSTATIC) (rerun 4) output pattern test
FAIL: libmudflap.cth/pass37-frag.c (-static -DSTATIC) (rerun 5) execution test
FAIL: libmudflap.cth/pass37-frag.c (-static -DSTATIC) (rerun 5) output pattern test
FAIL: libmudflap.cth/pass37-frag.c (-static -DSTATIC) (rerun 6) execution test
FAIL: libmudflap.cth/pass37-frag.c (-static -DSTATIC) (rerun 6) output pattern test
FAIL: libmudflap.cth/pass37-frag.c (-static -DSTATIC) (rerun 7) execution test
FAIL: libmudflap.cth/pass37-frag.c (-static -DSTATIC) (rerun 7) output pattern test
FAIL: libmudflap.cth/pass37-frag.c (-static -DSTATIC) (rerun 8) execution test
FAIL: libmudflap.cth/pass37-frag.c (-static -DSTATIC) (rerun 8) output pattern test
FAIL: libmudflap.cth/pass37-frag.c (-static -DSTATIC) (rerun 9) execution test
FAIL: libmudflap.cth/pass37-frag.c (-static -DSTATIC) (rerun 9) output pattern test
FAIL: libmudflap.cth/pass37-frag.c (-static -DSTATIC) (rerun 10) execution test
FAIL: libmudflap.cth/pass37-frag.c (-static -DSTATIC) (rerun 10) output pattern test
FAIL: libmudflap.cth/pass37-frag.c (-static -DSTATIC) (rerun 11) execution test
FAIL: libmudflap.cth/pass37-frag.c (-static -DSTATIC) (rerun 11) output pattern test
FAIL: libmudflap.cth/pass37-frag.c (-static -DSTATIC) (rerun 12) execution test
FAIL: libmudflap.cth/pass37-frag.c (-static -DSTATIC) (rerun 12) output pattern test
FAIL: libmudflap.cth/pass37-frag.c (-static -DSTATIC) (rerun 13) execution test
FAIL: libmudflap.cth/pass37-frag.c (-static -DSTATIC) (rerun 13) output pattern test
FAIL: libmudflap.cth/pass37-frag.c (-static -DSTATIC) (rerun 14) execution test
FAIL: libmudflap.cth/pass37-frag.c (-static -DSTATIC) (rerun 14) output pattern test
FAIL: libmudflap.cth/pass37-frag.c (-static -DSTATIC) (rerun 15) execution test
FAIL: libmudflap.cth/pass37-frag.c (-static -DSTATIC) (rerun 15) output pattern test
FAIL: libmudflap.cth/pass37-frag.c (-static -DSTATIC) (rerun 16) execution test
FAIL: libmudflap.cth/pass37-frag.c (-static -DSTATIC) (rerun 16) output pattern test
FAIL: libmudflap.cth/pass37-frag.c (-static -DSTATIC) (rerun 17) execution test
FAIL: libmudflap.cth/pass37-frag.c (-static -DSTATIC) (rerun 17) output pattern test
FAIL: libmudflap.cth/pass37-frag.c (-static -DSTATIC) (rerun 18) execution test
FAIL: libmudflap.cth/pass37-frag.c (-static -DSTATIC) (rerun 18) output pattern test
FAIL: libmudflap.cth/pass37-frag.c (-static -DSTATIC) (rerun 19) execution test
FAIL: libmudflap.cth/pass37-frag.c (-static -DSTATIC) (rerun 19) output pattern test
FAIL: libmudflap.cth/pass39-frag.c (-static -DSTATIC) execution test
FAIL: libmudflap.cth/pass39-frag.c (-static -DSTATIC) output pattern test
FAIL: libmudflap.cth/pass39-frag.c (-static -DSTATIC) (rerun 1) execution test
FAIL: libmudflap.cth/pass39-frag.c (-static -DSTATIC) (rerun 1) output pattern test
FAIL: libmudflap.cth/pass39-frag.c (-static -DSTATIC) (rerun 2) execution test
FAIL: libmudflap.cth/pass39-frag.c (-static -DSTATIC) (rerun 2) output pattern test
FAIL: libmudflap.cth/pass39-frag.c (-static -DSTATIC) (rerun 3) execution test
FAIL: libmudflap.cth/pass39-frag.c (-static -DSTATIC) (rerun 3) output pattern test
FAIL: libmudflap.cth/pass39-frag.c (-static -DSTATIC) (rerun 4) execution test
FAIL: libmudflap.cth/pass39-frag.c (-static -DSTATIC) (rerun 4) output pattern test
FAIL: libmudflap.cth/pass39-frag.c (-static -DSTATIC) (rerun 5) execution test
FAIL: libmudflap.cth/pass39-frag.c (-static -DSTATIC) (rerun 5) output pattern test
FAIL: libmudflap.cth/pass39-frag.c (-static -DSTATIC) (rerun 6) execution test
FAIL: libmudflap.cth/pass39-frag.c (-static -DSTATIC) (rerun 6) output pattern test
FAIL: libmudflap.cth/pass39-frag.c (-static -DSTATIC) (rerun 7) execution test
FAIL: libmudflap.cth/pass39-frag.c (-static -DSTATIC) (rerun 7) output pattern test
FAIL: libmudflap.cth/pass39-frag.c (-static -DSTATIC) (rerun 8) execution test
FAIL: libmudflap.cth/pass39-frag.c (-static -DSTATIC) (rerun 8) output pattern test
FAIL: libmudflap.cth/pass39-frag.c (-static -DSTATIC) (rerun 9) execution test
FAIL: libmudflap.cth/pass39-frag.c (-static -DSTATIC) (rerun 9) output pattern test
FAIL: libmudflap.cth/pass39-frag.c (-static -DSTATIC) (rerun 10) execution test
FAIL: libmudflap.cth/pass39-frag.c (-static -DSTATIC) (rerun 10) output pattern test
FAIL: libmudflap.cth/pass39-frag.c (-static -DSTATIC) (rerun 11) execution test
FAIL: libmudflap.cth/pass39-frag.c (-static -DSTATIC) (rerun 11) output pattern test
FAIL: libmudflap.cth/pass39-frag.c (-static -DSTATIC) (rerun 12) execution test
FAIL: libmudflap.cth/pass39-frag.c (-static -DSTATIC) (rerun 12) output pattern test
FAIL: libmudflap.cth/pass39-frag.c (-static -DSTATIC) (rerun 13) execution test
FAIL: libmudflap.cth/pass39-frag.c (-static -DSTATIC) (rerun 13) output pattern test
FAIL: libmudflap.cth/pass39-frag.c (-static -DSTATIC) (rerun 14) execution test
FAIL: libmudflap.cth/pass39-frag.c (-static -DSTATIC) (rerun 14) output pattern test
FAIL: libmudflap.cth/pass39-frag.c (-static -DSTATIC) (rerun 15) execution test
FAIL: libmudflap.cth/pass39-frag.c (-static -DSTATIC) (rerun 15) output pattern test
FAIL: libmudflap.cth/pass39-frag.c (-static -DSTATIC) (rerun 16) execution test
FAIL: libmudflap.cth/pass39-frag.c (-static -DSTATIC) (rerun 16) output pattern test
FAIL: libmudflap.cth/pass39-frag.c (-static -DSTATIC) (rerun 17) execution test
FAIL: libmudflap.cth/pass39-frag.c (-static -DSTATIC) (rerun 17) output pattern test
FAIL: libmudflap.cth/pass39-frag.c (-static -DSTATIC) (rerun 18) execution test
FAIL: libmudflap.cth/pass39-frag.c (-static -DSTATIC) (rerun 18) output pattern test
FAIL: libmudflap.cth/pass39-frag.c (-static -DSTATIC) (rerun 19) execution test
FAIL: libmudflap.cth/pass39-frag.c (-static -DSTATIC) (rerun 19) output pattern test
FAIL: libmudflap.cth/pass40-frag.c (-static -DSTATIC) execution test
FAIL: libmudflap.cth/pass40-frag.c (-static -DSTATIC) output pattern test
FAIL: libmudflap.cth/pass59-frag.c (-static -DSTATIC) execution test
FAIL: libmudflap.cth/pass59-frag.c (-static -DSTATIC) output pattern test

		=== libmudflap Summary for unix/-m32 ===

# of expected passes		1800
# of unexpected failures	94

Running target unix
FAIL: libmudflap.c/fail31-frag.c (-O3) output pattern test
FAIL: libmudflap.c/pass45-frag.c (-O3) execution test
FAIL: libmudflap.c/pass45-frag.c (-O3) output pattern test
FAIL: libmudflap.c/pass45-frag.c (-O3) execution test
FAIL: libmudflap.c/pass45-frag.c (-O3) output pattern test
FAIL: libmudflap.c++/pass41-frag.cxx execution test
FAIL: libmudflap.c++/pass41-frag.cxx (-static) execution test
FAIL: libmudflap.c++/pass41-frag.cxx ( -O) execution test
FAIL: libmudflap.c++/pass41-frag.cxx (-O2) execution test
FAIL: libmudflap.c++/pass41-frag.cxx (-O3) execution test

		=== libmudflap Summary for unix ===

# of expected passes		1884
# of unexpected failures	10

		=== libmudflap Summary ===

# of expected passes		3684
# of unexpected failures	104
		=== libstdc++ tests ===


Running target unix/-m32
XPASS: 26_numerics/headers/cmath/c99_classification_macros_c.cc (test for excess errors)
FAIL: ext/pb_ds/regression/hash_data_map_rand.cc execution test
FAIL: ext/pb_ds/regression/hash_no_data_map_rand.cc execution test
FAIL: ext/pb_ds/regression/list_update_data_map_rand.cc execution test
FAIL: ext/pb_ds/regression/tree_data_map_rand.cc execution test
FAIL: ext/pb_ds/regression/tree_no_data_map_rand.cc execution test
FAIL: ext/pb_ds/regression/trie_data_map_rand.cc execution test
WARNING: program timed out.
FAIL: ext/pb_ds/regression/trie_no_data_map_rand.cc execution test

		=== libstdc++ Summary for unix/-m32 ===

# of expected passes		6741
# of unexpected failures	7
# of unexpected successes	1
# of expected failures		82
# of unsupported tests		84

Running target unix
XPASS: 26_numerics/headers/cmath/c99_classification_macros_c.cc (test for excess errors)
FAIL: ext/pb_ds/regression/hash_data_map_rand.cc execution test
FAIL: ext/pb_ds/regression/hash_no_data_map_rand.cc execution test
FAIL: ext/pb_ds/regression/list_update_no_data_map_rand.cc execution test
FAIL: ext/pb_ds/regression/priority_queue_rand.cc execution test
FAIL: ext/pb_ds/regression/tree_data_map_rand.cc execution test
FAIL: ext/pb_ds/regression/tree_no_data_map_rand.cc execution test
WARNING: program timed out.
FAIL: ext/pb_ds/regression/trie_data_map_rand.cc execution test
WARNING: program timed out.
FAIL: ext/pb_ds/regression/trie_no_data_map_rand.cc execution test

		=== libstdc++ Summary for unix ===

# of expected passes		6884
# of unexpected failures	8
# of unexpected successes	1
# of expected failures		84
# of unsupported tests		15

		=== libstdc++ Summary ===

# of expected passes		13625
# of unexpected failures	15
# of unexpected successes	2
# of expected failures		166
# of unsupported tests		99

Compiler version: 4.5.0 20090728 (experimental) [trunk revision 150170] (GCC) 
Platform: x86_64-unknown-linux-gnu
configure flags: --enable-clocale=gnu --with-system-zlib --enable-checking=assert --with-demangler-in-ld --enable-shared --enable-threads=posix --enable-haifa --prefix=/usr/gcc-4.5 --with-local-prefix=/usr/local


Index Nav: [Date Index] [Subject Index] [Author Index] [Thread Index]
Message Nav: [Date Prev] [Date Next] [Thread Prev] [Thread Next]