This is the mail archive of the gcc-testresults@gcc.gnu.org mailing list for the GCC project.


Index Nav: [Date Index] [Subject Index] [Author Index] [Thread Index]
Message Nav: [Date Prev] [Date Next] [Thread Prev] [Thread Next]
Other format: [Raw text]

Results for 4.5.0 20090724 (experimental) [trunk revision 150064] (GCC) gcc testsuite on m32c-unknown-elf


Debian 4 on x86_64
cross tool versions:
GNU assembler (GNU Binutils) 2.18.50.20080419
GNU gdb 6.8.50.20080419-cvs
GNU ld (GNU Binutils) 2.18.50.20080419

GNU Make 3.81
expect version 5.43.0
host gcc version: gcc (GCC) 4.5.0 20090724 (experimental) [trunk revision 150064]
LAST_UPDATED: Fri Jul 24 22:09:40 UTC 2009 (revision 150064)

Target is m32c-unknown-elf
Host   is x86_64-unknown-linux-gnu

		=== gcc tests ===


Running target m32c-sim
WARNING: program timed out.
FAIL: gcc.c-torture/compile/limits-fndefn.c  -O3 -g  (test for excess errors)
FAIL: gcc.c-torture/compile/pr35318.c  -O0  (test for excess errors)
FAIL: gcc.c-torture/compile/pr35318.c  -O1  (test for excess errors)
FAIL: gcc.c-torture/compile/pr35318.c  -O2  (test for excess errors)
FAIL: gcc.c-torture/compile/pr35318.c  -O3 -fomit-frame-pointer  (test for excess errors)
FAIL: gcc.c-torture/compile/pr35318.c  -O3 -g  (test for excess errors)
FAIL: gcc.c-torture/compile/pr35318.c  -Os  (test for excess errors)
FAIL: gcc.c-torture/compile/pr40204.c  -O0  (test for excess errors)
FAIL: gcc.c-torture/compile/pr40204.c  -O1  (test for excess errors)
FAIL: gcc.c-torture/compile/pr40204.c  -O2  (test for excess errors)
FAIL: gcc.c-torture/compile/pr40204.c  -O3 -fomit-frame-pointer  (test for excess errors)
FAIL: gcc.c-torture/compile/pr40204.c  -O3 -g  (test for excess errors)
FAIL: gcc.c-torture/compile/pr40204.c  -Os  (test for excess errors)
FAIL: gcc.c-torture/execute/mode-dependent-address.c execution,  -O3 -fomit-frame-pointer -funroll-loops 
FAIL: gcc.c-torture/execute/mode-dependent-address.c execution,  -O3 -fomit-frame-pointer -funroll-all-loops -finline-functions 
FAIL: gcc.c-torture/execute/pr40404.c compilation,  -O0 
UNRESOLVED: gcc.c-torture/execute/pr40404.c execution,  -O0 
FAIL: gcc.c-torture/execute/pr40404.c compilation,  -O1 
UNRESOLVED: gcc.c-torture/execute/pr40404.c execution,  -O1 
FAIL: gcc.c-torture/execute/pr40404.c compilation,  -O2 
UNRESOLVED: gcc.c-torture/execute/pr40404.c execution,  -O2 
FAIL: gcc.c-torture/execute/pr40404.c compilation,  -O3 -fomit-frame-pointer 
UNRESOLVED: gcc.c-torture/execute/pr40404.c execution,  -O3 -fomit-frame-pointer 
FAIL: gcc.c-torture/execute/pr40404.c compilation,  -O3 -g 
UNRESOLVED: gcc.c-torture/execute/pr40404.c execution,  -O3 -g 
FAIL: gcc.c-torture/execute/pr40404.c compilation,  -Os 
UNRESOLVED: gcc.c-torture/execute/pr40404.c execution,  -Os 
FAIL: gcc.c-torture/execute/pr40668.c execution,  -O0 
FAIL: gcc.c-torture/execute/pr40668.c execution,  -O1 
FAIL: gcc.c-torture/execute/pr40668.c execution,  -O2 
FAIL: gcc.c-torture/execute/pr40668.c execution,  -O3 -fomit-frame-pointer 
FAIL: gcc.c-torture/execute/pr40668.c execution,  -O3 -g 
FAIL: gcc.c-torture/execute/pr40668.c execution,  -Os 
WARNING: program timed out.
FAIL: gcc.c-torture/execute/vla-dealloc-1.c execution,  -O0 
XPASS: gcc.dg/Warray-bounds.c  (test for warnings, line 59)
XPASS: gcc.dg/Warray-bounds.c  (test for warnings, line 65)
XPASS: gcc.dg/Wunreachable-8.c  (test for bogus messages, line 7)
FAIL: gcc.dg/c99-stdint-1.c (test for excess errors)
FAIL: gcc.dg/c99-stdint-2.c (test for excess errors)
FAIL: gcc.dg/c99-stdint-7.c (test for excess errors)
FAIL: gcc.dg/cdce1.c (test for excess errors)
FAIL: gcc.dg/cleanup-12.c execution test
FAIL: gcc.dg/cleanup-5.c execution test
FAIL: gcc.dg/initpri1.c execution test
FAIL: gcc.dg/large-size-array-2.c (internal compiler error)
FAIL: gcc.dg/large-size-array-2.c  (test for errors, line 6)
FAIL: gcc.dg/large-size-array-2.c (test for excess errors)
FAIL: gcc.dg/large-size-array-4.c (internal compiler error)
FAIL: gcc.dg/large-size-array-4.c  (test for errors, line 6)
FAIL: gcc.dg/large-size-array-4.c (test for excess errors)
FAIL: gcc.dg/pr34225.c (test for excess errors)
FAIL: gcc.dg/pr34989-1.c (internal compiler error)
FAIL: gcc.dg/pr34989-1.c (test for excess errors)
FAIL: gcc.dg/pr37106-1.c (internal compiler error)
FAIL: gcc.dg/pr37106-1.c (test for excess errors)
FAIL: gcc.dg/pr39226.c (test for excess errors)
FAIL: gcc.dg/profile-generate-3.c (test for excess errors)
FAIL: gcc.dg/sibcall-3.c execution test
FAIL: gcc.dg/sibcall-4.c execution test
FAIL: gcc.dg/sms-6.c execution test
FAIL: gcc.dg/sms-7.c execution test
FAIL: gcc.dg/utf-array-short-wchar.c  (test for warnings, line 34)
FAIL: gcc.dg/utf-array-short-wchar.c  (test for warnings, line 35)
FAIL: gcc.dg/utf-array-short-wchar.c  (test for warnings, line 36)
FAIL: gcc.dg/utf-array.c  (test for warnings, line 34)
FAIL: gcc.dg/utf-array.c  (test for warnings, line 35)
FAIL: gcc.dg/utf-array.c  (test for warnings, line 36)
FAIL: gcc.dg/utf-cvt.c  (test for warnings, line 50)
FAIL: gcc.dg/utf-cvt.c  (test for warnings, line 51)
FAIL: gcc.dg/utf-cvt.c (test for excess errors)
XPASS: gcc.dg/utf32-1.c execution test
XPASS: gcc.dg/utf32-2.c execution test
XPASS: gcc.dg/utf32-3.c execution test
FAIL: gcc.dg/special/gcsec-1.c (test for excess errors)
XPASS: gcc.dg/struct/wo_prof_array_through_pointer.c scan-ipa-dump ipa_struct_reorg "Number of structures to transform is 1"
FAIL: gcc.dg/struct/wo_prof_double_malloc.c (internal compiler error)
FAIL: gcc.dg/struct/wo_prof_double_malloc.c (test for excess errors)
UNRESOLVED: gcc.dg/struct/wo_prof_double_malloc.c compilation failed to produce executable
FAIL: gcc.dg/torture/pr37868.c  -O0  (test for excess errors)
UNRESOLVED: gcc.dg/torture/pr37868.c  -O0  compilation failed to produce executable
FAIL: gcc.dg/torture/pr37868.c  -O1  (test for excess errors)
UNRESOLVED: gcc.dg/torture/pr37868.c  -O1  compilation failed to produce executable
FAIL: gcc.dg/torture/pr37868.c  -O2  (test for excess errors)
UNRESOLVED: gcc.dg/torture/pr37868.c  -O2  compilation failed to produce executable
FAIL: gcc.dg/torture/pr37868.c  -O3 -fomit-frame-pointer  (test for excess errors)
UNRESOLVED: gcc.dg/torture/pr37868.c  -O3 -fomit-frame-pointer  compilation failed to produce executable
FAIL: gcc.dg/torture/pr37868.c  -O3 -g  (test for excess errors)
UNRESOLVED: gcc.dg/torture/pr37868.c  -O3 -g  compilation failed to produce executable
FAIL: gcc.dg/torture/pr37868.c  -Os  (test for excess errors)
UNRESOLVED: gcc.dg/torture/pr37868.c  -Os  compilation failed to produce executable
FAIL: gcc.dg/torture/pr39074.c  -O1  (test for excess errors)
FAIL: gcc.dg/torture/pr39074.c  -O2  (test for excess errors)
FAIL: gcc.dg/torture/pr39074.c  -O3 -fomit-frame-pointer  (test for excess errors)
FAIL: gcc.dg/torture/pr39074.c  -O3 -g  (test for excess errors)
FAIL: gcc.dg/torture/pr39074.c  -Os  (test for excess errors)
XPASS: gcc.dg/tree-ssa/20040204-1.c scan-tree-dump-times optimized "link_error" 0
FAIL: gcc.dg/tree-ssa/forwprop-12.c scan-tree-dump-times forwprop1 "->a\\[D\\." 2
FAIL: gcc.dg/tree-ssa/fre-vce-1.c scan-tree-dump-times fre "sv.i" 2
FAIL: gcc.dg/tree-ssa/gen-vect-11.c scan-tree-dump-times vect "vectorized 1 loops" 1
FAIL: gcc.dg/tree-ssa/gen-vect-25.c scan-tree-dump-times vect "vectorized 2 loops" 1
FAIL: gcc.dg/tree-ssa/loop-35.c scan-tree-dump-times lim "Executing store motion of" 8
FAIL: gcc.dg/tree-ssa/loop-5.c scan-tree-dump-times optimized "jter_[0-9]* = PHI" 0
FAIL: gcc.dg/tree-ssa/loop-5.c scan-tree-dump-times optimized " \\+ 2" 1
FAIL: gcc.dg/tree-ssa/pr23455.c scan-tree-dump-times pre "Eliminated: 3" 1
FAIL: gcc.dg/tree-ssa/ssa-fre-26.c scan-tree-dump fre "Replaced u.i with 0 in"
FAIL: gcc.dg/tree-ssa/vrp47.c scan-tree-dump-times vrp1 "[xy][^ ]* !=" 0
FAIL: gcc.dg/tree-ssa/vrp47.c scan-tree-dump-times dom1 "x[^ ]* & y" 1
FAIL: gcc.dg/tree-ssa/vrp47.c scan-tree-dump-times vrp1 "x[^ ]* [|] y" 1

		=== gcc Summary ===

# of expected passes		49946
# of unexpected failures	87
# of unexpected successes	8
# of expected failures		76
# of unresolved testcases	13
# of unsupported tests		894
/home/mstein/sim/trunk/m32c-elf/build/gcc/xgcc  version 4.5.0 20090724 (experimental) [trunk revision 150064] (GCC) 


Compiler version: 4.5.0 20090724 (experimental) [trunk revision 150064] (GCC) gcc 
Platform: m32c-unknown-elf
configure flags: --target=m32c-elf --prefix=/home/mstein/cross-local/m32c-elf --enable-languages=c --disable-nls --disable-build-warnings --with-sysroot=/home/mstein/cross-local/m32c-elf --with-build-sysroot=/home/mstein/cross-local/m32c-elf --with-ld=/home/mstein/cross-local/m32c-elf/usr/bin/ld --with-as=/home/mstein/cross-local/m32c-elf/usr/bin/as --disable-libssp --with-mpfr=/opt/cfarm/mpfr-2.3.2


Index Nav: [Date Index] [Subject Index] [Author Index] [Thread Index]
Message Nav: [Date Prev] [Date Next] [Thread Prev] [Thread Next]