This is the mail archive of the gcc-testresults@gcc.gnu.org mailing list for the GCC project.


Index Nav: [Date Index] [Subject Index] [Author Index] [Thread Index]
Message Nav: [Date Prev] [Date Next] [Thread Prev] [Thread Next]
Other format: [Raw text]

Results for 4.5.0 20090723 (experimental) [trunk revision 150032] (GCC) testsuite on hppa-unknown-linux-gnu


LAST_UPDATED: Fri Jul 24 00:14:47 UTC 2009 (revision 150032)

		=== acats tests ===

		=== acats Summary ===
# of expected passes		2315
# of unexpected failures	0
Native configuration is hppa-unknown-linux-gnu

		=== g++ tests ===


Running target unix
FAIL: g++.dg/torture/pr34099.C  -O1  (internal compiler error)
FAIL: g++.dg/torture/pr34099.C  -O1  (test for excess errors)
UNRESOLVED: g++.dg/torture/pr34099.C  -O1  compilation failed to produce executable
FAIL: g++.dg/torture/pr34099.C  -O2  (internal compiler error)
FAIL: g++.dg/torture/pr34099.C  -O2  (test for excess errors)
UNRESOLVED: g++.dg/torture/pr34099.C  -O2  compilation failed to produce executable
FAIL: g++.dg/torture/pr34099.C  -O3 -fomit-frame-pointer  (internal compiler error)
FAIL: g++.dg/torture/pr34099.C  -O3 -fomit-frame-pointer  (test for excess errors)
UNRESOLVED: g++.dg/torture/pr34099.C  -O3 -fomit-frame-pointer  compilation failed to produce executable
FAIL: g++.dg/torture/pr34099.C  -O3 -fomit-frame-pointer -funroll-loops  (internal compiler error)
FAIL: g++.dg/torture/pr34099.C  -O3 -fomit-frame-pointer -funroll-loops  (test for excess errors)
UNRESOLVED: g++.dg/torture/pr34099.C  -O3 -fomit-frame-pointer -funroll-loops  compilation failed to produce executable
FAIL: g++.dg/torture/pr34099.C  -O3 -fomit-frame-pointer -funroll-all-loops -finline-functions  (internal compiler error)
FAIL: g++.dg/torture/pr34099.C  -O3 -fomit-frame-pointer -funroll-all-loops -finline-functions  (test for excess errors)
UNRESOLVED: g++.dg/torture/pr34099.C  -O3 -fomit-frame-pointer -funroll-all-loops -finline-functions  compilation failed to produce executable
FAIL: g++.dg/torture/pr34099.C  -O3 -g  (internal compiler error)
FAIL: g++.dg/torture/pr34099.C  -O3 -g  (test for excess errors)
UNRESOLVED: g++.dg/torture/pr34099.C  -O3 -g  compilation failed to produce executable
FAIL: g++.dg/torture/pr34099.C  -Os  execution test

		=== g++ Summary ===

# of expected passes		19642
# of unexpected failures	13
# of expected failures		149
# of unresolved testcases	6
# of unsupported tests		172
/home/dave/gnu/gcc-4.5/objdir/gcc/testsuite/g++/../../g++  version 4.5.0 20090723 (experimental) [trunk revision 150032] (GCC) 

		=== gcc tests ===


Running target unix
XPASS: gcc.dg/Warray-bounds.c  (test for warnings, line 59)
XPASS: gcc.dg/Warray-bounds.c  (test for warnings, line 65)
XPASS: gcc.dg/Wunreachable-8.c  (test for bogus messages, line 7)
FAIL: gcc.dg/pr34989-1.c (internal compiler error)
FAIL: gcc.dg/pr34989-1.c (test for excess errors)
XPASS: gcc.dg/struct/wo_prof_array_through_pointer.c scan-ipa-dump ipa_struct_reorg "Number of structures to transform is 1"
FAIL: gcc.dg/struct/wo_prof_double_malloc.c (internal compiler error)
FAIL: gcc.dg/struct/wo_prof_double_malloc.c (test for excess errors)
UNRESOLVED: gcc.dg/struct/wo_prof_double_malloc.c compilation failed to produce executable
XPASS: gcc.dg/tree-ssa/loop-1.c scan-assembler-times foo 5

		=== gcc Summary ===

# of expected passes		51654
# of unexpected failures	4
# of unexpected successes	5
# of expected failures		77
# of unresolved testcases	1
# of unsupported tests		626
/home/dave/gnu/gcc-4.5/objdir/gcc/xgcc  version 4.5.0 20090723 (experimental) [trunk revision 150032] (GCC) 

		=== gfortran tests ===


Running target unix

		=== gfortran Summary ===

# of expected passes		30484
# of expected failures		12
# of unsupported tests		262
/home/dave/gnu/gcc-4.5/objdir/gcc/testsuite/gfortran/../../gfortran  version 4.5.0 20090723 (experimental) [trunk revision 150032] (GCC) 

		=== gnat tests ===


Running target unix

		=== gnat Summary ===

# of expected passes		682
# of expected failures		5
		=== obj-c++ tests ===


Running target unix
UNRESOLVED: obj-c++.dg/lookup-2.mm compilation failed to produce executable
UNRESOLVED: obj-c++.dg/try-catch-2.mm compilation failed to produce executable
UNRESOLVED: obj-c++.dg/try-catch-9.mm compilation failed to produce executable

		=== obj-c++ Summary ===

# of expected passes		438
# of expected failures		10
# of unresolved testcases	3
# of unsupported tests		13
/home/dave/gnu/gcc-4.5/objdir/gcc/testsuite/obj-c++/../../g++  version 4.5.0 20090723 (experimental) [trunk revision 150032] (GCC) 

		=== objc tests ===


Running target unix

		=== objc Summary ===

# of expected passes		1867
# of expected failures		15
# of unsupported tests		24
/home/dave/gnu/gcc-4.5/objdir/gcc/xgcc  version 4.5.0 20090723 (experimental) [trunk revision 150032] (GCC) 

		=== libffi tests ===


Running target unix
FAIL: libffi.call/cls_longdouble_va.c -O0 -W -Wall output pattern test, is %.1f
FAIL: libffi.call/cls_longdouble_va.c -O2 output pattern test, is %.1f
FAIL: libffi.call/cls_longdouble_va.c -O3 output pattern test, is %.1f
FAIL: libffi.call/cls_longdouble_va.c -Os output pattern test, is %.1f
FAIL: libffi.call/cls_longdouble_va.c -O2 -fomit-frame-pointer output pattern test, is %.1f

		=== libffi Summary ===

# of expected passes		1589
# of unexpected failures	5
# of expected failures		10
# of unsupported tests		15
		=== libgomp tests ===


Running target unix
FAIL: libgomp.fortran/vla6.f90  -O0  execution test

		=== libgomp Summary ===

# of expected passes		2393
# of unexpected failures	1
# of unsupported tests		7
		=== libjava tests ===


Running target unix
FAIL: StackTrace2 output - source compiled test
FAIL: StackTrace2 -findirect-dispatch output - source compiled test
FAIL: StackTrace2 -O3 output - source compiled test
FAIL: StackTrace2 -O3 -findirect-dispatch output - source compiled test

		=== libjava Summary ===

# of expected passes		2570
# of unexpected failures	4
		=== libmudflap tests ===


Running target unix
FAIL: libmudflap.c/fail31-frag.c (-O3) crash test
FAIL: libmudflap.c/fail31-frag.c (-O3) output pattern test
FAIL: libmudflap.c/pass45-frag.c (-O3) execution test
FAIL: libmudflap.c/pass45-frag.c (-O3) output pattern test
FAIL: libmudflap.c/pass45-frag.c (-O3) execution test
FAIL: libmudflap.c/pass45-frag.c (-O3) output pattern test
FAIL: libmudflap.c++/pass41-frag.cxx execution test
FAIL: libmudflap.c++/pass41-frag.cxx (-static) execution test
FAIL: libmudflap.c++/pass41-frag.cxx ( -O) execution test
FAIL: libmudflap.c++/pass41-frag.cxx (-O2) execution test
FAIL: libmudflap.c++/pass41-frag.cxx (-O3) execution test

		=== libmudflap Summary ===

# of expected passes		1883
# of unexpected failures	11
		=== libstdc++ tests ===


Running target unix
FAIL: abi_check
FAIL: 22_locale/time_get/get_date/wchar_t/4.cc execution test
XPASS: 26_numerics/headers/cmath/c99_classification_macros_c.cc (test for excess errors)

		=== libstdc++ Summary ===

# of expected passes		6746
# of unexpected failures	2
# of unexpected successes	1
# of expected failures		82
# of unsupported tests		84

Compiler version: 4.5.0 20090723 (experimental) [trunk revision 150032] (GCC) 
Platform: hppa-unknown-linux-gnu
configure flags: --with-gnu-as --with-gnu-ld --enable-shared --prefix=/home/dave/opt/gnu/gcc/gcc-4.5.0 --with-local-prefix=/home/dave/opt/gnu --enable-threads=posix --enable-__cxa_atexit --build=hppa-linux --enable-clocale=gnu --enable-java-gc=boehm --enable-java-awt=xlib --enable-languages=c,c++,objc,fortran,obj-c++,java,ada


Index Nav: [Date Index] [Subject Index] [Author Index] [Thread Index]
Message Nav: [Date Prev] [Date Next] [Thread Prev] [Thread Next]