This is the mail archive of the gcc-testresults@gcc.gnu.org mailing list for the GCC project.


Index Nav: [Date Index] [Subject Index] [Author Index] [Thread Index]
Message Nav: [Date Prev] [Date Next] [Thread Prev] [Thread Next]
Other format: [Raw text]

Results for 4.4.1 20090720 (prerelease) (GCC) testsuite on i686-pc-linux-gnu


LAST_UPDATED: Tue Jul 21 05:49:44 UTC 2009 (/branches/gcc-4_4-branch revision 149802)

Native configuration is i686-pc-linux-gnu

		=== g++ tests ===


Running target localhost
FAIL: g++.dg/rtti/typeid4.C execution test
FAIL: g++.old-deja/g++.other/unchanging1.C execution test

		=== g++ Summary ===

# of expected passes		19829
# of unexpected failures	2
# of expected failures		156
# of unsupported tests		99
/scratch/gcc/nightly-2009-07-19-4.4/i686-pc-linux-gnu/obj/test-4.4-0-i686-pc-linux-gnu/host-i686-pc-linux-gnu/fsf-4.4/bin/i686-pc-linux-gnu-g++  version 4.4.1 20090720 (prerelease) (GCC) 

		=== gcc tests ===


Running target localhost
FAIL: gcc.misc-tests/linkage.c link

		=== gcc Summary ===

# of expected passes		57111
# of unexpected failures	1
# of expected failures		191
# of unsupported tests		441
/scratch/gcc/nightly-2009-07-19-4.4/i686-pc-linux-gnu/obj/test-4.4-0-i686-pc-linux-gnu/host-i686-pc-linux-gnu/fsf-4.4/bin/i686-pc-linux-gnu-gcc  version 4.4.1 20090720 (prerelease) (GCC) 

		=== libstdc++ tests ===


Running target localhost
FAIL: 19_diagnostics/error_category/cons/default.cc execution test
FAIL: 19_diagnostics/error_category/operators/equal.cc execution test
FAIL: 19_diagnostics/error_category/operators/not_equal.cc execution test
FAIL: 19_diagnostics/error_code/cons/1.cc execution test
FAIL: 19_diagnostics/error_code/cons/39882.cc execution test
FAIL: 19_diagnostics/error_code/modifiers/39882.cc execution test
FAIL: 19_diagnostics/error_code/operators/bool.cc execution test
FAIL: 19_diagnostics/error_code/operators/equal.cc execution test
FAIL: 19_diagnostics/error_code/operators/not_equal.cc execution test
FAIL: 19_diagnostics/error_condition/cons/1.cc execution test
FAIL: 19_diagnostics/error_condition/cons/39881.cc execution test
FAIL: 19_diagnostics/error_condition/modifiers/39881.cc execution test
FAIL: 19_diagnostics/error_condition/operators/bool.cc execution test
FAIL: 19_diagnostics/error_condition/operators/equal.cc execution test
FAIL: 19_diagnostics/error_condition/operators/not_equal.cc execution test
FAIL: 19_diagnostics/system_error/cons-1.cc execution test
FAIL: 19_diagnostics/system_error/cons_virtual_derivation.cc execution test
FAIL: 19_diagnostics/system_error/what-1.cc execution test
FAIL: 19_diagnostics/system_error/what-2.cc execution test
FAIL: 19_diagnostics/system_error/what-3.cc execution test
FAIL: 19_diagnostics/system_error/what-4.cc execution test
FAIL: 19_diagnostics/system_error/what-big.cc execution test
FAIL: 20_util/clocks/1.cc execution test
FAIL: 20_util/hash/operators/size_t.cc execution test
FAIL: 20_util/shared_ptr/cons/alloc.cc execution test
FAIL: 20_util/shared_ptr/creation/alloc.cc execution test
FAIL: 20_util/shared_ptr/modifiers/reset_alloc.cc execution test
FAIL: 21_strings/basic_string/init-list.cc execution test
FAIL: 21_strings/basic_string/inserters_extractors/char/1.cc execution test
FAIL: 21_strings/basic_string/inserters_extractors/char/4.cc execution test
FAIL: 21_strings/basic_string/inserters_extractors/char/5.cc execution test
FAIL: 22_locale/ctype/narrow/char/1.cc execution test
FAIL: 22_locale/ctype/narrow/char/19955.cc execution test
FAIL: 22_locale/ctype/narrow/char/2.cc execution test
FAIL: 22_locale/ctype/widen/char/1.cc execution test
FAIL: 22_locale/global_templates/standard_facet_hierarchies.cc execution test
FAIL: 22_locale/money_get/get/char/38399.cc execution test
FAIL: 22_locale/money_get/get/char/39168.cc execution test
FAIL: 22_locale/money_get/get/char/5.cc execution test
FAIL: 22_locale/money_get/get/wchar_t/38399.cc execution test
FAIL: 22_locale/money_get/get/wchar_t/39168.cc execution test
FAIL: 22_locale/money_put/put/char/39168.cc execution test
FAIL: 22_locale/money_put/put/char/4.cc execution test
FAIL: 22_locale/money_put/put/wchar_t/39168.cc execution test
FAIL: 22_locale/num_get/get/char/10.cc execution test
FAIL: 22_locale/num_get/get/char/12.cc execution test
FAIL: 22_locale/num_get/get/char/15.cc execution test
FAIL: 22_locale/num_get/get/char/16.cc execution test
FAIL: 22_locale/num_get/get/char/22131.cc execution test
FAIL: 22_locale/num_get/get/char/37958.cc execution test
FAIL: 22_locale/num_get/get/char/39168.cc execution test
FAIL: 22_locale/num_get/get/char/39802.cc execution test
FAIL: 22_locale/num_get/get/char/4.cc execution test
FAIL: 22_locale/num_get/get/wchar_t/10.cc execution test
FAIL: 22_locale/num_get/get/wchar_t/12.cc execution test
FAIL: 22_locale/num_get/get/wchar_t/15.cc execution test
FAIL: 22_locale/num_get/get/wchar_t/16.cc execution test
FAIL: 22_locale/num_get/get/wchar_t/22131.cc execution test
FAIL: 22_locale/num_get/get/wchar_t/37958.cc execution test
FAIL: 22_locale/num_get/get/wchar_t/39168.cc execution test
FAIL: 22_locale/num_get/get/wchar_t/39802.cc execution test
FAIL: 22_locale/num_put/put/char/38196.cc execution test
FAIL: 22_locale/num_put/put/char/38210.cc execution test
FAIL: 22_locale/num_put/put/char/4.cc execution test
FAIL: 22_locale/num_put/put/wchar_t/38196.cc execution test
FAIL: 22_locale/num_put/put/wchar_t/38210.cc execution test
FAIL: 22_locale/time_get/get_date/char/3.cc execution test
FAIL: 22_locale/time_get/get_date/char/5.cc execution test
FAIL: 22_locale/time_get/get_monthname/char/3.cc execution test
FAIL: 22_locale/time_get/get_monthname/char/5.cc execution test
FAIL: 22_locale/time_get/get_time/char/3.cc execution test
FAIL: 22_locale/time_get/get_time/char/5.cc execution test
FAIL: 22_locale/time_get/get_weekday/char/3.cc execution test
FAIL: 22_locale/time_get/get_weekday/char/5.cc execution test
FAIL: 22_locale/time_get/get_year/char/3.cc execution test
FAIL: 22_locale/time_get/get_year/char/5.cc execution test
FAIL: 22_locale/time_put/put/char/10.cc execution test
FAIL: 22_locale/time_put/put/char/12439_3.cc execution test
FAIL: 22_locale/time_put/put/char/9.cc execution test
FAIL: 23_containers/bitset/input/1.cc execution test
FAIL: 23_containers/bitset/to_ulong/1.cc execution test
FAIL: 23_containers/deque/check_construct_destroy.cc execution test
FAIL: 23_containers/deque/cons/2.cc execution test
FAIL: 23_containers/deque/init-list.cc execution test
FAIL: 23_containers/list/check_construct_destroy.cc execution test
FAIL: 23_containers/list/init-list.cc execution test
FAIL: 23_containers/set/check_construct_destroy.cc execution test
FAIL: 23_containers/vector/capacity/2.cc execution test
FAIL: 23_containers/vector/check_construct_destroy.cc execution test
FAIL: 23_containers/vector/cons/4.cc execution test
FAIL: 23_containers/vector/init-list.cc execution test
FAIL: 26_numerics/complex/inserters_extractors/char/1.cc execution test
FAIL: 26_numerics/valarray/binary_closure.cc execution test
FAIL: 27_io/basic_filebuf/close/char/4879.cc execution test
FAIL: 27_io/basic_filebuf/overflow/char/1.cc execution test
FAIL: 27_io/basic_filebuf/overflow/char/3599.cc execution test
FAIL: 27_io/basic_ios/cons/char/1.cc execution test
FAIL: 27_io/basic_ios/locales/char/1.cc execution test
FAIL: 27_io/basic_istream/extractors_arithmetic/char/10.cc execution test
FAIL: 27_io/basic_istream/extractors_arithmetic/wchar_t/10.cc execution test
FAIL: 27_io/basic_istream/get/char/1.cc execution test
FAIL: 27_io/basic_istream/get/char/2.cc execution test
FAIL: 27_io/basic_istream/get/char/3.cc execution test
FAIL: 27_io/basic_istream/getline/char/1.cc execution test
FAIL: 27_io/basic_istream/getline/char/2.cc execution test
FAIL: 27_io/basic_istream/getline/char/3.cc execution test
FAIL: 27_io/basic_istream/getline/char/4.cc execution test
FAIL: 27_io/basic_istream/getline/char/6.cc execution test
FAIL: 27_io/basic_ostream/endl/char/1.cc execution test
FAIL: 27_io/basic_ostream/exceptions/char/9561.cc execution test
FAIL: 27_io/basic_ostream/inserters_arithmetic/char/1.cc execution test
FAIL: 27_io/basic_ostream/inserters_character/char/2.cc execution test
FAIL: 27_io/basic_ostream/inserters_character/char/3.cc execution test
FAIL: 27_io/basic_ostream/inserters_character/char/4.cc execution test
FAIL: 27_io/basic_ostream/inserters_other/char/3.cc execution test
FAIL: 27_io/basic_ostream/inserters_other/char/error_code.cc execution test
FAIL: 27_io/basic_ostream/inserters_other/wchar_t/error_code.cc execution test
FAIL: 27_io/basic_streambuf/overflow/char/2.cc execution test
FAIL: 27_io/basic_streambuf/overflow/char/3599.cc execution test
FAIL: 27_io/basic_stringbuf/overflow/char/2.cc execution test
FAIL: 27_io/basic_stringbuf/overflow/char/3599.cc execution test
FAIL: 27_io/basic_stringstream/str/char/3.cc execution test
FAIL: 27_io/manipulators/adjustfield/char/1.cc execution test
FAIL: 27_io/manipulators/basefield/char/1.cc execution test
FAIL: 27_io/manipulators/standard/char/1.cc execution test
FAIL: 27_io/manipulators/standard/char/2.cc execution test
FAIL: 27_io/objects/char/1.cc execution test
FAIL: 27_io/objects/char/2.cc execution test
FAIL: 27_io/objects/char/3647.cc execution test
FAIL: 27_io/objects/char/5.cc execution test
FAIL: 29_atomics/atomic/operators/integral_assignment.cc execution test
FAIL: 29_atomics/atomic/operators/integral_conversion.cc execution test
FAIL: 29_atomics/atomic_flag/test_and_set/explicit.c execution test
FAIL: 29_atomics/atomic_flag/test_and_set/explicit.cc execution test
FAIL: 29_atomics/atomic_flag/test_and_set/implicit.c execution test
FAIL: 29_atomics/atomic_flag/test_and_set/implicit.cc execution test
FAIL: 29_atomics/atomic_integral/operators/integral_assignment.cc execution test
FAIL: 29_atomics/atomic_integral/operators/integral_conversion.cc execution test
FAIL: 30_threads/call_once/39909.cc execution test
FAIL: 30_threads/call_once/call_once1.cc execution test
FAIL: 30_threads/condition_variable/cons/1.cc execution test
FAIL: 30_threads/condition_variable/members/1.cc execution test
FAIL: 30_threads/condition_variable/members/2.cc execution test
FAIL: 30_threads/condition_variable_any/cons/1.cc execution test
FAIL: 30_threads/mutex/dest/destructor_locked.cc execution test
FAIL: 30_threads/mutex/lock/1.cc execution test
FAIL: 30_threads/mutex/try_lock/2.cc execution test
FAIL: 30_threads/recursive_mutex/dest/destructor_locked.cc execution test
FAIL: 30_threads/recursive_mutex/lock/1.cc execution test
FAIL: 30_threads/recursive_mutex/try_lock/2.cc execution test
FAIL: 30_threads/recursive_timed_mutex/dest/destructor_locked.cc execution test
FAIL: 30_threads/recursive_timed_mutex/lock/1.cc execution test
FAIL: 30_threads/recursive_timed_mutex/lock/2.cc execution test
FAIL: 30_threads/recursive_timed_mutex/try_lock/2.cc execution test
FAIL: 30_threads/recursive_timed_mutex/try_lock_for/1.cc execution test
FAIL: 30_threads/recursive_timed_mutex/try_lock_for/2.cc execution test
FAIL: 30_threads/recursive_timed_mutex/try_lock_for/3.cc execution test
FAIL: 30_threads/recursive_timed_mutex/try_lock_until/2.cc execution test
FAIL: 30_threads/thread/cons/1.cc execution test
FAIL: 30_threads/thread/cons/2.cc execution test
FAIL: 30_threads/thread/cons/3.cc execution test
FAIL: 30_threads/thread/cons/4.cc execution test
FAIL: 30_threads/thread/cons/5.cc execution test
FAIL: 30_threads/thread/cons/6.cc execution test
FAIL: 30_threads/thread/cons/7.cc execution test
FAIL: 30_threads/thread/cons/8.cc execution test
FAIL: 30_threads/thread/cons/9.cc execution test
FAIL: 30_threads/thread/cons/moveable.cc execution test
FAIL: 30_threads/thread/members/1.cc execution test
FAIL: 30_threads/thread/members/2.cc execution test
FAIL: 30_threads/thread/members/3.cc execution test
FAIL: 30_threads/thread/members/4.cc execution test
FAIL: 30_threads/thread/members/5.cc execution test
FAIL: 30_threads/thread/swap/1.cc execution test
FAIL: 30_threads/thread/swap/2.cc execution test
FAIL: 30_threads/timed_mutex/dest/destructor_locked.cc execution test
FAIL: 30_threads/timed_mutex/lock/1.cc execution test
FAIL: 30_threads/timed_mutex/try_lock/2.cc execution test
FAIL: 30_threads/timed_mutex/try_lock_for/1.cc execution test
FAIL: 30_threads/timed_mutex/try_lock_for/2.cc execution test
FAIL: 30_threads/timed_mutex/try_lock_for/3.cc execution test
FAIL: 30_threads/timed_mutex/try_lock_until/2.cc execution test
FAIL: 30_threads/try_lock/1.cc execution test
FAIL: 30_threads/try_lock/2.cc execution test
FAIL: 30_threads/unique_lock/cons/2.cc execution test
FAIL: 30_threads/unique_lock/cons/5.cc execution test
FAIL: 30_threads/unique_lock/cons/6.cc execution test
FAIL: 30_threads/unique_lock/locking/1.cc execution test
FAIL: 30_threads/unique_lock/locking/2.cc execution test
FAIL: 30_threads/unique_lock/locking/3.cc execution test
FAIL: 30_threads/unique_lock/locking/4.cc execution test
FAIL: 30_threads/unique_lock/modifiers/1.cc execution test
FAIL: 30_threads/unique_lock/modifiers/2.cc execution test
FAIL: abi/demangle/abi_examples/20.cc execution test
FAIL: abi/demangle/abi_text/02.cc execution test
FAIL: abi/demangle/regression/cw-16.cc execution test
FAIL: backward/hash_map/14648.cc execution test
FAIL: backward/hash_set/check_construct_destroy.cc execution test
FAIL: backward/strstream_members.cc execution test
FAIL: ext/array_allocator/2.cc execution test
FAIL: ext/pb_ds/example/assoc_container_traits.cc execution test
FAIL: ext/pb_ds/example/basic_map.cc execution test
FAIL: ext/pb_ds/example/basic_priority_queue.cc execution test
FAIL: ext/pb_ds/example/basic_set.cc execution test
FAIL: ext/pb_ds/example/priority_queue_container_traits.cc execution test
FAIL: ext/pb_ds/example/priority_queue_dijkstra.cc execution test
FAIL: ext/pb_ds/example/priority_queue_split_join.cc execution test
FAIL: ext/pb_ds/example/priority_queue_xref.cc execution test
FAIL: ext/pb_ds/example/trie_prefix_search.cc execution test
FAIL: ext/pb_ds/regression/associative_containers.cc execution test
FAIL: ext/pb_ds/regression/hash_data_map_rand.cc execution test
FAIL: ext/pb_ds/regression/hash_no_data_map_rand.cc execution test
FAIL: ext/pb_ds/regression/list_update_data_map_rand.cc execution test
FAIL: ext/pb_ds/regression/list_update_no_data_map_rand.cc execution test
FAIL: ext/pb_ds/regression/priority_queue_rand.cc execution test
FAIL: ext/pb_ds/regression/priority_queues.cc execution test
FAIL: ext/pb_ds/regression/tree_data_map_rand.cc execution test
FAIL: ext/pb_ds/regression/tree_no_data_map_rand.cc execution test
FAIL: ext/pb_ds/regression/trie_data_map_rand.cc execution test
FAIL: ext/pb_ds/regression/trie_no_data_map_rand.cc execution test
FAIL: ext/rope/1.cc execution test
FAIL: ext/slist/check_construct_destroy.cc execution test
FAIL: tr1/5_numerical_facilities/random/discard_block/operators/serialize.cc execution test
FAIL: tr1/5_numerical_facilities/random/linear_congruential/operators/serialize.cc execution test
FAIL: tr1/5_numerical_facilities/random/mersenne_twister/operators/serialize.cc execution test
FAIL: tr1/5_numerical_facilities/random/subtract_with_carry/operators/serialize.cc execution test
FAIL: tr1/5_numerical_facilities/random/subtract_with_carry_01/operators/serialize.cc execution test
FAIL: tr1/5_numerical_facilities/random/xor_combine/operators/serialize.cc execution test

		=== libstdc++ Summary ===

# of expected passes		5624
# of unexpected failures	228
# of expected failures		80
# of unsupported tests		340
		=== g++ tests ===


Running target localhost/-m64

		=== g++ Summary ===

# of expected passes		19513
# of expected failures		156
# of unsupported tests		250
/scratch/gcc/nightly-2009-07-19-4.4/i686-pc-linux-gnu/obj/test-4.4-0-i686-pc-linux-gnu/host-i686-pc-linux-gnu/fsf-4.4/bin/i686-pc-linux-gnu-g++  version 4.4.1 20090720 (prerelease) (GCC) 

		=== gcc tests ===


Running target localhost/-m64
FAIL: gcc.dg/tree-prof/bb-reorg.c compilation,  -fprofile-use -D_PROFILE_USE
UNRESOLVED: gcc.dg/tree-prof/bb-reorg.c execution,    -fprofile-use -D_PROFILE_USE
FAIL: gcc.dg/tree-prof/pr34999.c compilation,  -fprofile-use -D_PROFILE_USE
UNRESOLVED: gcc.dg/tree-prof/pr34999.c execution,    -fprofile-use -D_PROFILE_USE

		=== gcc Summary ===

# of expected passes		56766
# of unexpected failures	2
# of expected failures		190
# of unresolved testcases	2
# of unsupported tests		723
/scratch/gcc/nightly-2009-07-19-4.4/i686-pc-linux-gnu/obj/test-4.4-0-i686-pc-linux-gnu/host-i686-pc-linux-gnu/fsf-4.4/bin/i686-pc-linux-gnu-gcc  version 4.4.1 20090720 (prerelease) (GCC) 

		=== libstdc++ tests ===


Running target localhost/-m64

		=== libstdc++ Summary ===

# of expected passes		5861
# of expected failures		80
# of unsupported tests		335

Compiler version: 4.4.1 20090720 (prerelease) (GCC) 
Platform: i686-pc-linux-gnu
configure flags: --build=i686-pc-linux-gnu --host=i686-pc-linux-gnu --target=i686-pc-linux-gnu --enable-threads --disable-libmudflap --disable-libssp --disable-libstdcxx-pch --enable-targets=all --with-gnu-as --with-gnu-ld --enable-languages=c,c++ --enable-shared --disable-nls --prefix=/opt/codesourcery --with-gmp=/scratch/gcc/nightly-2009-07-19-4.4/i686-pc-linux-gnu/obj/host-libs-4.4-0-i686-pc-linux-gnu-i686-pc-linux-gnu/usr --with-mpfr=/scratch/gcc/nightly-2009-07-19-4.4/i686-pc-linux-gnu/obj/host-libs-4.4-0-i686-pc-linux-gnu-i686-pc-linux-gnu/usr --with-ppl=/scratch/gcc/nightly-2009-07-19-4.4/i686-pc-linux-gnu/obj/host-libs-4.4-0-i686-pc-linux-gnu-i686-pc-linux-gnu/usr --with-host-libstdcxx='-L/usr/local/tools/gcc-4.3.3/i686-pc-linux-gnu/lib -static-libgcc -Wl,-Bstatic,-lstdc++,-Bdynamic -lm' --with-cloog=/scratch/gcc/nightly-2009-07-19-4.4/i686-pc-linux-gnu/obj/host-libs-4.4-0-i686-pc-linux-gnu-i686-pc-linux-gnu/usr --disable-libgomp --with-build-time-tools=/scratch/gcc/n
 ightly-2009-07-19-4.4/i686-pc-linux-gnu/install/i686-pc-linux-gnu/bin --with-build-time-tools=/scratch/gcc/nightly-2009-07-19-4.4/i686-pc-linux-gnu/install/i686-pc-linux-gnu/bin


Index Nav: [Date Index] [Subject Index] [Author Index] [Thread Index]
Message Nav: [Date Prev] [Date Next] [Thread Prev] [Thread Next]