This is the mail archive of the gcc-testresults@gcc.gnu.org mailing list for the GCC project.


Index Nav: [Date Index] [Subject Index] [Author Index] [Thread Index]
Message Nav: [Date Prev] [Date Next] [Thread Prev] [Thread Next]
Other format: [Raw text]

Results for 4.5.0 20090718 (experimental) (GCC) testsuite on x86_64-unknown-linux-gnu


Native configuration is x86_64-unknown-linux-gnu

		=== g++ tests ===


Running target unix
FAIL: g++.dg/plugin/attribute_plugin-test-1.C -fplugin=./attribute_plugin.so  (test for warnings, line 1)
FAIL: g++.dg/plugin/attribute_plugin-test-1.C -fplugin=./attribute_plugin.so  (test for warnings, line 7)
FAIL: g++.dg/plugin/attribute_plugin-test-1.C -fplugin=./attribute_plugin.so  (test for warnings, line 7)
FAIL: g++.dg/plugin/attribute_plugin-test-1.C -fplugin=./attribute_plugin.so  (test for warnings, line 16)
FAIL: g++.dg/plugin/attribute_plugin-test-1.C -fplugin=./attribute_plugin.so (test for excess errors)
FAIL: g++.dg/plugin/self-assign-test-1.C -fplugin=./selfassign.so  (test for warnings, line 10)
FAIL: g++.dg/plugin/self-assign-test-1.C -fplugin=./selfassign.so  (test for warnings, line 13)
FAIL: g++.dg/plugin/self-assign-test-1.C -fplugin=./selfassign.so  (test for warnings, line 26)
FAIL: g++.dg/plugin/self-assign-test-1.C -fplugin=./selfassign.so  (test for warnings, line 27)
FAIL: g++.dg/plugin/self-assign-test-1.C -fplugin=./selfassign.so  (test for warnings, line 33)
FAIL: g++.dg/plugin/self-assign-test-1.C -fplugin=./selfassign.so  (test for warnings, line 34)
FAIL: g++.dg/plugin/self-assign-test-1.C -fplugin=./selfassign.so  (test for warnings, line 40)
FAIL: g++.dg/plugin/self-assign-test-1.C -fplugin=./selfassign.so  (test for warnings, line 41)
FAIL: g++.dg/plugin/self-assign-test-1.C -fplugin=./selfassign.so  (test for warnings, line 42)
FAIL: g++.dg/plugin/self-assign-test-1.C -fplugin=./selfassign.so  (test for warnings, line 43)
FAIL: g++.dg/plugin/self-assign-test-1.C -fplugin=./selfassign.so  (test for warnings, line 44)
FAIL: g++.dg/plugin/self-assign-test-1.C -fplugin=./selfassign.so  (test for warnings, line 46)
FAIL: g++.dg/plugin/self-assign-test-1.C -fplugin=./selfassign.so  (test for warnings, line 47)
FAIL: g++.dg/plugin/self-assign-test-1.C -fplugin=./selfassign.so (test for excess errors)
FAIL: g++.dg/plugin/self-assign-test-2.C -fplugin=./selfassign.so  (test for warnings, line 10)
FAIL: g++.dg/plugin/self-assign-test-2.C -fplugin=./selfassign.so  (test for warnings, line 13)
FAIL: g++.dg/plugin/self-assign-test-2.C -fplugin=./selfassign.so  (test for warnings, line 26)
FAIL: g++.dg/plugin/self-assign-test-2.C -fplugin=./selfassign.so  (test for warnings, line 27)
FAIL: g++.dg/plugin/self-assign-test-2.C -fplugin=./selfassign.so  (test for warnings, line 33)
FAIL: g++.dg/plugin/self-assign-test-2.C -fplugin=./selfassign.so  (test for warnings, line 34)
FAIL: g++.dg/plugin/self-assign-test-2.C -fplugin=./selfassign.so  (test for warnings, line 40)
FAIL: g++.dg/plugin/self-assign-test-2.C -fplugin=./selfassign.so  (test for warnings, line 41)
FAIL: g++.dg/plugin/self-assign-test-2.C -fplugin=./selfassign.so  (test for warnings, line 42)
FAIL: g++.dg/plugin/self-assign-test-2.C -fplugin=./selfassign.so  (test for warnings, line 46)
FAIL: g++.dg/plugin/self-assign-test-2.C -fplugin=./selfassign.so  (test for warnings, line 47)
FAIL: g++.dg/plugin/self-assign-test-2.C -fplugin=./selfassign.so (test for excess errors)
FAIL: g++.dg/plugin/self-assign-test-3.C -fplugin=./selfassign.so (test for excess errors)
FAIL: g++.dg/plugin/dumb-plugin-test-1.C -fplugin=./dumb_plugin.so  (test for warnings, line 10)
FAIL: g++.dg/plugin/dumb-plugin-test-1.C -fplugin=./dumb_plugin.so  (test for warnings, line 14)
FAIL: g++.dg/plugin/dumb-plugin-test-1.C -fplugin=./dumb_plugin.so  (test for warnings, line 18)
FAIL: g++.dg/plugin/dumb-plugin-test-1.C -fplugin=./dumb_plugin.so  (test for warnings, line 19)
FAIL: g++.dg/plugin/dumb-plugin-test-1.C -fplugin=./dumb_plugin.so  (test for warnings, line 24)
FAIL: g++.dg/plugin/dumb-plugin-test-1.C -fplugin=./dumb_plugin.so  (test for warnings, line 50)
FAIL: g++.dg/plugin/dumb-plugin-test-1.C -fplugin=./dumb_plugin.so  (test for warnings, line 50)
FAIL: g++.dg/plugin/dumb-plugin-test-1.C -fplugin=./dumb_plugin.so  (test for warnings, line 50)
FAIL: g++.dg/plugin/dumb-plugin-test-1.C -fplugin=./dumb_plugin.so (test for excess errors)

		=== g++ Summary ===

# of expected passes		19901
# of unexpected failures	41
# of expected failures		149
# of unsupported tests		265
/usr/local/google/homedirs/dnovillo/notnfs/perf/sbox/gcc/local.x86_64/bld/gcc/testsuite/g++/../../g++  version 4.5.0 20090718 (experimental) (GCC) 

		=== gcc tests ===


Running target unix
XPASS: gcc.dg/Warray-bounds.c  (test for warnings, line 59)
XPASS: gcc.dg/Warray-bounds.c  (test for warnings, line 65)
XPASS: gcc.dg/Wunreachable-8.c  (test for bogus messages, line 7)
FAIL: gcc.dg/pr34989-1.c (internal compiler error)
FAIL: gcc.dg/pr34989-1.c (test for excess errors)
FAIL: gcc.dg/pr35899.c (internal compiler error)
FAIL: gcc.dg/pr35899.c (test for excess errors)
FAIL: gcc.dg/plugin/self-assign-test-1.c -fplugin=./selfassign.so  (test for warnings, line 15)
FAIL: gcc.dg/plugin/self-assign-test-1.c -fplugin=./selfassign.so  (test for warnings, line 19)
FAIL: gcc.dg/plugin/self-assign-test-1.c -fplugin=./selfassign.so  (test for warnings, line 20)
FAIL: gcc.dg/plugin/self-assign-test-1.c -fplugin=./selfassign.so  (test for warnings, line 21)
FAIL: gcc.dg/plugin/self-assign-test-1.c -fplugin=./selfassign.so  (test for warnings, line 22)
FAIL: gcc.dg/plugin/self-assign-test-1.c -fplugin=./selfassign.so (test for excess errors)
FAIL: gcc.dg/plugin/self-assign-test-2.c -fplugin=./selfassign.so (test for excess errors)
FAIL: gcc.dg/plugin/ggcplug-test-1.c -fplugin=./ggcplug.so (test for excess errors)
FAIL: gcc.dg/plugin/one_time-test-1.c -fplugin=./one_time_plugin.so (test for excess errors)
FAIL: gcc.dg/plugin/start_unit-test-1.c -fplugin=./start_unit_plugin.so (test for excess errors)
XPASS: gcc.dg/struct/wo_prof_array_through_pointer.c scan-ipa-dump ipa_struct_reorg "Number of structures to transform is 1"
FAIL: gcc.dg/struct/wo_prof_double_malloc.c (internal compiler error)
FAIL: gcc.dg/struct/wo_prof_double_malloc.c (test for excess errors)
UNRESOLVED: gcc.dg/struct/wo_prof_double_malloc.c compilation failed to produce executable
FAIL: gcc.dg/tree-prof/bb-reorg.c compilation,  -fprofile-use -D_PROFILE_USE
UNRESOLVED: gcc.dg/tree-prof/bb-reorg.c execution,    -fprofile-use -D_PROFILE_USE
FAIL: gcc.dg/tree-prof/pr34999.c compilation,  -fprofile-use -D_PROFILE_USE
UNRESOLVED: gcc.dg/tree-prof/pr34999.c execution,    -fprofile-use -D_PROFILE_USE
FAIL: gcc.dg/tree-ssa/ldist-11.c scan-tree-dump-times ldist "distributed: split to 2 loops" 1
FAIL: gcc.dg/tree-ssa/ldist-12.c scan-tree-dump-times ldist "distributed: split to 2 loops" 1
FAIL: gcc.dg/tree-ssa/ldist-13.c scan-tree-dump ldist "Loop 1 distributed: split to 2 loops"
FAIL: gcc.dg/tree-ssa/ldist-14.c scan-tree-dump ldist "Loop 1 distributed: split to 2 loops"
FAIL: gcc.dg/tree-ssa/ldist-4.c scan-tree-dump-times ldist "distributed: split to 2 loops" 1
FAIL: gcc.dg/tree-ssa/loop-2.c scan-tree-dump-times optimized "99" 0

		=== gcc Summary ===

# of expected passes		57931
# of unexpected failures	24
# of unexpected successes	4
# of expected failures		193
# of unresolved testcases	3
# of unsupported tests		1267
/usr/local/google/homedirs/dnovillo/notnfs/perf/sbox/gcc/local.x86_64/bld/gcc/xgcc  version 4.5.0 20090718 (experimental) (GCC) 

		=== gfortran tests ===


Running target unix
FAIL: gfortran.dg/ldist-1.f90  -O  scan-tree-dump-times ldist "distributed: split to 4 loops" 1

		=== gfortran Summary ===

# of expected passes		31347
# of unexpected failures	1
# of expected failures		20
# of unsupported tests		43
/usr/local/google/homedirs/dnovillo/notnfs/perf/sbox/gcc/local.x86_64/bld/gcc/testsuite/gfortran/../../gfortran  version 4.5.0 20090718 (experimental) (GCC) 

		=== objc tests ===


Running target unix

		=== objc Summary ===

# of expected passes		1867
# of expected failures		15
# of unsupported tests		24
/usr/local/google/homedirs/dnovillo/notnfs/perf/sbox/gcc/local.x86_64/bld/gcc/xgcc  version 4.5.0 20090718 (experimental) (GCC) 

		=== libffi tests ===


Running target unix

		=== libffi Summary ===

# of expected passes		1584
# of expected failures		20
# of unsupported tests		15
		=== libgomp tests ===


Running target unix

		=== libgomp Summary ===

# of expected passes		2408
		=== libjava tests ===


Running target unix
FAIL: StackTrace2 output - source compiled test
FAIL: StackTrace2 -findirect-dispatch output - source compiled test
FAIL: StackTrace2 -O3 output - source compiled test
FAIL: StackTrace2 -O3 -findirect-dispatch output - source compiled test

		=== libjava Summary ===

# of expected passes		2570
# of unexpected failures	4
		=== libmudflap tests ===


Running target unix
FAIL: libmudflap.c/fail31-frag.c (-O3) output pattern test
FAIL: libmudflap.c/pass45-frag.c (-O3) execution test
FAIL: libmudflap.c/pass45-frag.c (-O3) output pattern test
FAIL: libmudflap.c/pass45-frag.c (-O3) execution test
FAIL: libmudflap.c/pass45-frag.c (-O3) output pattern test
FAIL: libmudflap.c++/pass41-frag.cxx execution test
FAIL: libmudflap.c++/pass41-frag.cxx (-static) execution test
FAIL: libmudflap.c++/pass41-frag.cxx ( -O) execution test
FAIL: libmudflap.c++/pass41-frag.cxx (-O2) execution test
FAIL: libmudflap.c++/pass41-frag.cxx (-O3) execution test

		=== libmudflap Summary ===

# of expected passes		1884
# of unexpected failures	10
		=== libstdc++ tests ===


Running target unix
FAIL: abi_check
XPASS: 26_numerics/headers/cmath/c99_classification_macros_c.cc (test for excess errors)

		=== libstdc++ Summary ===

# of expected passes		6244
# of unexpected failures	1
# of unexpected successes	1
# of expected failures		84
# of unsupported tests		334

Compiler version: 4.5.0 20090718 (experimental) (GCC) 
Platform: x86_64-unknown-linux-gnu
configure flags: --prefix=/usr/local/google/homedirs/dnovillo/perf/sbox/gcc/local.x86_64/inst --srcdir=/usr/local/google/homedirs/dnovillo/perf/sbox/gcc/local.x86_64/src --with-gmp=/usr/local/google/homedirs/dnovillo/x86_64 --with-mpfr=/usr/local/google/homedirs/dnovillo/x86_64 --enable-build-with-cxx


Index Nav: [Date Index] [Subject Index] [Author Index] [Thread Index]
Message Nav: [Date Prev] [Date Next] [Thread Prev] [Thread Next]