This is the mail archive of the
gcc-testresults@gcc.gnu.org
mailing list for the GCC project.
Results for 4.5.0 20090713 (GCC) testsuite on sparc64-sun-solaris2.10
- From: botcazou at ACT-Europe dot FR (Eric Botcazou)
- To: gcc-testresults at gcc dot gnu dot org
- Date: Tue, 14 Jul 2009 14:38:49 +0200 (CEST)
- Subject: Results for 4.5.0 20090713 (GCC) testsuite on sparc64-sun-solaris2.10
=== acats tests ===
=== acats Summary ===
# of expected passes 2315
# of unexpected failures 0
Native configuration is sparc64-sun-solaris2.10
=== g++ tests ===
Running target unix
XPASS: g++.dg/other/ucnid-1.C (test for excess errors)
XPASS: g++.old-deja/g++.other/init19.C execution test
=== g++ Summary ===
# of expected passes 19510
# of unexpected successes 2
# of expected failures 149
# of unsupported tests 199
/nfs/nile/nile.build/botcazou/gcc-head/sparc64-sun-solaris2.10/gcc/testsuite/g++/../../g++ version 4.5.0 20090713 for GNAT Pro 6.3.0w (20090712) (GCC)
=== gcc tests ===
Running target unix
FAIL: gcc.dg/cpp/trad/include.c (internal compiler error)
FAIL: gcc.dg/cpp/trad/include.c (test for excess errors)
FAIL: gcc.dg/20020425-1.c (test for excess errors)
FAIL: gcc.dg/20090709-1.c scan-assembler-times .LC0 3
XPASS: gcc.dg/Warray-bounds.c (test for warnings, line 59)
XPASS: gcc.dg/Warray-bounds.c (test for warnings, line 65)
FAIL: gcc.dg/Wshadow-3.c (test for warnings, line 47)
FAIL: gcc.dg/Wshadow-3.c (test for excess errors)
XPASS: gcc.dg/Wunreachable-8.c (test for bogus messages, line 7)
FAIL: gcc.dg/pr34989-1.c (internal compiler error)
FAIL: gcc.dg/pr34989-1.c (test for excess errors)
FAIL: gcc.dg/pr36902.c (test for warnings, line 47)
FAIL: gcc.dg/pr36902.c (test for excess errors)
XPASS: gcc.dg/ucnid-11.c (test for excess errors)
XPASS: gcc.dg/ucnid-12.c (test for excess errors)
XPASS: gcc.dg/ucnid-2.c (test for excess errors)
XPASS: gcc.dg/ucnid-3.c (test for excess errors)
XPASS: gcc.dg/ucnid-4.c (test for excess errors)
FAIL: largefile.c -O0 -g -I. (test for excess errors)
FAIL: gcc.dg/pch/largefile.c -O0 -g assembly comparison
FAIL: largefile.c -O0 -I. (test for excess errors)
FAIL: gcc.dg/pch/largefile.c -O0 assembly comparison
FAIL: largefile.c -O1 -I. (test for excess errors)
FAIL: gcc.dg/pch/largefile.c -O1 assembly comparison
FAIL: largefile.c -O2 -I. (test for excess errors)
FAIL: gcc.dg/pch/largefile.c -O2 assembly comparison
FAIL: largefile.c -O3 -fomit-frame-pointer -I. (test for excess errors)
FAIL: gcc.dg/pch/largefile.c -O3 -fomit-frame-pointer assembly comparison
FAIL: largefile.c -O3 -g -I. (test for excess errors)
FAIL: gcc.dg/pch/largefile.c -O3 -g assembly comparison
FAIL: largefile.c -Os -I. (test for excess errors)
FAIL: gcc.dg/pch/largefile.c -Os assembly comparison
XPASS: gcc.dg/struct/wo_prof_array_through_pointer.c scan-ipa-dump ipa_struct_reorg "Number of structures to transform is 1"
FAIL: gcc.dg/struct/wo_prof_double_malloc.c (internal compiler error)
FAIL: gcc.dg/struct/wo_prof_double_malloc.c (test for excess errors)
WARNING: gcc.dg/struct/wo_prof_double_malloc.c compilation failed to produce executable
FAIL: gcc.dg/torture/pr26565.c -O1 execution test
FAIL: gcc.dg/torture/pr26565.c -O2 execution test
FAIL: gcc.dg/torture/pr26565.c -Os execution test
=== gcc Summary ===
# of expected passes 52505
# of unexpected failures 29
# of unexpected successes 9
# of expected failures 186
# of unsupported tests 775
/nfs/nile/nile.build/botcazou/gcc-head/sparc64-sun-solaris2.10/gcc/xgcc version 4.5.0 20090713 for GNAT Pro 6.3.0w (20090712) (GCC)
=== gfortran tests ===
Running target unix
=== gfortran Summary ===
# of expected passes 31302
# of expected failures 15
# of unsupported tests 61
/nfs/nile/nile.build/botcazou/gcc-head/sparc64-sun-solaris2.10/gcc/testsuite/gfortran/../../gfortran version 4.5.0 20090713 for GNAT Pro 6.3.0w (20090712) (GCC)
=== gnat tests ===
Running target unix
=== gnat Summary ===
# of expected passes 682
# of expected failures 5
=== obj-c++ tests ===
Running target unix
WARNING: obj-c++.dg/lookup-2.mm compilation failed to produce executable
WARNING: obj-c++.dg/try-catch-2.mm compilation failed to produce executable
WARNING: obj-c++.dg/try-catch-9.mm compilation failed to produce executable
=== obj-c++ Summary ===
# of expected passes 427
# of expected failures 21
# of unsupported tests 13
/nfs/nile/nile.build/botcazou/gcc-head/sparc64-sun-solaris2.10/gcc/testsuite/obj-c++/../../g++ version 4.5.0 20090713 for GNAT Pro 6.3.0w (20090712) (GCC)
=== objc tests ===
Running target unix
FAIL: objc/execute/forward-1.m execution, -O0 -fgnu-runtime
FAIL: objc/execute/forward-1.m execution, -O1 -fgnu-runtime
FAIL: objc/execute/forward-1.m execution, -O2 -fgnu-runtime
FAIL: objc/execute/forward-1.m execution, -O3 -fomit-frame-pointer -fgnu-runtime
FAIL: objc/execute/forward-1.m execution, -O3 -fomit-frame-pointer -funroll-loops -fgnu-runtime
FAIL: objc/execute/forward-1.m execution, -O3 -fomit-frame-pointer -funroll-all-loops -finline-functions -fgnu-runtime
FAIL: objc/execute/forward-1.m execution, -O3 -g -fgnu-runtime
FAIL: objc/execute/forward-1.m execution, -Os -fgnu-runtime
=== objc Summary ===
# of expected passes 1867
# of unexpected failures 8
# of expected failures 7
# of unsupported tests 24
/nfs/nile/nile.build/botcazou/gcc-head/sparc64-sun-solaris2.10/gcc/xgcc version 4.5.0 20090713 for GNAT Pro 6.3.0w (20090712) (GCC)
=== libgomp tests ===
Running target unix
=== libgomp Summary ===
# of expected passes 2404
# of unsupported tests 2
=== libstdc++ tests ===
Running target unix
FAIL: 18_support/headers/exception/synopsis.cc (test for excess errors)
FAIL: 23_containers/list/modifiers/swap/1.cc execution test
XPASS: 27_io/basic_istream/extractors_arithmetic/char/12.cc execution test
XPASS: 27_io/basic_istream/extractors_arithmetic/wchar_t/12.cc execution test
FAIL: ext/array_allocator/check_delete.cc (test for excess errors)
WARNING: ext/array_allocator/check_delete.cc compilation failed to produce executable
FAIL: ext/array_allocator/check_new.cc (test for excess errors)
WARNING: ext/array_allocator/check_new.cc compilation failed to produce executable
FAIL: ext/bitmap_allocator/check_delete.cc (test for excess errors)
WARNING: ext/bitmap_allocator/check_delete.cc compilation failed to produce executable
FAIL: ext/bitmap_allocator/check_new.cc (test for excess errors)
WARNING: ext/bitmap_allocator/check_new.cc compilation failed to produce executable
FAIL: ext/malloc_allocator/check_delete.cc (test for excess errors)
WARNING: ext/malloc_allocator/check_delete.cc compilation failed to produce executable
FAIL: ext/malloc_allocator/check_new.cc (test for excess errors)
WARNING: ext/malloc_allocator/check_new.cc compilation failed to produce executable
FAIL: ext/malloc_allocator/deallocate_local.cc (test for excess errors)
WARNING: ext/malloc_allocator/deallocate_local.cc compilation failed to produce executable
FAIL: ext/mt_allocator/check_delete.cc (test for excess errors)
WARNING: ext/mt_allocator/check_delete.cc compilation failed to produce executable
FAIL: ext/mt_allocator/check_new.cc (test for excess errors)
WARNING: ext/mt_allocator/check_new.cc compilation failed to produce executable
FAIL: ext/new_allocator/check_delete.cc (test for excess errors)
WARNING: ext/new_allocator/check_delete.cc compilation failed to produce executable
FAIL: ext/new_allocator/check_new.cc (test for excess errors)
WARNING: ext/new_allocator/check_new.cc compilation failed to produce executable
FAIL: ext/new_allocator/deallocate_global.cc (test for excess errors)
WARNING: ext/new_allocator/deallocate_global.cc compilation failed to produce executable
FAIL: ext/new_allocator/deallocate_local.cc (test for excess errors)
WARNING: ext/new_allocator/deallocate_local.cc compilation failed to produce executable
FAIL: ext/pool_allocator/check_delete.cc (test for excess errors)
WARNING: ext/pool_allocator/check_delete.cc compilation failed to produce executable
FAIL: ext/pool_allocator/check_new.cc (test for excess errors)
WARNING: ext/pool_allocator/check_new.cc compilation failed to produce executable
FAIL: ext/throw_allocator/deallocate_global.cc execution test
=== libstdc++ Summary ===
# of expected passes 5715
# of unexpected failures 18
# of unexpected successes 2
# of expected failures 80
# of unsupported tests 587
=== libstdc++ Summary ===
Compiler version: 4.5.0 20090713 for GNAT Pro 6.3.0w (20090712) (GCC)
Platform: sparc64-sun-solaris2.10
configure flags: --build=sparc64-sun-solaris2.10 --prefix=/nile.build/botcazou/gcc-head/install_sparc64 --with-as=/nile.build/botcazou/gcc-head/install_sparc64/bin/as --with-gmp=/nile.build/botcazou/gcc-head/install_sparc64 --with-gmp-lib=/nile.build/botcazou/gcc-head/install_sparc64/lib/sparcv9 --with-mpfr=/nile.build/botcazou/gcc-head/install_sparc64 --with-mpfr-lib=/nile.build/botcazou/gcc-head/install_sparc64/lib/sparcv9 --enable-languages=c,c++,objc,obj-c++,fortran,ada --disable-libstdcxx-pch --disable-nls
BOOT_CFLAGS=-g -O2