This is the mail archive of the gcc-testresults@gcc.gnu.org mailing list for the GCC project.


Index Nav: [Date Index] [Subject Index] [Author Index] [Thread Index]
Message Nav: [Date Prev] [Date Next] [Thread Prev] [Thread Next]
Other format: [Raw text]

Results for 4.4.1 20090713 (prerelease) [gcc-4_4-branch revision 149545] (GCC) testsuite on x86_64-unknown-linux-gnu


LAST_UPDATED: Mon Jul 13 07:10:55 UTC 2009 (revision 149545)

Native configuration is x86_64-unknown-linux-gnu

		=== g++ tests ===


Running target unix/-m32
FAIL: g++.old-deja/g++.law/weak.C (test for excess errors)

		=== g++ Summary for unix/-m32 ===

# of expected passes		6803
# of unexpected failures	1
# of expected failures		30
# of unsupported tests		10

Running target unix
FAIL: g++.old-deja/g++.law/weak.C (test for excess errors)

		=== g++ Summary for unix ===

# of expected passes		6756
# of unexpected failures	1
# of expected failures		30
# of unsupported tests		20

		=== g++ Summary ===

# of expected passes		39347
# of unexpected failures	2
# of expected failures		312
# of unsupported tests		348
/export/gnu/import/svn/gcc-test/bld/gcc/testsuite/g++/../../g++  version 4.4.1 20090713 (prerelease) [gcc-4_4-branch revision 149545] (GCC) 

		=== gcc tests ===


Running target unix/-m32
FAIL: gcc.dg/special/gcsec-1.c (test for excess errors)
WARNING: gcc.dg/special/gcsec-1.c compilation failed to produce executable

		=== gcc Summary for unix/-m32 ===


Running target unix
FAIL: gcc.dg/special/gcsec-1.c (test for excess errors)
WARNING: gcc.dg/special/gcsec-1.c compilation failed to produce executable
FAIL: gcc.dg/tree-prof/bb-reorg.c compilation,  -fprofile-use -D_PROFILE_USE
UNRESOLVED: gcc.dg/tree-prof/bb-reorg.c execution,    -fprofile-use -D_PROFILE_USE
FAIL: gcc.dg/tree-prof/pr34999.c compilation,  -fprofile-use -D_PROFILE_USE
UNRESOLVED: gcc.dg/tree-prof/pr34999.c execution,    -fprofile-use -D_PROFILE_USE

		=== gcc Summary for unix ===


		=== gcc Summary ===

# of expected passes		113716
# of unexpected failures	4
# of expected failures		377
# of unresolved testcases	2
# of unsupported tests		1160
/export/gnu/import/svn/gcc-test/bld/gcc/xgcc  version 4.4.1 20090713 (prerelease) [gcc-4_4-branch revision 149545] (GCC) 

		=== gfortran tests ===


Running target unix/-m32

		=== gfortran Summary for unix/-m32 ===

# of expected passes		3996

Running target unix

		=== gfortran Summary for unix ===

# of expected passes		3996

		=== gfortran Summary ===

# of expected passes		59065
# of expected failures		20
# of unsupported tests		165
/export/gnu/import/svn/gcc-test/bld/gcc/testsuite/gfortran/../../gfortran  version 4.4.1 20090713 (prerelease) [gcc-4_4-branch revision 149545] (GCC) 

		=== objc tests ===


Running target unix/-m32

		=== objc Summary for unix/-m32 ===

# of expected passes		2

Running target unix

		=== objc Summary for unix ===

# of expected passes		2

		=== objc Summary ===

# of expected passes		3740
# of expected failures		22
# of unsupported tests		48
/export/gnu/import/svn/gcc-test/bld/gcc/xgcc  version 4.4.1 20090713 (prerelease) [gcc-4_4-branch revision 149545] (GCC) 

		=== libffi tests ===


Running target unix/-m32

		=== libffi Summary for unix/-m32 ===

# of expected passes		24

Running target unix

		=== libffi Summary for unix ===

# of expected passes		24

		=== libffi Summary ===

# of expected passes		2778
# of unsupported tests		20
		=== libgomp tests ===


Running target unix/-m32

		=== libgomp Summary for unix/-m32 ===

# of expected passes		1399

Running target unix

		=== libgomp Summary for unix ===

# of expected passes		1399

		=== libgomp Summary ===

# of expected passes		4812
		=== libjava tests ===


Running target unix/-m32

		=== libjava Summary for unix/-m32 ===


Running target unix

		=== libjava Summary for unix ===


		=== libjava Summary ===

# of expected passes		5148
		=== libmudflap tests ===


Running target unix/-m32
FAIL: libmudflap.c++/pass41-frag.cxx execution test
FAIL: libmudflap.c++/pass41-frag.cxx (-O2) execution test
FAIL: libmudflap.c++/pass41-frag.cxx (-O3) execution test
FAIL: libmudflap.cth/pass39-frag.c (-O3) (rerun 17) execution test
FAIL: libmudflap.cth/pass39-frag.c (-O3) (rerun 17) output pattern test

		=== libmudflap Summary for unix/-m32 ===

# of expected passes		262
# of unexpected failures	2

Running target unix
FAIL: libmudflap.c++/pass41-frag.cxx execution test
FAIL: libmudflap.c++/pass41-frag.cxx (-O2) execution test
FAIL: libmudflap.c++/pass41-frag.cxx (-O3) execution test

		=== libmudflap Summary for unix ===

# of expected passes		264

		=== libmudflap Summary ===

# of expected passes		2846
# of unexpected failures	8
		=== libstdc++ tests ===


Running target unix/-m32
XPASS: 26_numerics/headers/cmath/c99_classification_macros_c.cc (test for excess errors)
XPASS: 29_atomics/atomic_address/cons/aggregate.cc (test for excess errors)
WARNING: program timed out.
FAIL: 30_threads/timed_mutex/try_lock_for/3.cc execution test

		=== libstdc++ Summary for unix/-m32 ===

# of expected passes		6501
# of unexpected failures	1
# of unexpected successes	2
# of expected failures		79
# of unsupported tests		18

Running target unix
XPASS: 26_numerics/headers/cmath/c99_classification_macros_c.cc (test for excess errors)
XPASS: 29_atomics/atomic_address/cons/aggregate.cc (test for excess errors)

		=== libstdc++ Summary for unix ===

# of expected passes		6511
# of unexpected successes	2
# of expected failures		79
# of unsupported tests		13

		=== libstdc++ Summary ===

# of expected passes		13014
# of unexpected failures	1
# of unexpected successes	4
# of expected failures		158
# of unsupported tests		31

Compiler version: 4.4.1 20090713 (prerelease) [gcc-4_4-branch revision 149545] (GCC) 
Platform: x86_64-unknown-linux-gnu
configure flags: --enable-clocale=gnu --with-system-zlib --enable-shared --with-demangler-in-ld


Index Nav: [Date Index] [Subject Index] [Author Index] [Thread Index]
Message Nav: [Date Prev] [Date Next] [Thread Prev] [Thread Next]