This is the mail archive of the gcc-testresults@gcc.gnu.org mailing list for the GCC project.


Index Nav: [Date Index] [Subject Index] [Author Index] [Thread Index]
Message Nav: [Date Prev] [Date Next] [Thread Prev] [Thread Next]
Other format: [Raw text]

Results for 4.5.0 20090711 (experimental) (GCC) g++ testsuite on x86_64-w64-mingw32


Target is x86_64-w64-mingw32
Host   is x86_64-unknown-linux-gnu

		=== g++ tests ===


Running target mingw
FAIL: g++.dg/bprob/g++-bprob-1.C execution: file g++-bprob-1.gcda does not exist,  -g  -fprofile-arcs
UNRESOLVED: g++.dg/bprob/g++-bprob-1.C compilation,  -g  -fprofile-use
UNRESOLVED: g++.dg/bprob/g++-bprob-1.C execution,    -g  -fprofile-use
FAIL: g++.dg/bprob/g++-bprob-1.C execution: file g++-bprob-1.gcda does not exist,  -O0  -fprofile-arcs
UNRESOLVED: g++.dg/bprob/g++-bprob-1.C compilation,  -O0  -fprofile-use
UNRESOLVED: g++.dg/bprob/g++-bprob-1.C execution,    -O0  -fprofile-use
FAIL: g++.dg/bprob/g++-bprob-1.C execution: file g++-bprob-1.gcda does not exist,  -O1  -fprofile-arcs
UNRESOLVED: g++.dg/bprob/g++-bprob-1.C compilation,  -O1  -fprofile-use
UNRESOLVED: g++.dg/bprob/g++-bprob-1.C execution,    -O1  -fprofile-use
FAIL: g++.dg/bprob/g++-bprob-1.C execution: file g++-bprob-1.gcda does not exist,  -O2  -fprofile-arcs
UNRESOLVED: g++.dg/bprob/g++-bprob-1.C compilation,  -O2  -fprofile-use
UNRESOLVED: g++.dg/bprob/g++-bprob-1.C execution,    -O2  -fprofile-use
FAIL: g++.dg/bprob/g++-bprob-1.C execution: file g++-bprob-1.gcda does not exist,  -O3  -fprofile-arcs
UNRESOLVED: g++.dg/bprob/g++-bprob-1.C compilation,  -O3  -fprofile-use
UNRESOLVED: g++.dg/bprob/g++-bprob-1.C execution,    -O3  -fprofile-use
FAIL: g++.dg/bprob/g++-bprob-1.C execution: file g++-bprob-1.gcda does not exist,  -O3 -g  -fprofile-arcs
UNRESOLVED: g++.dg/bprob/g++-bprob-1.C compilation,  -O3 -g  -fprofile-use
UNRESOLVED: g++.dg/bprob/g++-bprob-1.C execution,    -O3 -g  -fprofile-use
FAIL: g++.dg/bprob/g++-bprob-1.C execution: file g++-bprob-1.gcda does not exist,  -Os  -fprofile-arcs
UNRESOLVED: g++.dg/bprob/g++-bprob-1.C compilation,  -Os  -fprofile-use
UNRESOLVED: g++.dg/bprob/g++-bprob-1.C execution,    -Os  -fprofile-use
FAIL: g++.dg/bprob/g++-bprob-2.C execution: file g++-bprob-2.gcda does not exist,  -g  -fprofile-arcs
UNRESOLVED: g++.dg/bprob/g++-bprob-2.C compilation,  -g  -fprofile-use
UNRESOLVED: g++.dg/bprob/g++-bprob-2.C execution,    -g  -fprofile-use
FAIL: g++.dg/bprob/g++-bprob-2.C execution: file g++-bprob-2.gcda does not exist,  -O0  -fprofile-arcs
UNRESOLVED: g++.dg/bprob/g++-bprob-2.C compilation,  -O0  -fprofile-use
UNRESOLVED: g++.dg/bprob/g++-bprob-2.C execution,    -O0  -fprofile-use
FAIL: g++.dg/bprob/g++-bprob-2.C execution: file g++-bprob-2.gcda does not exist,  -O1  -fprofile-arcs
UNRESOLVED: g++.dg/bprob/g++-bprob-2.C compilation,  -O1  -fprofile-use
UNRESOLVED: g++.dg/bprob/g++-bprob-2.C execution,    -O1  -fprofile-use
FAIL: g++.dg/bprob/g++-bprob-2.C execution: file g++-bprob-2.gcda does not exist,  -O2  -fprofile-arcs
UNRESOLVED: g++.dg/bprob/g++-bprob-2.C compilation,  -O2  -fprofile-use
UNRESOLVED: g++.dg/bprob/g++-bprob-2.C execution,    -O2  -fprofile-use
FAIL: g++.dg/bprob/g++-bprob-2.C execution: file g++-bprob-2.gcda does not exist,  -O3  -fprofile-arcs
UNRESOLVED: g++.dg/bprob/g++-bprob-2.C compilation,  -O3  -fprofile-use
UNRESOLVED: g++.dg/bprob/g++-bprob-2.C execution,    -O3  -fprofile-use
FAIL: g++.dg/bprob/g++-bprob-2.C execution: file g++-bprob-2.gcda does not exist,  -O3 -g  -fprofile-arcs
UNRESOLVED: g++.dg/bprob/g++-bprob-2.C compilation,  -O3 -g  -fprofile-use
UNRESOLVED: g++.dg/bprob/g++-bprob-2.C execution,    -O3 -g  -fprofile-use
FAIL: g++.dg/bprob/g++-bprob-2.C execution: file g++-bprob-2.gcda does not exist,  -Os  -fprofile-arcs
UNRESOLVED: g++.dg/bprob/g++-bprob-2.C compilation,  -Os  -fprofile-use
UNRESOLVED: g++.dg/bprob/g++-bprob-2.C execution,    -Os  -fprofile-use
WARNING: program timed out.
FAIL: g++.dg/compat/eh/ctor1 cp_compat_x_tst.o-cp_compat_y_tst.o execute 
WARNING: program timed out.
FAIL: g++.dg/compat/eh/ctor2 cp_compat_x_tst.o-cp_compat_y_tst.o execute 
WARNING: program timed out.
FAIL: g++.dg/compat/eh/dtor1 cp_compat_x_tst.o-cp_compat_y_tst.o execute 
WARNING: program timed out.
FAIL: g++.dg/compat/eh/filter1 cp_compat_x_tst.o-cp_compat_y_tst.o execute 
WARNING: program timed out.
FAIL: g++.dg/compat/eh/filter2 cp_compat_x_tst.o-cp_compat_y_tst.o execute 
WARNING: program timed out.
FAIL: g++.dg/compat/eh/new1 cp_compat_x_tst.o-cp_compat_y_tst.o execute 
WARNING: program timed out.
FAIL: g++.dg/compat/eh/nrv1 cp_compat_x_tst.o-cp_compat_y_tst.o execute 
WARNING: program timed out.
FAIL: g++.dg/compat/eh/spec3 cp_compat_x_tst.o-cp_compat_y_tst.o execute 
WARNING: program timed out.
FAIL: g++.dg/compat/eh/template1 cp_compat_x_tst.o-cp_compat_y_tst.o execute 
WARNING: program timed out.
FAIL: g++.dg/compat/eh/unexpected1 cp_compat_x_tst.o-cp_compat_y_tst.o execute 
WARNING: program timed out.
FAIL: g++.dg/compat/init/array5 cp_compat_x_tst.o-cp_compat_y_tst.o execute 
WARNING: program timed out.
FAIL: g++.dg/compat/init/byval1 cp_compat_x_tst.o-cp_compat_y_tst.o execute 
WARNING: program timed out.
FAIL: g++.dg/compat/init/dtor1 cp_compat_x_tst.o-cp_compat_y_tst.o execute 
WARNING: program timed out.
FAIL: g++.dg/compat/init/elide1 cp_compat_x_tst.o-cp_compat_y_tst.o execute 
WARNING: program timed out.
FAIL: g++.dg/compat/init/init-ref2 cp_compat_x_tst.o-cp_compat_y_tst.o execute 
WARNING: program timed out.
FAIL: g++.dg/abi/covariant3.C execution test
WARNING: program timed out.
FAIL: g++.dg/abi/covariant4.C execution test
WARNING: program timed out.
FAIL: g++.dg/abi/local1.C execution test
WARNING: program timed out.
FAIL: g++.dg/abi/rtti2.C execution test
FAIL: g++.dg/abi/rtti3.C scan-assembler .weak[ \\t]_?_ZTSPP1A
FAIL: g++.dg/abi/thunk4.C scan-assembler .weak[ \\t]_?_ZThn._N7Derived3FooEv
WARNING: program timed out.
FAIL: g++.dg/cpp0x/auto10.C execution test
WARNING: program timed out.
FAIL: g++.dg/cpp0x/auto2.C execution test
WARNING: program timed out.
FAIL: g++.dg/cpp0x/initlist18.C execution test
WARNING: program timed out.
FAIL: g++.dg/cpp0x/rvo.C execution test
WARNING: program timed out.
FAIL: g++.dg/cpp0x/variadic-function.C execution test
WARNING: program timed out.
FAIL: g++.dg/cpp0x/variadic-tuple.C execution test
WARNING: program timed out.
FAIL: g++.dg/cpp0x/variadic73.C execution test
WARNING: program timed out.
FAIL: g++.dg/eh/alias1.C execution test
WARNING: program timed out.
FAIL: g++.dg/eh/cond1.C execution test
WARNING: program timed out.
FAIL: g++.dg/eh/crossjump1.C execution test
WARNING: program timed out.
FAIL: g++.dg/eh/ctor1.C execution test
WARNING: program timed out.
FAIL: g++.dg/eh/ctor2.C execution test
WARNING: program timed out.
FAIL: g++.dg/eh/delayslot1.C execution test
WARNING: program timed out.
FAIL: g++.dg/eh/dtor1.C execution test
WARNING: program timed out.
FAIL: g++.dg/eh/ehopt1.C execution test
WARNING: program timed out.
FAIL: g++.dg/eh/elide1.C execution test
WARNING: program timed out.
FAIL: g++.dg/eh/elide2.C execution test
WARNING: program timed out.
FAIL: g++.dg/eh/filter1.C execution test
WARNING: program timed out.
FAIL: g++.dg/eh/filter2.C execution test
WARNING: program timed out.
FAIL: g++.dg/eh/forced1.C execution test
WARNING: program timed out.
FAIL: g++.dg/eh/forced2.C execution test
WARNING: program timed out.
FAIL: g++.dg/eh/forced3.C execution test
WARNING: program timed out.
FAIL: g++.dg/eh/forced4.C execution test
WARNING: program timed out.
FAIL: g++.dg/eh/fp-regs.C execution test
WARNING: program timed out.
FAIL: g++.dg/eh/ia64-2.C execution test
WARNING: program timed out.
FAIL: g++.dg/eh/loop1.C execution test
WARNING: program timed out.
FAIL: g++.dg/eh/loop2.C execution test
WARNING: program timed out.
FAIL: g++.dg/eh/new1.C execution test
WARNING: program timed out.
FAIL: g++.dg/eh/omit-frame-pointer.C execution test
WARNING: program timed out.
FAIL: g++.dg/eh/omit-frame-pointer2.C execution test
WARNING: program timed out.
FAIL: g++.dg/eh/pr29166.C execution test
WARNING: program timed out.
FAIL: g++.dg/eh/registers1.C execution test
WARNING: program timed out.
FAIL: g++.dg/eh/scope1.C execution test
WARNING: program timed out.
FAIL: g++.dg/eh/simd-1.C execution test
WARNING: program timed out.
FAIL: g++.dg/eh/simd-2.C execution test
WARNING: program timed out.
FAIL: g++.dg/eh/simd-3.C execution test
WARNING: program timed out.
FAIL: g++.dg/eh/spbp.C execution test
WARNING: program timed out.
FAIL: g++.dg/eh/spec3.C execution test
WARNING: program timed out.
FAIL: g++.dg/eh/spec7.C execution test
WARNING: program timed out.
FAIL: g++.dg/eh/spec9.C execution test
WARNING: program timed out.
FAIL: g++.dg/eh/synth2.C execution test
WARNING: program timed out.
FAIL: g++.dg/eh/template1.C execution test
WARNING: program timed out.
FAIL: g++.dg/eh/uncaught1.C execution test
WARNING: program timed out.
FAIL: g++.dg/eh/unexpected1.C execution test
UNRESOLVED: g++.dg/expr/cond1.C execution test
WARNING: program timed out.
FAIL: g++.dg/expr/pr29066.C execution test
WARNING: program timed out.
FAIL: g++.dg/ext/cleanup-5.C execution test
WARNING: program timed out.
FAIL: g++.dg/ext/label3.C execution test
WARNING: program timed out.
FAIL: g++.dg/ext/pretty2.C execution test
WARNING: program timed out.
FAIL: g++.dg/ext/stmtexpr1.C execution test
WARNING: program timed out.
FAIL: g++.dg/ext/stmtexpr2.C execution test
WARNING: program timed out.
FAIL: g++.dg/inherit/covariant1.C execution test
UNRESOLVED: g++.dg/inherit/covariant3.C execution test
UNRESOLVED: g++.dg/inherit/covariant4.C execution test
WARNING: program timed out.
FAIL: g++.dg/inherit/thunk1.C execution test
WARNING: program timed out.
FAIL: g++.dg/inherit/thunk10.C execution test
WARNING: program timed out.
FAIL: g++.dg/init/array12.C execution test
WARNING: program timed out.
FAIL: g++.dg/init/array16.C execution test
WARNING: program timed out.
FAIL: g++.dg/init/array5.C execution test
WARNING: program timed out.
UNRESOLVED: g++.dg/init/copy7.C execution test
UNRESOLVED: g++.dg/init/ctor1.C execution test
UNRESOLVED: g++.dg/init/ctor2.C execution test
WARNING: program timed out.
FAIL: g++.dg/init/delete2.C execution test
UNRESOLVED: g++.dg/init/dtor1.C execution test
UNRESOLVED: g++.dg/init/elide1.C execution test
UNRESOLVED: g++.dg/init/elide2.C execution test
WARNING: program timed out.
FAIL: g++.dg/init/init-ref2.C execution test
WARNING: program timed out.
FAIL: g++.dg/init/new11.C execution test
WARNING: program timed out.
FAIL: g++.dg/init/new23.C execution test
WARNING: program timed out.
FAIL: g++.dg/init/new5.C execution test
WARNING: program timed out.
FAIL: g++.dg/init/placement2.C execution test
WARNING: program timed out.
FAIL: g++.dg/init/ref9.C execution test
WARNING: program timed out.
FAIL: g++.dg/init/value3.C execution test
WARNING: program timed out.
FAIL: g++.dg/init/vector1.C execution test
UNRESOLVED: g++.dg/lookup/template1.C execution test
UNRESOLVED: g++.dg/opt/alias1.C execution test
WARNING: program timed out.
FAIL: g++.dg/opt/alias4.C execution test
WARNING: program timed out.
FAIL: g++.dg/opt/anchor1.C execution test
WARNING: program timed out.
FAIL: g++.dg/opt/cleanup1.C execution test
UNRESOLVED: g++.dg/opt/cond1.C execution test
WARNING: program timed out.
FAIL: g++.dg/opt/const1.C execution test
UNRESOLVED: g++.dg/opt/covariant1.C execution test
UNRESOLVED: g++.dg/opt/dtor1.C execution test
WARNING: program timed out.
FAIL: g++.dg/opt/eh2.C execution test
WARNING: program timed out.
FAIL: g++.dg/opt/eh3.C execution test
UNRESOLVED: g++.dg/opt/loop1.C execution test
WARNING: program timed out.
FAIL: g++.dg/opt/nrv10.C execution test
WARNING: program timed out.
FAIL: g++.dg/opt/pr15054-2.C execution test
WARNING: program timed out.
FAIL: g++.dg/opt/pr15054.C execution test
WARNING: program timed out.
FAIL: g++.dg/opt/pr15551.C execution test
WARNING: program timed out.
FAIL: g++.dg/opt/pr22167.C execution test
WARNING: program timed out.
FAIL: g++.dg/opt/pr23299.C execution test
WARNING: program timed out.
FAIL: g++.dg/opt/pr23478.C execution test
WARNING: program timed out.
FAIL: g++.dg/opt/pr36185.C execution test
WARNING: program timed out.
FAIL: g++.dg/opt/pr36449.C execution test
WARNING: program timed out.
FAIL: g++.dg/opt/preinc1.C execution test
WARNING: program timed out.
FAIL: g++.dg/opt/reg-stack.C execution test
WARNING: program timed out.
FAIL: g++.dg/opt/stack1.C execution test
WARNING: program timed out.
FAIL: g++.dg/opt/static5.C execution test
UNRESOLVED: g++.dg/opt/thunk1.C execution test
WARNING: program timed out.
FAIL: g++.dg/opt/thunk2.C execution test
WARNING: program timed out.
FAIL: g++.dg/opt/tmp1.C execution test
WARNING: program timed out.
FAIL: g++.dg/opt/unroll1.C execution test
WARNING: program timed out.
FAIL: g++.dg/other/array4.C execution test
FAIL: g++.dg/other/i386-2.C (test for excess errors)
FAIL: g++.dg/other/i386-3.C (test for excess errors)
FAIL: g++.dg/other/i386-5.C (test for excess errors)
FAIL: g++.dg/other/i386-6.C (test for excess errors)
FAIL: g++.dg/other/large-size-array.C  (test for errors, line 19)
FAIL: g++.dg/other/large-size-array.C  (test for errors, line 20)
FAIL: g++.dg/other/pr25632.C (test for excess errors)
WARNING: program timed out.
FAIL: g++.dg/other/profile1.C execution test
WARNING: program timed out.
FAIL: g++.dg/rtti/dyncast2.C execution test
WARNING: program timed out.
FAIL: g++.dg/rtti/dyncast3.C execution test
WARNING: program timed out.
FAIL: g++.dg/rtti/typeid2.C execution test
WARNING: program timed out.
FAIL: g++.dg/rtti/typeid4.C execution test
WARNING: program timed out.
FAIL: g++.dg/tc1/dr193.C execution test
WARNING: program timed out.
FAIL: g++.dg/tc1/dr20.C execution test
UNRESOLVED: g++.dg/template/const1.C execution test
UNRESOLVED: g++.dg/template/ctor2.C execution test
WARNING: program timed out.
FAIL: g++.dg/template/friend10.C execution test
UNRESOLVED: g++.dg/template/new1.C execution test
WARNING: program timed out.
FAIL: g++.dg/template/overload7.C execution test
FAIL: g++.dg/template/spec35.C scan-assembler .weak(_definition)?[\\t ]*_?_Z2f2IiEvT_
WARNING: program timed out.
FAIL: g++.dg/tree-ssa/20040317-1.C execution test
WARNING: program timed out.
FAIL: g++.dg/tree-ssa/pr19786.C execution test
WARNING: program timed out.
FAIL: g++.dg/tree-ssa/pr20458.C execution test
FAIL: g++.dg/tree-ssa/pr21082.C (test for excess errors)
FAIL: g++.dg/tree-ssa/tmmti-2.C scan-tree-dump optimized "b\\[.*i.*\\].x"
FAIL: g++.dg/warn/pr13358-2.C (test for excess errors)
FAIL: g++.dg/warn/pr13358-4.C (test for excess errors)
WARNING: program timed out.
FAIL: g++.dg/torture/pr30252.C  -O0  execution test
UNRESOLVED: g++.dg/torture/pr30252.C  -O1  execution test
UNRESOLVED: g++.dg/torture/pr30252.C  -O2  execution test
UNRESOLVED: g++.dg/torture/pr30252.C  -O3 -fomit-frame-pointer  execution test
UNRESOLVED: g++.dg/torture/pr30252.C  -O3 -g  execution test
UNRESOLVED: g++.dg/torture/pr30252.C  -Os  execution test
WARNING: program timed out.
FAIL: g++.dg/torture/pr33572.C  -O0  execution test
UNRESOLVED: g++.dg/torture/pr33572.C  -O1  execution test
UNRESOLVED: g++.dg/torture/pr33572.C  -O2  execution test
UNRESOLVED: g++.dg/torture/pr33572.C  -O3 -fomit-frame-pointer  execution test
UNRESOLVED: g++.dg/torture/pr33572.C  -O3 -g  execution test
UNRESOLVED: g++.dg/torture/pr33572.C  -Os  execution test
WARNING: program timed out.
FAIL: g++.dg/torture/pr40389.C  -O0  execution test
UNRESOLVED: g++.dg/torture/pr40389.C  -O1  execution test
UNRESOLVED: g++.dg/torture/pr40389.C  -O2  execution test
UNRESOLVED: g++.dg/torture/pr40389.C  -O3 -fomit-frame-pointer  execution test
UNRESOLVED: g++.dg/torture/pr40389.C  -O3 -g  execution test
UNRESOLVED: g++.dg/torture/pr40389.C  -Os  execution test
WARNING: program timed out.
FAIL: g++.dg/torture/stackalign/eh-alloca-1.C  -O0  execution test
UNRESOLVED: g++.dg/torture/stackalign/eh-alloca-1.C  -O1  execution test
UNRESOLVED: g++.dg/torture/stackalign/eh-alloca-1.C  -O2  execution test
UNRESOLVED: g++.dg/torture/stackalign/eh-alloca-1.C  -O3 -fomit-frame-pointer  execution test
UNRESOLVED: g++.dg/torture/stackalign/eh-alloca-1.C  -O3 -g  execution test
UNRESOLVED: g++.dg/torture/stackalign/eh-alloca-1.C  -Os  execution test
WARNING: program timed out.
FAIL: g++.dg/torture/stackalign/eh-global-1.C  -O0  execution test
UNRESOLVED: g++.dg/torture/stackalign/eh-global-1.C  -O1  execution test
UNRESOLVED: g++.dg/torture/stackalign/eh-global-1.C  -O2  execution test
UNRESOLVED: g++.dg/torture/stackalign/eh-global-1.C  -O3 -fomit-frame-pointer  execution test
UNRESOLVED: g++.dg/torture/stackalign/eh-global-1.C  -O3 -g  execution test
UNRESOLVED: g++.dg/torture/stackalign/eh-global-1.C  -Os  execution test
WARNING: program timed out.
FAIL: g++.dg/torture/stackalign/eh-inline-1.C  -O0  execution test
UNRESOLVED: g++.dg/torture/stackalign/eh-inline-1.C  -O1  execution test
UNRESOLVED: g++.dg/torture/stackalign/eh-inline-1.C  -O2  execution test
UNRESOLVED: g++.dg/torture/stackalign/eh-inline-1.C  -O3 -fomit-frame-pointer  execution test
UNRESOLVED: g++.dg/torture/stackalign/eh-inline-1.C  -O3 -g  execution test
UNRESOLVED: g++.dg/torture/stackalign/eh-inline-1.C  -Os  execution test
WARNING: program timed out.
FAIL: g++.dg/torture/stackalign/eh-inline-2.C  -O0  execution test
UNRESOLVED: g++.dg/torture/stackalign/eh-inline-2.C  -O1  execution test
UNRESOLVED: g++.dg/torture/stackalign/eh-inline-2.C  -O2  execution test
UNRESOLVED: g++.dg/torture/stackalign/eh-inline-2.C  -O3 -fomit-frame-pointer  execution test
UNRESOLVED: g++.dg/torture/stackalign/eh-inline-2.C  -O3 -g  execution test
UNRESOLVED: g++.dg/torture/stackalign/eh-inline-2.C  -Os  execution test
WARNING: program timed out.
FAIL: g++.dg/torture/stackalign/eh-vararg-1.C  -O0  execution test
UNRESOLVED: g++.dg/torture/stackalign/eh-vararg-1.C  -O1  execution test
UNRESOLVED: g++.dg/torture/stackalign/eh-vararg-1.C  -O2  execution test
UNRESOLVED: g++.dg/torture/stackalign/eh-vararg-1.C  -O3 -fomit-frame-pointer  execution test
FAIL: g++.dg/torture/stackalign/eh-vararg-1.C  -O3 -g  (internal compiler error)
FAIL: g++.dg/torture/stackalign/eh-vararg-1.C  -O3 -g  (test for excess errors)
UNRESOLVED: g++.dg/torture/stackalign/eh-vararg-1.C  -O3 -g  compilation failed to produce executable
UNRESOLVED: g++.dg/torture/stackalign/eh-vararg-1.C  -Os  execution test
WARNING: program timed out.
FAIL: g++.dg/torture/stackalign/eh-vararg-2.C  -O0  execution test
UNRESOLVED: g++.dg/torture/stackalign/eh-vararg-2.C  -O1  execution test
UNRESOLVED: g++.dg/torture/stackalign/eh-vararg-2.C  -O2  execution test
UNRESOLVED: g++.dg/torture/stackalign/eh-vararg-2.C  -O3 -fomit-frame-pointer  execution test
UNRESOLVED: g++.dg/torture/stackalign/eh-vararg-2.C  -O3 -g  execution test
UNRESOLVED: g++.dg/torture/stackalign/eh-vararg-2.C  -Os  execution test
WARNING: program timed out.
FAIL: g++.dg/torture/stackalign/throw-1.C  -O0  execution test
UNRESOLVED: g++.dg/torture/stackalign/throw-1.C  -O1  execution test
UNRESOLVED: g++.dg/torture/stackalign/throw-1.C  -O2  execution test
UNRESOLVED: g++.dg/torture/stackalign/throw-1.C  -O3 -fomit-frame-pointer  execution test
UNRESOLVED: g++.dg/torture/stackalign/throw-1.C  -O3 -fomit-frame-pointer -funroll-loops  execution test
UNRESOLVED: g++.dg/torture/stackalign/throw-1.C  -O3 -fomit-frame-pointer -funroll-all-loops -finline-functions  execution test
UNRESOLVED: g++.dg/torture/stackalign/throw-1.C  -O3 -g  execution test
UNRESOLVED: g++.dg/torture/stackalign/throw-1.C  -Os  execution test
WARNING: program timed out.
FAIL: g++.dg/torture/stackalign/throw-2.C  -O0  execution test
UNRESOLVED: g++.dg/torture/stackalign/throw-2.C  -O1  execution test
UNRESOLVED: g++.dg/torture/stackalign/throw-2.C  -O2  execution test
UNRESOLVED: g++.dg/torture/stackalign/throw-2.C  -O3 -fomit-frame-pointer  execution test
UNRESOLVED: g++.dg/torture/stackalign/throw-2.C  -O3 -fomit-frame-pointer -funroll-loops  execution test
UNRESOLVED: g++.dg/torture/stackalign/throw-2.C  -O3 -fomit-frame-pointer -funroll-all-loops -finline-functions  execution test
UNRESOLVED: g++.dg/torture/stackalign/throw-2.C  -O3 -g  execution test
UNRESOLVED: g++.dg/torture/stackalign/throw-2.C  -Os  execution test
WARNING: program timed out.
FAIL: g++.dg/torture/stackalign/throw-3.C  -O0  execution test
UNRESOLVED: g++.dg/torture/stackalign/throw-3.C  -O1  execution test
UNRESOLVED: g++.dg/torture/stackalign/throw-3.C  -O2  execution test
UNRESOLVED: g++.dg/torture/stackalign/throw-3.C  -O3 -fomit-frame-pointer  execution test
UNRESOLVED: g++.dg/torture/stackalign/throw-3.C  -O3 -fomit-frame-pointer -funroll-loops  execution test
UNRESOLVED: g++.dg/torture/stackalign/throw-3.C  -O3 -fomit-frame-pointer -funroll-all-loops -finline-functions  execution test
UNRESOLVED: g++.dg/torture/stackalign/throw-3.C  -O3 -g  execution test
UNRESOLVED: g++.dg/torture/stackalign/throw-3.C  -Os  execution test
WARNING: program timed out.
FAIL: g++.dg/torture/stackalign/throw-4.C  -O0  execution test
UNRESOLVED: g++.dg/torture/stackalign/throw-4.C  -O1  execution test
UNRESOLVED: g++.dg/torture/stackalign/throw-4.C  -O2  execution test
UNRESOLVED: g++.dg/torture/stackalign/throw-4.C  -O3 -fomit-frame-pointer  execution test
UNRESOLVED: g++.dg/torture/stackalign/throw-4.C  -O3 -fomit-frame-pointer -funroll-loops  execution test
UNRESOLVED: g++.dg/torture/stackalign/throw-4.C  -O3 -fomit-frame-pointer -funroll-all-loops -finline-functions  execution test
UNRESOLVED: g++.dg/torture/stackalign/throw-4.C  -O3 -g  execution test
UNRESOLVED: g++.dg/torture/stackalign/throw-4.C  -Os  execution test
UNRESOLVED: g++.dg/torture/stackalign/eh-alloca-1.C  -O0  execution test
UNRESOLVED: g++.dg/torture/stackalign/eh-alloca-1.C  -O1  execution test
UNRESOLVED: g++.dg/torture/stackalign/eh-alloca-1.C  -O2  execution test
UNRESOLVED: g++.dg/torture/stackalign/eh-alloca-1.C  -O3 -fomit-frame-pointer  execution test
UNRESOLVED: g++.dg/torture/stackalign/eh-alloca-1.C  -O3 -g  execution test
UNRESOLVED: g++.dg/torture/stackalign/eh-alloca-1.C  -Os  execution test
UNRESOLVED: g++.dg/torture/stackalign/eh-global-1.C  -O0  execution test
UNRESOLVED: g++.dg/torture/stackalign/eh-global-1.C  -O1  execution test
UNRESOLVED: g++.dg/torture/stackalign/eh-global-1.C  -O2  execution test
UNRESOLVED: g++.dg/torture/stackalign/eh-global-1.C  -O3 -fomit-frame-pointer  execution test
UNRESOLVED: g++.dg/torture/stackalign/eh-global-1.C  -O3 -g  execution test
UNRESOLVED: g++.dg/torture/stackalign/eh-global-1.C  -Os  execution test
UNRESOLVED: g++.dg/torture/stackalign/eh-inline-1.C  -O0  execution test
UNRESOLVED: g++.dg/torture/stackalign/eh-inline-1.C  -O1  execution test
UNRESOLVED: g++.dg/torture/stackalign/eh-inline-1.C  -O2  execution test
UNRESOLVED: g++.dg/torture/stackalign/eh-inline-1.C  -O3 -fomit-frame-pointer  execution test
UNRESOLVED: g++.dg/torture/stackalign/eh-inline-1.C  -O3 -g  execution test
UNRESOLVED: g++.dg/torture/stackalign/eh-inline-1.C  -Os  execution test
UNRESOLVED: g++.dg/torture/stackalign/eh-inline-2.C  -O0  execution test
UNRESOLVED: g++.dg/torture/stackalign/eh-inline-2.C  -O1  execution test
UNRESOLVED: g++.dg/torture/stackalign/eh-inline-2.C  -O2  execution test
UNRESOLVED: g++.dg/torture/stackalign/eh-inline-2.C  -O3 -fomit-frame-pointer  execution test
UNRESOLVED: g++.dg/torture/stackalign/eh-inline-2.C  -O3 -g  execution test
UNRESOLVED: g++.dg/torture/stackalign/eh-inline-2.C  -Os  execution test
UNRESOLVED: g++.dg/torture/stackalign/eh-vararg-1.C  -O0  execution test
UNRESOLVED: g++.dg/torture/stackalign/eh-vararg-1.C  -O1  execution test
UNRESOLVED: g++.dg/torture/stackalign/eh-vararg-1.C  -O2  execution test
UNRESOLVED: g++.dg/torture/stackalign/eh-vararg-1.C  -O3 -fomit-frame-pointer  execution test
FAIL: g++.dg/torture/stackalign/eh-vararg-1.C  -O3 -g  (internal compiler error)
FAIL: g++.dg/torture/stackalign/eh-vararg-1.C  -O3 -g  (test for excess errors)
UNRESOLVED: g++.dg/torture/stackalign/eh-vararg-1.C  -O3 -g  compilation failed to produce executable
UNRESOLVED: g++.dg/torture/stackalign/eh-vararg-1.C  -Os  execution test
UNRESOLVED: g++.dg/torture/stackalign/eh-vararg-2.C  -O0  execution test
UNRESOLVED: g++.dg/torture/stackalign/eh-vararg-2.C  -O1  execution test
UNRESOLVED: g++.dg/torture/stackalign/eh-vararg-2.C  -O2  execution test
UNRESOLVED: g++.dg/torture/stackalign/eh-vararg-2.C  -O3 -fomit-frame-pointer  execution test
UNRESOLVED: g++.dg/torture/stackalign/eh-vararg-2.C  -O3 -g  execution test
UNRESOLVED: g++.dg/torture/stackalign/eh-vararg-2.C  -Os  execution test
UNRESOLVED: g++.dg/torture/stackalign/throw-1.C  -O0  execution test
UNRESOLVED: g++.dg/torture/stackalign/throw-1.C  -O1  execution test
UNRESOLVED: g++.dg/torture/stackalign/throw-1.C  -O2  execution test
UNRESOLVED: g++.dg/torture/stackalign/throw-1.C  -O3 -fomit-frame-pointer  execution test
UNRESOLVED: g++.dg/torture/stackalign/throw-1.C  -O3 -fomit-frame-pointer -funroll-loops  execution test
UNRESOLVED: g++.dg/torture/stackalign/throw-1.C  -O3 -fomit-frame-pointer -funroll-all-loops -finline-functions  execution test
UNRESOLVED: g++.dg/torture/stackalign/throw-1.C  -O3 -g  execution test
UNRESOLVED: g++.dg/torture/stackalign/throw-1.C  -Os  execution test
UNRESOLVED: g++.dg/torture/stackalign/throw-2.C  -O0  execution test
UNRESOLVED: g++.dg/torture/stackalign/throw-2.C  -O1  execution test
UNRESOLVED: g++.dg/torture/stackalign/throw-2.C  -O2  execution test
UNRESOLVED: g++.dg/torture/stackalign/throw-2.C  -O3 -fomit-frame-pointer  execution test
UNRESOLVED: g++.dg/torture/stackalign/throw-2.C  -O3 -fomit-frame-pointer -funroll-loops  execution test
UNRESOLVED: g++.dg/torture/stackalign/throw-2.C  -O3 -fomit-frame-pointer -funroll-all-loops -finline-functions  execution test
UNRESOLVED: g++.dg/torture/stackalign/throw-2.C  -O3 -g  execution test
UNRESOLVED: g++.dg/torture/stackalign/throw-2.C  -Os  execution test
UNRESOLVED: g++.dg/torture/stackalign/throw-3.C  -O0  execution test
UNRESOLVED: g++.dg/torture/stackalign/throw-3.C  -O1  execution test
UNRESOLVED: g++.dg/torture/stackalign/throw-3.C  -O2  execution test
UNRESOLVED: g++.dg/torture/stackalign/throw-3.C  -O3 -fomit-frame-pointer  execution test
UNRESOLVED: g++.dg/torture/stackalign/throw-3.C  -O3 -fomit-frame-pointer -funroll-loops  execution test
UNRESOLVED: g++.dg/torture/stackalign/throw-3.C  -O3 -fomit-frame-pointer -funroll-all-loops -finline-functions  execution test
UNRESOLVED: g++.dg/torture/stackalign/throw-3.C  -O3 -g  execution test
UNRESOLVED: g++.dg/torture/stackalign/throw-3.C  -Os  execution test
UNRESOLVED: g++.dg/torture/stackalign/throw-4.C  -O0  execution test
UNRESOLVED: g++.dg/torture/stackalign/throw-4.C  -O1  execution test
UNRESOLVED: g++.dg/torture/stackalign/throw-4.C  -O2  execution test
UNRESOLVED: g++.dg/torture/stackalign/throw-4.C  -O3 -fomit-frame-pointer  execution test
UNRESOLVED: g++.dg/torture/stackalign/throw-4.C  -O3 -fomit-frame-pointer -funroll-loops  execution test
UNRESOLVED: g++.dg/torture/stackalign/throw-4.C  -O3 -fomit-frame-pointer -funroll-all-loops -finline-functions  execution test
UNRESOLVED: g++.dg/torture/stackalign/throw-4.C  -O3 -g  execution test
UNRESOLVED: g++.dg/torture/stackalign/throw-4.C  -Os  execution test
FAIL: g++.dg/tree-prof/indir-call-prof.C execution: file indir-call-prof.gcda does not exist,  -g  -fprofile-generate
UNRESOLVED: g++.dg/tree-prof/indir-call-prof.C compilation,  -g  -fprofile-use
UNRESOLVED: g++.dg/tree-prof/indir-call-prof.C execution,    -g  -fprofile-use
FAIL: g++.dg/tree-prof/indir-call-prof.C execution: file indir-call-prof.gcda does not exist,  -O0  -fprofile-generate
UNRESOLVED: g++.dg/tree-prof/indir-call-prof.C compilation,  -O0  -fprofile-use
UNRESOLVED: g++.dg/tree-prof/indir-call-prof.C execution,    -O0  -fprofile-use
FAIL: g++.dg/tree-prof/indir-call-prof.C execution: file indir-call-prof.gcda does not exist,  -O1  -fprofile-generate
UNRESOLVED: g++.dg/tree-prof/indir-call-prof.C compilation,  -O1  -fprofile-use
UNRESOLVED: g++.dg/tree-prof/indir-call-prof.C execution,    -O1  -fprofile-use
FAIL: g++.dg/tree-prof/indir-call-prof.C execution: file indir-call-prof.gcda does not exist,  -O2  -fprofile-generate
UNRESOLVED: g++.dg/tree-prof/indir-call-prof.C compilation,  -O2  -fprofile-use
UNRESOLVED: g++.dg/tree-prof/indir-call-prof.C execution,    -O2  -fprofile-use
FAIL: g++.dg/tree-prof/indir-call-prof.C execution: file indir-call-prof.gcda does not exist,  -O3  -fprofile-generate
UNRESOLVED: g++.dg/tree-prof/indir-call-prof.C compilation,  -O3  -fprofile-use
UNRESOLVED: g++.dg/tree-prof/indir-call-prof.C execution,    -O3  -fprofile-use
FAIL: g++.dg/tree-prof/indir-call-prof.C execution: file indir-call-prof.gcda does not exist,  -O3 -g  -fprofile-generate
UNRESOLVED: g++.dg/tree-prof/indir-call-prof.C compilation,  -O3 -g  -fprofile-use
UNRESOLVED: g++.dg/tree-prof/indir-call-prof.C execution,    -O3 -g  -fprofile-use
FAIL: g++.dg/tree-prof/indir-call-prof.C execution: file indir-call-prof.gcda does not exist,  -Os  -fprofile-generate
UNRESOLVED: g++.dg/tree-prof/indir-call-prof.C compilation,  -Os  -fprofile-use
UNRESOLVED: g++.dg/tree-prof/indir-call-prof.C execution,    -Os  -fprofile-use
WARNING: program timed out.
FAIL: g++.old-deja/g++.abi/cxa_vec.C execution test
WARNING: program timed out.
FAIL: g++.old-deja/g++.abi/ptrflags.C execution test
WARNING: program timed out.
FAIL: g++.old-deja/g++.abi/vbase1.C execution test
WARNING: program timed out.
FAIL: g++.old-deja/g++.abi/vbase2.C execution test
WARNING: program timed out.
FAIL: g++.old-deja/g++.abi/vtable3a.C execution test
WARNING: program timed out.
FAIL: g++.old-deja/g++.abi/vtable3b.C execution test
WARNING: program timed out.
FAIL: g++.old-deja/g++.abi/vtable3c.C execution test
WARNING: program timed out.
FAIL: g++.old-deja/g++.abi/vtable3d.C execution test
WARNING: program timed out.
FAIL: g++.old-deja/g++.abi/vtable3e.C execution test
WARNING: program timed out.
FAIL: g++.old-deja/g++.abi/vtable3f.C execution test
WARNING: program timed out.
FAIL: g++.old-deja/g++.abi/vtable3g.C execution test
WARNING: program timed out.
FAIL: g++.old-deja/g++.abi/vtable3h.C execution test
WARNING: program timed out.
WARNING: program timed out.
UNRESOLVED: g++.old-deja/g++.abi/vtable3i.C execution test
WARNING: program timed out.
WARNING: program timed out.
UNRESOLVED: g++.old-deja/g++.abi/vtable3j.C execution test
WARNING: program timed out.
WARNING: program timed out.
UNRESOLVED: g++.old-deja/g++.benjamin/14687.C execution test
WARNING: program timed out.
WARNING: program timed out.
UNRESOLVED: g++.old-deja/g++.benjamin/15071.C execution test
WARNING: program timed out.
WARNING: program timed out.
UNRESOLVED: g++.old-deja/g++.benjamin/15822.C execution test
WARNING: program timed out.
WARNING: program timed out.
UNRESOLVED: g++.old-deja/g++.benjamin/bool01.C execution test
WARNING: program timed out.
WARNING: program timed out.
UNRESOLVED: g++.old-deja/g++.benjamin/bool02.C execution test
WARNING: program timed out.
WARNING: program timed out.
UNRESOLVED: g++.old-deja/g++.benjamin/tem06.C execution test
WARNING: program timed out.
WARNING: program timed out.
UNRESOLVED: g++.old-deja/g++.benjamin/tem07.C execution test
WARNING: program timed out.
WARNING: program timed out.
UNRESOLVED: g++.old-deja/g++.benjamin/typeid01.C execution test
WARNING: program timed out.
UNRESOLVED: g++.old-deja/g++.bob/delete1.C execution test
WARNING: program timed out.
FAIL: g++.old-deja/g++.brendan/copy2.C execution test
WARNING: program timed out.
FAIL: g++.old-deja/g++.brendan/copy3.C execution test
WARNING: program timed out.
FAIL: g++.old-deja/g++.brendan/copy4.C execution test
WARNING: program timed out.
FAIL: g++.old-deja/g++.brendan/copy8.C execution test
WARNING: program timed out.
FAIL: g++.old-deja/g++.brendan/copy9.C execution test
UNRESOLVED: g++.old-deja/g++.brendan/delete2.C execution test
WARNING: program timed out.
FAIL: g++.old-deja/g++.brendan/dtors2.C execution test
WARNING: program timed out.
FAIL: g++.old-deja/g++.brendan/dtors3.C execution test
WARNING: program timed out.
FAIL: g++.old-deja/g++.brendan/eh1.C execution test
WARNING: program timed out.
FAIL: g++.old-deja/g++.brendan/groff1.C execution test
WARNING: program timed out.
FAIL: g++.old-deja/g++.brendan/nest21.C execution test
WARNING: program timed out.
FAIL: g++.old-deja/g++.brendan/new3.C execution test
UNRESOLVED: g++.old-deja/g++.brendan/overload7.C execution test
WARNING: program timed out.
FAIL: g++.old-deja/g++.brendan/ptolemy2.C execution test
WARNING: program timed out.
FAIL: g++.old-deja/g++.brendan/vtables1.C execution test
WARNING: program timed out.
FAIL: g++.old-deja/g++.bugs/900321_02.C execution test
WARNING: program timed out.
FAIL: g++.old-deja/g++.bugs/900520_04.C execution test
WARNING: program timed out.
FAIL: g++.old-deja/g++.bugs/900520_05.C execution test
WARNING: program timed out.
FAIL: g++.old-deja/g++.eh/badalloc1.C execution test
WARNING: program timed out.
FAIL: g++.old-deja/g++.eh/catch11.C execution test
WARNING: program timed out.
FAIL: g++.old-deja/g++.eh/catch12.C execution test
WARNING: program timed out.
FAIL: g++.old-deja/g++.eh/catch3.C execution test
WARNING: program timed out.
FAIL: g++.old-deja/g++.eh/catch3p.C execution test
WARNING: program timed out.
FAIL: g++.old-deja/g++.eh/catch4.C execution test
WARNING: program timed out.
FAIL: g++.old-deja/g++.eh/catch4p.C execution test
WARNING: program timed out.
FAIL: g++.old-deja/g++.eh/catch5.C execution test
WARNING: program timed out.
FAIL: g++.old-deja/g++.eh/catch5p.C execution test
WARNING: program timed out.
FAIL: g++.old-deja/g++.eh/catch6.C execution test
WARNING: program timed out.
FAIL: g++.old-deja/g++.eh/catch6p.C execution test
WARNING: program timed out.
FAIL: g++.old-deja/g++.eh/catch7.C execution test
WARNING: program timed out.
FAIL: g++.old-deja/g++.eh/catch7p.C execution test
WARNING: program timed out.
FAIL: g++.old-deja/g++.eh/catch8.C execution test
WARNING: program timed out.
FAIL: g++.old-deja/g++.eh/catch8p.C execution test
WARNING: program timed out.
FAIL: g++.old-deja/g++.eh/catch9.C execution test
WARNING: program timed out.
FAIL: g++.old-deja/g++.eh/catch9p.C execution test
WARNING: program timed out.
FAIL: g++.old-deja/g++.eh/catchptr1.C execution test
UNRESOLVED: g++.old-deja/g++.eh/cleanup1.C execution test
WARNING: program timed out.
FAIL: g++.old-deja/g++.eh/cleanup2.C execution test
WARNING: program timed out.
FAIL: g++.old-deja/g++.eh/flow1.C execution test
WARNING: program timed out.
FAIL: g++.old-deja/g++.eh/fntry1.C execution test
WARNING: program timed out.
FAIL: g++.old-deja/g++.eh/ia64-1.C execution test
WARNING: program timed out.
FAIL: g++.old-deja/g++.eh/inline2.C execution test
UNRESOLVED: g++.old-deja/g++.eh/new1.C execution test
WARNING: program timed out.
FAIL: g++.old-deja/g++.eh/new2.C execution test
WARNING: program timed out.
FAIL: g++.old-deja/g++.eh/pdel1.C execution test
WARNING: program timed out.
FAIL: g++.old-deja/g++.eh/pdel2.C execution test
WARNING: program timed out.
FAIL: g++.old-deja/g++.eh/ptr1.C execution test
WARNING: program timed out.
FAIL: g++.old-deja/g++.eh/ptrmem1.C execution test
WARNING: program timed out.
FAIL: g++.old-deja/g++.eh/rethrow1.C execution test
WARNING: program timed out.
FAIL: g++.old-deja/g++.eh/rethrow2.C execution test
WARNING: program timed out.
FAIL: g++.old-deja/g++.eh/rethrow3.C execution test
WARNING: program timed out.
FAIL: g++.old-deja/g++.eh/rethrow4.C execution test
WARNING: program timed out.
FAIL: g++.old-deja/g++.eh/rethrow5.C execution test
WARNING: program timed out.
FAIL: g++.old-deja/g++.eh/rethrow6.C execution test
WARNING: program timed out.
FAIL: g++.old-deja/g++.eh/spec1.C execution test
WARNING: program timed out.
FAIL: g++.old-deja/g++.eh/spec2.C execution test
UNRESOLVED: g++.old-deja/g++.eh/spec3.C execution test
WARNING: program timed out.
FAIL: g++.old-deja/g++.eh/spec4.C execution test
UNRESOLVED: g++.old-deja/g++.eh/spec7.C execution test
WARNING: program timed out.
FAIL: g++.old-deja/g++.eh/terminate1.C execution test
WARNING: program timed out.
FAIL: g++.old-deja/g++.eh/terminate2.C execution test
WARNING: program timed out.
FAIL: g++.old-deja/g++.eh/tmpl1.C execution test
WARNING: program timed out.
FAIL: g++.old-deja/g++.eh/unwind1.C execution test
UNRESOLVED: g++.old-deja/g++.eh/vbase1.C execution test
UNRESOLVED: g++.old-deja/g++.eh/vbase2.C execution test
WARNING: program timed out.
FAIL: g++.old-deja/g++.eh/vbase4.C execution test
WARNING: program timed out.
UNRESOLVED: g++.old-deja/g++.ext/pretty2.C execution test
WARNING: program timed out.
FAIL: g++.old-deja/g++.jason/2371.C execution test
UNRESOLVED: g++.old-deja/g++.jason/ctor1.C execution test
WARNING: program timed out.
FAIL: g++.old-deja/g++.jason/dtor5.C execution test
UNRESOLVED: g++.old-deja/g++.jason/groff1.C execution test
WARNING: program timed out.
FAIL: g++.old-deja/g++.jason/init3.C execution test
WARNING: program timed out.
FAIL: g++.old-deja/g++.jason/inline3.C execution test
WARNING: program timed out.
FAIL: g++.old-deja/g++.jason/mi.C execution test
UNRESOLVED: g++.old-deja/g++.jason/new2.C execution test
UNRESOLVED: g++.old-deja/g++.jason/new3.C execution test
WARNING: program timed out.
FAIL: g++.old-deja/g++.jason/new4.C execution test
UNRESOLVED: g++.old-deja/g++.jason/new5.C execution test
WARNING: program timed out.
FAIL: g++.old-deja/g++.jason/parse12.C execution test
WARNING: program timed out.
FAIL: g++.old-deja/g++.jason/pmf7.C execution test
WARNING: program timed out.
FAIL: g++.old-deja/g++.jason/ref10.C execution test
WARNING: program timed out.
FAIL: g++.old-deja/g++.jason/ref11.C execution test
UNRESOLVED: g++.old-deja/g++.jason/ref9.C execution test
WARNING: program timed out.
FAIL: g++.old-deja/g++.jason/rvalue1.C execution test
WARNING: program timed out.
FAIL: g++.old-deja/g++.jason/static1.C execution test
WARNING: program timed out.
FAIL: g++.old-deja/g++.jason/synth5.C execution test
WARNING: program timed out.
FAIL: g++.old-deja/g++.jason/synth7.C execution test
WARNING: program timed out.
FAIL: g++.old-deja/g++.jason/template24.C execution test
WARNING: program timed out.
FAIL: g++.old-deja/g++.jason/template31.C execution test
WARNING: program timed out.
FAIL: g++.old-deja/g++.jason/template40.C execution test
UNRESOLVED: g++.old-deja/g++.jason/thunk1.C execution test
UNRESOLVED: g++.old-deja/g++.jason/thunk2.C execution test
WARNING: program timed out.
FAIL: g++.old-deja/g++.jason/thunk3.C execution test
UNRESOLVED: g++.old-deja/g++.jason/typeid2.C execution test
WARNING: program timed out.
FAIL: g++.old-deja/g++.jason/vecdel.C execution test
WARNING: program timed out.
FAIL: g++.old-deja/g++.jason/virtual2.C execution test
WARNING: program timed out.
FAIL: g++.old-deja/g++.law/arg8.C execution test
WARNING: program timed out.
WARNING: program timed out.
UNRESOLVED: g++.old-deja/g++.law/arm7.C execution test
WARNING: program timed out.
WARNING: program timed out.
UNRESOLVED: g++.old-deja/g++.law/array1.C execution test
WARNING: program timed out.
WARNING: program timed out.
UNRESOLVED: g++.old-deja/g++.law/bit-fields2.C execution test
WARNING: program timed out.
WARNING: program timed out.
UNRESOLVED: g++.old-deja/g++.law/builtin1.C execution test
WARNING: program timed out.
WARNING: program timed out.
UNRESOLVED: g++.old-deja/g++.law/code-gen1.C execution test
WARNING: program timed out.
WARNING: program timed out.
UNRESOLVED: g++.old-deja/g++.law/code-gen2.C execution test
WARNING: program timed out.
WARNING: program timed out.
UNRESOLVED: g++.old-deja/g++.law/code-gen4.C execution test
WARNING: program timed out.
WARNING: program timed out.
UNRESOLVED: g++.old-deja/g++.law/code-gen5.C execution test
WARNING: program timed out.
WARNING: program timed out.
UNRESOLVED: g++.old-deja/g++.law/copy1.C execution test
WARNING: program timed out.
WARNING: program timed out.
UNRESOLVED: g++.old-deja/g++.law/ctors12.C execution test
WARNING: program timed out.
WARNING: program timed out.
UNRESOLVED: g++.old-deja/g++.law/ctors15.C execution test
WARNING: program timed out.
WARNING: program timed out.
UNRESOLVED: g++.old-deja/g++.law/ctors16.C execution test
WARNING: program timed out.
WARNING: program timed out.
UNRESOLVED: g++.old-deja/g++.law/ctors2.C execution test
WARNING: program timed out.
WARNING: program timed out.
UNRESOLVED: g++.old-deja/g++.law/ctors4.C execution test
WARNING: program timed out.
WARNING: program timed out.
UNRESOLVED: g++.old-deja/g++.law/ctors8.C execution test
WARNING: program timed out.
FAIL: g++.old-deja/g++.law/cvt2.C execution test
WARNING: program timed out.
FAIL: g++.old-deja/g++.law/cvt4.C execution test
UNRESOLVED: g++.old-deja/g++.law/dtors2.C execution test
UNRESOLVED: g++.old-deja/g++.law/dtors3.C execution test
WARNING: program timed out.
FAIL: g++.old-deja/g++.law/dtors4.C execution test
WARNING: program timed out.
FAIL: g++.old-deja/g++.law/operators15.C execution test
WARNING: program timed out.
FAIL: g++.old-deja/g++.law/operators23.C execution test
WARNING: program timed out.
FAIL: g++.old-deja/g++.law/operators27.C execution test
WARNING: program timed out.
FAIL: g++.old-deja/g++.law/operators8.C execution test
UNRESOLVED: g++.old-deja/g++.law/profile1.C execution test
WARNING: program timed out.
FAIL: g++.old-deja/g++.law/scope2.C execution test
WARNING: program timed out.
FAIL: g++.old-deja/g++.law/temps4.C execution test
UNRESOLVED: g++.old-deja/g++.law/virtual2.C execution test
WARNING: program timed out.
FAIL: g++.old-deja/g++.law/virtual3.C execution test
WARNING: program timed out.
FAIL: g++.old-deja/g++.law/virtual4.C execution test
WARNING: program timed out.
FAIL: g++.old-deja/g++.martin/eval1.C execution test
UNRESOLVED: g++.old-deja/g++.martin/new1.C execution test
WARNING: program timed out.
FAIL: g++.old-deja/g++.martin/pmf1.C execution test
WARNING: program timed out.
FAIL: g++.old-deja/g++.mike/align1.C execution test
WARNING: program timed out.
FAIL: g++.old-deja/g++.mike/dyncast1.C execution test
UNRESOLVED: g++.old-deja/g++.mike/dyncast2.C execution test
UNRESOLVED: g++.old-deja/g++.mike/dyncast3.C execution test
WARNING: program timed out.
FAIL: g++.old-deja/g++.mike/dyncast5.C execution test
WARNING: program timed out.
FAIL: g++.old-deja/g++.mike/dyncast7.C execution test
WARNING: program timed out.
FAIL: g++.old-deja/g++.mike/eh10.C execution test
WARNING: program timed out.
FAIL: g++.old-deja/g++.mike/eh12.C execution test
WARNING: program timed out.
FAIL: g++.old-deja/g++.mike/eh14.C execution test
WARNING: program timed out.
FAIL: g++.old-deja/g++.mike/eh16.C execution test
WARNING: program timed out.
FAIL: g++.old-deja/g++.mike/eh17.C execution test
WARNING: program timed out.
FAIL: g++.old-deja/g++.mike/eh18.C execution test
UNRESOLVED: g++.old-deja/g++.mike/eh2.C execution test
WARNING: program timed out.
FAIL: g++.old-deja/g++.mike/eh21.C execution test
WARNING: program timed out.
FAIL: g++.old-deja/g++.mike/eh23.C execution test
WARNING: program timed out.
FAIL: g++.old-deja/g++.mike/eh24.C execution test
WARNING: program timed out.
FAIL: g++.old-deja/g++.mike/eh25.C execution test
WARNING: program timed out.
FAIL: g++.old-deja/g++.mike/eh26.C execution test
WARNING: program timed out.
FAIL: g++.old-deja/g++.mike/eh27.C execution test
WARNING: program timed out.
FAIL: g++.old-deja/g++.mike/eh28.C execution test
WARNING: program timed out.
FAIL: g++.old-deja/g++.mike/eh29.C execution test
UNRESOLVED: g++.old-deja/g++.mike/eh3.C execution test
WARNING: program timed out.
FAIL: g++.old-deja/g++.mike/eh31.C execution test
WARNING: program timed out.
FAIL: g++.old-deja/g++.mike/eh33.C execution test
UNRESOLVED: g++.old-deja/g++.mike/eh34.C execution test
WARNING: program timed out.
FAIL: g++.old-deja/g++.mike/eh35.C execution test
WARNING: program timed out.
FAIL: g++.old-deja/g++.mike/eh36.C execution test
WARNING: program timed out.
FAIL: g++.old-deja/g++.mike/eh37.C execution test
WARNING: program timed out.
FAIL: g++.old-deja/g++.mike/eh38.C execution test
WARNING: program timed out.
FAIL: g++.old-deja/g++.mike/eh39.C execution test
WARNING: program timed out.
FAIL: g++.old-deja/g++.mike/eh40.C execution test
WARNING: program timed out.
FAIL: g++.old-deja/g++.mike/eh41.C execution test
WARNING: program timed out.
FAIL: g++.old-deja/g++.mike/eh42.C execution test
WARNING: program timed out.
FAIL: g++.old-deja/g++.mike/eh44.C execution test
WARNING: program timed out.
FAIL: g++.old-deja/g++.mike/eh47.C execution test
WARNING: program timed out.
FAIL: g++.old-deja/g++.mike/eh48.C execution test
WARNING: program timed out.
FAIL: g++.old-deja/g++.mike/eh49.C execution test
WARNING: program timed out.
FAIL: g++.old-deja/g++.mike/eh5.C execution test
WARNING: program timed out.
FAIL: g++.old-deja/g++.mike/eh50.C execution test
WARNING: program timed out.
FAIL: g++.old-deja/g++.mike/eh51.C execution test
WARNING: program timed out.
FAIL: g++.old-deja/g++.mike/eh55.C execution test
WARNING: program timed out.
FAIL: g++.old-deja/g++.mike/eh6.C execution test
WARNING: program timed out.
FAIL: g++.old-deja/g++.mike/eh8.C execution test
WARNING: program timed out.
FAIL: g++.old-deja/g++.mike/init1.C execution test
WARNING: program timed out.
FAIL: g++.old-deja/g++.mike/leak1.C execution test
WARNING: program timed out.
FAIL: g++.old-deja/g++.mike/mi1.C execution test
WARNING: program timed out.
FAIL: g++.old-deja/g++.mike/misc14.C execution test
WARNING: program timed out.
FAIL: g++.old-deja/g++.mike/net15.C execution test
WARNING: program timed out.
FAIL: g++.old-deja/g++.mike/net16.C execution test
WARNING: program timed out.
FAIL: g++.old-deja/g++.mike/net21.C execution test
WARNING: program timed out.
FAIL: g++.old-deja/g++.mike/net34.C execution test
WARNING: program timed out.
FAIL: g++.old-deja/g++.mike/net40.C execution test
WARNING: program timed out.
FAIL: g++.old-deja/g++.mike/net46.C execution test
WARNING: program timed out.
FAIL: g++.old-deja/g++.mike/offset1.C execution test
WARNING: program timed out.
FAIL: g++.old-deja/g++.mike/p11667.C execution test
WARNING: program timed out.
FAIL: g++.old-deja/g++.mike/p1248.C execution test
WARNING: program timed out.
FAIL: g++.old-deja/g++.mike/p1567.C execution test
WARNING: program timed out.
FAIL: g++.old-deja/g++.mike/p16146.C execution test
WARNING: program timed out.
FAIL: g++.old-deja/g++.mike/p1862.C execution test
WARNING: program timed out.
FAIL: g++.old-deja/g++.mike/p2736.C execution test
WARNING: program timed out.
FAIL: g++.old-deja/g++.mike/p2846.C execution test
WARNING: program timed out.
FAIL: g++.old-deja/g++.mike/p3041.C execution test
WARNING: program timed out.
FAIL: g++.old-deja/g++.mike/p3068.C execution test
WARNING: program timed out.
FAIL: g++.old-deja/g++.mike/p3139.C execution test
WARNING: program timed out.
FAIL: g++.old-deja/g++.mike/p3579.C execution test
WARNING: program timed out.
FAIL: g++.old-deja/g++.mike/p3708.C execution test
WARNING: program timed out.
FAIL: g++.old-deja/g++.mike/p3708a.C execution test
WARNING: program timed out.
FAIL: g++.old-deja/g++.mike/p3708b.C execution test
WARNING: program timed out.
FAIL: g++.old-deja/g++.mike/p4246.C execution test
WARNING: program timed out.
FAIL: g++.old-deja/g++.mike/p4511.C execution test
WARNING: program timed out.
FAIL: g++.old-deja/g++.mike/p4736c.C execution test
WARNING: program timed out.
FAIL: g++.old-deja/g++.mike/p5571.C execution test
WARNING: program timed out.
FAIL: g++.old-deja/g++.mike/p658.C execution test
WARNING: program timed out.
FAIL: g++.old-deja/g++.mike/p6610a.C execution test
WARNING: program timed out.
FAIL: g++.old-deja/g++.mike/p6610b.C execution test
WARNING: program timed out.
FAIL: g++.old-deja/g++.mike/p6927.C execution test
WARNING: program timed out.
FAIL: g++.old-deja/g++.mike/p789a.C execution test
WARNING: program timed out.
FAIL: g++.old-deja/g++.mike/p7912.C execution test
WARNING: program timed out.
FAIL: g++.old-deja/g++.mike/p8018.C execution test
WARNING: program timed out.
FAIL: g++.old-deja/g++.mike/p9706.C execution test
UNRESOLVED: g++.old-deja/g++.mike/pmf1.C execution test
UNRESOLVED: g++.old-deja/g++.mike/pmf7.C execution test
WARNING: program timed out.
FAIL: g++.old-deja/g++.mike/pmf9.C execution test
UNRESOLVED: g++.old-deja/g++.mike/rtti2.C execution test
WARNING: program timed out.
FAIL: g++.old-deja/g++.mike/rtti3.C execution test
UNRESOLVED: g++.old-deja/g++.mike/thunk2.C execution test
UNRESOLVED: g++.old-deja/g++.mike/thunk3.C execution test
WARNING: program timed out.
FAIL: g++.old-deja/g++.mike/virt2.C execution test
WARNING: program timed out.
FAIL: g++.old-deja/g++.mike/virt4.C execution test
WARNING: program timed out.
FAIL: g++.old-deja/g++.mike/virt5.C execution test
UNRESOLVED: g++.old-deja/g++.ns/alias1.C execution test
WARNING: program timed out.
WARNING: program timed out.
UNRESOLVED: g++.old-deja/g++.ns/template11.C execution test
WARNING: program timed out.
WARNING: program timed out.
UNRESOLVED: g++.old-deja/g++.ns/template3.C execution test
WARNING: program timed out.
WARNING: program timed out.
UNRESOLVED: g++.old-deja/g++.ns/template4.C execution test
WARNING: program timed out.
WARNING: program timed out.
UNRESOLVED: g++.old-deja/g++.ns/template5.C execution test
WARNING: program timed out.
WARNING: program timed out.
UNRESOLVED: g++.old-deja/g++.ns/template9.C execution test
WARNING: program timed out.
WARNING: program timed out.
UNRESOLVED: g++.old-deja/g++.ns/using13.C execution test
WARNING: program timed out.
WARNING: program timed out.
UNRESOLVED: g++.old-deja/g++.ns/using7.C execution test
UNRESOLVED: g++.old-deja/g++.oliva/delete2.C execution test
WARNING: program timed out.
WARNING: program timed out.
UNRESOLVED: g++.old-deja/g++.oliva/delete3.C execution test
WARNING: program timed out.
WARNING: program timed out.
UNRESOLVED: g++.old-deja/g++.oliva/delete4.C execution test
WARNING: program timed out.
WARNING: program timed out.
UNRESOLVED: g++.old-deja/g++.oliva/delete5.C execution test
WARNING: program timed out.
WARNING: program timed out.
UNRESOLVED: g++.old-deja/g++.oliva/expr2.C execution test
WARNING: program timed out.
WARNING: program timed out.
UNRESOLVED: g++.old-deja/g++.oliva/ext1.C execution test
UNRESOLVED: g++.old-deja/g++.oliva/new1.C execution test
UNRESOLVED: g++.old-deja/g++.oliva/thunk1.C execution test
WARNING: program timed out.
WARNING: program timed out.
UNRESOLVED: g++.old-deja/g++.other/addrof1.C execution test
WARNING: program timed out.
WARNING: program timed out.
UNRESOLVED: g++.old-deja/g++.other/anon2.C execution test
WARNING: program timed out.
WARNING: program timed out.
UNRESOLVED: g++.old-deja/g++.other/anon3.C execution test
WARNING: program timed out.
WARNING: program timed out.
UNRESOLVED: g++.old-deja/g++.other/anon6.C execution test
WARNING: program timed out.
FAIL: g++.old-deja/g++.other/array1.C execution test
WARNING: program timed out.
FAIL: g++.old-deja/g++.other/badopt1.C execution test
UNRESOLVED: g++.old-deja/g++.other/cleanup1.C execution test
UNRESOLVED: g++.old-deja/g++.other/cleanup2.C execution test
UNRESOLVED: g++.old-deja/g++.other/copy2.C execution test
UNRESOLVED: g++.old-deja/g++.other/ctor1.C execution test
WARNING: program timed out.
FAIL: g++.old-deja/g++.other/delete3.C execution test
WARNING: program timed out.
FAIL: g++.old-deja/g++.other/delete7.C execution test
UNRESOLVED: g++.old-deja/g++.other/dtor1.C execution test
WARNING: program timed out.
FAIL: g++.old-deja/g++.other/dtor10.C execution test
WARNING: program timed out.
FAIL: g++.old-deja/g++.other/dtor11.C execution test
UNRESOLVED: g++.old-deja/g++.other/dtor5.C execution test
WARNING: program timed out.
FAIL: g++.old-deja/g++.other/dtor6.C execution test
WARNING: program timed out.
FAIL: g++.old-deja/g++.other/dyncast4.C execution test
WARNING: program timed out.
FAIL: g++.old-deja/g++.other/dyncast5.C execution test
WARNING: program timed out.
FAIL: g++.old-deja/g++.other/eh3.C execution test
XPASS: g++.old-deja/g++.other/init19.C execution test
XPASS: g++.old-deja/g++.other/init5.C execution test
FAIL: g++.old-deja/g++.other/null1.C  (test for warnings, line 41)
FAIL: g++.old-deja/g++.other/null1.C (test for excess errors)
WARNING: program timed out.
FAIL: g++.old-deja/g++.other/overload9.C execution test
WARNING: program timed out.
FAIL: g++.old-deja/g++.other/pmf4.C execution test
WARNING: program timed out.
FAIL: g++.old-deja/g++.other/pmf5.C execution test
WARNING: program timed out.
FAIL: g++.old-deja/g++.other/reload1.C execution test
WARNING: program timed out.
FAIL: g++.old-deja/g++.other/rtti1.C execution test
WARNING: program timed out.
FAIL: g++.old-deja/g++.other/rtti2.C execution test
WARNING: program timed out.
FAIL: g++.old-deja/g++.other/rtti3.C execution test
WARNING: program timed out.
FAIL: g++.old-deja/g++.other/rtti4.C execution test
WARNING: program timed out.
FAIL: g++.old-deja/g++.other/sibcall1.C execution test
WARNING: program timed out.
FAIL: g++.old-deja/g++.other/singleton.C execution test
WARNING: program timed out.
FAIL: g++.old-deja/g++.other/static7.C execution test
WARNING: program timed out.
FAIL: g++.old-deja/g++.other/temporary1.C execution test
WARNING: program timed out.
FAIL: g++.old-deja/g++.other/thunk1.C execution test
WARNING: program timed out.
FAIL: g++.old-deja/g++.other/unchanging1.C execution test
WARNING: program timed out.
FAIL: g++.old-deja/g++.other/vbase2.C execution test
WARNING: program timed out.
FAIL: g++.old-deja/g++.other/vbase5.C execution test
WARNING: program timed out.
FAIL: g++.old-deja/g++.other/vtbl2.C execution test
WARNING: program timed out.
FAIL: g++.old-deja/g++.pt/explicit55.C execution test
WARNING: program timed out.
FAIL: g++.old-deja/g++.pt/explicit56.C execution test
WARNING: program timed out.
FAIL: g++.old-deja/g++.pt/expr1.C execution test
WARNING: program timed out.
FAIL: g++.old-deja/g++.pt/fntry1.C execution test
WARNING: program timed out.
FAIL: g++.old-deja/g++.pt/local6.C execution test
WARNING: program timed out.
FAIL: g++.old-deja/g++.pt/mi1.C execution test
UNRESOLVED: g++.old-deja/g++.pt/overload9.C execution test
WARNING: program timed out.
FAIL: g++.old-deja/g++.pt/spec3.C execution test
WARNING: program timed out.
FAIL: g++.old-deja/g++.pt/spec30.C execution test
WARNING: program timed out.
FAIL: g++.old-deja/g++.pt/virtual4.C execution test
WARNING: program timed out.
FAIL: g++.old-deja/g++.robertl/eb102.C execution test
WARNING: program timed out.
FAIL: g++.old-deja/g++.robertl/eb104.C execution test
WARNING: program timed out.
FAIL: g++.old-deja/g++.robertl/eb114.C execution test
WARNING: program timed out.
FAIL: g++.old-deja/g++.robertl/eb115.C execution test
WARNING: program timed out.
FAIL: g++.old-deja/g++.robertl/eb126.C execution test
WARNING: program timed out.
FAIL: g++.old-deja/g++.robertl/eb17.C execution test
WARNING: program timed out.
FAIL: g++.old-deja/g++.robertl/eb21.C execution test
WARNING: program timed out.
FAIL: g++.old-deja/g++.robertl/eb31.C execution test
WARNING: program timed out.
FAIL: g++.old-deja/g++.robertl/eb41.C execution test
WARNING: program timed out.
FAIL: g++.old-deja/g++.robertl/eb46.C execution test
WARNING: program timed out.
FAIL: g++.old-deja/g++.robertl/eb50.C execution test
WARNING: program timed out.
FAIL: g++.old-deja/g++.robertl/eb54.C execution test
WARNING: program timed out.
FAIL: g++.old-deja/g++.robertl/eb58.C execution test
WARNING: program timed out.
FAIL: g++.old-deja/g++.robertl/eb59.C execution test
WARNING: program timed out.
FAIL: g++.old-deja/g++.robertl/eb63.C execution test
WARNING: program timed out.
FAIL: g++.old-deja/g++.robertl/eb66.C execution test
WARNING: program timed out.
FAIL: g++.old-deja/g++.robertl/eb73.C execution test
WARNING: program timed out.
FAIL: g++.old-deja/g++.robertl/eb77.C execution test
WARNING: program timed out.
FAIL: g++.old-deja/g++.robertl/eb88.C execution test
WARNING: program timed out.
FAIL: g++.old-deja/g++.robertl/eh990323-1.C execution test
WARNING: program timed out.
FAIL: g++.old-deja/g++.robertl/eh990323-2.C execution test
WARNING: program timed out.
FAIL: g++.old-deja/g++.robertl/eh990323-3.C execution test
WARNING: program timed out.
FAIL: g++.old-deja/g++.robertl/eh990323-4.C execution test
WARNING: program timed out.
FAIL: g++.old-deja/g++.robertl/eh990323-5.C execution test
WARNING: program timed out.
FAIL: g++.old-deja/g++.robertl/ice990323-2.C execution test

		=== g++ Summary ===

# of expected passes		19224
# of unexpected failures	418
# of unexpected successes	2
# of expected failures		148
# of unresolved testcases	288
# of unsupported tests		370
/home/nightstrike/work/build/gcc-svn/build-x86_64-pc-linux-64/gcc/testsuite/g++/../../g++  version 4.5.0 20090711 (experimental) (GCC) 


Compiler version: 4.5.0 20090711 (experimental) (GCC) g++ 
Platform: x86_64-w64-mingw32


Index Nav: [Date Index] [Subject Index] [Author Index] [Thread Index]
Message Nav: [Date Prev] [Date Next] [Thread Prev] [Thread Next]