This is the mail archive of the gcc-testresults@gcc.gnu.org mailing list for the GCC project.


Index Nav: [Date Index] [Subject Index] [Author Index] [Thread Index]
Message Nav: [Date Prev] [Date Next] [Thread Prev] [Thread Next]
Other format: [Raw text]

Results for 4.5.0 20090710 (experimental) [trunk revision 149503] (GCC) testsuite on hppa-unknown-linux-gnu


LAST_UPDATED: Sat Jul 11 00:14:22 UTC 2009 (revision 149503)

		=== acats tests ===
FAIL:	c34004c
FAIL:	c490003
FAIL:	c4a010b
FAIL:	cxa5a04

		=== acats Summary ===
# of expected passes		2311
# of unexpected failures	4
Native configuration is hppa-unknown-linux-gnu

		=== g++ tests ===


Running target unix
WARNING: program timed out.
FAIL: g++.dg/eh/cleanup1.C (test for excess errors)
FAIL: g++.dg/torture/pr34099.C  -O1  (internal compiler error)
FAIL: g++.dg/torture/pr34099.C  -O1  (test for excess errors)
UNRESOLVED: g++.dg/torture/pr34099.C  -O1  compilation failed to produce executable
FAIL: g++.dg/torture/pr34099.C  -O2  (internal compiler error)
FAIL: g++.dg/torture/pr34099.C  -O2  (test for excess errors)
UNRESOLVED: g++.dg/torture/pr34099.C  -O2  compilation failed to produce executable
FAIL: g++.dg/torture/pr34099.C  -O3 -fomit-frame-pointer  (internal compiler error)
FAIL: g++.dg/torture/pr34099.C  -O3 -fomit-frame-pointer  (test for excess errors)
UNRESOLVED: g++.dg/torture/pr34099.C  -O3 -fomit-frame-pointer  compilation failed to produce executable
FAIL: g++.dg/torture/pr34099.C  -O3 -fomit-frame-pointer -funroll-loops  (internal compiler error)
FAIL: g++.dg/torture/pr34099.C  -O3 -fomit-frame-pointer -funroll-loops  (test for excess errors)
UNRESOLVED: g++.dg/torture/pr34099.C  -O3 -fomit-frame-pointer -funroll-loops  compilation failed to produce executable
FAIL: g++.dg/torture/pr34099.C  -O3 -fomit-frame-pointer -funroll-all-loops -finline-functions  (internal compiler error)
FAIL: g++.dg/torture/pr34099.C  -O3 -fomit-frame-pointer -funroll-all-loops -finline-functions  (test for excess errors)
UNRESOLVED: g++.dg/torture/pr34099.C  -O3 -fomit-frame-pointer -funroll-all-loops -finline-functions  compilation failed to produce executable
FAIL: g++.dg/torture/pr34099.C  -O3 -g  (internal compiler error)
FAIL: g++.dg/torture/pr34099.C  -O3 -g  (test for excess errors)
UNRESOLVED: g++.dg/torture/pr34099.C  -O3 -g  compilation failed to produce executable
FAIL: g++.dg/torture/pr34099.C  -Os  execution test

		=== g++ Summary ===

# of expected passes		19578
# of unexpected failures	14
# of expected failures		148
# of unresolved testcases	6
# of unsupported tests		172
/home/dave/gcc-4.5/objdir/gcc/testsuite/g++/../../g++  version 4.5.0 20090710 (experimental) [trunk revision 149503] (GCC) 

		=== gcc tests ===


Running target unix
XPASS: gcc.dg/Warray-bounds.c  (test for warnings, line 59)
XPASS: gcc.dg/Warray-bounds.c  (test for warnings, line 65)
FAIL: gcc.dg/Wshadow-3.c  (test for warnings, line 47)
FAIL: gcc.dg/Wshadow-3.c (test for excess errors)
XPASS: gcc.dg/Wunreachable-8.c  (test for bogus messages, line 7)
FAIL: gcc.dg/pr34989-1.c (internal compiler error)
FAIL: gcc.dg/pr34989-1.c (test for excess errors)
FAIL: gcc.dg/pr36902.c  (test for warnings, line 47)
FAIL: gcc.dg/pr36902.c (test for excess errors)
XPASS: gcc.dg/struct/wo_prof_array_through_pointer.c scan-ipa-dump ipa_struct_reorg "Number of structures to transform is 1"
FAIL: gcc.dg/struct/wo_prof_double_malloc.c (internal compiler error)
FAIL: gcc.dg/struct/wo_prof_double_malloc.c (test for excess errors)
UNRESOLVED: gcc.dg/struct/wo_prof_double_malloc.c compilation failed to produce executable
XPASS: gcc.dg/tree-ssa/loop-1.c scan-assembler-times foo 5
FAIL: gcc.dg/tree-ssa/loop-2.c scan-tree-dump-times optimized "99" 0

		=== gcc Summary ===

# of expected passes		51520
# of unexpected failures	9
# of unexpected successes	5
# of expected failures		77
# of unresolved testcases	1
# of unsupported tests		626
/home/dave/gcc-4.5/objdir/gcc/xgcc  version 4.5.0 20090710 (experimental) [trunk revision 149503] (GCC) 

		=== gfortran tests ===


Running target unix

		=== gfortran Summary ===

# of expected passes		30349
# of expected failures		12
# of unsupported tests		262
/home/dave/gcc-4.5/objdir/gcc/testsuite/gfortran/../../gfortran  version 4.5.0 20090710 (experimental) [trunk revision 149503] (GCC) 

		=== gnat tests ===


Running target unix

		=== gnat Summary ===

# of expected passes		676
# of expected failures		5
		=== obj-c++ tests ===


Running target unix
UNRESOLVED: obj-c++.dg/lookup-2.mm compilation failed to produce executable
UNRESOLVED: obj-c++.dg/try-catch-2.mm compilation failed to produce executable
UNRESOLVED: obj-c++.dg/try-catch-9.mm compilation failed to produce executable

		=== obj-c++ Summary ===

# of expected passes		438
# of expected failures		10
# of unresolved testcases	3
# of unsupported tests		13
/home/dave/gcc-4.5/objdir/gcc/testsuite/obj-c++/../../g++  version 4.5.0 20090710 (experimental) [trunk revision 149503] (GCC) 

		=== objc tests ===


Running target unix

		=== objc Summary ===

# of expected passes		1867
# of expected failures		15
# of unsupported tests		24
/home/dave/gcc-4.5/objdir/gcc/xgcc  version 4.5.0 20090710 (experimental) [trunk revision 149503] (GCC) 

		=== libffi tests ===


Running target unix
FAIL: libffi.call/cls_longdouble_va.c -O0 -W -Wall output pattern test, is %.1f
FAIL: libffi.call/cls_longdouble_va.c -O2 output pattern test, is %.1f
FAIL: libffi.call/cls_longdouble_va.c -O3 output pattern test, is %.1f
FAIL: libffi.call/cls_longdouble_va.c -Os output pattern test, is %.1f
FAIL: libffi.call/cls_longdouble_va.c -O2 -fomit-frame-pointer output pattern test, is %.1f

		=== libffi Summary ===

# of expected passes		1589
# of unexpected failures	5
# of expected failures		10
# of unsupported tests		15
		=== libgomp tests ===


Running target unix
FAIL: libgomp.fortran/vla6.f90  -O0  execution test

		=== libgomp Summary ===

# of expected passes		2393
# of unexpected failures	1
# of unsupported tests		7
		=== libjava tests ===


Running target unix
FAIL: Process_3 -O3 -findirect-dispatch output - source compiled test

		=== libjava Summary ===

# of expected passes		2573
# of unexpected failures	1
		=== libmudflap tests ===


Running target unix
FAIL: libmudflap.c/fail31-frag.c (-O3) crash test
FAIL: libmudflap.c/fail31-frag.c (-O3) output pattern test
FAIL: libmudflap.c/pass45-frag.c (-O3) execution test
FAIL: libmudflap.c/pass45-frag.c (-O3) output pattern test
FAIL: libmudflap.c/pass45-frag.c (-O3) execution test
FAIL: libmudflap.c/pass45-frag.c (-O3) output pattern test
FAIL: libmudflap.c++/pass41-frag.cxx execution test
FAIL: libmudflap.c++/pass41-frag.cxx (-static) execution test
FAIL: libmudflap.c++/pass41-frag.cxx ( -O) execution test
FAIL: libmudflap.c++/pass41-frag.cxx (-O2) execution test
FAIL: libmudflap.c++/pass41-frag.cxx (-O3) execution test

		=== libmudflap Summary ===

# of expected passes		1883
# of unexpected failures	11
		=== libstdc++ tests ===


Running target unix
FAIL: 18_support/headers/exception/synopsis.cc (test for excess errors)
FAIL: 22_locale/time_get/get_date/wchar_t/4.cc execution test
FAIL: 23_containers/list/modifiers/swap/1.cc execution test
FAIL: ext/array_allocator/check_delete.cc (test for excess errors)
UNRESOLVED: ext/array_allocator/check_delete.cc compilation failed to produce executable
FAIL: ext/array_allocator/check_new.cc (test for excess errors)
UNRESOLVED: ext/array_allocator/check_new.cc compilation failed to produce executable
FAIL: ext/bitmap_allocator/check_delete.cc (test for excess errors)
UNRESOLVED: ext/bitmap_allocator/check_delete.cc compilation failed to produce executable
FAIL: ext/bitmap_allocator/check_new.cc (test for excess errors)
UNRESOLVED: ext/bitmap_allocator/check_new.cc compilation failed to produce executable
FAIL: ext/debug_allocator/check_delete.cc (test for excess errors)
UNRESOLVED: ext/debug_allocator/check_delete.cc compilation failed to produce executable
FAIL: ext/debug_allocator/check_new.cc (test for excess errors)
UNRESOLVED: ext/debug_allocator/check_new.cc compilation failed to produce executable
FAIL: ext/malloc_allocator/check_delete.cc (test for excess errors)
UNRESOLVED: ext/malloc_allocator/check_delete.cc compilation failed to produce executable
FAIL: ext/malloc_allocator/check_new.cc (test for excess errors)
UNRESOLVED: ext/malloc_allocator/check_new.cc compilation failed to produce executable
FAIL: ext/malloc_allocator/deallocate_global.cc (test for excess errors)
UNRESOLVED: ext/malloc_allocator/deallocate_global.cc compilation failed to produce executable
FAIL: ext/malloc_allocator/deallocate_local.cc (test for excess errors)
UNRESOLVED: ext/malloc_allocator/deallocate_local.cc compilation failed to produce executable
FAIL: ext/mt_allocator/check_delete.cc (test for excess errors)
UNRESOLVED: ext/mt_allocator/check_delete.cc compilation failed to produce executable
FAIL: ext/mt_allocator/check_new.cc (test for excess errors)
UNRESOLVED: ext/mt_allocator/check_new.cc compilation failed to produce executable
FAIL: ext/new_allocator/check_delete.cc (test for excess errors)
UNRESOLVED: ext/new_allocator/check_delete.cc compilation failed to produce executable
FAIL: ext/new_allocator/check_new.cc (test for excess errors)
UNRESOLVED: ext/new_allocator/check_new.cc compilation failed to produce executable
FAIL: ext/new_allocator/deallocate_global.cc (test for excess errors)
UNRESOLVED: ext/new_allocator/deallocate_global.cc compilation failed to produce executable
FAIL: ext/new_allocator/deallocate_local.cc (test for excess errors)
UNRESOLVED: ext/new_allocator/deallocate_local.cc compilation failed to produce executable
FAIL: ext/pool_allocator/check_delete.cc (test for excess errors)
UNRESOLVED: ext/pool_allocator/check_delete.cc compilation failed to produce executable
FAIL: ext/pool_allocator/check_new.cc (test for excess errors)
UNRESOLVED: ext/pool_allocator/check_new.cc compilation failed to produce executable

		=== libstdc++ Summary ===

# of expected passes		6696
# of unexpected failures	21
# of expected failures		83
# of unresolved testcases	18
# of unsupported tests		84

Compiler version: 4.5.0 20090710 (experimental) [trunk revision 149503] (GCC) 
Platform: hppa-unknown-linux-gnu
configure flags: --with-gnu-as --with-gnu-ld --enable-shared --enable-nls --prefix=/home/dave/opt/gnu/gcc/gcc-4.5.0 --with-local-prefix=/home/dave/opt/gnu --enable-threads=posix --enable-__cxa_atexit --build=hppa-linux --enable-clocale=gnu --enable-java-gc=boehm --enable-java-awt=xlib --disable-libstdcxx-pch --enable-languages=c,c++,objc,fortran,obj-c++,java,ada


Index Nav: [Date Index] [Subject Index] [Author Index] [Thread Index]
Message Nav: [Date Prev] [Date Next] [Thread Prev] [Thread Next]