This is the mail archive of the gcc-testresults@gcc.gnu.org mailing list for the GCC project.


Index Nav: [Date Index] [Subject Index] [Author Index] [Thread Index]
Message Nav: [Date Prev] [Date Next] [Thread Prev] [Thread Next]
Other format: [Raw text]

Results for 4.5.0 20090711 (experimental) [trunk revision 149517] (GCC) testsuite on i686-andreast-freebsd8.0


LAST_UPDATED: Sat Jul 11 19:31:42 UTC 2009 (revision 149517)

Native configuration is i686-andreast-freebsd8.0

		=== g++ tests ===


Running target unix
FAIL: g++.dg/cdce3.C (test for excess errors)
WARNING: g++.dg/cdce3.C compilation failed to produce executable
FAIL: g++.dg/cdce3.C scan-tree-dump cdce "cdce3.C:94: note: function call is shrink-wrapped into error conditions.": dump file does not exist
FAIL: g++.dg/cdce3.C scan-tree-dump cdce "cdce3.C:95: note: function call is shrink-wrapped into error conditions.": dump file does not exist
FAIL: g++.dg/cdce3.C scan-tree-dump cdce "cdce3.C:96: note: function call is shrink-wrapped into error conditions.": dump file does not exist
FAIL: g++.dg/cdce3.C scan-tree-dump cdce "cdce3.C:97: note: function call is shrink-wrapped into error conditions.": dump file does not exist
FAIL: g++.dg/cdce3.C scan-tree-dump cdce "cdce3.C:98: note: function call is shrink-wrapped into error conditions.": dump file does not exist
FAIL: g++.dg/cdce3.C scan-tree-dump cdce "cdce3.C:99: note: function call is shrink-wrapped into error conditions.": dump file does not exist
FAIL: g++.dg/cdce3.C scan-tree-dump cdce "cdce3.C:100: note: function call is shrink-wrapped into error conditions.": dump file does not exist
FAIL: g++.dg/cdce3.C scan-tree-dump cdce "cdce3.C:101: note: function call is shrink-wrapped into error conditions.": dump file does not exist
FAIL: g++.dg/cdce3.C scan-tree-dump cdce "cdce3.C:102: note: function call is shrink-wrapped into error conditions.": dump file does not exist
FAIL: g++.dg/cdce3.C scan-tree-dump cdce "cdce3.C:103: note: function call is shrink-wrapped into error conditions.": dump file does not exist
FAIL: g++.dg/cdce3.C scan-tree-dump cdce "cdce3.C:104: note: function call is shrink-wrapped into error conditions.": dump file does not exist
FAIL: g++.dg/cdce3.C scan-tree-dump cdce "cdce3.C:105: note: function call is shrink-wrapped into error conditions.": dump file does not exist
FAIL: g++.dg/cdce3.C scan-tree-dump cdce "cdce3.C:106: note: function call is shrink-wrapped into error conditions.": dump file does not exist
FAIL: g++.dg/cdce3.C scan-tree-dump cdce "cdce3.C:107: note: function call is shrink-wrapped into error conditions.": dump file does not exist
WARNING: program timed out.
FAIL: g++.dg/warn/Wconversion-real.C  (test for warnings, line 25)
FAIL: g++.dg/warn/Wconversion-real.C  (test for warnings, line 26)
FAIL: g++.dg/torture/pr40388.C  -O0  (test for excess errors)
FAIL: g++.dg/torture/pr40388.C  -O1  (test for excess errors)
FAIL: g++.dg/torture/pr40388.C  -O2  (test for excess errors)
FAIL: g++.dg/torture/pr40388.C  -O3 -fomit-frame-pointer  (test for excess errors)
FAIL: g++.dg/torture/pr40388.C  -O3 -g  (test for excess errors)
FAIL: g++.dg/torture/pr40388.C  -Os  (test for excess errors)

		=== g++ Summary ===

# of expected passes		20081
# of unexpected failures	23
# of expected failures		150
# of unsupported tests		140
/export/devel/gcc/head/objdir/gcc/testsuite/g++/../../g++  version 4.5.0 20090711 (experimental) [trunk revision 149517] (GCC) 

		=== gcc tests ===


Running target unix
FAIL: gcc.c-torture/execute/20080502-1.c execution,  -O0 
FAIL: gcc.c-torture/execute/conversion.c execution,  -O0 
FAIL: gcc.c-torture/execute/conversion.c execution,  -O1 
FAIL: gcc.c-torture/execute/ieee/copysign1.c execution,  -O2 
FAIL: gcc.c-torture/execute/ieee/copysign1.c execution,  -Os 
FAIL: gcc.c-torture/execute/ieee/copysign2.c execution,  -O1 
FAIL: gcc.dg/20021014-1.c consider using \`-pg' instead of \`-p' with gprof(1) (test for errors, line )
FAIL: gcc.dg/20021014-1.c (test for excess errors)
XPASS: gcc.dg/Warray-bounds.c  (test for warnings, line 59)
XPASS: gcc.dg/Warray-bounds.c  (test for warnings, line 65)
FAIL: gcc.dg/Wconversion-real.c  (test for warnings, line 26)
FAIL: gcc.dg/Wconversion-real.c  (test for warnings, line 27)
FAIL: gcc.dg/Wshadow-3.c  (test for warnings, line 47)
FAIL: gcc.dg/Wshadow-3.c (test for excess errors)
XPASS: gcc.dg/Wunreachable-8.c  (test for bogus messages, line 7)
FAIL: gcc.dg/builtins-20.c (test for excess errors)
FAIL: gcc.dg/builtins-57.c (test for excess errors)
FAIL: gcc.dg/builtins-58.c scan-assembler-not pow
FAIL: gcc.dg/builtins-59.c scan-tree-dump gimple "__builtin_cexpi"
FAIL: gcc.dg/builtins-59.c scan-tree-dump-not gimple "sincos"
FAIL: gcc.dg/builtins-61.c scan-tree-dump optimized "cexpi"
FAIL: gcc.dg/builtins-61.c scan-tree-dump optimized "sin"
FAIL: gcc.dg/builtins-61.c scan-tree-dump optimized "cos"
FAIL: gcc.dg/builtins-61.c scan-tree-dump optimized "return 0.0"
FAIL: gcc.dg/builtins-62.c scan-tree-dump-times optimized "cexpi" 3
FAIL: gcc.dg/builtins-65.c (test for excess errors)
FAIL: gcc.dg/c99-stdint-1.c (test for excess errors)
FAIL: gcc.dg/c99-stdint-7.c (test for excess errors)
FAIL: gcc.dg/c99-tgmath-2.c (test for excess errors)
ERROR: gcc.dg/c99-tgmath-2.c: error executing dg-final: couldn't open "c99-tgmath-2.s": no such file or directory
UNRESOLVED: gcc.dg/c99-tgmath-2.c: error executing dg-final: couldn't open "c99-tgmath-2.s": no such file or directory
FAIL: gcc.dg/c99-tgmath-3.c (test for excess errors)
ERROR: gcc.dg/c99-tgmath-3.c: error executing dg-final: couldn't open "c99-tgmath-3.s": no such file or directory
UNRESOLVED: gcc.dg/c99-tgmath-3.c: error executing dg-final: couldn't open "c99-tgmath-3.s": no such file or directory
FAIL: gcc.dg/c99-tgmath-4.c (test for excess errors)
ERROR: gcc.dg/c99-tgmath-4.c: error executing dg-final: couldn't open "c99-tgmath-4.s": no such file or directory
UNRESOLVED: gcc.dg/c99-tgmath-4.c: error executing dg-final: couldn't open "c99-tgmath-4.s": no such file or directory
FAIL: gcc.dg/pr36902.c  (test for warnings, line 47)
FAIL: gcc.dg/pr36902.c (test for excess errors)
FAIL: gcc.dg/utf-array-short-wchar.c  (test for errors, line 38)
FAIL: gcc.dg/utf-array-short-wchar.c  (test for errors, line 40)
FAIL: gcc.dg/utf-array-short-wchar.c (test for excess errors)
FAIL: gcc.dg/wint_t-1.c (test for excess errors)
WARNING: program timed out.
XPASS: gcc.dg/struct/wo_prof_array_through_pointer.c scan-ipa-dump ipa_struct_reorg "Number of structures to transform is 1"
FAIL: gcc.dg/struct/wo_prof_global_var.c execution test
FAIL: gcc.dg/struct/wo_prof_local_var.c execution test
FAIL: gcc.dg/torture/builtin-convert-1.c  -O1  (test for excess errors)
FAIL: gcc.dg/torture/builtin-convert-1.c  -O2  (test for excess errors)
FAIL: gcc.dg/torture/builtin-convert-1.c  -O3 -fomit-frame-pointer  (test for excess errors)
FAIL: gcc.dg/torture/builtin-convert-1.c  -O3 -g  (test for excess errors)
FAIL: gcc.dg/torture/builtin-convert-1.c  -Os  (test for excess errors)
FAIL: gcc.dg/torture/builtin-convert-2.c  -O1  (test for excess errors)
FAIL: gcc.dg/torture/builtin-convert-2.c  -O2  (test for excess errors)
FAIL: gcc.dg/torture/builtin-convert-2.c  -O3 -fomit-frame-pointer  (test for excess errors)
FAIL: gcc.dg/torture/builtin-convert-2.c  -O3 -g  (test for excess errors)
FAIL: gcc.dg/torture/builtin-convert-2.c  -Os  (test for excess errors)
FAIL: gcc.dg/torture/builtin-convert-3.c  -O1  (test for excess errors)
FAIL: gcc.dg/torture/builtin-convert-3.c  -O2  (test for excess errors)
FAIL: gcc.dg/torture/builtin-convert-3.c  -O3 -fomit-frame-pointer  (test for excess errors)
FAIL: gcc.dg/torture/builtin-convert-3.c  -O3 -g  (test for excess errors)
FAIL: gcc.dg/torture/builtin-convert-3.c  -Os  (test for excess errors)
FAIL: gcc.dg/torture/builtin-power-1.c  -O0  (test for excess errors)
FAIL: gcc.dg/torture/builtin-power-1.c  -O1  (test for excess errors)
FAIL: gcc.dg/torture/builtin-power-1.c  -O2  (test for excess errors)
FAIL: gcc.dg/torture/builtin-power-1.c  -O3 -fomit-frame-pointer  (test for excess errors)
FAIL: gcc.dg/torture/builtin-power-1.c  -O3 -g  (test for excess errors)
FAIL: gcc.dg/torture/builtin-power-1.c  -Os  (test for excess errors)
FAIL: gcc.dg/torture/fp-int-convert-float.c  -O0  execution test
FAIL: gcc.dg/torture/fp-int-convert-float.c  -O1  execution test
FAIL: gcc.dg/torture/fp-int-convert-float.c  -O2  execution test
FAIL: gcc.dg/torture/fp-int-convert-float.c  -O3 -fomit-frame-pointer  execution test
FAIL: gcc.dg/torture/fp-int-convert-float.c  -O3 -g  execution test
FAIL: gcc.dg/torture/fp-int-convert-float.c  -Os  execution test
FAIL: gcc.dg/torture/fp-int-convert-float128-timode.c  -O0  (test for excess errors)
WARNING: gcc.dg/torture/fp-int-convert-float128-timode.c  -O0  compilation failed to produce executable
FAIL: gcc.dg/torture/fp-int-convert-float128-timode.c  -O1  (test for excess errors)
WARNING: gcc.dg/torture/fp-int-convert-float128-timode.c  -O1  compilation failed to produce executable
FAIL: gcc.dg/torture/fp-int-convert-float128-timode.c  -O2  (test for excess errors)
WARNING: gcc.dg/torture/fp-int-convert-float128-timode.c  -O2  compilation failed to produce executable
FAIL: gcc.dg/torture/fp-int-convert-float128-timode.c  -O3 -fomit-frame-pointer  (test for excess errors)
WARNING: gcc.dg/torture/fp-int-convert-float128-timode.c  -O3 -fomit-frame-pointer  compilation failed to produce executable
FAIL: gcc.dg/torture/fp-int-convert-float128-timode.c  -O3 -g  (test for excess errors)
WARNING: gcc.dg/torture/fp-int-convert-float128-timode.c  -O3 -g  compilation failed to produce executable
FAIL: gcc.dg/torture/fp-int-convert-float128-timode.c  -Os  (test for excess errors)
WARNING: gcc.dg/torture/fp-int-convert-float128-timode.c  -Os  compilation failed to produce executable
FAIL: gcc.dg/torture/fp-int-convert-float128.c  -O0  (test for excess errors)
WARNING: gcc.dg/torture/fp-int-convert-float128.c  -O0  compilation failed to produce executable
FAIL: gcc.dg/torture/fp-int-convert-float128.c  -O1  (test for excess errors)
WARNING: gcc.dg/torture/fp-int-convert-float128.c  -O1  compilation failed to produce executable
FAIL: gcc.dg/torture/fp-int-convert-float128.c  -O2  (test for excess errors)
WARNING: gcc.dg/torture/fp-int-convert-float128.c  -O2  compilation failed to produce executable
FAIL: gcc.dg/torture/fp-int-convert-float128.c  -O3 -fomit-frame-pointer  (test for excess errors)
WARNING: gcc.dg/torture/fp-int-convert-float128.c  -O3 -fomit-frame-pointer  compilation failed to produce executable
FAIL: gcc.dg/torture/fp-int-convert-float128.c  -O3 -g  (test for excess errors)
WARNING: gcc.dg/torture/fp-int-convert-float128.c  -O3 -g  compilation failed to produce executable
FAIL: gcc.dg/torture/fp-int-convert-float128.c  -Os  (test for excess errors)
WARNING: gcc.dg/torture/fp-int-convert-float128.c  -Os  compilation failed to produce executable
FAIL: gcc.dg/torture/fp-int-convert-float80.c  -O0  execution test
FAIL: gcc.dg/torture/fp-int-convert-float80.c  -O1  execution test
FAIL: gcc.dg/torture/fp-int-convert-float80.c  -O2  execution test
FAIL: gcc.dg/torture/fp-int-convert-float80.c  -O3 -fomit-frame-pointer  execution test
FAIL: gcc.dg/torture/fp-int-convert-float80.c  -O3 -g  execution test
FAIL: gcc.dg/torture/fp-int-convert-float80.c  -Os  execution test
FAIL: gcc.dg/torture/fp-int-convert-long-double.c  -O0  execution test
FAIL: gcc.dg/torture/fp-int-convert-long-double.c  -O1  execution test
FAIL: gcc.dg/torture/fp-int-convert-long-double.c  -O2  execution test
FAIL: gcc.dg/torture/fp-int-convert-long-double.c  -O3 -fomit-frame-pointer  execution test
FAIL: gcc.dg/torture/fp-int-convert-long-double.c  -O3 -g  execution test
FAIL: gcc.dg/torture/fp-int-convert-long-double.c  -Os  execution test
FAIL: gcc.target/i386/excess-precision-1.c execution test
FAIL: gcc.target/i386/excess-precision-3.c execution test
FAIL: gcc.target/i386/pr36578-1.c execution test
FAIL: gcc.target/i386/pr36578-2.c execution test

		=== gcc Summary ===

# of expected passes		56763
# of unexpected failures	91
# of unexpected successes	4
# of expected failures		192
# of unresolved testcases	3
# of unsupported tests		1184
/export/devel/gcc/head/objdir/gcc/xgcc  version 4.5.0 20090711 (experimental) [trunk revision 149517] (GCC) 

		=== gfortran tests ===


Running target unix
XPASS: gfortran.dg/default_format_denormal_1.f90  -O0  execution test
XPASS: gfortran.dg/default_format_denormal_1.f90  -O1  execution test
XPASS: gfortran.dg/default_format_denormal_1.f90  -O2  execution test
XPASS: gfortran.dg/default_format_denormal_1.f90  -O3 -fomit-frame-pointer  execution test
XPASS: gfortran.dg/default_format_denormal_1.f90  -O3 -fomit-frame-pointer -funroll-loops  execution test
XPASS: gfortran.dg/default_format_denormal_1.f90  -O3 -fomit-frame-pointer -funroll-all-loops -finline-functions  execution test
XPASS: gfortran.dg/default_format_denormal_1.f90  -O3 -g  execution test
XPASS: gfortran.dg/default_format_denormal_1.f90  -Os  execution test
FAIL: gfortran.dg/proc_ptr_comp_1.f90  -O0  (internal compiler error)
FAIL: gfortran.dg/proc_ptr_comp_1.f90  -O0  (test for excess errors)
WARNING: gfortran.dg/proc_ptr_comp_1.f90  -O0  compilation failed to produce executable
FAIL: gfortran.dg/proc_ptr_comp_1.f90  -O1  (internal compiler error)
FAIL: gfortran.dg/proc_ptr_comp_1.f90  -O1  (test for excess errors)
WARNING: gfortran.dg/proc_ptr_comp_1.f90  -O1  compilation failed to produce executable
FAIL: gfortran.dg/proc_ptr_comp_1.f90  -O2  (internal compiler error)
FAIL: gfortran.dg/proc_ptr_comp_1.f90  -O2  (test for excess errors)
WARNING: gfortran.dg/proc_ptr_comp_1.f90  -O2  compilation failed to produce executable
FAIL: gfortran.dg/proc_ptr_comp_1.f90  -O3 -fomit-frame-pointer  (internal compiler error)
FAIL: gfortran.dg/proc_ptr_comp_1.f90  -O3 -fomit-frame-pointer  (test for excess errors)
WARNING: gfortran.dg/proc_ptr_comp_1.f90  -O3 -fomit-frame-pointer  compilation failed to produce executable
FAIL: gfortran.dg/proc_ptr_comp_1.f90  -O3 -fomit-frame-pointer -funroll-loops  (internal compiler error)
FAIL: gfortran.dg/proc_ptr_comp_1.f90  -O3 -fomit-frame-pointer -funroll-loops  (test for excess errors)
WARNING: gfortran.dg/proc_ptr_comp_1.f90  -O3 -fomit-frame-pointer -funroll-loops  compilation failed to produce executable
FAIL: gfortran.dg/proc_ptr_comp_1.f90  -O3 -fomit-frame-pointer -funroll-all-loops -finline-functions  (internal compiler error)
FAIL: gfortran.dg/proc_ptr_comp_1.f90  -O3 -fomit-frame-pointer -funroll-all-loops -finline-functions  (test for excess errors)
WARNING: gfortran.dg/proc_ptr_comp_1.f90  -O3 -fomit-frame-pointer -funroll-all-loops -finline-functions  compilation failed to produce executable
FAIL: gfortran.dg/proc_ptr_comp_1.f90  -O3 -g  (internal compiler error)
FAIL: gfortran.dg/proc_ptr_comp_1.f90  -O3 -g  (test for excess errors)
WARNING: gfortran.dg/proc_ptr_comp_1.f90  -O3 -g  compilation failed to produce executable
FAIL: gfortran.dg/proc_ptr_comp_1.f90  -Os  (internal compiler error)
FAIL: gfortran.dg/proc_ptr_comp_1.f90  -Os  (test for excess errors)
WARNING: gfortran.dg/proc_ptr_comp_1.f90  -Os  compilation failed to produce executable
FAIL: gfortran.dg/proc_ptr_comp_11.f90  -O0  (internal compiler error)
FAIL: gfortran.dg/proc_ptr_comp_11.f90  -O0  (test for excess errors)
WARNING: gfortran.dg/proc_ptr_comp_11.f90  -O0  compilation failed to produce executable
FAIL: gfortran.dg/proc_ptr_comp_11.f90  -O1  (internal compiler error)
FAIL: gfortran.dg/proc_ptr_comp_11.f90  -O1  (test for excess errors)
WARNING: gfortran.dg/proc_ptr_comp_11.f90  -O1  compilation failed to produce executable
FAIL: gfortran.dg/proc_ptr_comp_11.f90  -O2  (internal compiler error)
FAIL: gfortran.dg/proc_ptr_comp_11.f90  -O2  (test for excess errors)
WARNING: gfortran.dg/proc_ptr_comp_11.f90  -O2  compilation failed to produce executable
FAIL: gfortran.dg/proc_ptr_comp_11.f90  -O3 -fomit-frame-pointer  (internal compiler error)
FAIL: gfortran.dg/proc_ptr_comp_11.f90  -O3 -fomit-frame-pointer  (test for excess errors)
WARNING: gfortran.dg/proc_ptr_comp_11.f90  -O3 -fomit-frame-pointer  compilation failed to produce executable
FAIL: gfortran.dg/proc_ptr_comp_11.f90  -O3 -fomit-frame-pointer -funroll-loops  (internal compiler error)
FAIL: gfortran.dg/proc_ptr_comp_11.f90  -O3 -fomit-frame-pointer -funroll-loops  (test for excess errors)
WARNING: gfortran.dg/proc_ptr_comp_11.f90  -O3 -fomit-frame-pointer -funroll-loops  compilation failed to produce executable
FAIL: gfortran.dg/proc_ptr_comp_11.f90  -O3 -fomit-frame-pointer -funroll-all-loops -finline-functions  (internal compiler error)
FAIL: gfortran.dg/proc_ptr_comp_11.f90  -O3 -fomit-frame-pointer -funroll-all-loops -finline-functions  (test for excess errors)
WARNING: gfortran.dg/proc_ptr_comp_11.f90  -O3 -fomit-frame-pointer -funroll-all-loops -finline-functions  compilation failed to produce executable
FAIL: gfortran.dg/proc_ptr_comp_11.f90  -O3 -g  (internal compiler error)
FAIL: gfortran.dg/proc_ptr_comp_11.f90  -O3 -g  (test for excess errors)
WARNING: gfortran.dg/proc_ptr_comp_11.f90  -O3 -g  compilation failed to produce executable
FAIL: gfortran.dg/proc_ptr_comp_11.f90  -Os  (internal compiler error)
FAIL: gfortran.dg/proc_ptr_comp_11.f90  -Os  (test for excess errors)
WARNING: gfortran.dg/proc_ptr_comp_11.f90  -Os  compilation failed to produce executable
FAIL: gfortran.dg/proc_ptr_comp_12.f90  -O0  (internal compiler error)
FAIL: gfortran.dg/proc_ptr_comp_12.f90  -O0  (test for excess errors)
WARNING: gfortran.dg/proc_ptr_comp_12.f90  -O0  compilation failed to produce executable
FAIL: gfortran.dg/proc_ptr_comp_12.f90  -O1  (internal compiler error)
FAIL: gfortran.dg/proc_ptr_comp_12.f90  -O1  (test for excess errors)
WARNING: gfortran.dg/proc_ptr_comp_12.f90  -O1  compilation failed to produce executable
FAIL: gfortran.dg/proc_ptr_comp_12.f90  -O2  (internal compiler error)
FAIL: gfortran.dg/proc_ptr_comp_12.f90  -O2  (test for excess errors)
WARNING: gfortran.dg/proc_ptr_comp_12.f90  -O2  compilation failed to produce executable
FAIL: gfortran.dg/proc_ptr_comp_12.f90  -O3 -fomit-frame-pointer  (internal compiler error)
FAIL: gfortran.dg/proc_ptr_comp_12.f90  -O3 -fomit-frame-pointer  (test for excess errors)
WARNING: gfortran.dg/proc_ptr_comp_12.f90  -O3 -fomit-frame-pointer  compilation failed to produce executable
FAIL: gfortran.dg/proc_ptr_comp_12.f90  -O3 -fomit-frame-pointer -funroll-loops  (internal compiler error)
FAIL: gfortran.dg/proc_ptr_comp_12.f90  -O3 -fomit-frame-pointer -funroll-loops  (test for excess errors)
WARNING: gfortran.dg/proc_ptr_comp_12.f90  -O3 -fomit-frame-pointer -funroll-loops  compilation failed to produce executable
FAIL: gfortran.dg/proc_ptr_comp_12.f90  -O3 -fomit-frame-pointer -funroll-all-loops -finline-functions  (internal compiler error)
FAIL: gfortran.dg/proc_ptr_comp_12.f90  -O3 -fomit-frame-pointer -funroll-all-loops -finline-functions  (test for excess errors)
WARNING: gfortran.dg/proc_ptr_comp_12.f90  -O3 -fomit-frame-pointer -funroll-all-loops -finline-functions  compilation failed to produce executable
FAIL: gfortran.dg/proc_ptr_comp_12.f90  -O3 -g  (internal compiler error)
FAIL: gfortran.dg/proc_ptr_comp_12.f90  -O3 -g  (test for excess errors)
WARNING: gfortran.dg/proc_ptr_comp_12.f90  -O3 -g  compilation failed to produce executable
FAIL: gfortran.dg/proc_ptr_comp_12.f90  -Os  (internal compiler error)
FAIL: gfortran.dg/proc_ptr_comp_12.f90  -Os  (test for excess errors)
WARNING: gfortran.dg/proc_ptr_comp_12.f90  -Os  compilation failed to produce executable
FAIL: gfortran.dg/proc_ptr_comp_2.f90  -O0  (internal compiler error)
FAIL: gfortran.dg/proc_ptr_comp_2.f90  -O0  (test for excess errors)
WARNING: gfortran.dg/proc_ptr_comp_2.f90  -O0  compilation failed to produce executable
FAIL: gfortran.dg/proc_ptr_comp_2.f90  -O1  (internal compiler error)
FAIL: gfortran.dg/proc_ptr_comp_2.f90  -O1  (test for excess errors)
WARNING: gfortran.dg/proc_ptr_comp_2.f90  -O1  compilation failed to produce executable
FAIL: gfortran.dg/proc_ptr_comp_2.f90  -O2  (internal compiler error)
FAIL: gfortran.dg/proc_ptr_comp_2.f90  -O2  (test for excess errors)
WARNING: gfortran.dg/proc_ptr_comp_2.f90  -O2  compilation failed to produce executable
FAIL: gfortran.dg/proc_ptr_comp_2.f90  -O3 -fomit-frame-pointer  (internal compiler error)
FAIL: gfortran.dg/proc_ptr_comp_2.f90  -O3 -fomit-frame-pointer  (test for excess errors)
WARNING: gfortran.dg/proc_ptr_comp_2.f90  -O3 -fomit-frame-pointer  compilation failed to produce executable
FAIL: gfortran.dg/proc_ptr_comp_2.f90  -O3 -fomit-frame-pointer -funroll-loops  (internal compiler error)
FAIL: gfortran.dg/proc_ptr_comp_2.f90  -O3 -fomit-frame-pointer -funroll-loops  (test for excess errors)
WARNING: gfortran.dg/proc_ptr_comp_2.f90  -O3 -fomit-frame-pointer -funroll-loops  compilation failed to produce executable
FAIL: gfortran.dg/proc_ptr_comp_2.f90  -O3 -fomit-frame-pointer -funroll-all-loops -finline-functions  (internal compiler error)
FAIL: gfortran.dg/proc_ptr_comp_2.f90  -O3 -fomit-frame-pointer -funroll-all-loops -finline-functions  (test for excess errors)
WARNING: gfortran.dg/proc_ptr_comp_2.f90  -O3 -fomit-frame-pointer -funroll-all-loops -finline-functions  compilation failed to produce executable
FAIL: gfortran.dg/proc_ptr_comp_2.f90  -O3 -g  (internal compiler error)
FAIL: gfortran.dg/proc_ptr_comp_2.f90  -O3 -g  (test for excess errors)
WARNING: gfortran.dg/proc_ptr_comp_2.f90  -O3 -g  compilation failed to produce executable
FAIL: gfortran.dg/proc_ptr_comp_2.f90  -Os  (internal compiler error)
FAIL: gfortran.dg/proc_ptr_comp_2.f90  -Os  (test for excess errors)
WARNING: gfortran.dg/proc_ptr_comp_2.f90  -Os  compilation failed to produce executable
FAIL: gfortran.dg/proc_ptr_comp_3.f90  -O  (internal compiler error)
FAIL: gfortran.dg/proc_ptr_comp_3.f90  -O   (test for errors, line 38)
FAIL: gfortran.dg/proc_ptr_comp_3.f90  -O   (test for errors, line 40)
FAIL: gfortran.dg/proc_ptr_comp_3.f90  -O   (test for errors, line 41)
FAIL: gfortran.dg/proc_ptr_comp_3.f90  -O  (test for excess errors)
FAIL: gfortran.dg/proc_ptr_comp_4.f90  -O  (internal compiler error)
FAIL: gfortran.dg/proc_ptr_comp_4.f90  -O  (test for excess errors)
FAIL: gfortran.dg/proc_ptr_comp_5.f90  -O0  (internal compiler error)
FAIL: gfortran.dg/proc_ptr_comp_5.f90  -O0  (test for excess errors)
WARNING: gfortran.dg/proc_ptr_comp_5.f90  -O0  compilation failed to produce executable
FAIL: gfortran.dg/proc_ptr_comp_5.f90  -O1  (internal compiler error)
FAIL: gfortran.dg/proc_ptr_comp_5.f90  -O1  (test for excess errors)
WARNING: gfortran.dg/proc_ptr_comp_5.f90  -O1  compilation failed to produce executable
FAIL: gfortran.dg/proc_ptr_comp_5.f90  -O2  (internal compiler error)
FAIL: gfortran.dg/proc_ptr_comp_5.f90  -O2  (test for excess errors)
WARNING: gfortran.dg/proc_ptr_comp_5.f90  -O2  compilation failed to produce executable
FAIL: gfortran.dg/proc_ptr_comp_5.f90  -O3 -fomit-frame-pointer  (internal compiler error)
FAIL: gfortran.dg/proc_ptr_comp_5.f90  -O3 -fomit-frame-pointer  (test for excess errors)
WARNING: gfortran.dg/proc_ptr_comp_5.f90  -O3 -fomit-frame-pointer  compilation failed to produce executable
FAIL: gfortran.dg/proc_ptr_comp_5.f90  -O3 -fomit-frame-pointer -funroll-loops  (internal compiler error)
FAIL: gfortran.dg/proc_ptr_comp_5.f90  -O3 -fomit-frame-pointer -funroll-loops  (test for excess errors)
WARNING: gfortran.dg/proc_ptr_comp_5.f90  -O3 -fomit-frame-pointer -funroll-loops  compilation failed to produce executable
FAIL: gfortran.dg/proc_ptr_comp_5.f90  -O3 -fomit-frame-pointer -funroll-all-loops -finline-functions  (internal compiler error)
FAIL: gfortran.dg/proc_ptr_comp_5.f90  -O3 -fomit-frame-pointer -funroll-all-loops -finline-functions  (test for excess errors)
WARNING: gfortran.dg/proc_ptr_comp_5.f90  -O3 -fomit-frame-pointer -funroll-all-loops -finline-functions  compilation failed to produce executable
FAIL: gfortran.dg/proc_ptr_comp_5.f90  -O3 -g  (internal compiler error)
FAIL: gfortran.dg/proc_ptr_comp_5.f90  -O3 -g  (test for excess errors)
WARNING: gfortran.dg/proc_ptr_comp_5.f90  -O3 -g  compilation failed to produce executable
FAIL: gfortran.dg/proc_ptr_comp_5.f90  -Os  (internal compiler error)
FAIL: gfortran.dg/proc_ptr_comp_5.f90  -Os  (test for excess errors)
WARNING: gfortran.dg/proc_ptr_comp_5.f90  -Os  compilation failed to produce executable
FAIL: gfortran.dg/proc_ptr_comp_6.f90  -O0  (internal compiler error)
FAIL: gfortran.dg/proc_ptr_comp_6.f90  -O0  (test for excess errors)
WARNING: gfortran.dg/proc_ptr_comp_6.f90  -O0  compilation failed to produce executable
FAIL: gfortran.dg/proc_ptr_comp_6.f90  -O1  (internal compiler error)
FAIL: gfortran.dg/proc_ptr_comp_6.f90  -O1  (test for excess errors)
WARNING: gfortran.dg/proc_ptr_comp_6.f90  -O1  compilation failed to produce executable
FAIL: gfortran.dg/proc_ptr_comp_6.f90  -O2  (internal compiler error)
FAIL: gfortran.dg/proc_ptr_comp_6.f90  -O2  (test for excess errors)
WARNING: gfortran.dg/proc_ptr_comp_6.f90  -O2  compilation failed to produce executable
FAIL: gfortran.dg/proc_ptr_comp_6.f90  -O3 -fomit-frame-pointer  (internal compiler error)
FAIL: gfortran.dg/proc_ptr_comp_6.f90  -O3 -fomit-frame-pointer  (test for excess errors)
WARNING: gfortran.dg/proc_ptr_comp_6.f90  -O3 -fomit-frame-pointer  compilation failed to produce executable
FAIL: gfortran.dg/proc_ptr_comp_6.f90  -O3 -fomit-frame-pointer -funroll-loops  (internal compiler error)
FAIL: gfortran.dg/proc_ptr_comp_6.f90  -O3 -fomit-frame-pointer -funroll-loops  (test for excess errors)
WARNING: gfortran.dg/proc_ptr_comp_6.f90  -O3 -fomit-frame-pointer -funroll-loops  compilation failed to produce executable
FAIL: gfortran.dg/proc_ptr_comp_6.f90  -O3 -fomit-frame-pointer -funroll-all-loops -finline-functions  (internal compiler error)
FAIL: gfortran.dg/proc_ptr_comp_6.f90  -O3 -fomit-frame-pointer -funroll-all-loops -finline-functions  (test for excess errors)
WARNING: gfortran.dg/proc_ptr_comp_6.f90  -O3 -fomit-frame-pointer -funroll-all-loops -finline-functions  compilation failed to produce executable
FAIL: gfortran.dg/proc_ptr_comp_6.f90  -O3 -g  (internal compiler error)
FAIL: gfortran.dg/proc_ptr_comp_6.f90  -O3 -g  (test for excess errors)
WARNING: gfortran.dg/proc_ptr_comp_6.f90  -O3 -g  compilation failed to produce executable
FAIL: gfortran.dg/proc_ptr_comp_6.f90  -Os  (internal compiler error)
FAIL: gfortran.dg/proc_ptr_comp_6.f90  -Os  (test for excess errors)
WARNING: gfortran.dg/proc_ptr_comp_6.f90  -Os  compilation failed to produce executable
FAIL: gfortran.dg/proc_ptr_comp_7.f90  -O  (internal compiler error)
FAIL: gfortran.dg/proc_ptr_comp_7.f90  -O  (test for excess errors)
FAIL: gfortran.dg/proc_ptr_comp_8.f90  -O0  (internal compiler error)
FAIL: gfortran.dg/proc_ptr_comp_8.f90  -O0  (test for excess errors)
WARNING: gfortran.dg/proc_ptr_comp_8.f90  -O0  compilation failed to produce executable
FAIL: gfortran.dg/proc_ptr_comp_8.f90  -O1  (internal compiler error)
FAIL: gfortran.dg/proc_ptr_comp_8.f90  -O1  (test for excess errors)
WARNING: gfortran.dg/proc_ptr_comp_8.f90  -O1  compilation failed to produce executable
FAIL: gfortran.dg/proc_ptr_comp_8.f90  -O2  (internal compiler error)
FAIL: gfortran.dg/proc_ptr_comp_8.f90  -O2  (test for excess errors)
WARNING: gfortran.dg/proc_ptr_comp_8.f90  -O2  compilation failed to produce executable
FAIL: gfortran.dg/proc_ptr_comp_8.f90  -O3 -fomit-frame-pointer  (internal compiler error)
FAIL: gfortran.dg/proc_ptr_comp_8.f90  -O3 -fomit-frame-pointer  (test for excess errors)
WARNING: gfortran.dg/proc_ptr_comp_8.f90  -O3 -fomit-frame-pointer  compilation failed to produce executable
FAIL: gfortran.dg/proc_ptr_comp_8.f90  -O3 -fomit-frame-pointer -funroll-loops  (internal compiler error)
FAIL: gfortran.dg/proc_ptr_comp_8.f90  -O3 -fomit-frame-pointer -funroll-loops  (test for excess errors)
WARNING: gfortran.dg/proc_ptr_comp_8.f90  -O3 -fomit-frame-pointer -funroll-loops  compilation failed to produce executable
FAIL: gfortran.dg/proc_ptr_comp_8.f90  -O3 -fomit-frame-pointer -funroll-all-loops -finline-functions  (internal compiler error)
FAIL: gfortran.dg/proc_ptr_comp_8.f90  -O3 -fomit-frame-pointer -funroll-all-loops -finline-functions  (test for excess errors)
WARNING: gfortran.dg/proc_ptr_comp_8.f90  -O3 -fomit-frame-pointer -funroll-all-loops -finline-functions  compilation failed to produce executable
FAIL: gfortran.dg/proc_ptr_comp_8.f90  -O3 -g  (internal compiler error)
FAIL: gfortran.dg/proc_ptr_comp_8.f90  -O3 -g  (test for excess errors)
WARNING: gfortran.dg/proc_ptr_comp_8.f90  -O3 -g  compilation failed to produce executable
FAIL: gfortran.dg/proc_ptr_comp_8.f90  -Os  (internal compiler error)
FAIL: gfortran.dg/proc_ptr_comp_8.f90  -Os  (test for excess errors)
WARNING: gfortran.dg/proc_ptr_comp_8.f90  -Os  compilation failed to produce executable
FAIL: gfortran.dg/proc_ptr_comp_9.f90  -O0  (internal compiler error)
FAIL: gfortran.dg/proc_ptr_comp_9.f90  -O0  (test for excess errors)
WARNING: gfortran.dg/proc_ptr_comp_9.f90  -O0  compilation failed to produce executable
FAIL: gfortran.dg/proc_ptr_comp_9.f90  -O1  (internal compiler error)
FAIL: gfortran.dg/proc_ptr_comp_9.f90  -O1  (test for excess errors)
WARNING: gfortran.dg/proc_ptr_comp_9.f90  -O1  compilation failed to produce executable
FAIL: gfortran.dg/proc_ptr_comp_9.f90  -O2  (internal compiler error)
FAIL: gfortran.dg/proc_ptr_comp_9.f90  -O2  (test for excess errors)
WARNING: gfortran.dg/proc_ptr_comp_9.f90  -O2  compilation failed to produce executable
FAIL: gfortran.dg/proc_ptr_comp_9.f90  -O3 -fomit-frame-pointer  (internal compiler error)
FAIL: gfortran.dg/proc_ptr_comp_9.f90  -O3 -fomit-frame-pointer  (test for excess errors)
WARNING: gfortran.dg/proc_ptr_comp_9.f90  -O3 -fomit-frame-pointer  compilation failed to produce executable
FAIL: gfortran.dg/proc_ptr_comp_9.f90  -O3 -fomit-frame-pointer -funroll-loops  (internal compiler error)
FAIL: gfortran.dg/proc_ptr_comp_9.f90  -O3 -fomit-frame-pointer -funroll-loops  (test for excess errors)
WARNING: gfortran.dg/proc_ptr_comp_9.f90  -O3 -fomit-frame-pointer -funroll-loops  compilation failed to produce executable
FAIL: gfortran.dg/proc_ptr_comp_9.f90  -O3 -fomit-frame-pointer -funroll-all-loops -finline-functions  (internal compiler error)
FAIL: gfortran.dg/proc_ptr_comp_9.f90  -O3 -fomit-frame-pointer -funroll-all-loops -finline-functions  (test for excess errors)
WARNING: gfortran.dg/proc_ptr_comp_9.f90  -O3 -fomit-frame-pointer -funroll-all-loops -finline-functions  compilation failed to produce executable
FAIL: gfortran.dg/proc_ptr_comp_9.f90  -O3 -g  (internal compiler error)
FAIL: gfortran.dg/proc_ptr_comp_9.f90  -O3 -g  (test for excess errors)
WARNING: gfortran.dg/proc_ptr_comp_9.f90  -O3 -g  compilation failed to produce executable
FAIL: gfortran.dg/proc_ptr_comp_9.f90  -Os  (internal compiler error)
FAIL: gfortran.dg/proc_ptr_comp_9.f90  -Os  (test for excess errors)
WARNING: gfortran.dg/proc_ptr_comp_9.f90  -Os  compilation failed to produce executable
FAIL: gfortran.dg/stat_1.f90  -O0  execution test
FAIL: gfortran.dg/stat_1.f90  -O1  execution test
FAIL: gfortran.dg/stat_1.f90  -O2  execution test
FAIL: gfortran.dg/stat_1.f90  -O3 -fomit-frame-pointer  execution test
FAIL: gfortran.dg/stat_1.f90  -O3 -fomit-frame-pointer -funroll-loops  execution test
FAIL: gfortran.dg/stat_1.f90  -O3 -fomit-frame-pointer -funroll-all-loops -finline-functions  execution test
FAIL: gfortran.dg/stat_1.f90  -O3 -g  execution test
FAIL: gfortran.dg/stat_1.f90  -Os  execution test
FAIL: gfortran.dg/stat_2.f90  -O0  execution test
FAIL: gfortran.dg/stat_2.f90  -O1  execution test
FAIL: gfortran.dg/stat_2.f90  -O2  execution test
FAIL: gfortran.dg/stat_2.f90  -O3 -fomit-frame-pointer  execution test
FAIL: gfortran.dg/stat_2.f90  -O3 -fomit-frame-pointer -funroll-loops  execution test
FAIL: gfortran.dg/stat_2.f90  -O3 -fomit-frame-pointer -funroll-all-loops -finline-functions  execution test
FAIL: gfortran.dg/stat_2.f90  -O3 -g  execution test
FAIL: gfortran.dg/stat_2.f90  -Os  execution test

		=== gfortran Summary ===

# of expected passes		30762
# of unexpected failures	153
# of unexpected successes	8
# of expected failures		20
# of unsupported tests		248
/export/devel/gcc/head/objdir/gcc/testsuite/gfortran/../../gfortran  version 4.5.0 20090711 (experimental) [trunk revision 149517] (GCC) 

		=== objc tests ===


Running target unix

		=== objc Summary ===

# of expected passes		1875
# of expected failures		7
# of unsupported tests		24
/export/devel/gcc/head/objdir/gcc/xgcc  version 4.5.0 20090711 (experimental) [trunk revision 149517] (GCC) 

		=== libffi tests ===


Running target unix
FAIL: libffi.call/cls_1_1byte.c -O0 -W -Wall output pattern test, is 193 12: 205
FAIL: libffi.call/cls_2byte.c -O0 -W -Wall output pattern test, is 198 183 12 127: 210 54
FAIL: libffi.call/cls_3byte1.c -O0 -W -Wall execution test
FAIL: libffi.call/cls_3byte2.c -O0 -W -Wall execution test
FAIL: libffi.call/cls_4_1byte.c -O0 -W -Wall execution test
FAIL: libffi.call/cls_4byte.c -O0 -W -Wall execution test
FAIL: libffi.call/cls_7byte.c -O0 -W -Wall execution test
FAIL: libffi.call/cls_8byte.c -O0 -W -Wall execution test
FAIL: libffi.call/struct3.c -O0 -W -Wall execution test
FAIL: libffi.call/struct5.c -O0 -W -Wall execution test
FAIL: libffi.call/struct9.c -O0 -W -Wall execution test
FAIL: libffi.call/cls_1_1byte.c -O2 output pattern test, is 13 12: 25
FAIL: libffi.call/cls_2byte.c -O2 output pattern test, is 26 184 12 127: 38 55
FAIL: libffi.call/cls_3byte1.c -O2 output pattern test, is 47104 191 12 119: 47116 54
FAIL: libffi.call/cls_3byte2.c -O2 execution test
FAIL: libffi.call/cls_4_1byte.c -O2 execution test
FAIL: libffi.call/cls_4byte.c -O2 execution test
FAIL: libffi.call/cls_7byte.c -O2 execution test
FAIL: libffi.call/cls_8byte.c -O2 execution test
FAIL: libffi.call/struct3.c -O2 execution test
FAIL: libffi.call/struct5.c -O2 execution test
FAIL: libffi.call/struct9.c -O2 execution test
FAIL: libffi.call/cls_1_1byte.c -O3 output pattern test, is 13 12: 25
FAIL: libffi.call/cls_2byte.c -O3 output pattern test, is 26 184 12 127: 38 55
FAIL: libffi.call/cls_3byte1.c -O3 output pattern test, is 47104 191 12 119: 47116 54
FAIL: libffi.call/cls_3byte2.c -O3 execution test
FAIL: libffi.call/cls_4_1byte.c -O3 execution test
FAIL: libffi.call/cls_4byte.c -O3 execution test
FAIL: libffi.call/cls_7byte.c -O3 execution test
FAIL: libffi.call/cls_8byte.c -O3 execution test
FAIL: libffi.call/struct3.c -O3 execution test
FAIL: libffi.call/struct5.c -O3 execution test
FAIL: libffi.call/struct9.c -O3 execution test
FAIL: libffi.call/cls_1_1byte.c -Os execution test
FAIL: libffi.call/cls_2byte.c -Os execution test
FAIL: libffi.call/cls_3byte1.c -Os output pattern test, is 47088 191 12 119: 47100 54
FAIL: libffi.call/cls_3byte2.c -Os execution test
FAIL: libffi.call/cls_4_1byte.c -Os execution test
FAIL: libffi.call/cls_4byte.c -Os execution test
FAIL: libffi.call/cls_7byte.c -Os execution test
FAIL: libffi.call/cls_8byte.c -Os execution test
FAIL: libffi.call/struct3.c -Os execution test
FAIL: libffi.call/struct5.c -Os execution test
FAIL: libffi.call/struct9.c -Os execution test
FAIL: libffi.call/cls_1_1byte.c -O2 -fomit-frame-pointer output pattern test, is 13 12: 25
FAIL: libffi.call/cls_2byte.c -O2 -fomit-frame-pointer output pattern test, is 26 184 12 127: 38 55
FAIL: libffi.call/cls_3byte1.c -O2 -fomit-frame-pointer output pattern test, is 47104 191 12 119: 47116 54
FAIL: libffi.call/cls_3byte2.c -O2 -fomit-frame-pointer execution test
FAIL: libffi.call/cls_4_1byte.c -O2 -fomit-frame-pointer execution test
FAIL: libffi.call/cls_4byte.c -O2 -fomit-frame-pointer execution test
FAIL: libffi.call/cls_7byte.c -O2 -fomit-frame-pointer execution test
FAIL: libffi.call/cls_8byte.c -O2 -fomit-frame-pointer execution test
FAIL: libffi.call/struct3.c -O2 -fomit-frame-pointer execution test
FAIL: libffi.call/struct5.c -O2 -fomit-frame-pointer execution test
FAIL: libffi.call/struct9.c -O2 -fomit-frame-pointer execution test

		=== libffi Summary ===

# of expected passes		1511
# of unexpected failures	55
# of expected failures		10
# of unsupported tests		15
		=== libgomp tests ===


Running target unix

		=== libgomp Summary ===

# of expected passes		1003
# of unsupported tests		2
		=== libjava tests ===


Running target unix
FAIL: TestClosureGC run
FAIL: PR16923.c compilation
FAIL: events output
FAIL: PR18699 -O3 execution - source compiled test
FAIL: Throw_2 execution - source compiled test
FAIL: Throw_2 -findirect-dispatch execution - source compiled test
FAIL: Throw_2 -O3 execution - source compiled test
FAIL: Throw_2 -O3 -findirect-dispatch execution - source compiled test
FAIL: /export/devel/gcc/head/objdir/i686-andreast-freebsd8.0/libjava/testsuite/TestEarlyGC.exe execution - /export/devel/gcc/head/objdir/i686-andreast-freebsd8.0/libjava/testsuite/TestEarlyGC.exe

		=== libjava Summary ===

# of expected passes		2558
# of unexpected failures	9
# of untested testcases		7
		=== libstdc++ tests ===


Running target unix
FAIL: 27_io/basic_istream/extractors_arithmetic/char/12.cc execution test
FAIL: 27_io/basic_istream/extractors_arithmetic/wchar_t/12.cc execution test
FAIL: 27_io/objects/wchar_t/9662.cc execution test
FAIL: 30_threads/thread/native_handle/typesizes.cc (test for excess errors)
WARNING: 30_threads/thread/native_handle/typesizes.cc compilation failed to produce executable
FAIL: ext/new_allocator/deallocate_global.cc execution test
FAIL: ext/throw_allocator/deallocate_global.cc execution test

		=== libstdc++ Summary ===

# of expected passes		6014
# of unexpected failures	6
# of expected failures		82
# of unsupported tests		442

Compiler version: 4.5.0 20090711 (experimental) [trunk revision 149517] (GCC) 
Platform: i686-andreast-freebsd8.0
configure flags: --prefix=/export/devel/head/testbin --enable-langauges=cc++,java,fortran,objc --disable-static --disable-checking --build=i686-andreast-freebsd8.0 --target=i686-andreast-freebsd8.0 --disable-libmudflap

Index Nav: [Date Index] [Subject Index] [Author Index] [Thread Index]
Message Nav: [Date Prev] [Date Next] [Thread Prev] [Thread Next]