This is the mail archive of the gcc-testresults@gcc.gnu.org mailing list for the GCC project.


Index Nav: [Date Index] [Subject Index] [Author Index] [Thread Index]
Message Nav: [Date Prev] [Date Next] [Thread Prev] [Thread Next]
Other format: [Raw text]

Results for 4.5.0 20090710 (experimental) [trunk revision 149498] (GCC) gcc testsuite on avr-unknown-none


Debian 4 on x86_64
cross tool versions:
GNU assembler (GNU Binutils) 2.19.51.20090704
GNU gdb 6.4
GNU ld (GNU Binutils) 2.19.51.20090704

GNU Make 3.81
expect version 5.43.0
host gcc version: gcc (GCC) 4.5.0 20090710 (experimental) [trunk revision 149498]
LAST_UPDATED: Fri Jul 10 22:10:16 UTC 2009 (revision 149498)

Target is avr-unknown-none
Host   is x86_64-unknown-linux-gnu

		=== gcc tests ===


Running target avrtest-m128-sim
FAIL: gcc.c-torture/compile/pr36141.c  -O1  (test for excess errors)
FAIL: gcc.c-torture/compile/pr36141.c  -O2  (test for excess errors)
FAIL: gcc.c-torture/compile/pr36141.c  -O3 -fomit-frame-pointer  (test for excess errors)
FAIL: gcc.c-torture/compile/pr36141.c  -O3 -g  (test for excess errors)
FAIL: gcc.c-torture/compile/pr36141.c  -Os  (test for excess errors)
FAIL: gcc.c-torture/compile/pr40204.c  -O0  (test for excess errors)
FAIL: gcc.c-torture/compile/pr40204.c  -O1  (test for excess errors)
FAIL: gcc.c-torture/compile/pr40204.c  -O2  (test for excess errors)
FAIL: gcc.c-torture/compile/pr40204.c  -O3 -fomit-frame-pointer  (test for excess errors)
FAIL: gcc.c-torture/compile/pr40204.c  -O3 -g  (test for excess errors)
FAIL: gcc.c-torture/compile/pr40204.c  -Os  (test for excess errors)
FAIL: gcc.c-torture/execute/builtins/pr22237.c compilation,  -O2  (internal compiler error)
UNRESOLVED: gcc.c-torture/execute/builtins/pr22237.c execution,  -O2 
FAIL: gcc.c-torture/execute/builtins/pr22237.c compilation,  -O3 -fomit-frame-pointer  (internal compiler error)
UNRESOLVED: gcc.c-torture/execute/builtins/pr22237.c execution,  -O3 -fomit-frame-pointer 
FAIL: gcc.c-torture/execute/builtins/pr22237.c compilation,  -O3 -fomit-frame-pointer -funroll-loops  (internal compiler error)
UNRESOLVED: gcc.c-torture/execute/builtins/pr22237.c execution,  -O3 -fomit-frame-pointer -funroll-loops 
FAIL: gcc.c-torture/execute/builtins/pr22237.c compilation,  -O3 -fomit-frame-pointer -funroll-all-loops -finline-functions  (internal compiler error)
UNRESOLVED: gcc.c-torture/execute/builtins/pr22237.c execution,  -O3 -fomit-frame-pointer -funroll-all-loops -finline-functions 
FAIL: gcc.c-torture/execute/builtins/pr22237.c compilation,  -O3 -g  (internal compiler error)
UNRESOLVED: gcc.c-torture/execute/builtins/pr22237.c execution,  -O3 -g 
FAIL: gcc.c-torture/execute/builtins/pr22237.c compilation,  -Os  (internal compiler error)
UNRESOLVED: gcc.c-torture/execute/builtins/pr22237.c execution,  -Os 
FAIL: gcc.c-torture/execute/20010122-1.c execution,  -O0 
FAIL: gcc.c-torture/execute/920501-2.c compilation,  -O2  (internal compiler error)
UNRESOLVED: gcc.c-torture/execute/920501-2.c execution,  -O2 
FAIL: gcc.c-torture/execute/920501-2.c compilation,  -O3 -fomit-frame-pointer  (internal compiler error)
UNRESOLVED: gcc.c-torture/execute/920501-2.c execution,  -O3 -fomit-frame-pointer 
FAIL: gcc.c-torture/execute/920501-2.c compilation,  -O3 -fomit-frame-pointer -funroll-loops  (internal compiler error)
UNRESOLVED: gcc.c-torture/execute/920501-2.c execution,  -O3 -fomit-frame-pointer -funroll-loops 
FAIL: gcc.c-torture/execute/920501-2.c compilation,  -O3 -fomit-frame-pointer -funroll-all-loops -finline-functions  (internal compiler error)
UNRESOLVED: gcc.c-torture/execute/920501-2.c execution,  -O3 -fomit-frame-pointer -funroll-all-loops -finline-functions 
FAIL: gcc.c-torture/execute/920501-2.c compilation,  -O3 -g  (internal compiler error)
UNRESOLVED: gcc.c-torture/execute/920501-2.c execution,  -O3 -g 
FAIL: gcc.c-torture/execute/960327-1.c compilation,  -O1  (internal compiler error)
UNRESOLVED: gcc.c-torture/execute/960327-1.c execution,  -O1 
FAIL: gcc.c-torture/execute/960327-1.c compilation,  -O2  (internal compiler error)
UNRESOLVED: gcc.c-torture/execute/960327-1.c execution,  -O2 
FAIL: gcc.c-torture/execute/960327-1.c compilation,  -O3 -fomit-frame-pointer  (internal compiler error)
UNRESOLVED: gcc.c-torture/execute/960327-1.c execution,  -O3 -fomit-frame-pointer 
FAIL: gcc.c-torture/execute/960327-1.c compilation,  -O3 -fomit-frame-pointer -funroll-loops  (internal compiler error)
UNRESOLVED: gcc.c-torture/execute/960327-1.c execution,  -O3 -fomit-frame-pointer -funroll-loops 
FAIL: gcc.c-torture/execute/960327-1.c compilation,  -O3 -fomit-frame-pointer -funroll-all-loops -finline-functions  (internal compiler error)
UNRESOLVED: gcc.c-torture/execute/960327-1.c execution,  -O3 -fomit-frame-pointer -funroll-all-loops -finline-functions 
FAIL: gcc.c-torture/execute/960327-1.c compilation,  -O3 -g  (internal compiler error)
UNRESOLVED: gcc.c-torture/execute/960327-1.c execution,  -O3 -g 
FAIL: gcc.c-torture/execute/960327-1.c compilation,  -Os  (internal compiler error)
UNRESOLVED: gcc.c-torture/execute/960327-1.c execution,  -Os 
FAIL: gcc.c-torture/execute/memcpy-1.c compilation,  -O2  (internal compiler error)
UNRESOLVED: gcc.c-torture/execute/memcpy-1.c execution,  -O2 
FAIL: gcc.c-torture/execute/memcpy-1.c compilation,  -Os  (internal compiler error)
UNRESOLVED: gcc.c-torture/execute/memcpy-1.c execution,  -Os 
FAIL: gcc.c-torture/execute/mode-dependent-address.c compilation,  -O1  (internal compiler error)
UNRESOLVED: gcc.c-torture/execute/mode-dependent-address.c execution,  -O1 
FAIL: gcc.c-torture/execute/mode-dependent-address.c compilation,  -O2  (internal compiler error)
UNRESOLVED: gcc.c-torture/execute/mode-dependent-address.c execution,  -O2 
FAIL: gcc.c-torture/execute/mode-dependent-address.c compilation,  -O3 -fomit-frame-pointer  (internal compiler error)
UNRESOLVED: gcc.c-torture/execute/mode-dependent-address.c execution,  -O3 -fomit-frame-pointer 
FAIL: gcc.c-torture/execute/mode-dependent-address.c compilation,  -O3 -fomit-frame-pointer -funroll-loops  (internal compiler error)
UNRESOLVED: gcc.c-torture/execute/mode-dependent-address.c execution,  -O3 -fomit-frame-pointer -funroll-loops 
FAIL: gcc.c-torture/execute/mode-dependent-address.c compilation,  -O3 -fomit-frame-pointer -funroll-all-loops -finline-functions  (internal compiler error)
UNRESOLVED: gcc.c-torture/execute/mode-dependent-address.c execution,  -O3 -fomit-frame-pointer -funroll-all-loops -finline-functions 
FAIL: gcc.c-torture/execute/mode-dependent-address.c compilation,  -O3 -g  (internal compiler error)
UNRESOLVED: gcc.c-torture/execute/mode-dependent-address.c execution,  -O3 -g 
FAIL: gcc.c-torture/execute/mode-dependent-address.c compilation,  -Os  (internal compiler error)
UNRESOLVED: gcc.c-torture/execute/mode-dependent-address.c execution,  -Os 
FAIL: gcc.c-torture/execute/pr17377.c execution,  -O0 
FAIL: gcc.c-torture/execute/pr17377.c execution,  -O1 
FAIL: gcc.c-torture/execute/pr17377.c execution,  -O2 
FAIL: gcc.c-torture/execute/pr17377.c execution,  -O3 -fomit-frame-pointer 
FAIL: gcc.c-torture/execute/pr17377.c execution,  -O3 -g 
FAIL: gcc.c-torture/execute/pr17377.c execution,  -Os 
FAIL: gcc.c-torture/execute/pr23135.c compilation,  -Os  (internal compiler error)
UNRESOLVED: gcc.c-torture/execute/pr23135.c execution,  -Os 
FAIL: gcc.c-torture/execute/pr40404.c compilation,  -O0 
UNRESOLVED: gcc.c-torture/execute/pr40404.c execution,  -O0 
FAIL: gcc.c-torture/execute/pr40404.c compilation,  -O1 
UNRESOLVED: gcc.c-torture/execute/pr40404.c execution,  -O1 
FAIL: gcc.c-torture/execute/pr40404.c compilation,  -O2 
UNRESOLVED: gcc.c-torture/execute/pr40404.c execution,  -O2 
FAIL: gcc.c-torture/execute/pr40404.c compilation,  -O3 -fomit-frame-pointer 
UNRESOLVED: gcc.c-torture/execute/pr40404.c execution,  -O3 -fomit-frame-pointer 
FAIL: gcc.c-torture/execute/pr40404.c compilation,  -O3 -g 
UNRESOLVED: gcc.c-torture/execute/pr40404.c execution,  -O3 -g 
FAIL: gcc.c-torture/execute/pr40404.c compilation,  -Os 
UNRESOLVED: gcc.c-torture/execute/pr40404.c execution,  -Os 
ERROR: tcl error sourcing /home/mstein/svn/trunk/gcc/testsuite/gcc.c-torture/execute/execute.exp.
ERROR: child killed: kill signal
ERROR: tcl error sourcing /home/mstein/svn/trunk/gcc/testsuite/gcc.c-torture/execute/ieee/ieee.exp.
ERROR: torture-init: torture_without_loops is not empty as expected
ERROR: tcl error sourcing /home/mstein/svn/trunk/gcc/testsuite/gcc.c-torture/unsorted/unsorted.exp.
ERROR: torture-init: torture_without_loops is not empty as expected
FAIL: gcc.dg/compat/struct-by-value-16 c_compat_x_tst.o-c_compat_y_tst.o execute "-Os -mcall-prologues","-Os -mcall-prologues"
ERROR: tcl error sourcing /home/mstein/svn/trunk/gcc/testsuite/gcc.dg/compat/compat.exp.
ERROR: child killed: kill signal
FAIL: gcc.dg/debug/dwarf2/pr37726.c scan-assembler-times "parm[^
FAIL: gcc.dg/debug/dwarf2/pr37726.c scan-assembler-times "var[^
FAIL: gcc.dg/20030324-1.c (internal compiler error)
FAIL: gcc.dg/20030324-1.c (test for excess errors)
UNRESOLVED: gcc.dg/20030324-1.c compilation failed to produce executable
FAIL: gcc.dg/20090709-1.c scan-assembler-times .LC0 3
XPASS: gcc.dg/Warray-bounds.c  (test for warnings, line 59)
XPASS: gcc.dg/Warray-bounds.c  (test for warnings, line 65)
FAIL: gcc.dg/Wshadow-3.c  (test for warnings, line 47)
FAIL: gcc.dg/Wshadow-3.c (test for excess errors)
XPASS: gcc.dg/Wtype-limits-Wextra.c (test for excess errors)
XPASS: gcc.dg/Wtype-limits.c (test for excess errors)
XPASS: gcc.dg/Wunreachable-8.c  (test for bogus messages, line 7)
XPASS: gcc.dg/builtin-return-1.c execution test
FAIL: gcc.dg/c99-stdint-1.c (test for excess errors)
FAIL: gcc.dg/c99-stdint-2.c (test for excess errors)
FAIL: gcc.dg/c99-stdint-5.c (test for excess errors)
FAIL: gcc.dg/c99-stdint-6.c (test for excess errors)
FAIL: gcc.dg/c99-stdint-7.c (test for excess errors)
ERROR: tcl error sourcing /home/mstein/svn/trunk/gcc/testsuite/gcc.dg/dg.exp.
ERROR: child killed: kill signal
ERROR: tcl error sourcing /home/mstein/svn/trunk/gcc/testsuite/gcc.dg/format/format.exp.
ERROR: torture-init: torture_without_loops is not empty as expected
ERROR: tcl error sourcing /home/mstein/svn/trunk/gcc/testsuite/gcc.dg/pch/pch.exp.
ERROR: torture-init: torture_without_loops is not empty as expected
FAIL: gcc.dg/struct/wo_prof_double_malloc.c (internal compiler error)
FAIL: gcc.dg/struct/wo_prof_double_malloc.c (test for excess errors)
UNRESOLVED: gcc.dg/struct/wo_prof_double_malloc.c compilation failed to produce executable
ERROR: tcl error sourcing /home/mstein/svn/trunk/gcc/testsuite/gcc.dg/struct/struct-reorg.exp.
ERROR: child killed: kill signal
FAIL: gcc.dg/torture/pr37868.c  -O0  (test for excess errors)
UNRESOLVED: gcc.dg/torture/pr37868.c  -O0  compilation failed to produce executable
FAIL: gcc.dg/torture/pr37868.c  -O1  (test for excess errors)
UNRESOLVED: gcc.dg/torture/pr37868.c  -O1  compilation failed to produce executable
FAIL: gcc.dg/torture/pr37868.c  -O2  (test for excess errors)
UNRESOLVED: gcc.dg/torture/pr37868.c  -O2  compilation failed to produce executable
FAIL: gcc.dg/torture/pr37868.c  -O3 -fomit-frame-pointer  (test for excess errors)
UNRESOLVED: gcc.dg/torture/pr37868.c  -O3 -fomit-frame-pointer  compilation failed to produce executable
FAIL: gcc.dg/torture/pr37868.c  -O3 -g  (test for excess errors)
UNRESOLVED: gcc.dg/torture/pr37868.c  -O3 -g  compilation failed to produce executable
FAIL: gcc.dg/torture/pr37868.c  -Os  (test for excess errors)
UNRESOLVED: gcc.dg/torture/pr37868.c  -Os  compilation failed to produce executable
FAIL: gcc.dg/torture/pr39074.c  -O1  (test for excess errors)
FAIL: gcc.dg/torture/pr39074.c  -O2  (test for excess errors)
FAIL: gcc.dg/torture/pr39074.c  -O3 -fomit-frame-pointer  (test for excess errors)
FAIL: gcc.dg/torture/pr39074.c  -O3 -g  (test for excess errors)
FAIL: gcc.dg/torture/pr39074.c  -Os  (test for excess errors)
XPASS: gcc.dg/tree-ssa/20040204-1.c scan-tree-dump-times optimized "link_error" 0
FAIL: gcc.dg/tree-ssa/forwprop-12.c scan-tree-dump-times forwprop1 "->a\\[D\\." 2
FAIL: gcc.dg/tree-ssa/fre-vce-1.c scan-tree-dump-times fre "sv.i" 2
FAIL: gcc.dg/tree-ssa/gen-vect-11.c scan-tree-dump-times vect "vectorized 1 loops" 1
FAIL: gcc.dg/tree-ssa/gen-vect-11a.c scan-tree-dump-times vect "vectorized 1 loops" 1
FAIL: gcc.dg/tree-ssa/gen-vect-11b.c (internal compiler error)
FAIL: gcc.dg/tree-ssa/gen-vect-11b.c (test for excess errors)
UNRESOLVED: gcc.dg/tree-ssa/gen-vect-11b.c compilation failed to produce executable
FAIL: gcc.dg/tree-ssa/gen-vect-11c.c (internal compiler error)
FAIL: gcc.dg/tree-ssa/gen-vect-11c.c (test for excess errors)
UNRESOLVED: gcc.dg/tree-ssa/gen-vect-11c.c compilation failed to produce executable
FAIL: gcc.dg/tree-ssa/gen-vect-2.c scan-tree-dump-times vect "vectorized 1 loops" 1
FAIL: gcc.dg/tree-ssa/gen-vect-25.c scan-tree-dump-times vect "vectorized 2 loops" 1
FAIL: gcc.dg/tree-ssa/gen-vect-26.c scan-tree-dump-times vect "vectorized 1 loops" 1
FAIL: gcc.dg/tree-ssa/gen-vect-26.c scan-tree-dump-times vect "Alignment of access forced using peeling" 1
FAIL: gcc.dg/tree-ssa/gen-vect-28.c scan-tree-dump-times vect "vectorized 1 loops" 1
FAIL: gcc.dg/tree-ssa/gen-vect-28.c scan-tree-dump-times vect "Alignment of access forced using peeling" 1
FAIL: gcc.dg/tree-ssa/gen-vect-32.c scan-tree-dump-times vect "vectorized 1 loops" 1
FAIL: gcc.dg/tree-ssa/pr23455.c scan-tree-dump-times pre "Eliminated: 3" 1
FAIL: gcc.dg/tree-ssa/predcom-2.c execution test
FAIL: gcc.dg/tree-ssa/predcom-4.c execution test
FAIL: gcc.dg/tree-ssa/predcom-5.c execution test
FAIL: gcc.dg/tree-ssa/ssa-fre-26.c scan-tree-dump fre "Replaced u.i with 0 in"
FAIL: gcc.dg/tree-ssa/vrp47.c scan-tree-dump-times vrp1 "[xy][^ ]* !=" 0
FAIL: gcc.dg/tree-ssa/vrp47.c scan-tree-dump-times dom1 "x[^ ]* & y" 1
FAIL: gcc.dg/tree-ssa/vrp47.c scan-tree-dump-times vrp1 "x[^ ]* [|] y" 1
ERROR: tcl error sourcing /home/mstein/svn/trunk/gcc/testsuite/gcc.misc-tests/i386-prefetch.exp.
ERROR: torture-init: torture_without_loops is not empty as expected
FAIL: compiler driver --coverage option(s) (linker options)
ERROR: tcl error sourcing /home/mstein/svn/trunk/gcc/testsuite/gcc.target/avr/torture/avr-torture.exp.
ERROR: torture-init: torture_without_loops is not empty as expected

		=== gcc Summary ===

# of expected passes		34704
# of unexpected failures	102
# of unexpected successes	7
# of expected failures		51
# of unresolved testcases	44
# of unsupported tests		1477
/home/mstein/sim/trunk/avr/build/gcc/xgcc  version 4.5.0 20090710 (experimental) [trunk revision 149498] (GCC) 


Compiler version: 4.5.0 20090710 (experimental) [trunk revision 149498] (GCC) gcc 
Platform: avr-unknown-none
configure flags: --target=avr --prefix=/home/mstein/cross-local/avr --enable-languages=c --disable-nls --disable-build-warnings --with-sysroot=/home/mstein/cross-local/avr --with-build-sysroot=/home/mstein/cross-local/avr --with-ld=/home/mstein/cross-local/avr/usr/bin/ld --with-as=/home/mstein/cross-local/avr/usr/bin/as --disable-libssp --with-mpfr=/opt/cfarm/mpfr-2.3.2


Index Nav: [Date Index] [Subject Index] [Author Index] [Thread Index]
Message Nav: [Date Prev] [Date Next] [Thread Prev] [Thread Next]