This is the mail archive of the gcc-testresults@gcc.gnu.org mailing list for the GCC project.


Index Nav: [Date Index] [Subject Index] [Author Index] [Thread Index]
Message Nav: [Date Prev] [Date Next] [Thread Prev] [Thread Next]
Other format: [Raw text]

Results for 4.5.0 20090706 (experimental) (lto merged with rev 149291) testsuite on i686-pc-linux-gnu


Native configuration is i686-pc-linux-gnu

		=== g++ tests ===


Running target unix
FAIL: g++.dg/inherit/thunk1.C (test for excess errors)
WARNING: g++.dg/inherit/thunk1.C compilation failed to produce executable
FAIL: g++.dg/lto/20081109 cp_lto_20081109_0.o-cp_lto_20081109_1.o execute -O0 -fwhopr
FAIL: g++.dg/lto/20081109 cp_lto_20081109_0.o-cp_lto_20081109_1.o execute -O2 -fwhopr
FAIL: g++.dg/torture/stackalign/eh-vararg-2.C  -O2 -flto  execution test
FAIL: g++.dg/torture/stackalign/eh-vararg-2.C  -O3 -flto  execution test
FAIL: g++.dg/torture/stackalign/eh-vararg-2.C  -O2 -fwhopr  execution test
FAIL: g++.dg/torture/stackalign/eh-vararg-2.C  -O3 -fwhopr  execution test
FAIL: g++.dg/torture/stackalign/unwind-3.C  -O2 -flto  execution test
FAIL: g++.dg/torture/stackalign/unwind-3.C  -O2 -fwhopr  execution test
FAIL: g++.dg/torture/stackalign/unwind-5.C  -O2 -flto  execution test
FAIL: g++.dg/torture/stackalign/unwind-5.C  -O3 -flto  execution test
FAIL: g++.dg/torture/stackalign/unwind-5.C  -O2 -fwhopr  execution test
FAIL: g++.dg/torture/stackalign/unwind-5.C  -O3 -fwhopr  execution test
FAIL: g++.dg/torture/stackalign/unwind-6.C  -O2 -flto  execution test
FAIL: g++.dg/torture/stackalign/unwind-6.C  -O3 -flto  execution test
FAIL: g++.dg/torture/stackalign/unwind-6.C  -O2 -fwhopr  execution test
FAIL: g++.dg/torture/stackalign/unwind-6.C  -O3 -fwhopr  execution test
FAIL: g++.old-deja/g++.jason/thunk3.C (test for excess errors)
WARNING: g++.old-deja/g++.jason/thunk3.C compilation failed to produce executable

		=== g++ Summary ===

# of expected passes		21539
# of unexpected failures	18
# of expected failures		154
# of unsupported tests		115
/usr/local/google/dnovillo/perf/sbox/lto/local.x86_64/bld/gcc/testsuite/g++/../../g++  version 4.5.0 20090706 (experimental) (lto merged with rev 149291) 

		=== gcc tests ===


Running target unix
FAIL: gcc.c-torture/execute/builtins/strncpy.c execution,  -O3 -flto 
FAIL: gcc.c-torture/execute/20041214-1.c compilation,  -O2 -flto  (internal compiler error)
UNRESOLVED: gcc.c-torture/execute/20041214-1.c execution,  -O2 -flto 
FAIL: gcc.c-torture/execute/20041214-1.c compilation,  -O3 -flto  (internal compiler error)
UNRESOLVED: gcc.c-torture/execute/20041214-1.c execution,  -O3 -flto 
FAIL: gcc.c-torture/execute/20041214-1.c compilation,  -O2 -fwhopr  (internal compiler error)
UNRESOLVED: gcc.c-torture/execute/20041214-1.c execution,  -O2 -fwhopr 
FAIL: gcc.c-torture/execute/20041214-1.c compilation,  -O3 -fwhopr  (internal compiler error)
UNRESOLVED: gcc.c-torture/execute/20041214-1.c execution,  -O3 -fwhopr 
FAIL: gcc.dg/autopar/parallelization-1.c scan-tree-dump-times optimized "loopfn" 5
XPASS: gcc.dg/Warray-bounds.c  (test for warnings, line 59)
XPASS: gcc.dg/Warray-bounds.c  (test for warnings, line 65)
FAIL: gcc.dg/Wshadow-3.c  (test for warnings, line 47)
FAIL: gcc.dg/Wshadow-3.c (test for excess errors)
XPASS: gcc.dg/Wunreachable-8.c  (test for bogus messages, line 7)
FAIL: gcc.dg/pr36902.c  (test for warnings, line 47)
FAIL: gcc.dg/pr36902.c (test for excess errors)
FAIL: gcc.dg/visibility-7.c  (test for warnings, line 8)
FAIL: gcc.dg/visibility-7.c (test for excess errors)
FAIL: gcc.dg/lto/20090116 c_lto_20090116_0.o-c_lto_20090116_0.o link,  (internal compiler error)
UNRESOLVED: gcc.dg/lto/20090116 c_lto_20090116_0.o-c_lto_20090116_0.o execute -O1 -fwhopr -fPIC
XPASS: gcc.dg/struct/wo_prof_array_through_pointer.c scan-ipa-dump ipa_struct_reorg "Number of structures to transform is 1"
FAIL: gcc.dg/torture/ssa-pta-fn-1.c  -O3 -flto  execution test
FAIL: gcc.dg/torture/ssa-pta-fn-1.c  -O3 -fwhopr  execution test
FAIL: gcc.dg/tree-ssa/pr27236.c scan-tree-dump-times optimized "foo_read" 5
FAIL: gcc.dg/tree-ssa/tailrecursion-5.c scan-tree-dump-times optimized "\\msum\\M" 4
FAIL: gcc.dg/tree-ssa/tailrecursion-5.c scan-tree-dump-times optimized "\\mfac\\M" 4
FAIL: gcc.dg/tree-ssa/tailrecursion-5.c scan-tree-dump-times optimized "\\msq_sum\\M" 4
FAIL: gcc.dg/tree-ssa/tailrecursion-5.c scan-tree-dump-times optimized "\\mpow2m1\\M" 4
FAIL: gcc.dg/tree-ssa/tailrecursion-5.c scan-tree-dump-times optimized "\\mfib\\M" 5
ERROR: tcl error sourcing /home/dnovillo/perf/sbox/lto/local.x86_64/src/gcc/testsuite/gcc.misc-tests/help.exp.
ERROR: syntax error in expression "\$pattern ne """
FAIL: gcc.misc-tests/i386-pf-sse-1.c scan-assembler prefetchnta
FAIL: gcc.misc-tests/i386-pf-sse-1.c scan-assembler prefetcht0
FAIL: gcc.misc-tests/i386-pf-sse-1.c scan-assembler prefetcht1
FAIL: gcc.misc-tests/i386-pf-sse-1.c scan-assembler prefetcht2
FAIL: gcc.misc-tests/i386-pf-sse-1.c scan-assembler prefetchnta
FAIL: gcc.misc-tests/i386-pf-sse-1.c scan-assembler prefetcht0
FAIL: gcc.misc-tests/i386-pf-sse-1.c scan-assembler prefetcht1
FAIL: gcc.misc-tests/i386-pf-sse-1.c scan-assembler prefetcht2
FAIL: gcc.misc-tests/i386-pf-sse-1.c scan-assembler prefetchnta
FAIL: gcc.misc-tests/i386-pf-sse-1.c scan-assembler prefetcht0
FAIL: gcc.misc-tests/i386-pf-sse-1.c scan-assembler prefetcht1
FAIL: gcc.misc-tests/i386-pf-sse-1.c scan-assembler prefetcht2
FAIL: gcc.misc-tests/i386-pf-sse-1.c scan-assembler prefetchnta
FAIL: gcc.misc-tests/i386-pf-sse-1.c scan-assembler prefetcht0
FAIL: gcc.misc-tests/i386-pf-sse-1.c scan-assembler prefetcht1
FAIL: gcc.misc-tests/i386-pf-sse-1.c scan-assembler prefetcht2
FAIL: gcc.misc-tests/i386-pf-sse-1.c scan-assembler prefetchnta
FAIL: gcc.misc-tests/i386-pf-sse-1.c scan-assembler prefetcht0
FAIL: gcc.misc-tests/i386-pf-sse-1.c scan-assembler prefetcht1
FAIL: gcc.misc-tests/i386-pf-sse-1.c scan-assembler prefetcht2
FAIL: gcc.misc-tests/i386-pf-sse-1.c scan-assembler prefetchnta
FAIL: gcc.misc-tests/i386-pf-sse-1.c scan-assembler prefetcht0
FAIL: gcc.misc-tests/i386-pf-sse-1.c scan-assembler prefetcht1
FAIL: gcc.misc-tests/i386-pf-sse-1.c scan-assembler prefetcht2
FAIL: gcc.misc-tests/i386-pf-3dnow-1.c scan-assembler prefetch
FAIL: gcc.misc-tests/i386-pf-3dnow-1.c scan-assembler prefetchw
FAIL: gcc.misc-tests/i386-pf-3dnow-1.c scan-assembler prefetch
FAIL: gcc.misc-tests/i386-pf-3dnow-1.c scan-assembler prefetchw
FAIL: gcc.misc-tests/i386-pf-3dnow-1.c scan-assembler prefetch
FAIL: gcc.misc-tests/i386-pf-3dnow-1.c scan-assembler prefetchw
FAIL: gcc.misc-tests/i386-pf-3dnow-1.c scan-assembler prefetch
FAIL: gcc.misc-tests/i386-pf-3dnow-1.c scan-assembler prefetchw
FAIL: gcc.misc-tests/i386-pf-3dnow-1.c scan-assembler prefetch
FAIL: gcc.misc-tests/i386-pf-3dnow-1.c scan-assembler prefetchw
FAIL: gcc.misc-tests/i386-pf-3dnow-1.c scan-assembler prefetch
FAIL: gcc.misc-tests/i386-pf-3dnow-1.c scan-assembler prefetchw
FAIL: gcc.misc-tests/i386-pf-athlon-1.c scan-assembler prefetchw
FAIL: gcc.misc-tests/i386-pf-athlon-1.c scan-assembler prefetchnta
FAIL: gcc.misc-tests/i386-pf-athlon-1.c scan-assembler prefetcht
FAIL: gcc.misc-tests/i386-pf-athlon-1.c scan-assembler prefetchw
FAIL: gcc.misc-tests/i386-pf-athlon-1.c scan-assembler prefetchnta
FAIL: gcc.misc-tests/i386-pf-athlon-1.c scan-assembler prefetcht
FAIL: gcc.misc-tests/i386-pf-athlon-1.c scan-assembler prefetchw
FAIL: gcc.misc-tests/i386-pf-athlon-1.c scan-assembler prefetchnta
FAIL: gcc.misc-tests/i386-pf-athlon-1.c scan-assembler prefetcht
FAIL: gcc.misc-tests/i386-pf-athlon-1.c scan-assembler prefetchw
FAIL: gcc.misc-tests/i386-pf-athlon-1.c scan-assembler prefetchnta
FAIL: gcc.misc-tests/i386-pf-athlon-1.c scan-assembler prefetcht
FAIL: gcc.misc-tests/i386-pf-athlon-1.c scan-assembler prefetchw
FAIL: gcc.misc-tests/i386-pf-athlon-1.c scan-assembler prefetchnta
FAIL: gcc.misc-tests/i386-pf-athlon-1.c scan-assembler prefetcht
FAIL: gcc.misc-tests/i386-pf-athlon-1.c scan-assembler prefetchw
FAIL: gcc.misc-tests/i386-pf-athlon-1.c scan-assembler prefetchnta
FAIL: gcc.misc-tests/i386-pf-athlon-1.c scan-assembler prefetcht

		=== gcc Summary ===

# of expected passes		88523
# of unexpected failures	75
# of unexpected successes	4
# of expected failures		190
# of unresolved testcases	5
# of unsupported tests		1229
/usr/local/google/dnovillo/perf/sbox/lto/local.x86_64/bld/gcc/xgcc  version 4.5.0 20090706 (experimental) (lto merged with rev 149291) 

		=== gfortran tests ===


Running target unix
FAIL: gfortran.dg/assign_2.f90  -O0 -flto  (test for excess errors)
WARNING: gfortran.dg/assign_2.f90  -O0 -flto  compilation failed to produce executable
FAIL: gfortran.dg/assign_2.f90  -O2 -flto  (test for excess errors)
WARNING: gfortran.dg/assign_2.f90  -O2 -flto  compilation failed to produce executable
FAIL: gfortran.dg/assign_2.f90  -O3 -flto  (test for excess errors)
WARNING: gfortran.dg/assign_2.f90  -O3 -flto  compilation failed to produce executable
FAIL: gfortran.dg/assign_2.f90  -O0 -fwhopr  (test for excess errors)
WARNING: gfortran.dg/assign_2.f90  -O0 -fwhopr  compilation failed to produce executable
FAIL: gfortran.dg/assign_2.f90  -O2 -fwhopr  (test for excess errors)
WARNING: gfortran.dg/assign_2.f90  -O2 -fwhopr  compilation failed to produce executable
FAIL: gfortran.dg/assign_2.f90  -O3 -fwhopr  (test for excess errors)
WARNING: gfortran.dg/assign_2.f90  -O3 -fwhopr  compilation failed to produce executable
FAIL: gfortran.dg/bind_c_coms.f90  -O0 -flto  (test for excess errors)
WARNING: gfortran.dg/bind_c_coms.f90  -O0 -flto  compilation failed to produce executable
FAIL: gfortran.dg/bind_c_coms.f90  -O2 -flto  (test for excess errors)
WARNING: gfortran.dg/bind_c_coms.f90  -O2 -flto  compilation failed to produce executable
FAIL: gfortran.dg/bind_c_coms.f90  -O3 -flto  (test for excess errors)
WARNING: gfortran.dg/bind_c_coms.f90  -O3 -flto  compilation failed to produce executable
FAIL: gfortran.dg/bind_c_coms.f90  -O0 -fwhopr  (test for excess errors)
WARNING: gfortran.dg/bind_c_coms.f90  -O0 -fwhopr  compilation failed to produce executable
FAIL: gfortran.dg/bind_c_coms.f90  -O2 -fwhopr  (test for excess errors)
WARNING: gfortran.dg/bind_c_coms.f90  -O2 -fwhopr  compilation failed to produce executable
FAIL: gfortran.dg/bind_c_coms.f90  -O3 -fwhopr  (test for excess errors)
WARNING: gfortran.dg/bind_c_coms.f90  -O3 -fwhopr  compilation failed to produce executable
FAIL: gfortran.dg/bind_c_dts.f90  -O0 -flto  (test for excess errors)
WARNING: gfortran.dg/bind_c_dts.f90  -O0 -flto  compilation failed to produce executable
FAIL: gfortran.dg/bind_c_dts.f90  -O2 -flto  (test for excess errors)
WARNING: gfortran.dg/bind_c_dts.f90  -O2 -flto  compilation failed to produce executable
FAIL: gfortran.dg/bind_c_dts.f90  -O3 -flto  (test for excess errors)
WARNING: gfortran.dg/bind_c_dts.f90  -O3 -flto  compilation failed to produce executable
FAIL: gfortran.dg/bind_c_dts.f90  -O0 -fwhopr  (test for excess errors)
WARNING: gfortran.dg/bind_c_dts.f90  -O0 -fwhopr  compilation failed to produce executable
FAIL: gfortran.dg/bind_c_dts.f90  -O2 -fwhopr  (test for excess errors)
WARNING: gfortran.dg/bind_c_dts.f90  -O2 -fwhopr  compilation failed to produce executable
FAIL: gfortran.dg/bind_c_dts.f90  -O3 -fwhopr  (test for excess errors)
WARNING: gfortran.dg/bind_c_dts.f90  -O3 -fwhopr  compilation failed to produce executable
FAIL: gfortran.dg/bind_c_dts_2.f03  -O0 -flto  (internal compiler error)
FAIL: gfortran.dg/bind_c_dts_2.f03  -O0 -flto  (test for excess errors)
WARNING: gfortran.dg/bind_c_dts_2.f03  -O0 -flto  compilation failed to produce executable
FAIL: gfortran.dg/bind_c_dts_2.f03  -O2 -flto  (internal compiler error)
FAIL: gfortran.dg/bind_c_dts_2.f03  -O2 -flto  (test for excess errors)
WARNING: gfortran.dg/bind_c_dts_2.f03  -O2 -flto  compilation failed to produce executable
FAIL: gfortran.dg/bind_c_dts_2.f03  -O3 -flto  (internal compiler error)
FAIL: gfortran.dg/bind_c_dts_2.f03  -O3 -flto  (test for excess errors)
WARNING: gfortran.dg/bind_c_dts_2.f03  -O3 -flto  compilation failed to produce executable
FAIL: gfortran.dg/bind_c_dts_2.f03  -O0 -fwhopr  (internal compiler error)
FAIL: gfortran.dg/bind_c_dts_2.f03  -O0 -fwhopr  (test for excess errors)
WARNING: gfortran.dg/bind_c_dts_2.f03  -O0 -fwhopr  compilation failed to produce executable
FAIL: gfortran.dg/bind_c_dts_2.f03  -O2 -fwhopr  (internal compiler error)
FAIL: gfortran.dg/bind_c_dts_2.f03  -O2 -fwhopr  (test for excess errors)
WARNING: gfortran.dg/bind_c_dts_2.f03  -O2 -fwhopr  compilation failed to produce executable
FAIL: gfortran.dg/bind_c_dts_2.f03  -O3 -fwhopr  (internal compiler error)
FAIL: gfortran.dg/bind_c_dts_2.f03  -O3 -fwhopr  (test for excess errors)
WARNING: gfortran.dg/bind_c_dts_2.f03  -O3 -fwhopr  compilation failed to produce executable
FAIL: gfortran.dg/bind_c_usage_10.f03  -O0 -flto  (internal compiler error)
FAIL: gfortran.dg/bind_c_usage_10.f03  -O0 -flto  (test for excess errors)
WARNING: gfortran.dg/bind_c_usage_10.f03  -O0 -flto  compilation failed to produce executable
FAIL: gfortran.dg/bind_c_usage_10.f03  -O0 -fwhopr  (internal compiler error)
FAIL: gfortran.dg/bind_c_usage_10.f03  -O0 -fwhopr  (test for excess errors)
WARNING: gfortran.dg/bind_c_usage_10.f03  -O0 -fwhopr  compilation failed to produce executable
FAIL: gfortran.dg/bind_c_vars.f90  -O0 -flto  (test for excess errors)
WARNING: gfortran.dg/bind_c_vars.f90  -O0 -flto  compilation failed to produce executable
FAIL: gfortran.dg/bind_c_vars.f90  -O2 -flto  (test for excess errors)
WARNING: gfortran.dg/bind_c_vars.f90  -O2 -flto  compilation failed to produce executable
FAIL: gfortran.dg/bind_c_vars.f90  -O3 -flto  (test for excess errors)
WARNING: gfortran.dg/bind_c_vars.f90  -O3 -flto  compilation failed to produce executable
FAIL: gfortran.dg/bind_c_vars.f90  -O0 -fwhopr  (test for excess errors)
WARNING: gfortran.dg/bind_c_vars.f90  -O0 -fwhopr  compilation failed to produce executable
FAIL: gfortran.dg/bind_c_vars.f90  -O2 -fwhopr  (test for excess errors)
WARNING: gfortran.dg/bind_c_vars.f90  -O2 -fwhopr  compilation failed to produce executable
FAIL: gfortran.dg/bind_c_vars.f90  -O3 -fwhopr  (test for excess errors)
WARNING: gfortran.dg/bind_c_vars.f90  -O3 -fwhopr  compilation failed to produce executable
FAIL: gfortran.dg/blockdata_1.f90  -O0 -flto  (test for excess errors)
WARNING: gfortran.dg/blockdata_1.f90  -O0 -flto  compilation failed to produce executable
FAIL: gfortran.dg/blockdata_1.f90  -O0 -fwhopr  (test for excess errors)
WARNING: gfortran.dg/blockdata_1.f90  -O0 -fwhopr  compilation failed to produce executable
FAIL: gfortran.dg/bounds_check_strlen_1.f90  -O0 -flto  (test for excess errors)
FAIL: gfortran.dg/bounds_check_strlen_1.f90  -O2 -flto  (test for excess errors)
FAIL: gfortran.dg/bounds_check_strlen_1.f90  -O3 -flto  (test for excess errors)
FAIL: gfortran.dg/bounds_check_strlen_1.f90  -O0 -fwhopr  (test for excess errors)
FAIL: gfortran.dg/bounds_check_strlen_1.f90  -O2 -fwhopr  (test for excess errors)
FAIL: gfortran.dg/bounds_check_strlen_1.f90  -O3 -fwhopr  (test for excess errors)
FAIL: gfortran.dg/c_f_pointer_complex.f03  -O0 -flto  (internal compiler error)
FAIL: gfortran.dg/c_f_pointer_complex.f03  -O0 -flto  (test for excess errors)
WARNING: gfortran.dg/c_f_pointer_complex.f03  -O0 -flto  compilation failed to produce executable
FAIL: gfortran.dg/c_f_pointer_complex.f03  -O2 -flto  (internal compiler error)
FAIL: gfortran.dg/c_f_pointer_complex.f03  -O2 -flto  (test for excess errors)
WARNING: gfortran.dg/c_f_pointer_complex.f03  -O2 -flto  compilation failed to produce executable
FAIL: gfortran.dg/c_f_pointer_complex.f03  -O3 -flto  (internal compiler error)
FAIL: gfortran.dg/c_f_pointer_complex.f03  -O3 -flto  (test for excess errors)
WARNING: gfortran.dg/c_f_pointer_complex.f03  -O3 -flto  compilation failed to produce executable
FAIL: gfortran.dg/c_f_pointer_complex.f03  -O0 -fwhopr  (internal compiler error)
FAIL: gfortran.dg/c_f_pointer_complex.f03  -O0 -fwhopr  (test for excess errors)
WARNING: gfortran.dg/c_f_pointer_complex.f03  -O0 -fwhopr  compilation failed to produce executable
FAIL: gfortran.dg/c_f_pointer_complex.f03  -O2 -fwhopr  (internal compiler error)
FAIL: gfortran.dg/c_f_pointer_complex.f03  -O2 -fwhopr  (test for excess errors)
WARNING: gfortran.dg/c_f_pointer_complex.f03  -O2 -fwhopr  compilation failed to produce executable
FAIL: gfortran.dg/c_f_pointer_complex.f03  -O3 -fwhopr  (internal compiler error)
FAIL: gfortran.dg/c_f_pointer_complex.f03  -O3 -fwhopr  (test for excess errors)
WARNING: gfortran.dg/c_f_pointer_complex.f03  -O3 -fwhopr  compilation failed to produce executable
FAIL: gfortran.dg/c_f_pointer_logical.f03  -O0 -flto  (internal compiler error)
FAIL: gfortran.dg/c_f_pointer_logical.f03  -O0 -flto  (test for excess errors)
WARNING: gfortran.dg/c_f_pointer_logical.f03  -O0 -flto  compilation failed to produce executable
FAIL: gfortran.dg/c_f_pointer_logical.f03  -O2 -flto  (internal compiler error)
FAIL: gfortran.dg/c_f_pointer_logical.f03  -O2 -flto  (test for excess errors)
WARNING: gfortran.dg/c_f_pointer_logical.f03  -O2 -flto  compilation failed to produce executable
FAIL: gfortran.dg/c_f_pointer_logical.f03  -O3 -flto  (internal compiler error)
FAIL: gfortran.dg/c_f_pointer_logical.f03  -O3 -flto  (test for excess errors)
WARNING: gfortran.dg/c_f_pointer_logical.f03  -O3 -flto  compilation failed to produce executable
FAIL: gfortran.dg/c_f_pointer_logical.f03  -O0 -fwhopr  (internal compiler error)
FAIL: gfortran.dg/c_f_pointer_logical.f03  -O0 -fwhopr  (test for excess errors)
WARNING: gfortran.dg/c_f_pointer_logical.f03  -O0 -fwhopr  compilation failed to produce executable
FAIL: gfortran.dg/c_f_pointer_logical.f03  -O2 -fwhopr  (internal compiler error)
FAIL: gfortran.dg/c_f_pointer_logical.f03  -O2 -fwhopr  (test for excess errors)
WARNING: gfortran.dg/c_f_pointer_logical.f03  -O2 -fwhopr  compilation failed to produce executable
FAIL: gfortran.dg/c_f_pointer_logical.f03  -O3 -fwhopr  (internal compiler error)
FAIL: gfortran.dg/c_f_pointer_logical.f03  -O3 -fwhopr  (test for excess errors)
WARNING: gfortran.dg/c_f_pointer_logical.f03  -O3 -fwhopr  compilation failed to produce executable
FAIL: gfortran.dg/c_f_pointer_shape_tests_2.f03  -O0 -flto  (internal compiler error)
FAIL: gfortran.dg/c_f_pointer_shape_tests_2.f03  -O0 -flto  (test for excess errors)
WARNING: gfortran.dg/c_f_pointer_shape_tests_2.f03  -O0 -flto  compilation failed to produce executable
FAIL: gfortran.dg/c_f_pointer_shape_tests_2.f03  -O2 -flto  (internal compiler error)
FAIL: gfortran.dg/c_f_pointer_shape_tests_2.f03  -O2 -flto  (test for excess errors)
WARNING: gfortran.dg/c_f_pointer_shape_tests_2.f03  -O2 -flto  compilation failed to produce executable
FAIL: gfortran.dg/c_f_pointer_shape_tests_2.f03  -O3 -flto  (internal compiler error)
FAIL: gfortran.dg/c_f_pointer_shape_tests_2.f03  -O3 -flto  (test for excess errors)
WARNING: gfortran.dg/c_f_pointer_shape_tests_2.f03  -O3 -flto  compilation failed to produce executable
FAIL: gfortran.dg/c_f_pointer_shape_tests_2.f03  -O0 -fwhopr  (internal compiler error)
FAIL: gfortran.dg/c_f_pointer_shape_tests_2.f03  -O0 -fwhopr  (test for excess errors)
WARNING: gfortran.dg/c_f_pointer_shape_tests_2.f03  -O0 -fwhopr  compilation failed to produce executable
FAIL: gfortran.dg/c_f_pointer_shape_tests_2.f03  -O2 -fwhopr  (internal compiler error)
FAIL: gfortran.dg/c_f_pointer_shape_tests_2.f03  -O2 -fwhopr  (test for excess errors)
WARNING: gfortran.dg/c_f_pointer_shape_tests_2.f03  -O2 -fwhopr  compilation failed to produce executable
FAIL: gfortran.dg/c_f_pointer_shape_tests_2.f03  -O3 -fwhopr  (internal compiler error)
FAIL: gfortran.dg/c_f_pointer_shape_tests_2.f03  -O3 -fwhopr  (test for excess errors)
WARNING: gfortran.dg/c_f_pointer_shape_tests_2.f03  -O3 -fwhopr  compilation failed to produce executable
FAIL: gfortran.dg/c_f_pointer_shape_tests_4.f03  -O0 -flto  (internal compiler error)
FAIL: gfortran.dg/c_f_pointer_shape_tests_4.f03  -O0 -flto  (test for excess errors)
WARNING: gfortran.dg/c_f_pointer_shape_tests_4.f03  -O0 -flto  compilation failed to produce executable
FAIL: gfortran.dg/c_f_pointer_shape_tests_4.f03  -O2 -flto  (internal compiler error)
FAIL: gfortran.dg/c_f_pointer_shape_tests_4.f03  -O2 -flto  (test for excess errors)
WARNING: gfortran.dg/c_f_pointer_shape_tests_4.f03  -O2 -flto  compilation failed to produce executable
FAIL: gfortran.dg/c_f_pointer_shape_tests_4.f03  -O3 -flto  (internal compiler error)
FAIL: gfortran.dg/c_f_pointer_shape_tests_4.f03  -O3 -flto  (test for excess errors)
WARNING: gfortran.dg/c_f_pointer_shape_tests_4.f03  -O3 -flto  compilation failed to produce executable
FAIL: gfortran.dg/c_f_pointer_shape_tests_4.f03  -O0 -fwhopr  (internal compiler error)
FAIL: gfortran.dg/c_f_pointer_shape_tests_4.f03  -O0 -fwhopr  (test for excess errors)
WARNING: gfortran.dg/c_f_pointer_shape_tests_4.f03  -O0 -fwhopr  compilation failed to produce executable
FAIL: gfortran.dg/c_f_pointer_shape_tests_4.f03  -O2 -fwhopr  (internal compiler error)
FAIL: gfortran.dg/c_f_pointer_shape_tests_4.f03  -O2 -fwhopr  (test for excess errors)
WARNING: gfortran.dg/c_f_pointer_shape_tests_4.f03  -O2 -fwhopr  compilation failed to produce executable
FAIL: gfortran.dg/c_f_pointer_shape_tests_4.f03  -O3 -fwhopr  (internal compiler error)
FAIL: gfortran.dg/c_f_pointer_shape_tests_4.f03  -O3 -fwhopr  (test for excess errors)
WARNING: gfortran.dg/c_f_pointer_shape_tests_4.f03  -O3 -fwhopr  compilation failed to produce executable
FAIL: gfortran.dg/c_f_pointer_tests.f90  -O0 -flto  (internal compiler error)
FAIL: gfortran.dg/c_f_pointer_tests.f90  -O0 -flto  (test for excess errors)
WARNING: gfortran.dg/c_f_pointer_tests.f90  -O0 -flto  compilation failed to produce executable
FAIL: gfortran.dg/c_f_pointer_tests.f90  -O2 -flto  (internal compiler error)
FAIL: gfortran.dg/c_f_pointer_tests.f90  -O2 -flto  (test for excess errors)
WARNING: gfortran.dg/c_f_pointer_tests.f90  -O2 -flto  compilation failed to produce executable
FAIL: gfortran.dg/c_f_pointer_tests.f90  -O3 -flto  (internal compiler error)
FAIL: gfortran.dg/c_f_pointer_tests.f90  -O3 -flto  (test for excess errors)
WARNING: gfortran.dg/c_f_pointer_tests.f90  -O3 -flto  compilation failed to produce executable
FAIL: gfortran.dg/c_f_pointer_tests.f90  -O0 -fwhopr  (internal compiler error)
FAIL: gfortran.dg/c_f_pointer_tests.f90  -O0 -fwhopr  (test for excess errors)
WARNING: gfortran.dg/c_f_pointer_tests.f90  -O0 -fwhopr  compilation failed to produce executable
FAIL: gfortran.dg/c_f_pointer_tests.f90  -O2 -fwhopr  (internal compiler error)
FAIL: gfortran.dg/c_f_pointer_tests.f90  -O2 -fwhopr  (test for excess errors)
WARNING: gfortran.dg/c_f_pointer_tests.f90  -O2 -fwhopr  compilation failed to produce executable
FAIL: gfortran.dg/c_f_pointer_tests.f90  -O3 -fwhopr  (internal compiler error)
FAIL: gfortran.dg/c_f_pointer_tests.f90  -O3 -fwhopr  (test for excess errors)
WARNING: gfortran.dg/c_f_pointer_tests.f90  -O3 -fwhopr  compilation failed to produce executable
FAIL: gfortran.dg/c_funloc_tests_4.f03  -O0 -flto  (internal compiler error)
FAIL: gfortran.dg/c_funloc_tests_4.f03  -O0 -flto  (test for excess errors)
WARNING: gfortran.dg/c_funloc_tests_4.f03  -O0 -flto  compilation failed to produce executable
FAIL: gfortran.dg/c_funloc_tests_4.f03  -O2 -flto  (internal compiler error)
FAIL: gfortran.dg/c_funloc_tests_4.f03  -O2 -flto  (test for excess errors)
WARNING: gfortran.dg/c_funloc_tests_4.f03  -O2 -flto  compilation failed to produce executable
FAIL: gfortran.dg/c_funloc_tests_4.f03  -O3 -flto  (internal compiler error)
FAIL: gfortran.dg/c_funloc_tests_4.f03  -O3 -flto  (test for excess errors)
WARNING: gfortran.dg/c_funloc_tests_4.f03  -O3 -flto  compilation failed to produce executable
FAIL: gfortran.dg/c_funloc_tests_4.f03  -O0 -fwhopr  (internal compiler error)
FAIL: gfortran.dg/c_funloc_tests_4.f03  -O0 -fwhopr  (test for excess errors)
WARNING: gfortran.dg/c_funloc_tests_4.f03  -O0 -fwhopr  compilation failed to produce executable
FAIL: gfortran.dg/c_funloc_tests_4.f03  -O2 -fwhopr  (internal compiler error)
FAIL: gfortran.dg/c_funloc_tests_4.f03  -O2 -fwhopr  (test for excess errors)
WARNING: gfortran.dg/c_funloc_tests_4.f03  -O2 -fwhopr  compilation failed to produce executable
FAIL: gfortran.dg/c_funloc_tests_4.f03  -O3 -fwhopr  (internal compiler error)
FAIL: gfortran.dg/c_funloc_tests_4.f03  -O3 -fwhopr  (test for excess errors)
WARNING: gfortran.dg/c_funloc_tests_4.f03  -O3 -fwhopr  compilation failed to produce executable
FAIL: gfortran.dg/c_ptr_tests.f03  -O0 -flto  (internal compiler error)
FAIL: gfortran.dg/c_ptr_tests.f03  -O0 -flto  (test for excess errors)
WARNING: gfortran.dg/c_ptr_tests.f03  -O0 -flto  compilation failed to produce executable
FAIL: gfortran.dg/c_ptr_tests.f03  -O2 -flto  (internal compiler error)
FAIL: gfortran.dg/c_ptr_tests.f03  -O2 -flto  (test for excess errors)
WARNING: gfortran.dg/c_ptr_tests.f03  -O2 -flto  compilation failed to produce executable
FAIL: gfortran.dg/c_ptr_tests.f03  -O3 -flto  (internal compiler error)
FAIL: gfortran.dg/c_ptr_tests.f03  -O3 -flto  (test for excess errors)
WARNING: gfortran.dg/c_ptr_tests.f03  -O3 -flto  compilation failed to produce executable
FAIL: gfortran.dg/c_ptr_tests.f03  -O0 -fwhopr  (internal compiler error)
FAIL: gfortran.dg/c_ptr_tests.f03  -O0 -fwhopr  (test for excess errors)
WARNING: gfortran.dg/c_ptr_tests.f03  -O0 -fwhopr  compilation failed to produce executable
FAIL: gfortran.dg/c_ptr_tests.f03  -O2 -fwhopr  (internal compiler error)
FAIL: gfortran.dg/c_ptr_tests.f03  -O2 -fwhopr  (test for excess errors)
WARNING: gfortran.dg/c_ptr_tests.f03  -O2 -fwhopr  compilation failed to produce executable
FAIL: gfortran.dg/c_ptr_tests.f03  -O3 -fwhopr  (internal compiler error)
FAIL: gfortran.dg/c_ptr_tests.f03  -O3 -fwhopr  (test for excess errors)
WARNING: gfortran.dg/c_ptr_tests.f03  -O3 -fwhopr  compilation failed to produce executable
FAIL: gfortran.dg/char_cshift_3.f90  -O0 -flto  (test for excess errors)
WARNING: gfortran.dg/char_cshift_3.f90  -O0 -flto  compilation failed to produce executable
FAIL: gfortran.dg/char_cshift_3.f90  -O2 -flto  (test for excess errors)
WARNING: gfortran.dg/char_cshift_3.f90  -O2 -flto  compilation failed to produce executable
FAIL: gfortran.dg/char_cshift_3.f90  -O3 -flto  (test for excess errors)
WARNING: gfortran.dg/char_cshift_3.f90  -O3 -flto  compilation failed to produce executable
FAIL: gfortran.dg/char_cshift_3.f90  -O0 -fwhopr  (test for excess errors)
WARNING: gfortran.dg/char_cshift_3.f90  -O0 -fwhopr  compilation failed to produce executable
FAIL: gfortran.dg/char_cshift_3.f90  -O2 -fwhopr  (test for excess errors)
WARNING: gfortran.dg/char_cshift_3.f90  -O2 -fwhopr  compilation failed to produce executable
FAIL: gfortran.dg/char_cshift_3.f90  -O3 -fwhopr  (test for excess errors)
WARNING: gfortran.dg/char_cshift_3.f90  -O3 -fwhopr  compilation failed to produce executable
FAIL: gfortran.dg/common_2.f90  -O0 -flto  (test for excess errors)
WARNING: gfortran.dg/common_2.f90  -O0 -flto  compilation failed to produce executable
FAIL: gfortran.dg/common_2.f90  -O2 -flto  (test for excess errors)
WARNING: gfortran.dg/common_2.f90  -O2 -flto  compilation failed to produce executable
FAIL: gfortran.dg/common_2.f90  -O3 -flto  (test for excess errors)
WARNING: gfortran.dg/common_2.f90  -O3 -flto  compilation failed to produce executable
FAIL: gfortran.dg/common_2.f90  -O0 -fwhopr  (test for excess errors)
WARNING: gfortran.dg/common_2.f90  -O0 -fwhopr  compilation failed to produce executable
FAIL: gfortran.dg/common_2.f90  -O2 -fwhopr  (test for excess errors)
WARNING: gfortran.dg/common_2.f90  -O2 -fwhopr  compilation failed to produce executable
FAIL: gfortran.dg/common_2.f90  -O3 -fwhopr  (test for excess errors)
WARNING: gfortran.dg/common_2.f90  -O3 -fwhopr  compilation failed to produce executable
FAIL: gfortran.dg/common_4.f90  -O0 -flto  (test for excess errors)
WARNING: gfortran.dg/common_4.f90  -O0 -flto  compilation failed to produce executable
FAIL: gfortran.dg/common_4.f90  -O2 -flto  (test for excess errors)
WARNING: gfortran.dg/common_4.f90  -O2 -flto  compilation failed to produce executable
FAIL: gfortran.dg/common_4.f90  -O3 -flto  (test for excess errors)
WARNING: gfortran.dg/common_4.f90  -O3 -flto  compilation failed to produce executable
FAIL: gfortran.dg/common_4.f90  -O0 -fwhopr  (test for excess errors)
WARNING: gfortran.dg/common_4.f90  -O0 -fwhopr  compilation failed to produce executable
FAIL: gfortran.dg/common_4.f90  -O2 -fwhopr  (test for excess errors)
WARNING: gfortran.dg/common_4.f90  -O2 -fwhopr  compilation failed to produce executable
FAIL: gfortran.dg/common_4.f90  -O3 -fwhopr  (test for excess errors)
WARNING: gfortran.dg/common_4.f90  -O3 -fwhopr  compilation failed to produce executable
FAIL: gfortran.dg/common_align_1.f90  -O0 -flto  (test for excess errors)
WARNING: gfortran.dg/common_align_1.f90  -O0 -flto  compilation failed to produce executable
FAIL: gfortran.dg/common_align_1.f90  -O2 -flto  (test for excess errors)
WARNING: gfortran.dg/common_align_1.f90  -O2 -flto  compilation failed to produce executable
FAIL: gfortran.dg/common_align_1.f90  -O3 -flto  (test for excess errors)
WARNING: gfortran.dg/common_align_1.f90  -O3 -flto  compilation failed to produce executable
FAIL: gfortran.dg/common_align_1.f90  -O0 -fwhopr  (test for excess errors)
WARNING: gfortran.dg/common_align_1.f90  -O0 -fwhopr  compilation failed to produce executable
FAIL: gfortran.dg/common_align_1.f90  -O2 -fwhopr  (test for excess errors)
WARNING: gfortran.dg/common_align_1.f90  -O2 -fwhopr  compilation failed to produce executable
FAIL: gfortran.dg/common_align_1.f90  -O3 -fwhopr  (test for excess errors)
WARNING: gfortran.dg/common_align_1.f90  -O3 -fwhopr  compilation failed to produce executable
FAIL: gfortran.dg/common_align_2.f90  -O0 -flto  (test for excess errors)
WARNING: gfortran.dg/common_align_2.f90  -O0 -flto  compilation failed to produce executable
FAIL: gfortran.dg/common_align_2.f90  -O2 -flto  (test for excess errors)
WARNING: gfortran.dg/common_align_2.f90  -O2 -flto  compilation failed to produce executable
FAIL: gfortran.dg/common_align_2.f90  -O3 -flto  (test for excess errors)
WARNING: gfortran.dg/common_align_2.f90  -O3 -flto  compilation failed to produce executable
FAIL: gfortran.dg/common_align_2.f90  -O0 -fwhopr  (test for excess errors)
WARNING: gfortran.dg/common_align_2.f90  -O0 -fwhopr  compilation failed to produce executable
FAIL: gfortran.dg/common_align_2.f90  -O2 -fwhopr  (test for excess errors)
WARNING: gfortran.dg/common_align_2.f90  -O2 -fwhopr  compilation failed to produce executable
FAIL: gfortran.dg/common_align_2.f90  -O3 -fwhopr  (test for excess errors)
WARNING: gfortran.dg/common_align_2.f90  -O3 -fwhopr  compilation failed to produce executable
FAIL: gfortran.dg/common_equivalence_1.f  -O0 -flto  (test for excess errors)
WARNING: gfortran.dg/common_equivalence_1.f  -O0 -flto  compilation failed to produce executable
FAIL: gfortran.dg/common_equivalence_1.f  -O2 -flto  (test for excess errors)
WARNING: gfortran.dg/common_equivalence_1.f  -O2 -flto  compilation failed to produce executable
FAIL: gfortran.dg/common_equivalence_1.f  -O3 -flto  (test for excess errors)
WARNING: gfortran.dg/common_equivalence_1.f  -O3 -flto  compilation failed to produce executable
FAIL: gfortran.dg/common_equivalence_1.f  -O0 -fwhopr  (test for excess errors)
WARNING: gfortran.dg/common_equivalence_1.f  -O0 -fwhopr  compilation failed to produce executable
FAIL: gfortran.dg/common_equivalence_1.f  -O2 -fwhopr  (test for excess errors)
WARNING: gfortran.dg/common_equivalence_1.f  -O2 -fwhopr  compilation failed to produce executable
FAIL: gfortran.dg/common_equivalence_1.f  -O3 -fwhopr  (test for excess errors)
WARNING: gfortran.dg/common_equivalence_1.f  -O3 -fwhopr  compilation failed to produce executable
FAIL: gfortran.dg/common_pointer_1.f90  -O0 -flto  (test for excess errors)
WARNING: gfortran.dg/common_pointer_1.f90  -O0 -flto  compilation failed to produce executable
FAIL: gfortran.dg/common_pointer_1.f90  -O2 -flto  (test for excess errors)
WARNING: gfortran.dg/common_pointer_1.f90  -O2 -flto  compilation failed to produce executable
FAIL: gfortran.dg/common_pointer_1.f90  -O3 -flto  (test for excess errors)
WARNING: gfortran.dg/common_pointer_1.f90  -O3 -flto  compilation failed to produce executable
FAIL: gfortran.dg/common_pointer_1.f90  -O0 -fwhopr  (test for excess errors)
WARNING: gfortran.dg/common_pointer_1.f90  -O0 -fwhopr  compilation failed to produce executable
FAIL: gfortran.dg/common_pointer_1.f90  -O2 -fwhopr  (test for excess errors)
WARNING: gfortran.dg/common_pointer_1.f90  -O2 -fwhopr  compilation failed to produce executable
FAIL: gfortran.dg/common_pointer_1.f90  -O3 -fwhopr  (test for excess errors)
WARNING: gfortran.dg/common_pointer_1.f90  -O3 -fwhopr  compilation failed to produce executable
FAIL: gfortran.dg/common_resize_1.f  -O0 -flto  (test for excess errors)
WARNING: gfortran.dg/common_resize_1.f  -O0 -flto  compilation failed to produce executable
FAIL: gfortran.dg/common_resize_1.f  -O2 -flto  (test for excess errors)
WARNING: gfortran.dg/common_resize_1.f  -O2 -flto  compilation failed to produce executable
FAIL: gfortran.dg/common_resize_1.f  -O3 -flto  (test for excess errors)
WARNING: gfortran.dg/common_resize_1.f  -O3 -flto  compilation failed to produce executable
FAIL: gfortran.dg/common_resize_1.f  -O0 -fwhopr  (test for excess errors)
WARNING: gfortran.dg/common_resize_1.f  -O0 -fwhopr  compilation failed to produce executable
FAIL: gfortran.dg/common_resize_1.f  -O2 -fwhopr  (test for excess errors)
WARNING: gfortran.dg/common_resize_1.f  -O2 -fwhopr  compilation failed to produce executable
FAIL: gfortran.dg/common_resize_1.f  -O3 -fwhopr  (test for excess errors)
WARNING: gfortran.dg/common_resize_1.f  -O3 -fwhopr  compilation failed to produce executable
FAIL: gfortran.dg/contained_3.f90  -O0 -flto  execution test
FAIL: gfortran.dg/contained_3.f90  -O2 -flto  execution test
FAIL: gfortran.dg/contained_3.f90  -O3 -flto  execution test
FAIL: gfortran.dg/contained_3.f90  -O0 -fwhopr  execution test
FAIL: gfortran.dg/contained_3.f90  -O2 -fwhopr  execution test
FAIL: gfortran.dg/contained_3.f90  -O3 -fwhopr  execution test
FAIL: gfortran.dg/cray_pointers_2.f90  -O0 -flto  (test for excess errors)
WARNING: gfortran.dg/cray_pointers_2.f90  -O0 -flto  compilation failed to produce executable
FAIL: gfortran.dg/cray_pointers_2.f90  -O2 -flto  (test for excess errors)
WARNING: gfortran.dg/cray_pointers_2.f90  -O2 -flto  compilation failed to produce executable
FAIL: gfortran.dg/cray_pointers_2.f90  -O3 -flto  (test for excess errors)
WARNING: gfortran.dg/cray_pointers_2.f90  -O3 -flto  compilation failed to produce executable
FAIL: gfortran.dg/cray_pointers_2.f90  -O0 -fwhopr  (test for excess errors)
WARNING: gfortran.dg/cray_pointers_2.f90  -O0 -fwhopr  compilation failed to produce executable
FAIL: gfortran.dg/cray_pointers_2.f90  -O2 -fwhopr  (test for excess errors)
WARNING: gfortran.dg/cray_pointers_2.f90  -O2 -fwhopr  compilation failed to produce executable
FAIL: gfortran.dg/cray_pointers_2.f90  -O3 -fwhopr  (test for excess errors)
WARNING: gfortran.dg/cray_pointers_2.f90  -O3 -fwhopr  compilation failed to produce executable
FAIL: gfortran.dg/cshift_nan_1.f90  -O0 -flto  (test for excess errors)
WARNING: gfortran.dg/cshift_nan_1.f90  -O0 -flto  compilation failed to produce executable
FAIL: gfortran.dg/cshift_nan_1.f90  -O2 -flto  (test for excess errors)
WARNING: gfortran.dg/cshift_nan_1.f90  -O2 -flto  compilation failed to produce executable
FAIL: gfortran.dg/cshift_nan_1.f90  -O3 -flto  (test for excess errors)
WARNING: gfortran.dg/cshift_nan_1.f90  -O3 -flto  compilation failed to produce executable
FAIL: gfortran.dg/cshift_nan_1.f90  -O0 -fwhopr  (test for excess errors)
WARNING: gfortran.dg/cshift_nan_1.f90  -O0 -fwhopr  compilation failed to produce executable
FAIL: gfortran.dg/cshift_nan_1.f90  -O2 -fwhopr  (test for excess errors)
WARNING: gfortran.dg/cshift_nan_1.f90  -O2 -fwhopr  compilation failed to produce executable
FAIL: gfortran.dg/cshift_nan_1.f90  -O3 -fwhopr  (test for excess errors)
WARNING: gfortran.dg/cshift_nan_1.f90  -O3 -fwhopr  compilation failed to produce executable
FAIL: gfortran.dg/csqrt_2.f  -O0  execution test
FAIL: gfortran.dg/csqrt_2.f  -O1  execution test
FAIL: gfortran.dg/csqrt_2.f  -O2  execution test
FAIL: gfortran.dg/csqrt_2.f  -O3 -fomit-frame-pointer  execution test
FAIL: gfortran.dg/csqrt_2.f  -O3 -fomit-frame-pointer -funroll-loops  execution test
FAIL: gfortran.dg/csqrt_2.f  -O3 -fomit-frame-pointer -funroll-all-loops -finline-functions  execution test
FAIL: gfortran.dg/csqrt_2.f  -O3 -g  execution test
FAIL: gfortran.dg/csqrt_2.f  -Os  execution test
FAIL: gfortran.dg/csqrt_2.f  -O0 -flto  execution test
FAIL: gfortran.dg/csqrt_2.f  -O2 -flto  execution test
FAIL: gfortran.dg/csqrt_2.f  -O3 -flto  execution test
FAIL: gfortran.dg/csqrt_2.f  -O0 -fwhopr  execution test
FAIL: gfortran.dg/csqrt_2.f  -O2 -fwhopr  execution test
FAIL: gfortran.dg/csqrt_2.f  -O3 -fwhopr  execution test
FAIL: gfortran.dg/entry_13.f90  -O2 -flto  execution test
FAIL: gfortran.dg/entry_13.f90  -O3 -flto  execution test
FAIL: gfortran.dg/entry_13.f90  -O2 -fwhopr  execution test
FAIL: gfortran.dg/entry_13.f90  -O3 -fwhopr  execution test
FAIL: gfortran.dg/entry_array_specs_2.f  -O0 -flto  (test for excess errors)
WARNING: gfortran.dg/entry_array_specs_2.f  -O0 -flto  compilation failed to produce executable
FAIL: gfortran.dg/entry_array_specs_2.f  -O2 -flto  (test for excess errors)
WARNING: gfortran.dg/entry_array_specs_2.f  -O2 -flto  compilation failed to produce executable
FAIL: gfortran.dg/entry_array_specs_2.f  -O3 -flto  (test for excess errors)
WARNING: gfortran.dg/entry_array_specs_2.f  -O3 -flto  compilation failed to produce executable
FAIL: gfortran.dg/entry_array_specs_2.f  -O0 -fwhopr  (test for excess errors)
WARNING: gfortran.dg/entry_array_specs_2.f  -O0 -fwhopr  compilation failed to produce executable
FAIL: gfortran.dg/entry_array_specs_2.f  -O2 -fwhopr  (test for excess errors)
WARNING: gfortran.dg/entry_array_specs_2.f  -O2 -fwhopr  compilation failed to produce executable
FAIL: gfortran.dg/entry_array_specs_2.f  -O3 -fwhopr  (test for excess errors)
WARNING: gfortran.dg/entry_array_specs_2.f  -O3 -fwhopr  compilation failed to produce executable
FAIL: gfortran.dg/equiv_6.f90  -O0 -flto  (test for excess errors)
WARNING: gfortran.dg/equiv_6.f90  -O0 -flto  compilation failed to produce executable
FAIL: gfortran.dg/equiv_6.f90  -O2 -flto  (test for excess errors)
WARNING: gfortran.dg/equiv_6.f90  -O2 -flto  compilation failed to produce executable
FAIL: gfortran.dg/equiv_6.f90  -O3 -flto  (test for excess errors)
WARNING: gfortran.dg/equiv_6.f90  -O3 -flto  compilation failed to produce executable
FAIL: gfortran.dg/equiv_6.f90  -O0 -fwhopr  (test for excess errors)
WARNING: gfortran.dg/equiv_6.f90  -O0 -fwhopr  compilation failed to produce executable
FAIL: gfortran.dg/equiv_6.f90  -O2 -fwhopr  (test for excess errors)
WARNING: gfortran.dg/equiv_6.f90  -O2 -fwhopr  compilation failed to produce executable
FAIL: gfortran.dg/equiv_6.f90  -O3 -fwhopr  (test for excess errors)
WARNING: gfortran.dg/equiv_6.f90  -O3 -fwhopr  compilation failed to produce executable
FAIL: gfortran.dg/equiv_7.f90  -O0 -flto  (test for excess errors)
WARNING: gfortran.dg/equiv_7.f90  -O0 -flto  compilation failed to produce executable
FAIL: gfortran.dg/equiv_7.f90  -O0 -fwhopr  (test for excess errors)
WARNING: gfortran.dg/equiv_7.f90  -O0 -fwhopr  compilation failed to produce executable
FAIL: gfortran.dg/external_procedures_3.f90  -O0 -flto  (test for excess errors)
WARNING: gfortran.dg/external_procedures_3.f90  -O0 -flto  compilation failed to produce executable
FAIL: gfortran.dg/external_procedures_3.f90  -O2 -flto  (test for excess errors)
WARNING: gfortran.dg/external_procedures_3.f90  -O2 -flto  compilation failed to produce executable
FAIL: gfortran.dg/external_procedures_3.f90  -O3 -flto  (test for excess errors)
WARNING: gfortran.dg/external_procedures_3.f90  -O3 -flto  compilation failed to produce executable
FAIL: gfortran.dg/external_procedures_3.f90  -O0 -fwhopr  (test for excess errors)
WARNING: gfortran.dg/external_procedures_3.f90  -O0 -fwhopr  compilation failed to produce executable
FAIL: gfortran.dg/external_procedures_3.f90  -O2 -fwhopr  (test for excess errors)
WARNING: gfortran.dg/external_procedures_3.f90  -O2 -fwhopr  compilation failed to produce executable
FAIL: gfortran.dg/external_procedures_3.f90  -O3 -fwhopr  (test for excess errors)
WARNING: gfortran.dg/external_procedures_3.f90  -O3 -fwhopr  compilation failed to produce executable
FAIL: gfortran.dg/f2c_6.f90  -O0 -flto  (test for excess errors)
WARNING: gfortran.dg/f2c_6.f90  -O0 -flto  compilation failed to produce executable
FAIL: gfortran.dg/f2c_6.f90  -O2 -flto  (test for excess errors)
WARNING: gfortran.dg/f2c_6.f90  -O2 -flto  compilation failed to produce executable
FAIL: gfortran.dg/f2c_6.f90  -O3 -flto  (test for excess errors)
WARNING: gfortran.dg/f2c_6.f90  -O3 -flto  compilation failed to produce executable
FAIL: gfortran.dg/f2c_6.f90  -O0 -fwhopr  (test for excess errors)
WARNING: gfortran.dg/f2c_6.f90  -O0 -fwhopr  compilation failed to produce executable
FAIL: gfortran.dg/f2c_6.f90  -O2 -fwhopr  (test for excess errors)
WARNING: gfortran.dg/f2c_6.f90  -O2 -fwhopr  compilation failed to produce executable
FAIL: gfortran.dg/f2c_6.f90  -O3 -fwhopr  (test for excess errors)
WARNING: gfortran.dg/f2c_6.f90  -O3 -fwhopr  compilation failed to produce executable
FAIL: gfortran.dg/gamma_5.f90  -O0 -flto  execution test
FAIL: gfortran.dg/gamma_5.f90  -O2 -flto  execution test
FAIL: gfortran.dg/gamma_5.f90  -O3 -flto  execution test
FAIL: gfortran.dg/gamma_5.f90  -O0 -fwhopr  execution test
FAIL: gfortran.dg/gamma_5.f90  -O2 -fwhopr  execution test
FAIL: gfortran.dg/gamma_5.f90  -O3 -fwhopr  execution test
FAIL: gfortran.dg/global_vars_c_init.f90  -O0 -flto  (test for excess errors)
WARNING: gfortran.dg/global_vars_c_init.f90  -O0 -flto  compilation failed to produce executable
FAIL: gfortran.dg/global_vars_c_init.f90  -O2 -flto  (test for excess errors)
WARNING: gfortran.dg/global_vars_c_init.f90  -O2 -flto  compilation failed to produce executable
FAIL: gfortran.dg/global_vars_c_init.f90  -O3 -flto  (test for excess errors)
WARNING: gfortran.dg/global_vars_c_init.f90  -O3 -flto  compilation failed to produce executable
FAIL: gfortran.dg/global_vars_c_init.f90  -O0 -fwhopr  (test for excess errors)
WARNING: gfortran.dg/global_vars_c_init.f90  -O0 -fwhopr  compilation failed to produce executable
FAIL: gfortran.dg/global_vars_c_init.f90  -O2 -fwhopr  (test for excess errors)
WARNING: gfortran.dg/global_vars_c_init.f90  -O2 -fwhopr  compilation failed to produce executable
FAIL: gfortran.dg/global_vars_c_init.f90  -O3 -fwhopr  (test for excess errors)
WARNING: gfortran.dg/global_vars_c_init.f90  -O3 -fwhopr  compilation failed to produce executable
FAIL: gfortran.dg/global_vars_f90_init.f90  -O0 -flto  (test for excess errors)
WARNING: gfortran.dg/global_vars_f90_init.f90  -O0 -flto  compilation failed to produce executable
FAIL: gfortran.dg/global_vars_f90_init.f90  -O2 -flto  (test for excess errors)
WARNING: gfortran.dg/global_vars_f90_init.f90  -O2 -flto  compilation failed to produce executable
FAIL: gfortran.dg/global_vars_f90_init.f90  -O3 -flto  (test for excess errors)
WARNING: gfortran.dg/global_vars_f90_init.f90  -O3 -flto  compilation failed to produce executable
FAIL: gfortran.dg/global_vars_f90_init.f90  -O0 -fwhopr  (test for excess errors)
WARNING: gfortran.dg/global_vars_f90_init.f90  -O0 -fwhopr  compilation failed to produce executable
FAIL: gfortran.dg/global_vars_f90_init.f90  -O2 -fwhopr  (test for excess errors)
WARNING: gfortran.dg/global_vars_f90_init.f90  -O2 -fwhopr  compilation failed to produce executable
FAIL: gfortran.dg/global_vars_f90_init.f90  -O3 -fwhopr  (test for excess errors)
WARNING: gfortran.dg/global_vars_f90_init.f90  -O3 -fwhopr  compilation failed to produce executable
FAIL: gfortran.dg/gnu_logical_1.F  -O0 -flto  (test for excess errors)
FAIL: gfortran.dg/gnu_logical_1.F  -O2 -flto  (test for excess errors)
FAIL: gfortran.dg/gnu_logical_1.F  -O3 -flto  (test for excess errors)
FAIL: gfortran.dg/gnu_logical_1.F  -O0 -fwhopr  (test for excess errors)
FAIL: gfortran.dg/gnu_logical_1.F  -O2 -fwhopr  (test for excess errors)
FAIL: gfortran.dg/gnu_logical_1.F  -O3 -fwhopr  (test for excess errors)
FAIL: gfortran.dg/hollerith.f90  -O0 -flto  (test for excess errors)
WARNING: gfortran.dg/hollerith.f90  -O0 -flto  compilation failed to produce executable
FAIL: gfortran.dg/hollerith.f90  -O2 -flto  (test for excess errors)
WARNING: gfortran.dg/hollerith.f90  -O2 -flto  compilation failed to produce executable
FAIL: gfortran.dg/hollerith.f90  -O3 -flto  (test for excess errors)
WARNING: gfortran.dg/hollerith.f90  -O3 -flto  compilation failed to produce executable
FAIL: gfortran.dg/hollerith.f90  -O0 -fwhopr  (test for excess errors)
WARNING: gfortran.dg/hollerith.f90  -O0 -fwhopr  compilation failed to produce executable
FAIL: gfortran.dg/hollerith.f90  -O2 -fwhopr  (test for excess errors)
WARNING: gfortran.dg/hollerith.f90  -O2 -fwhopr  compilation failed to produce executable
FAIL: gfortran.dg/hollerith.f90  -O3 -fwhopr  (test for excess errors)
WARNING: gfortran.dg/hollerith.f90  -O3 -fwhopr  compilation failed to produce executable
FAIL: gfortran.dg/integer_exponentiation_2.f90  -O0 -flto  (test for excess errors)
WARNING: gfortran.dg/integer_exponentiation_2.f90  -O0 -flto  compilation failed to produce executable
FAIL: gfortran.dg/integer_exponentiation_2.f90  -O2 -flto  (test for excess errors)
WARNING: gfortran.dg/integer_exponentiation_2.f90  -O2 -flto  compilation failed to produce executable
FAIL: gfortran.dg/integer_exponentiation_2.f90  -O3 -flto  (test for excess errors)
WARNING: gfortran.dg/integer_exponentiation_2.f90  -O3 -flto  compilation failed to produce executable
FAIL: gfortran.dg/integer_exponentiation_2.f90  -O0 -fwhopr  (test for excess errors)
WARNING: gfortran.dg/integer_exponentiation_2.f90  -O0 -fwhopr  compilation failed to produce executable
FAIL: gfortran.dg/integer_exponentiation_2.f90  -O2 -fwhopr  (test for excess errors)
WARNING: gfortran.dg/integer_exponentiation_2.f90  -O2 -fwhopr  compilation failed to produce executable
FAIL: gfortran.dg/integer_exponentiation_2.f90  -O3 -fwhopr  (test for excess errors)
WARNING: gfortran.dg/integer_exponentiation_2.f90  -O3 -fwhopr  compilation failed to produce executable
FAIL: gfortran.dg/integer_exponentiation_3.F90  -O2 -flto  execution test
FAIL: gfortran.dg/integer_exponentiation_3.F90  -O3 -flto  execution test
FAIL: gfortran.dg/integer_exponentiation_3.F90  -O2 -fwhopr  execution test
FAIL: gfortran.dg/integer_exponentiation_3.F90  -O3 -fwhopr  execution test
FAIL: gfortran.dg/literal_character_constant_1_y.F  -O0 -flto  (test for excess errors)
FAIL: gfortran.dg/literal_character_constant_1_y.F  -O2 -flto  (test for excess errors)
FAIL: gfortran.dg/literal_character_constant_1_y.F  -O3 -flto  (test for excess errors)
FAIL: gfortran.dg/literal_character_constant_1_y.F  -O0 -fwhopr  (test for excess errors)
FAIL: gfortran.dg/literal_character_constant_1_y.F  -O2 -fwhopr  (test for excess errors)
FAIL: gfortran.dg/literal_character_constant_1_y.F  -O3 -fwhopr  (test for excess errors)
FAIL: gfortran.dg/literal_character_constant_1_z.F  -O0 -flto  (test for excess errors)
FAIL: gfortran.dg/literal_character_constant_1_z.F  -O2 -flto  (test for excess errors)
FAIL: gfortran.dg/literal_character_constant_1_z.F  -O3 -flto  (test for excess errors)
FAIL: gfortran.dg/literal_character_constant_1_z.F  -O0 -fwhopr  (test for excess errors)
FAIL: gfortran.dg/literal_character_constant_1_z.F  -O2 -fwhopr  (test for excess errors)
FAIL: gfortran.dg/literal_character_constant_1_z.F  -O3 -fwhopr  (test for excess errors)
FAIL: gfortran.dg/loc_1.f90  -O0 -flto  (test for excess errors)
WARNING: gfortran.dg/loc_1.f90  -O0 -flto  compilation failed to produce executable
FAIL: gfortran.dg/loc_1.f90  -O2 -flto  (test for excess errors)
WARNING: gfortran.dg/loc_1.f90  -O2 -flto  compilation failed to produce executable
FAIL: gfortran.dg/loc_1.f90  -O3 -flto  (test for excess errors)
WARNING: gfortran.dg/loc_1.f90  -O3 -flto  compilation failed to produce executable
FAIL: gfortran.dg/loc_1.f90  -O0 -fwhopr  (test for excess errors)
WARNING: gfortran.dg/loc_1.f90  -O0 -fwhopr  compilation failed to produce executable
FAIL: gfortran.dg/loc_1.f90  -O2 -fwhopr  (test for excess errors)
WARNING: gfortran.dg/loc_1.f90  -O2 -fwhopr  compilation failed to produce executable
FAIL: gfortran.dg/loc_1.f90  -O3 -fwhopr  (test for excess errors)
WARNING: gfortran.dg/loc_1.f90  -O3 -fwhopr  compilation failed to produce executable
FAIL: gfortran.dg/loc_2.f90  -O0 -flto  (test for excess errors)
WARNING: gfortran.dg/loc_2.f90  -O0 -flto  compilation failed to produce executable
FAIL: gfortran.dg/loc_2.f90  -O2 -flto  (test for excess errors)
WARNING: gfortran.dg/loc_2.f90  -O2 -flto  compilation failed to produce executable
FAIL: gfortran.dg/loc_2.f90  -O3 -flto  (test for excess errors)
WARNING: gfortran.dg/loc_2.f90  -O3 -flto  compilation failed to produce executable
FAIL: gfortran.dg/loc_2.f90  -O0 -fwhopr  (test for excess errors)
WARNING: gfortran.dg/loc_2.f90  -O0 -fwhopr  compilation failed to produce executable
FAIL: gfortran.dg/loc_2.f90  -O2 -fwhopr  (test for excess errors)
WARNING: gfortran.dg/loc_2.f90  -O2 -fwhopr  compilation failed to produce executable
FAIL: gfortran.dg/loc_2.f90  -O3 -fwhopr  (test for excess errors)
WARNING: gfortran.dg/loc_2.f90  -O3 -fwhopr  compilation failed to produce executable
FAIL: gfortran.dg/module_blank_common.f90  -O0 -flto  (test for excess errors)
WARNING: gfortran.dg/module_blank_common.f90  -O0 -flto  compilation failed to produce executable
FAIL: gfortran.dg/module_blank_common.f90  -O2 -flto  (test for excess errors)
WARNING: gfortran.dg/module_blank_common.f90  -O2 -flto  compilation failed to produce executable
FAIL: gfortran.dg/module_blank_common.f90  -O3 -flto  (test for excess errors)
WARNING: gfortran.dg/module_blank_common.f90  -O3 -flto  compilation failed to produce executable
FAIL: gfortran.dg/module_blank_common.f90  -O0 -fwhopr  (test for excess errors)
WARNING: gfortran.dg/module_blank_common.f90  -O0 -fwhopr  compilation failed to produce executable
FAIL: gfortran.dg/module_blank_common.f90  -O2 -fwhopr  (test for excess errors)
WARNING: gfortran.dg/module_blank_common.f90  -O2 -fwhopr  compilation failed to produce executable
FAIL: gfortran.dg/module_blank_common.f90  -O3 -fwhopr  (test for excess errors)
WARNING: gfortran.dg/module_blank_common.f90  -O3 -fwhopr  compilation failed to produce executable
FAIL: gfortran.dg/module_commons_1.f90  -O0 -flto  (test for excess errors)
WARNING: gfortran.dg/module_commons_1.f90  -O0 -flto  compilation failed to produce executable
FAIL: gfortran.dg/module_commons_1.f90  -O2 -flto  (test for excess errors)
WARNING: gfortran.dg/module_commons_1.f90  -O2 -flto  compilation failed to produce executable
FAIL: gfortran.dg/module_commons_1.f90  -O3 -flto  (test for excess errors)
WARNING: gfortran.dg/module_commons_1.f90  -O3 -flto  compilation failed to produce executable
FAIL: gfortran.dg/module_commons_1.f90  -O0 -fwhopr  (test for excess errors)
WARNING: gfortran.dg/module_commons_1.f90  -O0 -fwhopr  compilation failed to produce executable
FAIL: gfortran.dg/module_commons_1.f90  -O2 -fwhopr  (test for excess errors)
WARNING: gfortran.dg/module_commons_1.f90  -O2 -fwhopr  compilation failed to produce executable
FAIL: gfortran.dg/module_commons_1.f90  -O3 -fwhopr  (test for excess errors)
WARNING: gfortran.dg/module_commons_1.f90  -O3 -fwhopr  compilation failed to produce executable
FAIL: gfortran.dg/module_commons_3.f90  -O0 -flto  (test for excess errors)
WARNING: gfortran.dg/module_commons_3.f90  -O0 -flto  compilation failed to produce executable
FAIL: gfortran.dg/module_commons_3.f90  -O2 -flto  (test for excess errors)
WARNING: gfortran.dg/module_commons_3.f90  -O2 -flto  compilation failed to produce executable
FAIL: gfortran.dg/module_commons_3.f90  -O3 -flto  (test for excess errors)
WARNING: gfortran.dg/module_commons_3.f90  -O3 -flto  compilation failed to produce executable
FAIL: gfortran.dg/module_commons_3.f90  -O0 -fwhopr  (test for excess errors)
WARNING: gfortran.dg/module_commons_3.f90  -O0 -fwhopr  compilation failed to produce executable
FAIL: gfortran.dg/module_commons_3.f90  -O2 -fwhopr  (test for excess errors)
WARNING: gfortran.dg/module_commons_3.f90  -O2 -fwhopr  compilation failed to produce executable
FAIL: gfortran.dg/module_commons_3.f90  -O3 -fwhopr  (test for excess errors)
WARNING: gfortran.dg/module_commons_3.f90  -O3 -fwhopr  compilation failed to produce executable
FAIL: gfortran.dg/module_equivalence_1.f90  -O0 -flto  (test for excess errors)
WARNING: gfortran.dg/module_equivalence_1.f90  -O0 -flto  compilation failed to produce executable
FAIL: gfortran.dg/module_equivalence_1.f90  -O2 -flto  (test for excess errors)
WARNING: gfortran.dg/module_equivalence_1.f90  -O2 -flto  compilation failed to produce executable
FAIL: gfortran.dg/module_equivalence_1.f90  -O3 -flto  (test for excess errors)
WARNING: gfortran.dg/module_equivalence_1.f90  -O3 -flto  compilation failed to produce executable
FAIL: gfortran.dg/module_equivalence_1.f90  -O0 -fwhopr  (test for excess errors)
WARNING: gfortran.dg/module_equivalence_1.f90  -O0 -fwhopr  compilation failed to produce executable
FAIL: gfortran.dg/module_equivalence_1.f90  -O2 -fwhopr  (test for excess errors)
WARNING: gfortran.dg/module_equivalence_1.f90  -O2 -fwhopr  compilation failed to produce executable
FAIL: gfortran.dg/module_equivalence_1.f90  -O3 -fwhopr  (test for excess errors)
WARNING: gfortran.dg/module_equivalence_1.f90  -O3 -fwhopr  compilation failed to produce executable
FAIL: gfortran.dg/module_equivalence_3.f90  -O0 -flto  (test for excess errors)
WARNING: gfortran.dg/module_equivalence_3.f90  -O0 -flto  compilation failed to produce executable
FAIL: gfortran.dg/module_equivalence_3.f90  -O0 -fwhopr  (test for excess errors)
WARNING: gfortran.dg/module_equivalence_3.f90  -O0 -fwhopr  compilation failed to produce executable
FAIL: gfortran.dg/namelist_14.f90  -O0 -flto  (test for excess errors)
WARNING: gfortran.dg/namelist_14.f90  -O0 -flto  compilation failed to produce executable
FAIL: gfortran.dg/namelist_14.f90  -O2 -flto  (test for excess errors)
WARNING: gfortran.dg/namelist_14.f90  -O2 -flto  compilation failed to produce executable
FAIL: gfortran.dg/namelist_14.f90  -O3 -flto  (test for excess errors)
WARNING: gfortran.dg/namelist_14.f90  -O3 -flto  compilation failed to produce executable
FAIL: gfortran.dg/namelist_14.f90  -O0 -fwhopr  (test for excess errors)
WARNING: gfortran.dg/namelist_14.f90  -O0 -fwhopr  compilation failed to produce executable
FAIL: gfortran.dg/namelist_14.f90  -O2 -fwhopr  (test for excess errors)
WARNING: gfortran.dg/namelist_14.f90  -O2 -fwhopr  compilation failed to produce executable
FAIL: gfortran.dg/namelist_14.f90  -O3 -fwhopr  (test for excess errors)
WARNING: gfortran.dg/namelist_14.f90  -O3 -fwhopr  compilation failed to produce executable
FAIL: gfortran.dg/nested_modules_1.f90  -O0 -flto  (test for excess errors)
WARNING: gfortran.dg/nested_modules_1.f90  -O0 -flto  compilation failed to produce executable
FAIL: gfortran.dg/nested_modules_1.f90  -O2 -flto  (test for excess errors)
WARNING: gfortran.dg/nested_modules_1.f90  -O2 -flto  compilation failed to produce executable
FAIL: gfortran.dg/nested_modules_1.f90  -O3 -flto  (test for excess errors)
WARNING: gfortran.dg/nested_modules_1.f90  -O3 -flto  compilation failed to produce executable
FAIL: gfortran.dg/nested_modules_1.f90  -O0 -fwhopr  (test for excess errors)
WARNING: gfortran.dg/nested_modules_1.f90  -O0 -fwhopr  compilation failed to produce executable
FAIL: gfortran.dg/nested_modules_1.f90  -O2 -fwhopr  (test for excess errors)
WARNING: gfortran.dg/nested_modules_1.f90  -O2 -fwhopr  compilation failed to produce executable
FAIL: gfortran.dg/nested_modules_1.f90  -O3 -fwhopr  (test for excess errors)
WARNING: gfortran.dg/nested_modules_1.f90  -O3 -fwhopr  compilation failed to produce executable
FAIL: gfortran.dg/pr29581.f90  -O0 -flto  (test for excess errors)
WARNING: gfortran.dg/pr29581.f90  -O0 -flto  compilation failed to produce executable
FAIL: gfortran.dg/pr29581.f90  -O2 -flto  (test for excess errors)
WARNING: gfortran.dg/pr29581.f90  -O2 -flto  compilation failed to produce executable
FAIL: gfortran.dg/pr29581.f90  -O3 -flto  (test for excess errors)
WARNING: gfortran.dg/pr29581.f90  -O3 -flto  compilation failed to produce executable
FAIL: gfortran.dg/pr29581.f90  -O0 -fwhopr  (test for excess errors)
WARNING: gfortran.dg/pr29581.f90  -O0 -fwhopr  compilation failed to produce executable
FAIL: gfortran.dg/pr29581.f90  -O2 -fwhopr  (test for excess errors)
WARNING: gfortran.dg/pr29581.f90  -O2 -fwhopr  compilation failed to produce executable
FAIL: gfortran.dg/pr29581.f90  -O3 -fwhopr  (test for excess errors)
WARNING: gfortran.dg/pr29581.f90  -O3 -fwhopr  compilation failed to produce executable
FAIL: gfortran.dg/pr37243.f  -O0 -flto  (test for excess errors)
WARNING: gfortran.dg/pr37243.f  -O0 -flto  compilation failed to produce executable
FAIL: gfortran.dg/pr37243.f  -O2 -flto  (test for excess errors)
WARNING: gfortran.dg/pr37243.f  -O2 -flto  compilation failed to produce executable
FAIL: gfortran.dg/pr37243.f  -O3 -flto  (test for excess errors)
WARNING: gfortran.dg/pr37243.f  -O3 -flto  compilation failed to produce executable
FAIL: gfortran.dg/pr37243.f  -O0 -fwhopr  (test for excess errors)
WARNING: gfortran.dg/pr37243.f  -O0 -fwhopr  compilation failed to produce executable
FAIL: gfortran.dg/pr37243.f  -O2 -fwhopr  (test for excess errors)
WARNING: gfortran.dg/pr37243.f  -O2 -fwhopr  compilation failed to produce executable
FAIL: gfortran.dg/pr37243.f  -O3 -fwhopr  (test for excess errors)
WARNING: gfortran.dg/pr37243.f  -O3 -fwhopr  compilation failed to produce executable
FAIL: gfortran.dg/proc_ptr_7.f90  -O2 -flto  execution test
FAIL: gfortran.dg/proc_ptr_7.f90  -O3 -flto  execution test
FAIL: gfortran.dg/proc_ptr_7.f90  -O2 -fwhopr  execution test
FAIL: gfortran.dg/proc_ptr_7.f90  -O3 -fwhopr  execution test
FAIL: gfortran.dg/proc_ptr_8.f90  -O0 -flto  (test for excess errors)
WARNING: gfortran.dg/proc_ptr_8.f90  -O0 -flto  compilation failed to produce executable
FAIL: gfortran.dg/proc_ptr_8.f90  -O2 -flto  (test for excess errors)
WARNING: gfortran.dg/proc_ptr_8.f90  -O2 -flto  compilation failed to produce executable
FAIL: gfortran.dg/proc_ptr_8.f90  -O3 -flto  (test for excess errors)
WARNING: gfortran.dg/proc_ptr_8.f90  -O3 -flto  compilation failed to produce executable
FAIL: gfortran.dg/proc_ptr_8.f90  -O0 -fwhopr  (test for excess errors)
WARNING: gfortran.dg/proc_ptr_8.f90  -O0 -fwhopr  compilation failed to produce executable
FAIL: gfortran.dg/proc_ptr_8.f90  -O2 -fwhopr  (test for excess errors)
WARNING: gfortran.dg/proc_ptr_8.f90  -O2 -fwhopr  compilation failed to produce executable
FAIL: gfortran.dg/proc_ptr_8.f90  -O3 -fwhopr  (test for excess errors)
WARNING: gfortran.dg/proc_ptr_8.f90  -O3 -fwhopr  compilation failed to produce executable
FAIL: gfortran.dg/proc_ptr_common_1.f90  -O0 -flto  (test for excess errors)
WARNING: gfortran.dg/proc_ptr_common_1.f90  -O0 -flto  compilation failed to produce executable
FAIL: gfortran.dg/proc_ptr_common_1.f90  -O2 -flto  (test for excess errors)
WARNING: gfortran.dg/proc_ptr_common_1.f90  -O2 -flto  compilation failed to produce executable
FAIL: gfortran.dg/proc_ptr_common_1.f90  -O3 -flto  (test for excess errors)
WARNING: gfortran.dg/proc_ptr_common_1.f90  -O3 -flto  compilation failed to produce executable
FAIL: gfortran.dg/proc_ptr_common_1.f90  -O0 -fwhopr  (test for excess errors)
WARNING: gfortran.dg/proc_ptr_common_1.f90  -O0 -fwhopr  compilation failed to produce executable
FAIL: gfortran.dg/proc_ptr_common_1.f90  -O2 -fwhopr  (test for excess errors)
WARNING: gfortran.dg/proc_ptr_common_1.f90  -O2 -fwhopr  compilation failed to produce executable
FAIL: gfortran.dg/proc_ptr_common_1.f90  -O3 -fwhopr  (test for excess errors)
WARNING: gfortran.dg/proc_ptr_common_1.f90  -O3 -fwhopr  compilation failed to produce executable
FAIL: gfortran.dg/recursive_check_14.f90  -O0 -flto  (test for excess errors)
WARNING: gfortran.dg/recursive_check_14.f90  -O0 -flto  compilation failed to produce executable
FAIL: gfortran.dg/recursive_check_14.f90  -O2 -flto  (test for excess errors)
WARNING: gfortran.dg/recursive_check_14.f90  -O2 -flto  compilation failed to produce executable
FAIL: gfortran.dg/recursive_check_14.f90  -O3 -flto  (test for excess errors)
WARNING: gfortran.dg/recursive_check_14.f90  -O3 -flto  compilation failed to produce executable
FAIL: gfortran.dg/recursive_check_14.f90  -O0 -fwhopr  (test for excess errors)
WARNING: gfortran.dg/recursive_check_14.f90  -O0 -fwhopr  compilation failed to produce executable
FAIL: gfortran.dg/recursive_check_14.f90  -O2 -fwhopr  (test for excess errors)
WARNING: gfortran.dg/recursive_check_14.f90  -O2 -fwhopr  compilation failed to produce executable
FAIL: gfortran.dg/recursive_check_14.f90  -O3 -fwhopr  (test for excess errors)
WARNING: gfortran.dg/recursive_check_14.f90  -O3 -fwhopr  compilation failed to produce executable
FAIL: gfortran.dg/recursive_check_7.f90  -O0 -flto  (test for excess errors)
WARNING: gfortran.dg/recursive_check_7.f90  -O0 -flto  compilation failed to produce executable
FAIL: gfortran.dg/recursive_check_7.f90  -O2 -flto  (test for excess errors)
WARNING: gfortran.dg/recursive_check_7.f90  -O2 -flto  compilation failed to produce executable
FAIL: gfortran.dg/recursive_check_7.f90  -O3 -flto  (test for excess errors)
WARNING: gfortran.dg/recursive_check_7.f90  -O3 -flto  compilation failed to produce executable
FAIL: gfortran.dg/recursive_check_7.f90  -O0 -fwhopr  (test for excess errors)
WARNING: gfortran.dg/recursive_check_7.f90  -O0 -fwhopr  compilation failed to produce executable
FAIL: gfortran.dg/recursive_check_7.f90  -O2 -fwhopr  (test for excess errors)
WARNING: gfortran.dg/recursive_check_7.f90  -O2 -fwhopr  compilation failed to produce executable
FAIL: gfortran.dg/recursive_check_7.f90  -O3 -fwhopr  (test for excess errors)
WARNING: gfortran.dg/recursive_check_7.f90  -O3 -fwhopr  compilation failed to produce executable
FAIL: gfortran.dg/recursive_stack.f90  -O0 -flto  (test for excess errors)
WARNING: gfortran.dg/recursive_stack.f90  -O0 -flto  compilation failed to produce executable
FAIL: gfortran.dg/recursive_stack.f90  -O2 -flto  (test for excess errors)
WARNING: gfortran.dg/recursive_stack.f90  -O2 -flto  compilation failed to produce executable
FAIL: gfortran.dg/recursive_stack.f90  -O3 -flto  (test for excess errors)
WARNING: gfortran.dg/recursive_stack.f90  -O3 -flto  compilation failed to produce executable
FAIL: gfortran.dg/recursive_stack.f90  -O0 -fwhopr  (test for excess errors)
WARNING: gfortran.dg/recursive_stack.f90  -O0 -fwhopr  compilation failed to produce executable
FAIL: gfortran.dg/recursive_stack.f90  -O2 -fwhopr  (test for excess errors)
WARNING: gfortran.dg/recursive_stack.f90  -O2 -fwhopr  compilation failed to produce executable
FAIL: gfortran.dg/recursive_stack.f90  -O3 -fwhopr  (test for excess errors)
WARNING: gfortran.dg/recursive_stack.f90  -O3 -fwhopr  compilation failed to produce executable
FAIL: gfortran.dg/sizeof.f90  -O0 -flto  (test for excess errors)
WARNING: gfortran.dg/sizeof.f90  -O0 -flto  compilation failed to produce executable
FAIL: gfortran.dg/sizeof.f90  -O2 -flto  (test for excess errors)
WARNING: gfortran.dg/sizeof.f90  -O2 -flto  compilation failed to produce executable
FAIL: gfortran.dg/sizeof.f90  -O3 -flto  (test for excess errors)
WARNING: gfortran.dg/sizeof.f90  -O3 -flto  compilation failed to produce executable
FAIL: gfortran.dg/sizeof.f90  -O0 -fwhopr  (test for excess errors)
WARNING: gfortran.dg/sizeof.f90  -O0 -fwhopr  compilation failed to produce executable
FAIL: gfortran.dg/sizeof.f90  -O2 -fwhopr  (test for excess errors)
WARNING: gfortran.dg/sizeof.f90  -O2 -fwhopr  compilation failed to produce executable
FAIL: gfortran.dg/sizeof.f90  -O3 -fwhopr  (test for excess errors)
WARNING: gfortran.dg/sizeof.f90  -O3 -fwhopr  compilation failed to produce executable
FAIL: gfortran.dg/static_linking_1.f  -O0 -flto  (internal compiler error)
FAIL: gfortran.dg/static_linking_1.f  -O0 -flto  (test for excess errors)
WARNING: gfortran.dg/static_linking_1.f  -O0 -flto  compilation failed to produce executable
FAIL: gfortran.dg/static_linking_1.f  -O2 -flto  (internal compiler error)
FAIL: gfortran.dg/static_linking_1.f  -O2 -flto  (test for excess errors)
WARNING: gfortran.dg/static_linking_1.f  -O2 -flto  compilation failed to produce executable
FAIL: gfortran.dg/static_linking_1.f  -O3 -flto  (internal compiler error)
FAIL: gfortran.dg/static_linking_1.f  -O3 -flto  (test for excess errors)
WARNING: gfortran.dg/static_linking_1.f  -O3 -flto  compilation failed to produce executable
FAIL: gfortran.dg/static_linking_1.f  -O0 -fwhopr  (internal compiler error)
FAIL: gfortran.dg/static_linking_1.f  -O0 -fwhopr  (test for excess errors)
WARNING: gfortran.dg/static_linking_1.f  -O0 -fwhopr  compilation failed to produce executable
FAIL: gfortran.dg/static_linking_1.f  -O2 -fwhopr  (internal compiler error)
FAIL: gfortran.dg/static_linking_1.f  -O2 -fwhopr  (test for excess errors)
WARNING: gfortran.dg/static_linking_1.f  -O2 -fwhopr  compilation failed to produce executable
FAIL: gfortran.dg/static_linking_1.f  -O3 -fwhopr  (internal compiler error)
FAIL: gfortran.dg/static_linking_1.f  -O3 -fwhopr  (test for excess errors)
WARNING: gfortran.dg/static_linking_1.f  -O3 -fwhopr  compilation failed to produce executable
FAIL: gfortran.dg/substr_4.f  -O0 -flto  (test for excess errors)
WARNING: gfortran.dg/substr_4.f  -O0 -flto  compilation failed to produce executable
FAIL: gfortran.dg/substr_4.f  -O2 -flto  (test for excess errors)
WARNING: gfortran.dg/substr_4.f  -O2 -flto  compilation failed to produce executable
FAIL: gfortran.dg/substr_4.f  -O3 -flto  (test for excess errors)
WARNING: gfortran.dg/substr_4.f  -O3 -flto  compilation failed to produce executable
FAIL: gfortran.dg/substr_4.f  -O0 -fwhopr  (test for excess errors)
WARNING: gfortran.dg/substr_4.f  -O0 -fwhopr  compilation failed to produce executable
FAIL: gfortran.dg/substr_4.f  -O2 -fwhopr  (test for excess errors)
WARNING: gfortran.dg/substr_4.f  -O2 -fwhopr  compilation failed to produce executable
FAIL: gfortran.dg/substr_4.f  -O3 -fwhopr  (test for excess errors)
WARNING: gfortran.dg/substr_4.f  -O3 -fwhopr  compilation failed to produce executable
FAIL: gfortran.dg/test_com_block.f90  -O0 -flto  (test for excess errors)
WARNING: gfortran.dg/test_com_block.f90  -O0 -flto  compilation failed to produce executable
FAIL: gfortran.dg/test_com_block.f90  -O2 -flto  (test for excess errors)
WARNING: gfortran.dg/test_com_block.f90  -O2 -flto  compilation failed to produce executable
FAIL: gfortran.dg/test_com_block.f90  -O3 -flto  (test for excess errors)
WARNING: gfortran.dg/test_com_block.f90  -O3 -flto  compilation failed to produce executable
FAIL: gfortran.dg/test_com_block.f90  -O0 -fwhopr  (test for excess errors)
WARNING: gfortran.dg/test_com_block.f90  -O0 -fwhopr  compilation failed to produce executable
FAIL: gfortran.dg/test_com_block.f90  -O2 -fwhopr  (test for excess errors)
WARNING: gfortran.dg/test_com_block.f90  -O2 -fwhopr  compilation failed to produce executable
FAIL: gfortran.dg/test_com_block.f90  -O3 -fwhopr  (test for excess errors)
WARNING: gfortran.dg/test_com_block.f90  -O3 -fwhopr  compilation failed to produce executable
FAIL: gfortran.dg/g77/13037.f  -O0 -flto  (test for excess errors)
WARNING: gfortran.dg/g77/13037.f  -O0 -flto  compilation failed to produce executable
FAIL: gfortran.dg/g77/13037.f  -O2 -flto  (test for excess errors)
WARNING: gfortran.dg/g77/13037.f  -O2 -flto  compilation failed to produce executable
FAIL: gfortran.dg/g77/13037.f  -O3 -flto  (test for excess errors)
WARNING: gfortran.dg/g77/13037.f  -O3 -flto  compilation failed to produce executable
FAIL: gfortran.dg/g77/13037.f  -O0 -fwhopr  (test for excess errors)
WARNING: gfortran.dg/g77/13037.f  -O0 -fwhopr  compilation failed to produce executable
FAIL: gfortran.dg/g77/13037.f  -O2 -fwhopr  (test for excess errors)
WARNING: gfortran.dg/g77/13037.f  -O2 -fwhopr  compilation failed to produce executable
FAIL: gfortran.dg/g77/13037.f  -O3 -fwhopr  (test for excess errors)
WARNING: gfortran.dg/g77/13037.f  -O3 -fwhopr  compilation failed to produce executable
FAIL: gfortran.dg/g77/19990419-1.f  -O0 -flto  (test for excess errors)
WARNING: gfortran.dg/g77/19990419-1.f  -O0 -flto  compilation failed to produce executable
FAIL: gfortran.dg/g77/19990419-1.f  -O0 -fwhopr  (test for excess errors)
WARNING: gfortran.dg/g77/19990419-1.f  -O0 -fwhopr  compilation failed to produce executable
FAIL: gfortran.dg/g77/f90-intrinsic-bit.f  -O0 -flto  (test for excess errors)
WARNING: gfortran.dg/g77/f90-intrinsic-bit.f  -O0 -flto  compilation failed to produce executable
FAIL: gfortran.dg/g77/f90-intrinsic-bit.f  -O2 -flto  (test for excess errors)
WARNING: gfortran.dg/g77/f90-intrinsic-bit.f  -O2 -flto  compilation failed to produce executable
FAIL: gfortran.dg/g77/f90-intrinsic-bit.f  -O3 -flto  (test for excess errors)
WARNING: gfortran.dg/g77/f90-intrinsic-bit.f  -O3 -flto  compilation failed to produce executable
FAIL: gfortran.dg/g77/f90-intrinsic-bit.f  -O0 -fwhopr  (test for excess errors)
WARNING: gfortran.dg/g77/f90-intrinsic-bit.f  -O0 -fwhopr  compilation failed to produce executable
FAIL: gfortran.dg/g77/f90-intrinsic-bit.f  -O2 -fwhopr  (test for excess errors)
WARNING: gfortran.dg/g77/f90-intrinsic-bit.f  -O2 -fwhopr  compilation failed to produce executable
FAIL: gfortran.dg/g77/f90-intrinsic-bit.f  -O3 -fwhopr  (test for excess errors)
WARNING: gfortran.dg/g77/f90-intrinsic-bit.f  -O3 -fwhopr  compilation failed to produce executable
FAIL: gfortran.dg/g77/f90-intrinsic-mathematical.f  -O0 -flto  (test for excess errors)
WARNING: gfortran.dg/g77/f90-intrinsic-mathematical.f  -O0 -flto  compilation failed to produce executable
FAIL: gfortran.dg/g77/f90-intrinsic-mathematical.f  -O2 -flto  (test for excess errors)
WARNING: gfortran.dg/g77/f90-intrinsic-mathematical.f  -O2 -flto  compilation failed to produce executable
FAIL: gfortran.dg/g77/f90-intrinsic-mathematical.f  -O3 -flto  (test for excess errors)
WARNING: gfortran.dg/g77/f90-intrinsic-mathematical.f  -O3 -flto  compilation failed to produce executable
FAIL: gfortran.dg/g77/f90-intrinsic-mathematical.f  -O0 -fwhopr  (test for excess errors)
WARNING: gfortran.dg/g77/f90-intrinsic-mathematical.f  -O0 -fwhopr  compilation failed to produce executable
FAIL: gfortran.dg/g77/f90-intrinsic-mathematical.f  -O2 -fwhopr  (test for excess errors)
WARNING: gfortran.dg/g77/f90-intrinsic-mathematical.f  -O2 -fwhopr  compilation failed to produce executable
FAIL: gfortran.dg/g77/f90-intrinsic-mathematical.f  -O3 -fwhopr  (test for excess errors)
WARNING: gfortran.dg/g77/f90-intrinsic-mathematical.f  -O3 -fwhopr  compilation failed to produce executable
FAIL: gfortran.dg/g77/f90-intrinsic-numeric.f  -O0 -flto  (test for excess errors)
WARNING: gfortran.dg/g77/f90-intrinsic-numeric.f  -O0 -flto  compilation failed to produce executable
FAIL: gfortran.dg/g77/f90-intrinsic-numeric.f  -O2 -flto  (test for excess errors)
WARNING: gfortran.dg/g77/f90-intrinsic-numeric.f  -O2 -flto  compilation failed to produce executable
FAIL: gfortran.dg/g77/f90-intrinsic-numeric.f  -O3 -flto  (test for excess errors)
WARNING: gfortran.dg/g77/f90-intrinsic-numeric.f  -O3 -flto  compilation failed to produce executable
FAIL: gfortran.dg/g77/f90-intrinsic-numeric.f  -O0 -fwhopr  (test for excess errors)
WARNING: gfortran.dg/g77/f90-intrinsic-numeric.f  -O0 -fwhopr  compilation failed to produce executable
FAIL: gfortran.dg/g77/f90-intrinsic-numeric.f  -O2 -fwhopr  (test for excess errors)
WARNING: gfortran.dg/g77/f90-intrinsic-numeric.f  -O2 -fwhopr  compilation failed to produce executable
FAIL: gfortran.dg/g77/f90-intrinsic-numeric.f  -O3 -fwhopr  (test for excess errors)
WARNING: gfortran.dg/g77/f90-intrinsic-numeric.f  -O3 -fwhopr  compilation failed to produce executable
FAIL: gfortran.dg/g77/intrinsic-unix-bessel.f  -O0 -flto  (test for excess errors)
WARNING: gfortran.dg/g77/intrinsic-unix-bessel.f  -O0 -flto  compilation failed to produce executable
FAIL: gfortran.dg/g77/intrinsic-unix-bessel.f  -O2 -flto  (test for excess errors)
WARNING: gfortran.dg/g77/intrinsic-unix-bessel.f  -O2 -flto  compilation failed to produce executable
FAIL: gfortran.dg/g77/intrinsic-unix-bessel.f  -O3 -flto  (test for excess errors)
WARNING: gfortran.dg/g77/intrinsic-unix-bessel.f  -O3 -flto  compilation failed to produce executable
FAIL: gfortran.dg/g77/intrinsic-unix-bessel.f  -O0 -fwhopr  (test for excess errors)
WARNING: gfortran.dg/g77/intrinsic-unix-bessel.f  -O0 -fwhopr  compilation failed to produce executable
FAIL: gfortran.dg/g77/intrinsic-unix-bessel.f  -O2 -fwhopr  (test for excess errors)
WARNING: gfortran.dg/g77/intrinsic-unix-bessel.f  -O2 -fwhopr  compilation failed to produce executable
FAIL: gfortran.dg/g77/intrinsic-unix-bessel.f  -O3 -fwhopr  (test for excess errors)
WARNING: gfortran.dg/g77/intrinsic-unix-bessel.f  -O3 -fwhopr  compilation failed to produce executable
FAIL: gfortran.dg/g77/intrinsic-unix-erf.f  -O0 -flto  (test for excess errors)
WARNING: gfortran.dg/g77/intrinsic-unix-erf.f  -O0 -flto  compilation failed to produce executable
FAIL: gfortran.dg/g77/intrinsic-unix-erf.f  -O2 -flto  (test for excess errors)
WARNING: gfortran.dg/g77/intrinsic-unix-erf.f  -O2 -flto  compilation failed to produce executable
FAIL: gfortran.dg/g77/intrinsic-unix-erf.f  -O3 -flto  (test for excess errors)
WARNING: gfortran.dg/g77/intrinsic-unix-erf.f  -O3 -flto  compilation failed to produce executable
FAIL: gfortran.dg/g77/intrinsic-unix-erf.f  -O0 -fwhopr  (test for excess errors)
WARNING: gfortran.dg/g77/intrinsic-unix-erf.f  -O0 -fwhopr  compilation failed to produce executable
FAIL: gfortran.dg/g77/intrinsic-unix-erf.f  -O2 -fwhopr  (test for excess errors)
WARNING: gfortran.dg/g77/intrinsic-unix-erf.f  -O2 -fwhopr  compilation failed to produce executable
FAIL: gfortran.dg/g77/intrinsic-unix-erf.f  -O3 -fwhopr  (test for excess errors)
WARNING: gfortran.dg/g77/intrinsic-unix-erf.f  -O3 -fwhopr  compilation failed to produce executable
FAIL: gfortran.dg/g77/short.f  -O0 -flto  (test for excess errors)
WARNING: gfortran.dg/g77/short.f  -O0 -flto  compilation failed to produce executable
FAIL: gfortran.dg/g77/short.f  -O2 -flto  (test for excess errors)
WARNING: gfortran.dg/g77/short.f  -O2 -flto  compilation failed to produce executable
FAIL: gfortran.dg/g77/short.f  -O3 -flto  (test for excess errors)
WARNING: gfortran.dg/g77/short.f  -O3 -flto  compilation failed to produce executable
FAIL: gfortran.dg/g77/short.f  -O0 -fwhopr  (test for excess errors)
WARNING: gfortran.dg/g77/short.f  -O0 -fwhopr  compilation failed to produce executable
FAIL: gfortran.dg/g77/short.f  -O2 -fwhopr  (test for excess errors)
WARNING: gfortran.dg/g77/short.f  -O2 -fwhopr  compilation failed to produce executable
FAIL: gfortran.dg/g77/short.f  -O3 -fwhopr  (test for excess errors)
WARNING: gfortran.dg/g77/short.f  -O3 -fwhopr  compilation failed to produce executable
FAIL: gfortran.fortran-torture/execute/equiv_5.f compilation,  -O0 -flto 
FAIL: gfortran.fortran-torture/execute/equiv_5.f compilation,  -O2 -flto 
FAIL: gfortran.fortran-torture/execute/equiv_5.f compilation,  -O3 -flto 
FAIL: gfortran.fortran-torture/execute/equiv_5.f compilation,  -O0 -fwhopr 
FAIL: gfortran.fortran-torture/execute/equiv_5.f compilation,  -O2 -fwhopr 
FAIL: gfortran.fortran-torture/execute/equiv_5.f compilation,  -O3 -fwhopr 
FAIL: gfortran.fortran-torture/execute/common.f90 compilation,  -O0 -flto 
FAIL: gfortran.fortran-torture/execute/common.f90 compilation,  -O2 -flto 
FAIL: gfortran.fortran-torture/execute/common.f90 compilation,  -O3 -flto 
FAIL: gfortran.fortran-torture/execute/common.f90 compilation,  -O0 -fwhopr 
FAIL: gfortran.fortran-torture/execute/common.f90 compilation,  -O2 -fwhopr 
FAIL: gfortran.fortran-torture/execute/common.f90 compilation,  -O3 -fwhopr 
FAIL: gfortran.fortran-torture/execute/common_2.f90 compilation,  -O0 -flto 
FAIL: gfortran.fortran-torture/execute/common_2.f90 compilation,  -O2 -flto 
FAIL: gfortran.fortran-torture/execute/common_2.f90 compilation,  -O3 -flto 
FAIL: gfortran.fortran-torture/execute/common_2.f90 compilation,  -O0 -fwhopr 
FAIL: gfortran.fortran-torture/execute/common_2.f90 compilation,  -O2 -fwhopr 
FAIL: gfortran.fortran-torture/execute/common_2.f90 compilation,  -O3 -fwhopr 
FAIL: gfortran.fortran-torture/execute/common_size.f90 compilation,  -O0 -flto 
FAIL: gfortran.fortran-torture/execute/common_size.f90 compilation,  -O2 -flto 
FAIL: gfortran.fortran-torture/execute/common_size.f90 compilation,  -O3 -flto 
FAIL: gfortran.fortran-torture/execute/common_size.f90 compilation,  -O0 -fwhopr 
FAIL: gfortran.fortran-torture/execute/common_size.f90 compilation,  -O2 -fwhopr 
FAIL: gfortran.fortran-torture/execute/common_size.f90 compilation,  -O3 -fwhopr 
FAIL: gfortran.fortran-torture/execute/csqrt_1.f90 compilation,  -O0 -flto 
FAIL: gfortran.fortran-torture/execute/csqrt_1.f90 compilation,  -O2 -flto 
FAIL: gfortran.fortran-torture/execute/csqrt_1.f90 compilation,  -O3 -flto 
FAIL: gfortran.fortran-torture/execute/csqrt_1.f90 compilation,  -O0 -fwhopr 
FAIL: gfortran.fortran-torture/execute/csqrt_1.f90 compilation,  -O2 -fwhopr 
FAIL: gfortran.fortran-torture/execute/csqrt_1.f90 compilation,  -O3 -fwhopr 
FAIL: gfortran.fortran-torture/execute/equiv_1.f90 compilation,  -O0 -flto 
FAIL: gfortran.fortran-torture/execute/equiv_1.f90 compilation,  -O2 -flto 
FAIL: gfortran.fortran-torture/execute/equiv_1.f90 compilation,  -O3 -flto 
FAIL: gfortran.fortran-torture/execute/equiv_1.f90 compilation,  -O0 -fwhopr 
FAIL: gfortran.fortran-torture/execute/equiv_1.f90 compilation,  -O2 -fwhopr 
FAIL: gfortran.fortran-torture/execute/equiv_1.f90 compilation,  -O3 -fwhopr 
FAIL: gfortran.fortran-torture/execute/strcommon_1.f90 compilation,  -O0 -flto 
FAIL: gfortran.fortran-torture/execute/strcommon_1.f90 compilation,  -O2 -flto 
FAIL: gfortran.fortran-torture/execute/strcommon_1.f90 compilation,  -O3 -flto 
FAIL: gfortran.fortran-torture/execute/strcommon_1.f90 compilation,  -O0 -fwhopr 
FAIL: gfortran.fortran-torture/execute/strcommon_1.f90 compilation,  -O2 -fwhopr 
FAIL: gfortran.fortran-torture/execute/strcommon_1.f90 compilation,  -O3 -fwhopr 

		=== gfortran Summary ===

# of expected passes		50384
# of unexpected failures	506
# of expected failures		20
# of untested testcases		42
# of unsupported tests		163
/usr/local/google/dnovillo/perf/sbox/lto/local.x86_64/bld/gcc/testsuite/gfortran/../../gfortran  version 4.5.0 20090706 (experimental) (lto merged with rev 149291) 

		=== objc tests ===


Running target unix
FAIL: objc/execute/exceptions/catchall-1.m execution,  -O0 -fgnu-runtime
FAIL: objc/execute/exceptions/catchall-1.m execution,  -O1 -fgnu-runtime
FAIL: objc/execute/exceptions/catchall-1.m execution,  -O2 -fgnu-runtime
FAIL: objc/execute/exceptions/catchall-1.m execution,  -Os -fgnu-runtime
FAIL: objc/execute/exceptions/catchall-1.m execution, 
FAIL: objc/execute/exceptions/handler-1.m execution,  -O0 -fgnu-runtime
FAIL: objc/execute/exceptions/handler-1.m execution,  -O1 -fgnu-runtime
FAIL: objc/execute/exceptions/handler-1.m execution,  -O2 -fgnu-runtime
FAIL: objc/execute/exceptions/handler-1.m execution,  -O3 -fomit-frame-pointer -fgnu-runtime
FAIL: objc/execute/exceptions/handler-1.m execution,  -O3 -g -fgnu-runtime
FAIL: objc/execute/exceptions/handler-1.m execution,  -Os -fgnu-runtime
FAIL: objc/execute/exceptions/handler-1.m execution, 
FAIL: objc/execute/exceptions/local-variables-1.m execution,  -O0 -fgnu-runtime
FAIL: objc/execute/exceptions/local-variables-1.m execution,  -O1 -fgnu-runtime
FAIL: objc/execute/exceptions/local-variables-1.m execution,  -O2 -fgnu-runtime
FAIL: objc/execute/exceptions/local-variables-1.m execution,  -Os -fgnu-runtime
FAIL: objc/execute/exceptions/local-variables-1.m execution, 

		=== objc Summary ===

# of expected passes		2065
# of unexpected failures	17
# of expected failures		7
# of unsupported tests		24
/usr/local/google/dnovillo/perf/sbox/lto/local.x86_64/bld/gcc/xgcc  version 4.5.0 20090706 (experimental) (lto merged with rev 149291) 

		=== libffi tests ===


Running target unix

		=== libffi Summary ===

# of expected passes		1589
# of expected failures		15
# of unsupported tests		15
		=== libjava tests ===


Running target unix

		=== libjava Summary ===

# of expected passes		2574

Compiler version: 4.5.0 20090706 (experimental) (lto merged with rev 149291) 
Platform: i686-pc-linux-gnu
configure flags: --prefix=/home/dnovillo/perf/sbox/lto/local.x86_64/inst --srcdir=/home/dnovillo/perf/sbox/lto/local.x86_64/src --with-gmp=/home/dnovillo/i686 --with-mpfr=/home/dnovillo/i686 --build=i686-pc-linux-gnu --host=i686-pc-linux-gnu --disable-libmudflap --enable-checking=release


Index Nav: [Date Index] [Subject Index] [Author Index] [Thread Index]
Message Nav: [Date Prev] [Date Next] [Thread Prev] [Thread Next]