This is the mail archive of the gcc-testresults@gcc.gnu.org mailing list for the GCC project.


Index Nav: [Date Index] [Subject Index] [Author Index] [Thread Index]
Message Nav: [Date Prev] [Date Next] [Thread Prev] [Thread Next]
Other format: [Raw text]

Results for 4.5.0 20090706 (experimental) (lto merged with rev 149291) testsuite on x86_64-unknown-linux-gnu


Native configuration is x86_64-unknown-linux-gnu

		=== g++ tests ===


Running target unix
FAIL: g++.dg/inherit/thunk1.C (test for excess errors)
UNRESOLVED: g++.dg/inherit/thunk1.C compilation failed to produce executable
FAIL: g++.dg/torture/stackalign/eh-vararg-2.C  -O2 -flto  execution test
FAIL: g++.dg/torture/stackalign/eh-vararg-2.C  -O3 -flto  execution test
FAIL: g++.dg/torture/stackalign/eh-vararg-2.C  -O2 -fwhopr  execution test
FAIL: g++.dg/torture/stackalign/eh-vararg-2.C  -O3 -fwhopr  execution test
FAIL: g++.old-deja/g++.jason/thunk3.C (test for excess errors)
UNRESOLVED: g++.old-deja/g++.jason/thunk3.C compilation failed to produce executable

		=== g++ Summary ===

# of expected passes		21025
# of unexpected failures	6
# of expected failures		154
# of unresolved testcases	2
# of unsupported tests		373
/usr/local/google/homedirs/dnovillo/notnfs/perf/sbox/lto/local.x86_64/bld/gcc/testsuite/g++/../../g++  version 4.5.0 20090706 (experimental) (lto merged with rev 149291) 

		=== gcc tests ===


Running target unix
FAIL: gcc.c-torture/execute/builtins/strncpy.c execution,  -O3 -flto 
FAIL: gcc.dg/autopar/parallelization-1.c scan-tree-dump-times optimized "loopfn" 5
XPASS: gcc.dg/Warray-bounds.c  (test for warnings, line 59)
XPASS: gcc.dg/Warray-bounds.c  (test for warnings, line 65)
FAIL: gcc.dg/Wshadow-3.c  (test for warnings, line 47)
FAIL: gcc.dg/Wshadow-3.c (test for excess errors)
XPASS: gcc.dg/Wunreachable-8.c  (test for bogus messages, line 7)
FAIL: gcc.dg/pr34989-1.c (internal compiler error)
FAIL: gcc.dg/pr34989-1.c (test for excess errors)
FAIL: gcc.dg/pr36902.c  (test for warnings, line 47)
FAIL: gcc.dg/pr36902.c (test for excess errors)
FAIL: gcc.dg/visibility-7.c  (test for warnings, line 8)
FAIL: gcc.dg/visibility-7.c (test for excess errors)
FAIL: gcc.dg/lto/20090116 c_lto_20090116_0.o-c_lto_20090116_0.o link,  (internal compiler error)
UNRESOLVED: gcc.dg/lto/20090116 c_lto_20090116_0.o-c_lto_20090116_0.o execute -O1 -fwhopr -fPIC
XPASS: gcc.dg/struct/wo_prof_array_through_pointer.c scan-ipa-dump ipa_struct_reorg "Number of structures to transform is 1"
FAIL: gcc.dg/struct/wo_prof_double_malloc.c (internal compiler error)
FAIL: gcc.dg/struct/wo_prof_double_malloc.c (test for excess errors)
UNRESOLVED: gcc.dg/struct/wo_prof_double_malloc.c compilation failed to produce executable
FAIL: gcc.dg/torture/ssa-pta-fn-1.c  -O3 -flto  execution test
FAIL: gcc.dg/torture/ssa-pta-fn-1.c  -O3 -fwhopr  execution test
FAIL: gcc.dg/tree-prof/bb-reorg.c compilation,  -fprofile-use -D_PROFILE_USE
UNRESOLVED: gcc.dg/tree-prof/bb-reorg.c execution,    -fprofile-use -D_PROFILE_USE
FAIL: gcc.dg/tree-prof/pr34999.c compilation,  -fprofile-use -D_PROFILE_USE
UNRESOLVED: gcc.dg/tree-prof/pr34999.c execution,    -fprofile-use -D_PROFILE_USE
FAIL: gcc.dg/tree-ssa/pr27236.c scan-tree-dump-times optimized "foo_read" 5
FAIL: gcc.dg/tree-ssa/tailrecursion-5.c scan-tree-dump-times optimized "\\msum\\M" 4
FAIL: gcc.dg/tree-ssa/tailrecursion-5.c scan-tree-dump-times optimized "\\mfac\\M" 4
FAIL: gcc.dg/tree-ssa/tailrecursion-5.c scan-tree-dump-times optimized "\\msq_sum\\M" 4
FAIL: gcc.dg/tree-ssa/tailrecursion-5.c scan-tree-dump-times optimized "\\mpow2m1\\M" 4
FAIL: gcc.dg/tree-ssa/tailrecursion-5.c scan-tree-dump-times optimized "\\mfib\\M" 5
FAIL: gcc.target/i386/funcspec-3.c (internal compiler error)
FAIL: gcc.target/i386/funcspec-3.c (test for excess errors)
ERROR: gcc.target/i386/funcspec-3.c: error executing dg-final: couldn't open "funcspec-3.s": no such file or directory
UNRESOLVED: gcc.target/i386/funcspec-3.c: error executing dg-final: couldn't open "funcspec-3.s": no such file or directory

		=== gcc Summary ===

# of expected passes		88000
# of unexpected failures	25
# of unexpected successes	4
# of expected failures		193
# of unresolved testcases	5
# of unsupported tests		1698
/usr/local/google/homedirs/dnovillo/notnfs/perf/sbox/lto/local.x86_64/bld/gcc/xgcc  version 4.5.0 20090706 (experimental) (lto merged with rev 149291) 

		=== gfortran tests ===


Running target unix

		=== gfortran Summary ===

# of expected passes		34479
# of expected failures		20
# of unsupported tests		45
/usr/local/google/homedirs/dnovillo/notnfs/perf/sbox/lto/local.x86_64/bld/gcc/testsuite/gfortran/../../gfortran  version 4.5.0 20090706 (experimental) (lto merged with rev 149291) 

		=== objc tests ===


Running target unix
FAIL: objc/execute/exceptions/catchall-1.m execution,  -O0 -fgnu-runtime
FAIL: objc/execute/exceptions/catchall-1.m execution,  -O1 -fgnu-runtime
FAIL: objc/execute/exceptions/catchall-1.m execution,  -O2 -fgnu-runtime
FAIL: objc/execute/exceptions/catchall-1.m execution,  -Os -fgnu-runtime
FAIL: objc/execute/exceptions/catchall-1.m execution, 
FAIL: objc/execute/exceptions/handler-1.m execution,  -O0 -fgnu-runtime
FAIL: objc/execute/exceptions/handler-1.m execution,  -O1 -fgnu-runtime
FAIL: objc/execute/exceptions/handler-1.m execution,  -O2 -fgnu-runtime
FAIL: objc/execute/exceptions/handler-1.m execution,  -O3 -fomit-frame-pointer -fgnu-runtime
FAIL: objc/execute/exceptions/handler-1.m execution,  -O3 -g -fgnu-runtime
FAIL: objc/execute/exceptions/handler-1.m execution,  -Os -fgnu-runtime
FAIL: objc/execute/exceptions/handler-1.m execution, 
FAIL: objc/execute/exceptions/local-variables-1.m execution,  -O0 -fgnu-runtime
FAIL: objc/execute/exceptions/local-variables-1.m execution,  -O1 -fgnu-runtime
FAIL: objc/execute/exceptions/local-variables-1.m execution,  -O2 -fgnu-runtime
FAIL: objc/execute/exceptions/local-variables-1.m execution,  -Os -fgnu-runtime
FAIL: objc/execute/exceptions/local-variables-1.m execution, 

		=== objc Summary ===

# of expected passes		2056
# of unexpected failures	17
# of expected failures		16
# of unsupported tests		24
/usr/local/google/homedirs/dnovillo/notnfs/perf/sbox/lto/local.x86_64/bld/gcc/xgcc  version 4.5.0 20090706 (experimental) (lto merged with rev 149291) 

		=== libffi tests ===


Running target unix

		=== libffi Summary ===

# of expected passes		1584
# of expected failures		20
# of unsupported tests		15
		=== libjava tests ===


Running target unix

		=== libjava Summary ===

# of expected passes		2574
		=== libstdc++ tests ===


Running target unix
FAIL: abi_check
FAIL: 18_support/nested_exception/rethrow_if_nested.cc execution test
FAIL: 21_strings/basic_string/numeric_conversions/char/stod.cc execution test
FAIL: 21_strings/basic_string/numeric_conversions/char/stof.cc execution test
FAIL: 21_strings/basic_string/numeric_conversions/char/stold.cc execution test
FAIL: 21_strings/basic_string/numeric_conversions/wchar_t/stod.cc execution test
FAIL: 21_strings/basic_string/numeric_conversions/wchar_t/stof.cc execution test
FAIL: 21_strings/basic_string/numeric_conversions/wchar_t/stold.cc execution test
FAIL: 23_containers/deque/capacity/29134-2.cc execution test
FAIL: 23_containers/vector/bool/modifiers/insert/31370.cc execution test
FAIL: 23_containers/vector/cons/4.cc execution test
FAIL: 23_containers/vector/ext_pointer/modifiers/insert.cc execution test
FAIL: 25_algorithms/sort/34095.cc (test for excess errors)
UNRESOLVED: 25_algorithms/sort/34095.cc compilation failed to produce executable
FAIL: 25_algorithms/sort/34636.cc (test for excess errors)
UNRESOLVED: 25_algorithms/sort/34636.cc compilation failed to produce executable
XPASS: 26_numerics/headers/cmath/c99_classification_macros_c.cc (test for excess errors)
FAIL: 27_io/basic_filebuf/overflow/char/13858.cc execution test
FAIL: 27_io/basic_filebuf/overflow/wchar_t/13858.cc execution test
FAIL: 27_io/basic_filebuf/underflow/wchar_t/9178.cc execution test
FAIL: 27_io/basic_istream/exceptions/char/9561.cc execution test
FAIL: ext/enc_filebuf/char/13189.cc execution test
FAIL: ext/enc_filebuf/wchar_t/13189.cc execution test
FAIL: ext/pb_ds/regression/hash_data_map_rand.cc execution test
FAIL: ext/pb_ds/regression/hash_no_data_map_rand.cc execution test
FAIL: ext/pb_ds/regression/priority_queue_rand.cc execution test
FAIL: ext/pb_ds/regression/tree_data_map_rand.cc execution test
FAIL: ext/pb_ds/regression/tree_no_data_map_rand.cc execution test
FAIL: ext/pb_ds/regression/trie_data_map_rand.cc execution test
FAIL: ext/pb_ds/regression/trie_no_data_map_rand.cc execution test

		=== libstdc++ Summary ===

# of expected passes		6211
# of unexpected failures	27
# of unexpected successes	1
# of expected failures		84
# of unresolved testcases	2
# of unsupported tests		334

Compiler version: 4.5.0 20090706 (experimental) (lto merged with rev 149291) 
Platform: x86_64-unknown-linux-gnu
configure flags: --prefix=/usr/local/google/homedirs/dnovillo/perf/sbox/lto/local.x86_64/inst --srcdir=/usr/local/google/homedirs/dnovillo/perf/sbox/lto/local.x86_64/src --with-gmp=/usr/local/google/homedirs/dnovillo/x86_64 --with-mpfr=/usr/local/google/homedirs/dnovillo/x86_64 --disable-libmudflap


Index Nav: [Date Index] [Subject Index] [Author Index] [Thread Index]
Message Nav: [Date Prev] [Date Next] [Thread Prev] [Thread Next]