This is the mail archive of the gcc-testresults@gcc.gnu.org mailing list for the GCC project.


Index Nav: [Date Index] [Subject Index] [Author Index] [Thread Index]
Message Nav: [Date Prev] [Date Next] [Thread Prev] [Thread Next]
Other format: [Raw text]

Results for 4.5.0 20090612 (experimental) [trunk revision 148427] (GCC) testsuite on alpha-dec-osf5.1b


LAST_UPDATED: Fri Jun 12 10:06:31 UTC 2009 (revision 148427)

Native configuration is alpha-dec-osf5.1b

		=== libffi tests ===


Running target unix
FAIL: libffi.call/cls_align_pointer.c -O0 -W -Wall (test for excess errors)
WARNING: libffi.call/cls_align_pointer.c -O0 -W -Wall compilation failed to produce executable
FAIL: libffi.call/cls_longdouble_va.c -O0 -W -Wall output pattern test, is .1f
FAIL: libffi.call/err_bad_abi.c -O0 -W -Wall execution test
FAIL: libffi.call/err_bad_typedef.c -O0 -W -Wall execution test
FAIL: libffi.call/cls_align_pointer.c -O2 (test for excess errors)
WARNING: libffi.call/cls_align_pointer.c -O2 compilation failed to produce executable
FAIL: libffi.call/cls_longdouble_va.c -O2 output pattern test, is .1f
FAIL: libffi.call/err_bad_abi.c -O2 execution test
FAIL: libffi.call/err_bad_typedef.c -O2 execution test
FAIL: libffi.call/cls_align_pointer.c -O3 (test for excess errors)
WARNING: libffi.call/cls_align_pointer.c -O3 compilation failed to produce executable
FAIL: libffi.call/cls_longdouble_va.c -O3 output pattern test, is .1f
FAIL: libffi.call/err_bad_abi.c -O3 execution test
FAIL: libffi.call/err_bad_typedef.c -O3 execution test
FAIL: libffi.call/cls_align_pointer.c -Os (test for excess errors)
WARNING: libffi.call/cls_align_pointer.c -Os compilation failed to produce executable
FAIL: libffi.call/cls_longdouble_va.c -Os output pattern test, is .1f
FAIL: libffi.call/err_bad_abi.c -Os execution test
FAIL: libffi.call/err_bad_typedef.c -Os execution test
FAIL: libffi.call/cls_align_pointer.c -O2 -fomit-frame-pointer (test for excess errors)
WARNING: libffi.call/cls_align_pointer.c -O2 -fomit-frame-pointer compilation failed to produce executable
FAIL: libffi.call/cls_longdouble_va.c -O2 -fomit-frame-pointer output pattern test, is .1f
FAIL: libffi.call/err_bad_abi.c -O2 -fomit-frame-pointer execution test
FAIL: libffi.call/err_bad_typedef.c -O2 -fomit-frame-pointer execution test
FAIL: libffi.special/unwindtest.cc  -shared-libgcc -lstdc++ execution test
FAIL: libffi.special/unwindtest_ffi_call.cc  -shared-libgcc -lstdc++ execution test
FAIL: libffi.special/unwindtest.cc  -shared-libgcc -lstdc++ execution test
FAIL: libffi.special/unwindtest_ffi_call.cc  -shared-libgcc -lstdc++ execution test
FAIL: libffi.special/unwindtest.cc  -shared-libgcc -lstdc++ execution test
FAIL: libffi.special/unwindtest_ffi_call.cc  -shared-libgcc -lstdc++ execution test
FAIL: libffi.special/unwindtest.cc  -shared-libgcc -lstdc++ execution test
FAIL: libffi.special/unwindtest_ffi_call.cc  -shared-libgcc -lstdc++ execution test

		=== libffi Summary ===

# of expected passes		1558
# of unexpected failures	28
# of unsupported tests		15
		=== libgomp tests ===


Running target unix
WARNING: program timed out.
FAIL: libgomp.c/autopar-1.c execution test
FAIL: libgomp.c/pr33880.c execution test
FAIL: libgomp.fortran/allocatable3.f90  -O3 -fomit-frame-pointer  (internal compiler error)
FAIL: libgomp.fortran/allocatable3.f90  -O3 -fomit-frame-pointer  (test for excess errors)
WARNING: libgomp.fortran/allocatable3.f90  -O3 -fomit-frame-pointer  compilation failed to produce executable
FAIL: libgomp.fortran/allocatable3.f90  -O3 -fomit-frame-pointer -funroll-loops  (internal compiler error)
FAIL: libgomp.fortran/allocatable3.f90  -O3 -fomit-frame-pointer -funroll-loops  (test for excess errors)
WARNING: libgomp.fortran/allocatable3.f90  -O3 -fomit-frame-pointer -funroll-loops  compilation failed to produce executable
FAIL: libgomp.fortran/allocatable3.f90  -O3 -fomit-frame-pointer -funroll-all-loops -finline-functions  (internal compiler error)
FAIL: libgomp.fortran/allocatable3.f90  -O3 -fomit-frame-pointer -funroll-all-loops -finline-functions  (test for excess errors)
WARNING: libgomp.fortran/allocatable3.f90  -O3 -fomit-frame-pointer -funroll-all-loops -finline-functions  compilation failed to produce executable
FAIL: libgomp.fortran/allocatable3.f90  -O3 -g  (internal compiler error)
FAIL: libgomp.fortran/allocatable3.f90  -O3 -g  (test for excess errors)
WARNING: libgomp.fortran/allocatable3.f90  -O3 -g  compilation failed to produce executable
FAIL: libgomp.fortran/character2.f90  -O3 -fomit-frame-pointer  (internal compiler error)
FAIL: libgomp.fortran/character2.f90  -O3 -fomit-frame-pointer  (test for excess errors)
WARNING: libgomp.fortran/character2.f90  -O3 -fomit-frame-pointer  compilation failed to produce executable
FAIL: libgomp.fortran/character2.f90  -O3 -fomit-frame-pointer -funroll-loops  (internal compiler error)
FAIL: libgomp.fortran/character2.f90  -O3 -fomit-frame-pointer -funroll-loops  (test for excess errors)
WARNING: libgomp.fortran/character2.f90  -O3 -fomit-frame-pointer -funroll-loops  compilation failed to produce executable
FAIL: libgomp.fortran/character2.f90  -O3 -fomit-frame-pointer -funroll-all-loops -finline-functions  (internal compiler error)
FAIL: libgomp.fortran/character2.f90  -O3 -fomit-frame-pointer -funroll-all-loops -finline-functions  (test for excess errors)
WARNING: libgomp.fortran/character2.f90  -O3 -fomit-frame-pointer -funroll-all-loops -finline-functions  compilation failed to produce executable
FAIL: libgomp.fortran/character2.f90  -O3 -g  (internal compiler error)
FAIL: libgomp.fortran/character2.f90  -O3 -g  (test for excess errors)
WARNING: libgomp.fortran/character2.f90  -O3 -g  compilation failed to produce executable
FAIL: libgomp.fortran/omp_parse1.f90  -O0  execution test
FAIL: libgomp.fortran/omp_parse1.f90  -O1  execution test
FAIL: libgomp.fortran/omp_parse1.f90  -O2  execution test
FAIL: libgomp.fortran/omp_parse1.f90  -O3 -fomit-frame-pointer  execution test
FAIL: libgomp.fortran/omp_parse1.f90  -O3 -fomit-frame-pointer -funroll-loops  execution test
FAIL: libgomp.fortran/omp_parse1.f90  -O3 -fomit-frame-pointer -funroll-all-loops -finline-functions  execution test
FAIL: libgomp.fortran/omp_parse1.f90  -O3 -g  execution test
FAIL: libgomp.fortran/omp_parse1.f90  -Os  execution test
FAIL: libgomp.fortran/reduction4.f90  -O3 -fomit-frame-pointer  (internal compiler error)
FAIL: libgomp.fortran/reduction4.f90  -O3 -fomit-frame-pointer  (test for excess errors)
WARNING: libgomp.fortran/reduction4.f90  -O3 -fomit-frame-pointer  compilation failed to produce executable
FAIL: libgomp.fortran/reduction4.f90  -O3 -fomit-frame-pointer -funroll-loops  (internal compiler error)
FAIL: libgomp.fortran/reduction4.f90  -O3 -fomit-frame-pointer -funroll-loops  (test for excess errors)
WARNING: libgomp.fortran/reduction4.f90  -O3 -fomit-frame-pointer -funroll-loops  compilation failed to produce executable
FAIL: libgomp.fortran/reduction4.f90  -O3 -fomit-frame-pointer -funroll-all-loops -finline-functions  (internal compiler error)
FAIL: libgomp.fortran/reduction4.f90  -O3 -fomit-frame-pointer -funroll-all-loops -finline-functions  (test for excess errors)
WARNING: libgomp.fortran/reduction4.f90  -O3 -fomit-frame-pointer -funroll-all-loops -finline-functions  compilation failed to produce executable
FAIL: libgomp.fortran/reduction4.f90  -O3 -g  (internal compiler error)
FAIL: libgomp.fortran/reduction4.f90  -O3 -g  (test for excess errors)
WARNING: libgomp.fortran/reduction4.f90  -O3 -g  compilation failed to produce executable

		=== libgomp Summary ===

# of expected passes		2370
# of unexpected failures	34
# of unsupported tests		2
		=== libjava tests ===


Running target unix
FAIL: noclass execution - gij test
FAIL: pr11951 run
FAIL: throwit execution - gij test
FAIL: PR16923 run
FAIL: pr29812 execution - gij test
FAIL: natevents.cc compilation
FAIL: natgetallthreads.cc compilation
FAIL: natgeterrorname.cc compilation
FAIL: natgetmethodname.cc compilation
FAIL: Class_1 compilation from source
FAIL: Class_1 -findirect-dispatch compilation from source
FAIL: Class_1 -O3 compilation from source
FAIL: Class_1 -O3 -findirect-dispatch compilation from source
FAIL: ExtraClassLoader execution - source compiled test
FAIL: ExtraClassLoader -findirect-dispatch execution - source compiled test
FAIL: ExtraClassLoader -O3 execution - source compiled test
FAIL: ExtraClassLoader -O3 -findirect-dispatch execution - source compiled test
FAIL: PR12416 compilation from source
FAIL: PR12416 -findirect-dispatch compilation from source
FAIL: PR12416 -O3 compilation from source
FAIL: PR12416 -O3 -findirect-dispatch compilation from source
FAIL: PR7482 compilation from source
FAIL: PR7482 -findirect-dispatch compilation from source
FAIL: PR7482 -O3 compilation from source
FAIL: PR7482 -O3 -findirect-dispatch compilation from source
FAIL: Throw_2 execution - source compiled test
FAIL: Throw_2 -findirect-dispatch execution - source compiled test
FAIL: Throw_2 -O3 execution - source compiled test
FAIL: Throw_2 -O3 -findirect-dispatch execution - source compiled test
FAIL: invokethrow execution - source compiled test
FAIL: invokethrow -findirect-dispatch execution - source compiled test
FAIL: invokethrow -O3 execution - source compiled test
FAIL: invokethrow -O3 -findirect-dispatch execution - source compiled test
FAIL: md5test output - source compiled test
FAIL: md5test -findirect-dispatch output - source compiled test
FAIL: md5test -O3 output - source compiled test
FAIL: md5test -O3 -findirect-dispatch output - source compiled test
FAIL: pr179 compilation from source
FAIL: pr179 -findirect-dispatch compilation from source
FAIL: pr179 -O3 compilation from source
FAIL: pr179 -O3 -findirect-dispatch compilation from source
FAIL: pr26390 -findirect-dispatch compilation from source
FAIL: pr26390 -O3 -findirect-dispatch compilation from source
FAIL: shatest execution - source compiled test
FAIL: shatest -findirect-dispatch execution - source compiled test
FAIL: shatest -O3 execution - source compiled test
FAIL: shatest -O3 -findirect-dispatch execution - source compiled test
FAIL: verify compilation from source
FAIL: verify -findirect-dispatch compilation from source
FAIL: verify -O3 compilation from source
FAIL: verify -O3 -findirect-dispatch compilation from source

		=== libjava Summary ===

# of expected passes		2450
# of unexpected failures	51
# of untested testcases		65
		=== libstdc++ tests ===


Running target unix
FAIL: ext/new_allocator/deallocate_global.cc execution test
FAIL: ext/throw_allocator/deallocate_global.cc execution test

		=== libstdc++ Summary ===

# of expected passes		5772
# of unexpected failures	2
# of expected failures		77
# of unsupported tests		514

		=== libstdc++ Summary ===

		=== acats tests ===
FAIL:	a87b59a
FAIL:	c250002
FAIL:	c32111a
FAIL:	c32111b
FAIL:	c32112b
FAIL:	c32113a
FAIL:	c32115a
FAIL:	c32115b
FAIL:	c330001
FAIL:	c330002
FAIL:	c34001c
FAIL:	c34001f
FAIL:	c34002c
FAIL:	c34003c
FAIL:	c34005c
FAIL:	c34005f
FAIL:	c34005i
FAIL:	c34005l
FAIL:	c34005o
FAIL:	c34005r
FAIL:	c34005u
FAIL:	c34006f
FAIL:	c34006l
FAIL:	c34007a
FAIL:	c34007d
FAIL:	c34007f
FAIL:	c34007g
FAIL:	c34007i
FAIL:	c34007j
FAIL:	c34007m
FAIL:	c34007p
FAIL:	c34007r
FAIL:	c34007s
FAIL:	c34007u
FAIL:	c34009f
FAIL:	c34009l
FAIL:	c34011b
FAIL:	c34018a
FAIL:	c35003a
FAIL:	c35003b
FAIL:	c35003d
FAIL:	c354002
FAIL:	c354003
FAIL:	c35502c
FAIL:	c35502e
FAIL:	c35502k
FAIL:	c35502l
FAIL:	c35502m
FAIL:	c35502n
FAIL:	c35503c
FAIL:	c35503e
FAIL:	c35505c
FAIL:	c35505e
FAIL:	c35505f
FAIL:	c35507c
FAIL:	c35507e
FAIL:	c35507k
FAIL:	c35507l
FAIL:	c35507m
FAIL:	c35507n
FAIL:	c35508c
FAIL:	c35508e
FAIL:	c35508g
FAIL:	c35508h
FAIL:	c35508k
FAIL:	c35508l
FAIL:	c35904a
FAIL:	c35904b
FAIL:	c36104a
FAIL:	c36104b
FAIL:	c36172a
FAIL:	c36172b
FAIL:	c36204c
FAIL:	c36301a
FAIL:	c36305a
FAIL:	c37005a
FAIL:	c37008a
FAIL:	c371001
FAIL:	c371002
FAIL:	c371003
FAIL:	c37108b
FAIL:	c37207a
FAIL:	c37208a
FAIL:	c37208b
FAIL:	c37209b
FAIL:	c37211a
FAIL:	c37211b
FAIL:	c37211c
FAIL:	c37211d
FAIL:	c37211e
FAIL:	c37213b
FAIL:	c37213d
FAIL:	c37213f
FAIL:	c37213h
FAIL:	c37213j
FAIL:	c37213k
FAIL:	c37213l
FAIL:	c37215b
FAIL:	c37215d
FAIL:	c37215f
FAIL:	c37215h
FAIL:	c37217a
FAIL:	c37217b
FAIL:	c37217c
FAIL:	c380001
FAIL:	c380003
FAIL:	c380004
FAIL:	c38002a
FAIL:	c38002b
FAIL:	c38107a
FAIL:	c38107b
FAIL:	c38202a
FAIL:	c390002
FAIL:	c390010
FAIL:	c39006a
FAIL:	c39006b
FAIL:	c39006c
FAIL:	c39006d
FAIL:	c39006g
FAIL:	c39007a
FAIL:	c39007b
FAIL:	c39008a
FAIL:	c39008b
FAIL:	c39008c
FAIL:	c391001
FAIL:	c393a06
FAIL:	c3a0014
FAIL:	c3a2002
FAIL:	c3a2003
FAIL:	c3a2a01
FAIL:	c3a2a02
FAIL:	c410001
FAIL:	c41104a
FAIL:	c41105a
FAIL:	c41204a
FAIL:	c41205a
FAIL:	c41304a
FAIL:	c41304b
FAIL:	c41401a
FAIL:	c420001
FAIL:	c42006a
FAIL:	c43004a
FAIL:	c43004c
FAIL:	c43104a
FAIL:	c432002
FAIL:	c432003
FAIL:	c43206a
FAIL:	c43207b
FAIL:	c43211a
FAIL:	c43212a
FAIL:	c43212c
FAIL:	c43214a
FAIL:	c43215a
FAIL:	c43215b
FAIL:	c433001
FAIL:	c45113a
FAIL:	c45304a
FAIL:	c45304b
FAIL:	c45304c
FAIL:	c45504a
FAIL:	c45504b
FAIL:	c45504c
FAIL:	c45504d
FAIL:	c45504e
FAIL:	c45504f
FAIL:	c45534b
FAIL:	c456001
FAIL:	c45613a
FAIL:	c45613b
FAIL:	c45613c
FAIL:	c45614a
FAIL:	c45614b
FAIL:	c45614c
FAIL:	c45624a
FAIL:	c45624b
FAIL:	c45632a
FAIL:	c45632b
FAIL:	c45632c
FAIL:	c460001
FAIL:	c460002
FAIL:	c460004
FAIL:	c460005
FAIL:	c460008
FAIL:	c460009
FAIL:	c460011
FAIL:	c460012
FAIL:	c46014a
FAIL:	c46043b
FAIL:	c46044b
FAIL:	c46052a
FAIL:	c46053a
FAIL:	c46054a
FAIL:	c460a01
FAIL:	c460a02
FAIL:	c47003a
FAIL:	c47004a
FAIL:	c47005a
FAIL:	c47006a
FAIL:	c47007a
FAIL:	c47008a
FAIL:	c47009a
FAIL:	c48006b
FAIL:	c48007a
FAIL:	c48007b
FAIL:	c48007c
FAIL:	c48008a
FAIL:	c48008c
FAIL:	c48009a
FAIL:	c48009b
FAIL:	c48009c
FAIL:	c48009d
FAIL:	c48009e
FAIL:	c48009f
FAIL:	c48009g
FAIL:	c48009h
FAIL:	c48009i
FAIL:	c48009j
FAIL:	c4a005b
FAIL:	c4a006a
FAIL:	c4a013a
FAIL:	c52005a
FAIL:	c52005b
FAIL:	c52005c
FAIL:	c52005d
FAIL:	c52005e
FAIL:	c52005f
FAIL:	c52008a
FAIL:	c52008b
FAIL:	c52009a
FAIL:	c52009b
FAIL:	c52011a
FAIL:	c52011b
FAIL:	c52101a
FAIL:	c52104a
FAIL:	c52104b
FAIL:	c52104c
FAIL:	c52104f
FAIL:	c52104g
FAIL:	c52104h
FAIL:	c52104k
FAIL:	c52104l
FAIL:	c52104m
FAIL:	c52104p
FAIL:	c52104q
FAIL:	c52104r
FAIL:	c55b15a
FAIL:	c58005a
FAIL:	c58005b
FAIL:	c58005h
FAIL:	c58006a
FAIL:	c58006b
FAIL:	c59002a
FAIL:	c61008a
FAIL:	c62003a
FAIL:	c62003b
FAIL:	c641001
FAIL:	c64103b
FAIL:	c64103c
FAIL:	c64103d
FAIL:	c64103e
FAIL:	c64103f
FAIL:	c64104a
FAIL:	c64104b
FAIL:	c64104c
FAIL:	c64104d
FAIL:	c64104e
FAIL:	c64104f
FAIL:	c64104g
FAIL:	c64104h
FAIL:	c64104i
FAIL:	c64104j
FAIL:	c64104k
FAIL:	c64104l
FAIL:	c64104m
FAIL:	c64104n
FAIL:	c64104o
FAIL:	c64106a
FAIL:	c64106b
FAIL:	c64106c
FAIL:	c64201b
FAIL:	c650001
FAIL:	c65003a
FAIL:	c65003b
FAIL:	c74004a
FAIL:	c760010
FAIL:	c761002
FAIL:	c761004
FAIL:	c761006
FAIL:	c761007
FAIL:	c761011
FAIL:	c761012
FAIL:	c83030a
FAIL:	c83030c
FAIL:	c83e02b
FAIL:	c85005g
FAIL:	c85009a
FAIL:	c85018a
FAIL:	c85018b
FAIL:	c854002
FAIL:	c86003a
FAIL:	c91004b
FAIL:	c91007a
FAIL:	c930001
FAIL:	c93004a
FAIL:	c93004b
FAIL:	c93004c
FAIL:	c93004d
FAIL:	c93004f
FAIL:	c93005a
FAIL:	c93005b
FAIL:	c93005c
FAIL:	c93005d
FAIL:	c93005e
FAIL:	c93005f
FAIL:	c93005g
FAIL:	c93005h
FAIL:	c93007a
FAIL:	c940010
FAIL:	c940013
FAIL:	c940014
FAIL:	c940016
FAIL:	c94001a
FAIL:	c94001b
FAIL:	c94001c
FAIL:	c94001e
FAIL:	c94001f
FAIL:	c94002a
FAIL:	c94002f
FAIL:	c94002g
FAIL:	c94007a
FAIL:	c94008a
FAIL:	c94008b
FAIL:	c94008c
FAIL:	c94008d
FAIL:	c94010a
FAIL:	c94011a
FAIL:	c94020a
FAIL:	c95008a
FAIL:	c95022b
FAIL:	c95040a
FAIL:	c95040b
FAIL:	c95040c
FAIL:	c95040d
FAIL:	c95065a
FAIL:	c95065b
FAIL:	c95065c
FAIL:	c95065d
FAIL:	c95065e
FAIL:	c95065f
FAIL:	c95072a
FAIL:	c95072b
FAIL:	c95078a
FAIL:	c95085a
FAIL:	c95085b
FAIL:	c95085c
FAIL:	c95085d
FAIL:	c95085e
FAIL:	c95085f
FAIL:	c95085g
FAIL:	c95085h
FAIL:	c95085i
FAIL:	c95085j
FAIL:	c95085k
FAIL:	c95085l
FAIL:	c95085m
FAIL:	c95085n
FAIL:	c95085o
FAIL:	c95087a
FAIL:	c95087b
FAIL:	c95087c
FAIL:	c95095a
FAIL:	c95095b
FAIL:	c95095c
FAIL:	c95095d
FAIL:	c953001
FAIL:	c954013
FAIL:	c954014
FAIL:	c954016
FAIL:	c954017
FAIL:	c954018
FAIL:	c954019
FAIL:	c954023
FAIL:	c954024
FAIL:	c954025
FAIL:	c954a01
FAIL:	c954a02
FAIL:	c960004
FAIL:	c96004a
FAIL:	c96005d
FAIL:	c96007a
FAIL:	c97117a
FAIL:	c97204a
FAIL:	c97204b
FAIL:	c97304a
FAIL:	c97304b
FAIL:	c97307a
FAIL:	c974001
FAIL:	c974002
FAIL:	c974003
FAIL:	c974004
FAIL:	c974005
FAIL:	c974006
FAIL:	c974008
FAIL:	c974009
FAIL:	c974010
FAIL:	c974011
FAIL:	c974012
FAIL:	c974013
FAIL:	c980001
FAIL:	c980002
FAIL:	c980003
FAIL:	c99004a
FAIL:	c99005a
FAIL:	c9a007a
FAIL:	c9a009a
FAIL:	c9a009c
FAIL:	c9a009f
FAIL:	c9a009g
FAIL:	c9a009h
FAIL:	c9a010a
FAIL:	c9a011a
FAIL:	c9a011b
FAIL:	ca11001
FAIL:	ca11002
FAIL:	ca11004
FAIL:	ca11012
FAIL:	ca11015
FAIL:	ca11017
FAIL:	ca11d01
FAIL:	ca11d02
FAIL:	ca11d03
FAIL:	ca5006a
FAIL:	cb1001a
FAIL:	cb1004a
FAIL:	cb1005a
FAIL:	cb20001
FAIL:	cb20003
FAIL:	cb20004
FAIL:	cb20005
FAIL:	cb20006
FAIL:	cb20007
FAIL:	cb2004a
FAIL:	cb2005a
FAIL:	cb2006a
FAIL:	cb2007a
FAIL:	cb20a02
FAIL:	cb3003a
FAIL:	cb3003b
FAIL:	cb3004a
FAIL:	cb40005
FAIL:	cb4001a
FAIL:	cb4002a
FAIL:	cb4003a
FAIL:	cb4004a
FAIL:	cb4005a
FAIL:	cb4006a
FAIL:	cb4007a
FAIL:	cb4008a
FAIL:	cb4009a
FAIL:	cb4013a
FAIL:	cb40a01
FAIL:	cb40a02
FAIL:	cb40a03
FAIL:	cb40a04
FAIL:	cb41001
FAIL:	cb41002
FAIL:	cb41003
FAIL:	cb41004
FAIL:	cb5001a
FAIL:	cb5001b
FAIL:	cb5002a
FAIL:	cc1004a
FAIL:	cc1111a
FAIL:	cc1220a
FAIL:	cc1221c
FAIL:	cc1311b
FAIL:	cc3007a
FAIL:	cc3017b
FAIL:	cc3017c
FAIL:	cc3019b
FAIL:	cc3019c
FAIL:	cc3120a
FAIL:	cc3120b
FAIL:	cc3125a
FAIL:	cc3125b
FAIL:	cc3125c
FAIL:	cc3125d
FAIL:	cc3126a
FAIL:	cc3127a
FAIL:	cc3128a
FAIL:	cc3207b
FAIL:	cc3305a
FAIL:	cc3305b
FAIL:	cc3305c
FAIL:	cc3305d
FAIL:	cc3602a
FAIL:	cc3606b
FAIL:	cc70a01
FAIL:	cd2a23e
FAIL:	cd2b11a
FAIL:	cd2b15c
FAIL:	cdb0a02
FAIL:	cdd2001
FAIL:	ce2102a
FAIL:	ce2102b
FAIL:	ce2102c
FAIL:	ce2102h
FAIL:	ce2102l
FAIL:	ce2102m
FAIL:	ce2103a
FAIL:	ce2103b
FAIL:	ce2110a
FAIL:	ce2110c
FAIL:	ce2202a
FAIL:	ce2203a
FAIL:	ce2204a
FAIL:	ce2204b
FAIL:	ce2204c
FAIL:	ce2204d
FAIL:	ce2205a
FAIL:	ce2206a
FAIL:	ce2208b
FAIL:	ce2402a
FAIL:	ce2403a
FAIL:	ce2404a
FAIL:	ce2404b
FAIL:	ce2405b
FAIL:	ce2407a
FAIL:	ce2407b
FAIL:	ce2410a
FAIL:	ce2410b
FAIL:	ce3102a
FAIL:	ce3102b
FAIL:	ce3102d
FAIL:	ce3102h
FAIL:	ce3107a
FAIL:	ce3114a
FAIL:	ce3115a
FAIL:	ce3206a
FAIL:	ce3207a
FAIL:	ce3302a
FAIL:	ce3303a
FAIL:	ce3304a
FAIL:	ce3306a
FAIL:	ce3402a
FAIL:	ce3402e
FAIL:	ce3403a
FAIL:	ce3403d
FAIL:	ce3403f
FAIL:	ce3404a
FAIL:	ce3405c
FAIL:	ce3406b
FAIL:	ce3406c
FAIL:	ce3407b
FAIL:	ce3408b
FAIL:	ce3409a
FAIL:	ce3409b
FAIL:	ce3409e
FAIL:	ce3410a
FAIL:	ce3410b
FAIL:	ce3410e
FAIL:	ce3413b
FAIL:	ce3414a
FAIL:	ce3601a
FAIL:	ce3602c
FAIL:	ce3603a
FAIL:	ce3605c
FAIL:	ce3701a
FAIL:	ce3704b
FAIL:	ce3704c
FAIL:	ce3704d
FAIL:	ce3704e
FAIL:	ce3704f
FAIL:	ce3704m
FAIL:	ce3704n
FAIL:	ce3704o
FAIL:	ce3705a
FAIL:	ce3705b
FAIL:	ce3705c
FAIL:	ce3705d
FAIL:	ce3705e
FAIL:	ce3706c
FAIL:	ce3706d
FAIL:	ce3706f
FAIL:	ce3707a
FAIL:	ce3708a
FAIL:	ce3801a
FAIL:	ce3801b
FAIL:	ce3804c
FAIL:	ce3804d
FAIL:	ce3804e
FAIL:	ce3804f
FAIL:	ce3804g
FAIL:	ce3804h
FAIL:	ce3804m
FAIL:	ce3804o
FAIL:	ce3804p
FAIL:	ce3805a
FAIL:	ce3805b
FAIL:	ce3806a
FAIL:	ce3806b
FAIL:	ce3806c
FAIL:	ce3806e
FAIL:	ce3806f
FAIL:	ce3806h
FAIL:	ce3809a
FAIL:	ce3809b
FAIL:	ce3810a
FAIL:	ce3810b
FAIL:	ce3901a
FAIL:	ce3904a
FAIL:	ce3904b
FAIL:	ce3905b
FAIL:	ce3905c
FAIL:	ce3905l
FAIL:	ce3906b
FAIL:	ce3906d
FAIL:	ce3906e
FAIL:	ce3907a
FAIL:	ce3908a
FAIL:	cxa4001
FAIL:	cxa4004
FAIL:	cxa4005
FAIL:	cxa4008
FAIL:	cxa4009
FAIL:	cxa4012
FAIL:	cxa4015
FAIL:	cxa4016
FAIL:	cxa4019
FAIL:	cxa4020
FAIL:	cxa4026
FAIL:	cxa4027
FAIL:	cxa4030
FAIL:	cxa4032
FAIL:	cxa4034
FAIL:	cxa5012
FAIL:	cxa5a01
FAIL:	cxa5a02
FAIL:	cxa5a03
FAIL:	cxa5a04
FAIL:	cxa5a05
FAIL:	cxa5a06
FAIL:	cxa5a07
FAIL:	cxa5a08
FAIL:	cxa5a09
FAIL:	cxa5a10
FAIL:	cxa8001
FAIL:	cxa8003
FAIL:	cxaa012
FAIL:	cxaa013
FAIL:	cxaa014
FAIL:	cxaa015
FAIL:	cxaa017
FAIL:	cxaa018
FAIL:	cxac003
FAIL:	cxaf001
FAIL:	cxb3004
FAIL:	cxb3005
FAIL:	cxb3007
FAIL:	cxb3009
FAIL:	cxb3010
FAIL:	cxb3011
FAIL:	cxb3012
FAIL:	cxb3014
FAIL:	cxb3015
FAIL:	cxb3016
FAIL:	cxb4002
FAIL:	cxb4004
FAIL:	cxb4006
FAIL:	cxb4007
FAIL:	cxb4008
FAIL:	cxb5003
FAIL:	cxf2001
FAIL:	cxf3004
FAIL:	cxf3a01
FAIL:	cxf3a02
FAIL:	cxf3a03
FAIL:	cxf3a04
FAIL:	cxf3a08
FAIL:	cxg1003
FAIL:	cxg1004
FAIL:	cxg2002
FAIL:	cxg2003
FAIL:	cxg2006
FAIL:	cxg2007
FAIL:	cxg2011
FAIL:	cxg2012
FAIL:	cxg2013
FAIL:	cxg2015
FAIL:	cxg2016
FAIL:	cxg2020
FAIL:	cz1102a
FAIL:	cz1103a

		=== acats Summary ===
# of expected passes		1622
# of unexpected failures	693

		=== g++ tests ===


Running target unix
FAIL: tmpdir-g++.dg-struct-layout-1/t024 cp_compat_x_tst.o-cp_compat_y_tst.o execute 
FAIL: tmpdir-g++.dg-struct-layout-1/t026 cp_compat_x_tst.o-cp_compat_y_tst.o execute 
FAIL: tmpdir-g++.dg-struct-layout-1/t027 cp_compat_x_tst.o-cp_compat_y_tst.o execute 
FAIL: tmpdir-g++.dg-struct-layout-1/t028 cp_compat_x_tst.o-cp_compat_y_tst.o execute 
FAIL: tmpdir-g++.dg-struct-layout-1/t029 cp_compat_x_tst.o-cp_compat_y_tst.o execute 
FAIL: tmpdir-g++.dg-struct-layout-1/t030 cp_compat_x_tst.o-cp_compat_y_tst.o execute 
FAIL: g++.dg/abi/local1.C execution test
FAIL: g++.dg/abi/rtti3.C scan-assembler .weak[ \\t]_?_ZTSPP1A
FAIL: g++.dg/abi/thunk4.C scan-assembler .weak[ \\t]_?_ZThn._N7Derived3FooEv
FAIL: g++.dg/cdce3.C (test for excess errors)
WARNING: g++.dg/cdce3.C compilation failed to produce executable
FAIL: g++.dg/cdce3.C scan-tree-dump cdce "cdce3.C:94: note: function call is shrink-wrapped into error conditions.": dump file does not exist
FAIL: g++.dg/cdce3.C scan-tree-dump cdce "cdce3.C:95: note: function call is shrink-wrapped into error conditions.": dump file does not exist
FAIL: g++.dg/cdce3.C scan-tree-dump cdce "cdce3.C:96: note: function call is shrink-wrapped into error conditions.": dump file does not exist
FAIL: g++.dg/cdce3.C scan-tree-dump cdce "cdce3.C:97: note: function call is shrink-wrapped into error conditions.": dump file does not exist
FAIL: g++.dg/cdce3.C scan-tree-dump cdce "cdce3.C:98: note: function call is shrink-wrapped into error conditions.": dump file does not exist
FAIL: g++.dg/cdce3.C scan-tree-dump cdce "cdce3.C:99: note: function call is shrink-wrapped into error conditions.": dump file does not exist
FAIL: g++.dg/cdce3.C scan-tree-dump cdce "cdce3.C:100: note: function call is shrink-wrapped into error conditions.": dump file does not exist
FAIL: g++.dg/cdce3.C scan-tree-dump cdce "cdce3.C:101: note: function call is shrink-wrapped into error conditions.": dump file does not exist
FAIL: g++.dg/cdce3.C scan-tree-dump cdce "cdce3.C:102: note: function call is shrink-wrapped into error conditions.": dump file does not exist
FAIL: g++.dg/cdce3.C scan-tree-dump cdce "cdce3.C:103: note: function call is shrink-wrapped into error conditions.": dump file does not exist
FAIL: g++.dg/cdce3.C scan-tree-dump cdce "cdce3.C:104: note: function call is shrink-wrapped into error conditions.": dump file does not exist
FAIL: g++.dg/cdce3.C scan-tree-dump cdce "cdce3.C:105: note: function call is shrink-wrapped into error conditions.": dump file does not exist
FAIL: g++.dg/cdce3.C scan-tree-dump cdce "cdce3.C:106: note: function call is shrink-wrapped into error conditions.": dump file does not exist
FAIL: g++.dg/cdce3.C scan-tree-dump cdce "cdce3.C:107: note: function call is shrink-wrapped into error conditions.": dump file does not exist
FAIL: g++.dg/cpp/_Pragma1.C (test for excess errors)
FAIL: g++.dg/eh/spbp.C (test for excess errors)
WARNING: g++.dg/eh/spbp.C compilation failed to produce executable
FAIL: g++.dg/other/anon5.C undefined (test for warnings, line )
FAIL: g++.dg/other/anon5.C (test for excess errors)
FAIL: g++.dg/other/pragma-ep-1.C (test for excess errors)
FAIL: g++.dg/other/ucnid-1.C (test for excess errors)
WARNING: g++.dg/other/ucnid-1.C compilation failed to produce executable
FAIL: g++.dg/other/unused1.C scan-assembler (string|ascii?)z?[\\t ]"printer("|\\\\\\\\0)
FAIL: g++.dg/warn/miss-format-1.C scanf attribute warning (test for warnings, line 26)
FAIL: g++.dg/warn/miss-format-1.C (test for excess errors)
FAIL: g++.dg/warn/weak1.C (test for excess errors)
WARNING: g++.dg/warn/weak1.C compilation failed to produce executable
FAIL: g++.dg/tls/static-1.C execution test
FAIL: g++.dg/torture/pr32950.C  -O1  (internal compiler error)
FAIL: g++.dg/torture/pr32950.C  -O1  (test for excess errors)
FAIL: g++.dg/torture/pr32950.C  -O2  (internal compiler error)
FAIL: g++.dg/torture/pr32950.C  -O2  (test for excess errors)
FAIL: g++.dg/torture/pr32950.C  -O3 -fomit-frame-pointer  (internal compiler error)
FAIL: g++.dg/torture/pr32950.C  -O3 -fomit-frame-pointer  (test for excess errors)
FAIL: g++.dg/torture/pr32950.C  -O3 -g  (internal compiler error)
FAIL: g++.dg/torture/pr32950.C  -O3 -g  (test for excess errors)
FAIL: g++.dg/torture/pr32950.C  -Os  (internal compiler error)
FAIL: g++.dg/torture/pr32950.C  -Os  (test for excess errors)
FAIL: g++.dg/torture/pr37922.C  -O3 -fomit-frame-pointer  (internal compiler error)
FAIL: g++.dg/torture/pr37922.C  -O3 -fomit-frame-pointer  (test for excess errors)
WARNING: g++.dg/torture/pr37922.C  -O3 -fomit-frame-pointer  compilation failed to produce executable
FAIL: g++.dg/torture/pr37922.C  -O3 -fomit-frame-pointer -funroll-loops  (internal compiler error)
FAIL: g++.dg/torture/pr37922.C  -O3 -fomit-frame-pointer -funroll-loops  (test for excess errors)
WARNING: g++.dg/torture/pr37922.C  -O3 -fomit-frame-pointer -funroll-loops  compilation failed to produce executable
FAIL: g++.dg/torture/pr37922.C  -O3 -fomit-frame-pointer -funroll-all-loops -finline-functions  (internal compiler error)
FAIL: g++.dg/torture/pr37922.C  -O3 -fomit-frame-pointer -funroll-all-loops -finline-functions  (test for excess errors)
WARNING: g++.dg/torture/pr37922.C  -O3 -fomit-frame-pointer -funroll-all-loops -finline-functions  compilation failed to produce executable
FAIL: g++.dg/torture/pr37922.C  -O3 -g  (internal compiler error)
FAIL: g++.dg/torture/pr37922.C  -O3 -g  (test for excess errors)
WARNING: g++.dg/torture/pr37922.C  -O3 -g  compilation failed to produce executable

		=== g++ Summary ===

# of expected passes		18653
# of unexpected failures	53
# of expected failures		150
# of unsupported tests		247
/amnt/galeras/export/vol/gccsrc/obj/alpha/gcc-4.5.0-20090612/5.1b-gcc/gcc/testsuite/g++/../../g++  version 4.5.0 20090612 (experimental) [trunk revision 148427] (GCC) 

		=== gcc tests ===


Running target unix
FAIL: gcc.c-torture/compile/20000403-1.c  -O3 -fomit-frame-pointer  (internal compiler error)
FAIL: gcc.c-torture/compile/20000403-1.c  -O3 -fomit-frame-pointer  (test for excess errors)
FAIL: gcc.c-torture/compile/20000403-1.c  -O3 -fomit-frame-pointer -funroll-loops  (internal compiler error)
FAIL: gcc.c-torture/compile/20000403-1.c  -O3 -fomit-frame-pointer -funroll-loops  (test for excess errors)
FAIL: gcc.c-torture/compile/20000403-1.c  -O3 -fomit-frame-pointer -funroll-all-loops -finline-functions  (internal compiler error)
FAIL: gcc.c-torture/compile/20000403-1.c  -O3 -fomit-frame-pointer -funroll-all-loops -finline-functions  (test for excess errors)
FAIL: gcc.c-torture/compile/20000403-1.c  -O3 -g  (internal compiler error)
FAIL: gcc.c-torture/compile/20000403-1.c  -O3 -g  (test for excess errors)
FAIL: gcc.c-torture/compile/20030224-1.c  -O3 -fomit-frame-pointer  (internal compiler error)
FAIL: gcc.c-torture/compile/20030224-1.c  -O3 -fomit-frame-pointer  (test for excess errors)
FAIL: gcc.c-torture/compile/20030224-1.c  -O3 -fomit-frame-pointer -funroll-loops  (internal compiler error)
FAIL: gcc.c-torture/compile/20030224-1.c  -O3 -fomit-frame-pointer -funroll-loops  (test for excess errors)
FAIL: gcc.c-torture/compile/20030224-1.c  -O3 -fomit-frame-pointer -funroll-all-loops -finline-functions  (internal compiler error)
FAIL: gcc.c-torture/compile/20030224-1.c  -O3 -fomit-frame-pointer -funroll-all-loops -finline-functions  (test for excess errors)
FAIL: gcc.c-torture/compile/20030224-1.c  -O3 -g  (internal compiler error)
FAIL: gcc.c-torture/compile/20030224-1.c  -O3 -g  (test for excess errors)
FAIL: gcc.c-torture/compile/20040907-1.c  -O3 -fomit-frame-pointer  (internal compiler error)
FAIL: gcc.c-torture/compile/20040907-1.c  -O3 -fomit-frame-pointer  (test for excess errors)
FAIL: gcc.c-torture/compile/20040907-1.c  -O3 -fomit-frame-pointer -funroll-loops  (internal compiler error)
FAIL: gcc.c-torture/compile/20040907-1.c  -O3 -fomit-frame-pointer -funroll-loops  (test for excess errors)
FAIL: gcc.c-torture/compile/20040907-1.c  -O3 -fomit-frame-pointer -funroll-all-loops -finline-functions  (internal compiler error)
FAIL: gcc.c-torture/compile/20040907-1.c  -O3 -fomit-frame-pointer -funroll-all-loops -finline-functions  (test for excess errors)
FAIL: gcc.c-torture/compile/20040907-1.c  -O3 -g  (internal compiler error)
FAIL: gcc.c-torture/compile/20040907-1.c  -O3 -g  (test for excess errors)
FAIL: gcc.c-torture/compile/20071105-1.c  -O3 -fomit-frame-pointer  (internal compiler error)
FAIL: gcc.c-torture/compile/20071105-1.c  -O3 -fomit-frame-pointer  (test for excess errors)
FAIL: gcc.c-torture/compile/20071105-1.c  -O3 -fomit-frame-pointer -funroll-loops  (internal compiler error)
FAIL: gcc.c-torture/compile/20071105-1.c  -O3 -fomit-frame-pointer -funroll-loops  (test for excess errors)
FAIL: gcc.c-torture/compile/20071105-1.c  -O3 -fomit-frame-pointer -funroll-all-loops -finline-functions  (internal compiler error)
FAIL: gcc.c-torture/compile/20071105-1.c  -O3 -fomit-frame-pointer -funroll-all-loops -finline-functions  (test for excess errors)
FAIL: gcc.c-torture/compile/20071105-1.c  -O3 -g  (internal compiler error)
FAIL: gcc.c-torture/compile/20071105-1.c  -O3 -g  (test for excess errors)
FAIL: gcc.c-torture/compile/930210-1.c  -O3 -fomit-frame-pointer  (internal compiler error)
FAIL: gcc.c-torture/compile/930210-1.c  -O3 -fomit-frame-pointer  (test for excess errors)
FAIL: gcc.c-torture/compile/930210-1.c  -O3 -fomit-frame-pointer -funroll-loops  (internal compiler error)
FAIL: gcc.c-torture/compile/930210-1.c  -O3 -fomit-frame-pointer -funroll-loops  (test for excess errors)
FAIL: gcc.c-torture/compile/930210-1.c  -O3 -fomit-frame-pointer -funroll-all-loops -finline-functions  (internal compiler error)
FAIL: gcc.c-torture/compile/930210-1.c  -O3 -fomit-frame-pointer -funroll-all-loops -finline-functions  (test for excess errors)
FAIL: gcc.c-torture/compile/930210-1.c  -O3 -g  (internal compiler error)
FAIL: gcc.c-torture/compile/930210-1.c  -O3 -g  (test for excess errors)
FAIL: gcc.c-torture/compile/limits-declparen.c  -O3 -g  (test for excess errors)
FAIL: gcc.c-torture/compile/limits-pointer.c  -O3 -g  (test for excess errors)
FAIL: gcc.c-torture/compile/pr23929.c  -O3 -fomit-frame-pointer  (internal compiler error)
FAIL: gcc.c-torture/compile/pr23929.c  -O3 -fomit-frame-pointer  (test for excess errors)
FAIL: gcc.c-torture/compile/pr23929.c  -O3 -fomit-frame-pointer -funroll-loops  (internal compiler error)
FAIL: gcc.c-torture/compile/pr23929.c  -O3 -fomit-frame-pointer -funroll-loops  (test for excess errors)
FAIL: gcc.c-torture/compile/pr23929.c  -O3 -fomit-frame-pointer -funroll-all-loops -finline-functions  (internal compiler error)
FAIL: gcc.c-torture/compile/pr23929.c  -O3 -fomit-frame-pointer -funroll-all-loops -finline-functions  (test for excess errors)
FAIL: gcc.c-torture/compile/pr23929.c  -O3 -g  (internal compiler error)
FAIL: gcc.c-torture/compile/pr23929.c  -O3 -g  (test for excess errors)
FAIL: gcc.c-torture/execute/builtins/20010124-1.c compilation,  -O3 -fomit-frame-pointer  (internal compiler error)
UNRESOLVED: gcc.c-torture/execute/builtins/20010124-1.c execution,  -O3 -fomit-frame-pointer 
FAIL: gcc.c-torture/execute/builtins/20010124-1.c compilation,  -O3 -g  (internal compiler error)
UNRESOLVED: gcc.c-torture/execute/builtins/20010124-1.c execution,  -O3 -g 
FAIL: gcc.c-torture/execute/builtins/memcpy-chk.c compilation,  -O3 -fomit-frame-pointer  (internal compiler error)
UNRESOLVED: gcc.c-torture/execute/builtins/memcpy-chk.c execution,  -O3 -fomit-frame-pointer 
FAIL: gcc.c-torture/execute/builtins/memcpy-chk.c compilation,  -O3 -fomit-frame-pointer -funroll-loops  (internal compiler error)
UNRESOLVED: gcc.c-torture/execute/builtins/memcpy-chk.c execution,  -O3 -fomit-frame-pointer -funroll-loops 
FAIL: gcc.c-torture/execute/builtins/memcpy-chk.c compilation,  -O3 -fomit-frame-pointer -funroll-all-loops -finline-functions  (internal compiler error)
UNRESOLVED: gcc.c-torture/execute/builtins/memcpy-chk.c execution,  -O3 -fomit-frame-pointer -funroll-all-loops -finline-functions 
FAIL: gcc.c-torture/execute/builtins/memcpy-chk.c compilation,  -O3 -g  (internal compiler error)
UNRESOLVED: gcc.c-torture/execute/builtins/memcpy-chk.c execution,  -O3 -g 
FAIL: gcc.c-torture/execute/builtins/memmove-2.c compilation,  -O3 -fomit-frame-pointer  (internal compiler error)
UNRESOLVED: gcc.c-torture/execute/builtins/memmove-2.c execution,  -O3 -fomit-frame-pointer 
FAIL: gcc.c-torture/execute/builtins/memmove-2.c compilation,  -O3 -g  (internal compiler error)
UNRESOLVED: gcc.c-torture/execute/builtins/memmove-2.c execution,  -O3 -g 
FAIL: gcc.c-torture/execute/builtins/memmove-chk.c compilation,  -O3 -fomit-frame-pointer  (internal compiler error)
UNRESOLVED: gcc.c-torture/execute/builtins/memmove-chk.c execution,  -O3 -fomit-frame-pointer 
FAIL: gcc.c-torture/execute/builtins/memmove-chk.c compilation,  -O3 -fomit-frame-pointer -funroll-loops  (internal compiler error)
UNRESOLVED: gcc.c-torture/execute/builtins/memmove-chk.c execution,  -O3 -fomit-frame-pointer -funroll-loops 
FAIL: gcc.c-torture/execute/builtins/memmove-chk.c compilation,  -O3 -fomit-frame-pointer -funroll-all-loops -finline-functions  (internal compiler error)
UNRESOLVED: gcc.c-torture/execute/builtins/memmove-chk.c execution,  -O3 -fomit-frame-pointer -funroll-all-loops -finline-functions 
FAIL: gcc.c-torture/execute/builtins/memmove-chk.c compilation,  -O3 -g  (internal compiler error)
UNRESOLVED: gcc.c-torture/execute/builtins/memmove-chk.c execution,  -O3 -g 
FAIL: gcc.c-torture/execute/builtins/memmove.c compilation,  -O3 -fomit-frame-pointer  (internal compiler error)
UNRESOLVED: gcc.c-torture/execute/builtins/memmove.c execution,  -O3 -fomit-frame-pointer 
FAIL: gcc.c-torture/execute/builtins/memmove.c compilation,  -O3 -g  (internal compiler error)
UNRESOLVED: gcc.c-torture/execute/builtins/memmove.c execution,  -O3 -g 
FAIL: gcc.c-torture/execute/builtins/memops-asm.c compilation,  -O3 -fomit-frame-pointer  (internal compiler error)
UNRESOLVED: gcc.c-torture/execute/builtins/memops-asm.c execution,  -O3 -fomit-frame-pointer 
FAIL: gcc.c-torture/execute/builtins/memops-asm.c compilation,  -O3 -g  (internal compiler error)
UNRESOLVED: gcc.c-torture/execute/builtins/memops-asm.c execution,  -O3 -g 
FAIL: gcc.c-torture/execute/builtins/mempcpy-2.c compilation,  -O3 -fomit-frame-pointer  (internal compiler error)
UNRESOLVED: gcc.c-torture/execute/builtins/mempcpy-2.c execution,  -O3 -fomit-frame-pointer 
FAIL: gcc.c-torture/execute/builtins/mempcpy-2.c compilation,  -O3 -g  (internal compiler error)
UNRESOLVED: gcc.c-torture/execute/builtins/mempcpy-2.c execution,  -O3 -g 
FAIL: gcc.c-torture/execute/builtins/mempcpy-chk.c compilation,  -O3 -fomit-frame-pointer  (internal compiler error)
UNRESOLVED: gcc.c-torture/execute/builtins/mempcpy-chk.c execution,  -O3 -fomit-frame-pointer 
FAIL: gcc.c-torture/execute/builtins/mempcpy-chk.c compilation,  -O3 -fomit-frame-pointer -funroll-loops  (internal compiler error)
UNRESOLVED: gcc.c-torture/execute/builtins/mempcpy-chk.c execution,  -O3 -fomit-frame-pointer -funroll-loops 
FAIL: gcc.c-torture/execute/builtins/mempcpy-chk.c compilation,  -O3 -fomit-frame-pointer -funroll-all-loops -finline-functions  (internal compiler error)
UNRESOLVED: gcc.c-torture/execute/builtins/mempcpy-chk.c execution,  -O3 -fomit-frame-pointer -funroll-all-loops -finline-functions 
FAIL: gcc.c-torture/execute/builtins/mempcpy-chk.c compilation,  -O3 -g  (internal compiler error)
UNRESOLVED: gcc.c-torture/execute/builtins/mempcpy-chk.c execution,  -O3 -g 
FAIL: gcc.c-torture/execute/builtins/mempcpy.c compilation,  -O3 -fomit-frame-pointer  (internal compiler error)
UNRESOLVED: gcc.c-torture/execute/builtins/mempcpy.c execution,  -O3 -fomit-frame-pointer 
FAIL: gcc.c-torture/execute/builtins/mempcpy.c compilation,  -O3 -g  (internal compiler error)
UNRESOLVED: gcc.c-torture/execute/builtins/mempcpy.c execution,  -O3 -g 
FAIL: gcc.c-torture/execute/builtins/memset-chk.c compilation,  -O3 -fomit-frame-pointer  (internal compiler error)
UNRESOLVED: gcc.c-torture/execute/builtins/memset-chk.c execution,  -O3 -fomit-frame-pointer 
FAIL: gcc.c-torture/execute/builtins/memset-chk.c compilation,  -O3 -fomit-frame-pointer -funroll-loops  (internal compiler error)
UNRESOLVED: gcc.c-torture/execute/builtins/memset-chk.c execution,  -O3 -fomit-frame-pointer -funroll-loops 
FAIL: gcc.c-torture/execute/builtins/memset-chk.c compilation,  -O3 -fomit-frame-pointer -funroll-all-loops -finline-functions  (internal compiler error)
UNRESOLVED: gcc.c-torture/execute/builtins/memset-chk.c execution,  -O3 -fomit-frame-pointer -funroll-all-loops -finline-functions 
FAIL: gcc.c-torture/execute/builtins/memset-chk.c compilation,  -O3 -g  (internal compiler error)
UNRESOLVED: gcc.c-torture/execute/builtins/memset-chk.c execution,  -O3 -g 
FAIL: gcc.c-torture/execute/builtins/pr22237.c compilation,  -O3 -fomit-frame-pointer  (internal compiler error)
UNRESOLVED: gcc.c-torture/execute/builtins/pr22237.c execution,  -O3 -fomit-frame-pointer 
FAIL: gcc.c-torture/execute/builtins/pr22237.c compilation,  -O3 -fomit-frame-pointer -funroll-loops  (internal compiler error)
UNRESOLVED: gcc.c-torture/execute/builtins/pr22237.c execution,  -O3 -fomit-frame-pointer -funroll-loops 
FAIL: gcc.c-torture/execute/builtins/pr22237.c compilation,  -O3 -fomit-frame-pointer -funroll-all-loops -finline-functions  (internal compiler error)
UNRESOLVED: gcc.c-torture/execute/builtins/pr22237.c execution,  -O3 -fomit-frame-pointer -funroll-all-loops -finline-functions 
FAIL: gcc.c-torture/execute/builtins/pr22237.c compilation,  -O3 -g  (internal compiler error)
UNRESOLVED: gcc.c-torture/execute/builtins/pr22237.c execution,  -O3 -g 
FAIL: gcc.c-torture/execute/builtins/pr23484-chk.c compilation,  -O3 -fomit-frame-pointer  (internal compiler error)
UNRESOLVED: gcc.c-torture/execute/builtins/pr23484-chk.c execution,  -O3 -fomit-frame-pointer 
FAIL: gcc.c-torture/execute/builtins/pr23484-chk.c compilation,  -O3 -g  (internal compiler error)
UNRESOLVED: gcc.c-torture/execute/builtins/pr23484-chk.c execution,  -O3 -g 
FAIL: gcc.c-torture/execute/builtins/snprintf-chk.c compilation,  -O3 -fomit-frame-pointer  (internal compiler error)
UNRESOLVED: gcc.c-torture/execute/builtins/snprintf-chk.c execution,  -O3 -fomit-frame-pointer 
FAIL: gcc.c-torture/execute/builtins/snprintf-chk.c compilation,  -O3 -fomit-frame-pointer -funroll-loops  (internal compiler error)
UNRESOLVED: gcc.c-torture/execute/builtins/snprintf-chk.c execution,  -O3 -fomit-frame-pointer -funroll-loops 
FAIL: gcc.c-torture/execute/builtins/snprintf-chk.c compilation,  -O3 -fomit-frame-pointer -funroll-all-loops -finline-functions  (internal compiler error)
UNRESOLVED: gcc.c-torture/execute/builtins/snprintf-chk.c execution,  -O3 -fomit-frame-pointer -funroll-all-loops -finline-functions 
FAIL: gcc.c-torture/execute/builtins/snprintf-chk.c compilation,  -O3 -g  (internal compiler error)
UNRESOLVED: gcc.c-torture/execute/builtins/snprintf-chk.c execution,  -O3 -g 
FAIL: gcc.c-torture/execute/builtins/sprintf-chk.c compilation,  -O3 -fomit-frame-pointer  (internal compiler error)
UNRESOLVED: gcc.c-torture/execute/builtins/sprintf-chk.c execution,  -O3 -fomit-frame-pointer 
FAIL: gcc.c-torture/execute/builtins/sprintf-chk.c compilation,  -O3 -fomit-frame-pointer -funroll-loops  (internal compiler error)
UNRESOLVED: gcc.c-torture/execute/builtins/sprintf-chk.c execution,  -O3 -fomit-frame-pointer -funroll-loops 
FAIL: gcc.c-torture/execute/builtins/sprintf-chk.c compilation,  -O3 -fomit-frame-pointer -funroll-all-loops -finline-functions  (internal compiler error)
UNRESOLVED: gcc.c-torture/execute/builtins/sprintf-chk.c execution,  -O3 -fomit-frame-pointer -funroll-all-loops -finline-functions 
FAIL: gcc.c-torture/execute/builtins/sprintf-chk.c compilation,  -O3 -g  (internal compiler error)
UNRESOLVED: gcc.c-torture/execute/builtins/sprintf-chk.c execution,  -O3 -g 
FAIL: gcc.c-torture/execute/builtins/stpcpy-chk.c compilation,  -O3 -fomit-frame-pointer  (internal compiler error)
UNRESOLVED: gcc.c-torture/execute/builtins/stpcpy-chk.c execution,  -O3 -fomit-frame-pointer 
FAIL: gcc.c-torture/execute/builtins/stpcpy-chk.c compilation,  -O3 -fomit-frame-pointer -funroll-loops  (internal compiler error)
UNRESOLVED: gcc.c-torture/execute/builtins/stpcpy-chk.c execution,  -O3 -fomit-frame-pointer -funroll-loops 
FAIL: gcc.c-torture/execute/builtins/stpcpy-chk.c compilation,  -O3 -fomit-frame-pointer -funroll-all-loops -finline-functions  (internal compiler error)
UNRESOLVED: gcc.c-torture/execute/builtins/stpcpy-chk.c execution,  -O3 -fomit-frame-pointer -funroll-all-loops -finline-functions 
FAIL: gcc.c-torture/execute/builtins/stpcpy-chk.c compilation,  -O3 -g  (internal compiler error)
UNRESOLVED: gcc.c-torture/execute/builtins/stpcpy-chk.c execution,  -O3 -g 
FAIL: gcc.c-torture/execute/builtins/strcat-chk.c compilation,  -O3 -fomit-frame-pointer  (internal compiler error)
UNRESOLVED: gcc.c-torture/execute/builtins/strcat-chk.c execution,  -O3 -fomit-frame-pointer 
FAIL: gcc.c-torture/execute/builtins/strcat-chk.c compilation,  -O3 -fomit-frame-pointer -funroll-loops  (internal compiler error)
UNRESOLVED: gcc.c-torture/execute/builtins/strcat-chk.c execution,  -O3 -fomit-frame-pointer -funroll-loops 
FAIL: gcc.c-torture/execute/builtins/strcat-chk.c compilation,  -O3 -fomit-frame-pointer -funroll-all-loops -finline-functions  (internal compiler error)
UNRESOLVED: gcc.c-torture/execute/builtins/strcat-chk.c execution,  -O3 -fomit-frame-pointer -funroll-all-loops -finline-functions 
FAIL: gcc.c-torture/execute/builtins/strcat-chk.c compilation,  -O3 -g  (internal compiler error)
UNRESOLVED: gcc.c-torture/execute/builtins/strcat-chk.c execution,  -O3 -g 
FAIL: gcc.c-torture/execute/builtins/strcpy-chk.c compilation,  -O3 -fomit-frame-pointer  (internal compiler error)
UNRESOLVED: gcc.c-torture/execute/builtins/strcpy-chk.c execution,  -O3 -fomit-frame-pointer 
FAIL: gcc.c-torture/execute/builtins/strcpy-chk.c compilation,  -O3 -fomit-frame-pointer -funroll-loops  (internal compiler error)
UNRESOLVED: gcc.c-torture/execute/builtins/strcpy-chk.c execution,  -O3 -fomit-frame-pointer -funroll-loops 
FAIL: gcc.c-torture/execute/builtins/strcpy-chk.c compilation,  -O3 -fomit-frame-pointer -funroll-all-loops -finline-functions  (internal compiler error)
UNRESOLVED: gcc.c-torture/execute/builtins/strcpy-chk.c execution,  -O3 -fomit-frame-pointer -funroll-all-loops -finline-functions 
FAIL: gcc.c-torture/execute/builtins/strcpy-chk.c compilation,  -O3 -g  (internal compiler error)
UNRESOLVED: gcc.c-torture/execute/builtins/strcpy-chk.c execution,  -O3 -g 
FAIL: gcc.c-torture/execute/builtins/strncat-chk.c compilation,  -O3 -fomit-frame-pointer  (internal compiler error)
UNRESOLVED: gcc.c-torture/execute/builtins/strncat-chk.c execution,  -O3 -fomit-frame-pointer 
FAIL: gcc.c-torture/execute/builtins/strncat-chk.c compilation,  -O3 -fomit-frame-pointer -funroll-loops  (internal compiler error)
UNRESOLVED: gcc.c-torture/execute/builtins/strncat-chk.c execution,  -O3 -fomit-frame-pointer -funroll-loops 
FAIL: gcc.c-torture/execute/builtins/strncat-chk.c compilation,  -O3 -fomit-frame-pointer -funroll-all-loops -finline-functions  (internal compiler error)
UNRESOLVED: gcc.c-torture/execute/builtins/strncat-chk.c execution,  -O3 -fomit-frame-pointer -funroll-all-loops -finline-functions 
FAIL: gcc.c-torture/execute/builtins/strncat-chk.c compilation,  -O3 -g  (internal compiler error)
UNRESOLVED: gcc.c-torture/execute/builtins/strncat-chk.c execution,  -O3 -g 
FAIL: gcc.c-torture/execute/builtins/strncpy-chk.c compilation,  -O3 -fomit-frame-pointer  (internal compiler error)
UNRESOLVED: gcc.c-torture/execute/builtins/strncpy-chk.c execution,  -O3 -fomit-frame-pointer 
FAIL: gcc.c-torture/execute/builtins/strncpy-chk.c compilation,  -O3 -fomit-frame-pointer -funroll-loops  (internal compiler error)
UNRESOLVED: gcc.c-torture/execute/builtins/strncpy-chk.c execution,  -O3 -fomit-frame-pointer -funroll-loops 
FAIL: gcc.c-torture/execute/builtins/strncpy-chk.c compilation,  -O3 -fomit-frame-pointer -funroll-all-loops -finline-functions  (internal compiler error)
UNRESOLVED: gcc.c-torture/execute/builtins/strncpy-chk.c execution,  -O3 -fomit-frame-pointer -funroll-all-loops -finline-functions 
FAIL: gcc.c-torture/execute/builtins/strncpy-chk.c compilation,  -O3 -g  (internal compiler error)
UNRESOLVED: gcc.c-torture/execute/builtins/strncpy-chk.c execution,  -O3 -g 
FAIL: gcc.c-torture/execute/builtins/vsnprintf-chk.c compilation,  -O3 -fomit-frame-pointer  (internal compiler error)
UNRESOLVED: gcc.c-torture/execute/builtins/vsnprintf-chk.c execution,  -O3 -fomit-frame-pointer 
FAIL: gcc.c-torture/execute/builtins/vsnprintf-chk.c compilation,  -O3 -fomit-frame-pointer -funroll-loops  (internal compiler error)
UNRESOLVED: gcc.c-torture/execute/builtins/vsnprintf-chk.c execution,  -O3 -fomit-frame-pointer -funroll-loops 
FAIL: gcc.c-torture/execute/builtins/vsnprintf-chk.c compilation,  -O3 -fomit-frame-pointer -funroll-all-loops -finline-functions  (internal compiler error)
UNRESOLVED: gcc.c-torture/execute/builtins/vsnprintf-chk.c execution,  -O3 -fomit-frame-pointer -funroll-all-loops -finline-functions 
FAIL: gcc.c-torture/execute/builtins/vsnprintf-chk.c compilation,  -O3 -g  (internal compiler error)
UNRESOLVED: gcc.c-torture/execute/builtins/vsnprintf-chk.c execution,  -O3 -g 
FAIL: gcc.c-torture/execute/builtins/vsprintf-chk.c compilation,  -O3 -fomit-frame-pointer  (internal compiler error)
UNRESOLVED: gcc.c-torture/execute/builtins/vsprintf-chk.c execution,  -O3 -fomit-frame-pointer 
FAIL: gcc.c-torture/execute/builtins/vsprintf-chk.c compilation,  -O3 -fomit-frame-pointer -funroll-loops  (internal compiler error)
UNRESOLVED: gcc.c-torture/execute/builtins/vsprintf-chk.c execution,  -O3 -fomit-frame-pointer -funroll-loops 
FAIL: gcc.c-torture/execute/builtins/vsprintf-chk.c compilation,  -O3 -fomit-frame-pointer -funroll-all-loops -finline-functions  (internal compiler error)
UNRESOLVED: gcc.c-torture/execute/builtins/vsprintf-chk.c execution,  -O3 -fomit-frame-pointer -funroll-all-loops -finline-functions 
FAIL: gcc.c-torture/execute/builtins/vsprintf-chk.c compilation,  -O3 -g  (internal compiler error)
UNRESOLVED: gcc.c-torture/execute/builtins/vsprintf-chk.c execution,  -O3 -g 
FAIL: gcc.c-torture/execute/960521-1.c compilation,  -O3 -fomit-frame-pointer  (internal compiler error)
UNRESOLVED: gcc.c-torture/execute/960521-1.c execution,  -O3 -fomit-frame-pointer 
FAIL: gcc.c-torture/execute/960521-1.c compilation,  -O3 -fomit-frame-pointer -funroll-loops  (internal compiler error)
UNRESOLVED: gcc.c-torture/execute/960521-1.c execution,  -O3 -fomit-frame-pointer -funroll-loops 
FAIL: gcc.c-torture/execute/960521-1.c compilation,  -O3 -fomit-frame-pointer -funroll-all-loops -finline-functions  (internal compiler error)
UNRESOLVED: gcc.c-torture/execute/960521-1.c execution,  -O3 -fomit-frame-pointer -funroll-all-loops -finline-functions 
FAIL: gcc.c-torture/execute/960521-1.c compilation,  -O3 -g  (internal compiler error)
UNRESOLVED: gcc.c-torture/execute/960521-1.c execution,  -O3 -g 
FAIL: gcc.c-torture/execute/loop-2f.c compilation,  -O3 -fomit-frame-pointer  (internal compiler error)
UNRESOLVED: gcc.c-torture/execute/loop-2f.c execution,  -O3 -fomit-frame-pointer 
FAIL: gcc.c-torture/execute/loop-2f.c compilation,  -O3 -fomit-frame-pointer -funroll-loops  (internal compiler error)
UNRESOLVED: gcc.c-torture/execute/loop-2f.c execution,  -O3 -fomit-frame-pointer -funroll-loops 
FAIL: gcc.c-torture/execute/loop-2f.c compilation,  -O3 -fomit-frame-pointer -funroll-all-loops -finline-functions  (internal compiler error)
UNRESOLVED: gcc.c-torture/execute/loop-2f.c execution,  -O3 -fomit-frame-pointer -funroll-all-loops -finline-functions 
FAIL: gcc.c-torture/execute/loop-2f.c compilation,  -O3 -g  (internal compiler error)
UNRESOLVED: gcc.c-torture/execute/loop-2f.c execution,  -O3 -g 
FAIL: gcc.c-torture/execute/loop-2g.c compilation,  -O3 -fomit-frame-pointer  (internal compiler error)
UNRESOLVED: gcc.c-torture/execute/loop-2g.c execution,  -O3 -fomit-frame-pointer 
FAIL: gcc.c-torture/execute/loop-2g.c compilation,  -O3 -fomit-frame-pointer -funroll-loops  (internal compiler error)
UNRESOLVED: gcc.c-torture/execute/loop-2g.c execution,  -O3 -fomit-frame-pointer -funroll-loops 
FAIL: gcc.c-torture/execute/loop-2g.c compilation,  -O3 -fomit-frame-pointer -funroll-all-loops -finline-functions  (internal compiler error)
UNRESOLVED: gcc.c-torture/execute/loop-2g.c execution,  -O3 -fomit-frame-pointer -funroll-all-loops -finline-functions 
FAIL: gcc.c-torture/execute/loop-2g.c compilation,  -O3 -g  (internal compiler error)
UNRESOLVED: gcc.c-torture/execute/loop-2g.c execution,  -O3 -g 
FAIL: gcc.c-torture/execute/pr23324.c compilation,  -O0 
UNRESOLVED: gcc.c-torture/execute/pr23324.c execution,  -O0 
FAIL: gcc.c-torture/execute/pr27073.c compilation,  -O3 -fomit-frame-pointer  (internal compiler error)
UNRESOLVED: gcc.c-torture/execute/pr27073.c execution,  -O3 -fomit-frame-pointer 
FAIL: gcc.c-torture/execute/pr27073.c compilation,  -O3 -fomit-frame-pointer -funroll-loops  (internal compiler error)
UNRESOLVED: gcc.c-torture/execute/pr27073.c execution,  -O3 -fomit-frame-pointer -funroll-loops 
FAIL: gcc.c-torture/execute/pr27073.c compilation,  -O3 -fomit-frame-pointer -funroll-all-loops -finline-functions  (internal compiler error)
UNRESOLVED: gcc.c-torture/execute/pr27073.c execution,  -O3 -fomit-frame-pointer -funroll-all-loops -finline-functions 
FAIL: gcc.c-torture/execute/pr27073.c compilation,  -O3 -g  (internal compiler error)
UNRESOLVED: gcc.c-torture/execute/pr27073.c execution,  -O3 -g 
FAIL: gcc.c-torture/execute/pr36093.c compilation,  -O3 -fomit-frame-pointer  (internal compiler error)
UNRESOLVED: gcc.c-torture/execute/pr36093.c execution,  -O3 -fomit-frame-pointer 
FAIL: gcc.c-torture/execute/pr36093.c compilation,  -O3 -fomit-frame-pointer -funroll-loops  (internal compiler error)
UNRESOLVED: gcc.c-torture/execute/pr36093.c execution,  -O3 -fomit-frame-pointer -funroll-loops 
FAIL: gcc.c-torture/execute/pr36093.c compilation,  -O3 -fomit-frame-pointer -funroll-all-loops -finline-functions  (internal compiler error)
UNRESOLVED: gcc.c-torture/execute/pr36093.c execution,  -O3 -fomit-frame-pointer -funroll-all-loops -finline-functions 
FAIL: gcc.c-torture/execute/pr36093.c compilation,  -O3 -g  (internal compiler error)
UNRESOLVED: gcc.c-torture/execute/pr36093.c execution,  -O3 -g 
FAIL: gcc.c-torture/execute/stdarg-1.c execution,  -O3 -fomit-frame-pointer 
FAIL: gcc.c-torture/execute/stdarg-1.c execution,  -O3 -g 
FAIL: gcc.c-torture/execute/stdarg-4.c execution,  -O1 
FAIL: gcc.c-torture/execute/stdarg-4.c execution,  -O2 
FAIL: gcc.c-torture/execute/stdarg-4.c execution,  -O3 -fomit-frame-pointer 
FAIL: gcc.c-torture/execute/stdarg-4.c execution,  -O3 -g 
FAIL: gcc.c-torture/execute/stdarg-4.c execution,  -Os 
FAIL: gcc.c-torture/execute/strcmp-1.c compilation,  -O3 -fomit-frame-pointer  (internal compiler error)
UNRESOLVED: gcc.c-torture/execute/strcmp-1.c execution,  -O3 -fomit-frame-pointer 
FAIL: gcc.c-torture/execute/strcmp-1.c compilation,  -O3 -fomit-frame-pointer -funroll-loops  (internal compiler error)
UNRESOLVED: gcc.c-torture/execute/strcmp-1.c execution,  -O3 -fomit-frame-pointer -funroll-loops 
FAIL: gcc.c-torture/execute/strcmp-1.c compilation,  -O3 -fomit-frame-pointer -funroll-all-loops -finline-functions  (internal compiler error)
UNRESOLVED: gcc.c-torture/execute/strcmp-1.c execution,  -O3 -fomit-frame-pointer -funroll-all-loops -finline-functions 
FAIL: gcc.c-torture/execute/strcmp-1.c compilation,  -O3 -g  (internal compiler error)
UNRESOLVED: gcc.c-torture/execute/strcmp-1.c execution,  -O3 -g 
FAIL: gcc.c-torture/execute/strlen-1.c compilation,  -O3 -fomit-frame-pointer  (internal compiler error)
UNRESOLVED: gcc.c-torture/execute/strlen-1.c execution,  -O3 -fomit-frame-pointer 
FAIL: gcc.c-torture/execute/strlen-1.c compilation,  -O3 -fomit-frame-pointer -funroll-loops  (internal compiler error)
UNRESOLVED: gcc.c-torture/execute/strlen-1.c execution,  -O3 -fomit-frame-pointer -funroll-loops 
FAIL: gcc.c-torture/execute/strlen-1.c compilation,  -O3 -fomit-frame-pointer -funroll-all-loops -finline-functions  (internal compiler error)
UNRESOLVED: gcc.c-torture/execute/strlen-1.c execution,  -O3 -fomit-frame-pointer -funroll-all-loops -finline-functions 
FAIL: gcc.c-torture/execute/strlen-1.c compilation,  -O3 -g  (internal compiler error)
UNRESOLVED: gcc.c-torture/execute/strlen-1.c execution,  -O3 -g 
FAIL: gcc.c-torture/execute/strncmp-1.c compilation,  -O3 -fomit-frame-pointer  (internal compiler error)
UNRESOLVED: gcc.c-torture/execute/strncmp-1.c execution,  -O3 -fomit-frame-pointer 
FAIL: gcc.c-torture/execute/strncmp-1.c compilation,  -O3 -fomit-frame-pointer -funroll-loops  (internal compiler error)
UNRESOLVED: gcc.c-torture/execute/strncmp-1.c execution,  -O3 -fomit-frame-pointer -funroll-loops 
FAIL: gcc.c-torture/execute/strncmp-1.c compilation,  -O3 -fomit-frame-pointer -funroll-all-loops -finline-functions  (internal compiler error)
UNRESOLVED: gcc.c-torture/execute/strncmp-1.c execution,  -O3 -fomit-frame-pointer -funroll-all-loops -finline-functions 
FAIL: gcc.c-torture/execute/strncmp-1.c compilation,  -O3 -g  (internal compiler error)
UNRESOLVED: gcc.c-torture/execute/strncmp-1.c execution,  -O3 -g 
FAIL: tmpdir-gcc.dg-struct-layout-1/t001 c_compat_x_tst.o-c_compat_y_tst.o execute 
FAIL: tmpdir-gcc.dg-struct-layout-1/t002 c_compat_x_tst.o-c_compat_y_tst.o execute 
FAIL: tmpdir-gcc.dg-struct-layout-1/t003 c_compat_x_tst.o-c_compat_y_tst.o execute 
FAIL: tmpdir-gcc.dg-struct-layout-1/t004 c_compat_x_tst.o-c_compat_y_tst.o execute 
FAIL: tmpdir-gcc.dg-struct-layout-1/t005 c_compat_x_tst.o-c_compat_y_tst.o execute 
FAIL: tmpdir-gcc.dg-struct-layout-1/t006 c_compat_x_tst.o-c_compat_y_tst.o execute 
FAIL: tmpdir-gcc.dg-struct-layout-1/t007 c_compat_x_tst.o-c_compat_y_tst.o execute 
FAIL: tmpdir-gcc.dg-struct-layout-1/t008 c_compat_x_tst.o-c_compat_y_tst.o execute 
FAIL: tmpdir-gcc.dg-struct-layout-1/t009 c_compat_x_tst.o-c_compat_y_tst.o execute 
FAIL: tmpdir-gcc.dg-struct-layout-1/t010 c_compat_x_tst.o-c_compat_y_tst.o execute 
FAIL: tmpdir-gcc.dg-struct-layout-1/t011 c_compat_x_tst.o-c_compat_y_tst.o execute 
FAIL: tmpdir-gcc.dg-struct-layout-1/t012 c_compat_x_tst.o-c_compat_y_tst.o execute 
FAIL: tmpdir-gcc.dg-struct-layout-1/t013 c_compat_x_tst.o-c_compat_y_tst.o execute 
FAIL: tmpdir-gcc.dg-struct-layout-1/t014 c_compat_x_tst.o-c_compat_y_tst.o execute 
FAIL: tmpdir-gcc.dg-struct-layout-1/t015 c_compat_x_tst.o-c_compat_y_tst.o execute 
FAIL: tmpdir-gcc.dg-struct-layout-1/t017 c_compat_x_tst.o-c_compat_y_tst.o execute 
FAIL: tmpdir-gcc.dg-struct-layout-1/t018 c_compat_x_tst.o-c_compat_y_tst.o execute 
FAIL: tmpdir-gcc.dg-struct-layout-1/t024 c_compat_x_tst.o-c_compat_y_tst.o execute 
FAIL: tmpdir-gcc.dg-struct-layout-1/t025 c_compat_x_tst.o-c_compat_y_tst.o execute 
FAIL: tmpdir-gcc.dg-struct-layout-1/t026 c_compat_x_tst.o-c_compat_y_tst.o execute 
FAIL: tmpdir-gcc.dg-struct-layout-1/t027 c_compat_x_tst.o-c_compat_y_tst.o execute 
FAIL: tmpdir-gcc.dg-struct-layout-1/t028 c_compat_x_tst.o-c_compat_y_tst.o execute 
FAIL: gcc.dg/cpp/_Pragma6.c (test for excess errors)
XPASS: gcc.dg/Warray-bounds.c  (test for warnings, line 59)
XPASS: gcc.dg/Warray-bounds.c  (test for warnings, line 65)
FAIL: gcc.dg/array-quals-1.c scan-assembler-not \\\\.data(?!\\\\.rel\\\\.ro)
FAIL: gcc.dg/attr-weakref-1.c (test for excess errors)
WARNING: gcc.dg/attr-weakref-1.c compilation failed to produce executable
FAIL: gcc.dg/c99-stdint-6.c (test for excess errors)
FAIL: gcc.dg/c99-tgmath-1.c (test for excess errors)
FAIL: gcc.dg/c99-tgmath-2.c (test for excess errors)
ERROR: gcc.dg/c99-tgmath-2.c: error executing dg-final: couldn't open "c99-tgmath-2.s": no such file or directory
UNRESOLVED: gcc.dg/c99-tgmath-2.c: error executing dg-final: couldn't open "c99-tgmath-2.s": no such file or directory
FAIL: gcc.dg/c99-tgmath-3.c (test for excess errors)
ERROR: gcc.dg/c99-tgmath-3.c: error executing dg-final: couldn't open "c99-tgmath-3.s": no such file or directory
UNRESOLVED: gcc.dg/c99-tgmath-3.c: error executing dg-final: couldn't open "c99-tgmath-3.s": no such file or directory
FAIL: gcc.dg/c99-tgmath-4.c (test for excess errors)
ERROR: gcc.dg/c99-tgmath-4.c: error executing dg-final: couldn't open "c99-tgmath-4.s": no such file or directory
UNRESOLVED: gcc.dg/c99-tgmath-4.c: error executing dg-final: couldn't open "c99-tgmath-4.s": no such file or directory
FAIL: gcc.dg/intmax_t-1.c (test for excess errors)
FAIL: gcc.dg/pr17957.c (test for excess errors)
FAIL: gcc.dg/pr28935.c (internal compiler error)
FAIL: gcc.dg/pr28935.c (test for excess errors)
FAIL: gcc.dg/pr33017.c (internal compiler error)
FAIL: gcc.dg/pr33017.c (test for excess errors)
WARNING: gcc.dg/pr33017.c compilation failed to produce executable
FAIL: gcc.dg/pr34989-1.c (internal compiler error)
FAIL: gcc.dg/pr34989-1.c (test for excess errors)
FAIL: gcc.dg/pr36224.c (test for excess errors)
FAIL: gcc.dg/ucnid-11.c (test for excess errors)
WARNING: gcc.dg/ucnid-11.c compilation failed to produce executable
FAIL: gcc.dg/ucnid-12.c (test for excess errors)
WARNING: gcc.dg/ucnid-12.c compilation failed to produce executable
FAIL: gcc.dg/ucnid-2.c (test for excess errors)
WARNING: gcc.dg/ucnid-2.c compilation failed to produce executable
FAIL: gcc.dg/ucnid-3.c (test for excess errors)
WARNING: gcc.dg/ucnid-3.c compilation failed to produce executable
FAIL: gcc.dg/ucnid-4.c (test for excess errors)
WARNING: gcc.dg/ucnid-4.c compilation failed to produce executable
FAIL: gcc.dg/ucnid-6.c (test for excess errors)
WARNING: gcc.dg/ucnid-6.c compilation failed to produce executable
WARNING: program timed out.
FAIL: largefile.c -O0 -g -I. (test for excess errors)
FAIL: gcc.dg/pch/largefile.c -O0 -g assembly comparison
WARNING: program timed out.
FAIL: largefile.c  -O0  -I. (test for excess errors)
FAIL: gcc.dg/pch/largefile.c  -O0  assembly comparison
WARNING: program timed out.
FAIL: largefile.c  -O1  -I. (test for excess errors)
FAIL: gcc.dg/pch/largefile.c  -O1  assembly comparison
WARNING: program timed out.
FAIL: largefile.c  -O2  -I. (test for excess errors)
FAIL: gcc.dg/pch/largefile.c  -O2  assembly comparison
WARNING: program timed out.
FAIL: largefile.c  -O3 -fomit-frame-pointer  -I. (test for excess errors)
FAIL: gcc.dg/pch/largefile.c  -O3 -fomit-frame-pointer  assembly comparison
WARNING: program timed out.
FAIL: largefile.c  -O3 -g  -I. (test for excess errors)
FAIL: gcc.dg/pch/largefile.c  -O3 -g  assembly comparison
WARNING: program timed out.
FAIL: largefile.c  -Os  -I. (test for excess errors)
FAIL: gcc.dg/pch/largefile.c  -Os  assembly comparison
XPASS: gcc.dg/struct/wo_prof_array_through_pointer.c scan-ipa-dump ipa_struct_reorg "Number of structures to transform is 1"
FAIL: gcc.dg/struct/wo_prof_double_malloc.c (internal compiler error)
FAIL: gcc.dg/struct/wo_prof_double_malloc.c (test for excess errors)
WARNING: gcc.dg/struct/wo_prof_double_malloc.c compilation failed to produce executable
FAIL: gcc.dg/tls/opt-11.c execution test
FAIL: gcc.dg/tls/opt-12.c execution test
FAIL: gcc.dg/tls/pr24428-2.c execution test
FAIL: gcc.dg/tree-ssa/gen-vect-26.c (internal compiler error)
FAIL: gcc.dg/tree-ssa/gen-vect-26.c (test for excess errors)
WARNING: gcc.dg/tree-ssa/gen-vect-26.c compilation failed to produce executable
FAIL: gcc.dg/tree-ssa/gen-vect-26.c scan-tree-dump-times vect "Vectorizing an unaligned access" 0
FAIL: gcc.dg/tree-ssa/gen-vect-26.c scan-tree-dump-times vect "Alignment of access forced using peeling" 1
FAIL: gcc.dg/tree-ssa/gen-vect-28.c (internal compiler error)
FAIL: gcc.dg/tree-ssa/gen-vect-28.c (test for excess errors)
WARNING: gcc.dg/tree-ssa/gen-vect-28.c compilation failed to produce executable
FAIL: gcc.dg/tree-ssa/gen-vect-28.c scan-tree-dump-times vect "Vectorizing an unaligned access" 0
FAIL: gcc.dg/tree-ssa/gen-vect-28.c scan-tree-dump-times vect "Alignment of access forced using peeling" 1

		=== gcc Summary ===

# of expected passes		49156
# of unexpected failures	232
# of unexpected successes	3
# of expected failures		79
# of unresolved testcases	106
# of unsupported tests		642
/amnt/galeras/export/vol/gccsrc/obj/alpha/gcc-4.5.0-20090612/5.1b-gcc/gcc/xgcc  version 4.5.0 20090612 (experimental) [trunk revision 148427] (GCC) 

		=== gfortran tests ===


Running target unix
FAIL: gfortran.dg/alloc_comp_auto_array_2.f90  -O3 -fomit-frame-pointer  (internal compiler error)
FAIL: gfortran.dg/alloc_comp_auto_array_2.f90  -O3 -fomit-frame-pointer  (test for excess errors)
WARNING: gfortran.dg/alloc_comp_auto_array_2.f90  -O3 -fomit-frame-pointer  compilation failed to produce executable
FAIL: gfortran.dg/alloc_comp_auto_array_2.f90  -O3 -fomit-frame-pointer -funroll-loops  (internal compiler error)
FAIL: gfortran.dg/alloc_comp_auto_array_2.f90  -O3 -fomit-frame-pointer -funroll-loops  (test for excess errors)
WARNING: gfortran.dg/alloc_comp_auto_array_2.f90  -O3 -fomit-frame-pointer -funroll-loops  compilation failed to produce executable
FAIL: gfortran.dg/alloc_comp_auto_array_2.f90  -O3 -fomit-frame-pointer -funroll-all-loops -finline-functions  (internal compiler error)
FAIL: gfortran.dg/alloc_comp_auto_array_2.f90  -O3 -fomit-frame-pointer -funroll-all-loops -finline-functions  (test for excess errors)
WARNING: gfortran.dg/alloc_comp_auto_array_2.f90  -O3 -fomit-frame-pointer -funroll-all-loops -finline-functions  compilation failed to produce executable
FAIL: gfortran.dg/alloc_comp_auto_array_2.f90  -O3 -g  (internal compiler error)
FAIL: gfortran.dg/alloc_comp_auto_array_2.f90  -O3 -g  (test for excess errors)
WARNING: gfortran.dg/alloc_comp_auto_array_2.f90  -O3 -g  compilation failed to produce executable
FAIL: gfortran.dg/allocatable_dummy_1.f90  -O3 -fomit-frame-pointer  (internal compiler error)
FAIL: gfortran.dg/allocatable_dummy_1.f90  -O3 -fomit-frame-pointer  (test for excess errors)
WARNING: gfortran.dg/allocatable_dummy_1.f90  -O3 -fomit-frame-pointer  compilation failed to produce executable
FAIL: gfortran.dg/allocatable_dummy_1.f90  -O3 -fomit-frame-pointer -funroll-loops  (internal compiler error)
FAIL: gfortran.dg/allocatable_dummy_1.f90  -O3 -fomit-frame-pointer -funroll-loops  (test for excess errors)
WARNING: gfortran.dg/allocatable_dummy_1.f90  -O3 -fomit-frame-pointer -funroll-loops  compilation failed to produce executable
FAIL: gfortran.dg/allocatable_dummy_1.f90  -O3 -fomit-frame-pointer -funroll-all-loops -finline-functions  (internal compiler error)
FAIL: gfortran.dg/allocatable_dummy_1.f90  -O3 -fomit-frame-pointer -funroll-all-loops -finline-functions  (test for excess errors)
WARNING: gfortran.dg/allocatable_dummy_1.f90  -O3 -fomit-frame-pointer -funroll-all-loops -finline-functions  compilation failed to produce executable
FAIL: gfortran.dg/allocatable_dummy_1.f90  -O3 -g  (internal compiler error)
FAIL: gfortran.dg/allocatable_dummy_1.f90  -O3 -g  (test for excess errors)
WARNING: gfortran.dg/allocatable_dummy_1.f90  -O3 -g  compilation failed to produce executable
FAIL: gfortran.dg/argument_checking_1.f90  -O3 -fomit-frame-pointer  (internal compiler error)
FAIL: gfortran.dg/argument_checking_1.f90  -O3 -fomit-frame-pointer  (test for excess errors)
WARNING: gfortran.dg/argument_checking_1.f90  -O3 -fomit-frame-pointer  compilation failed to produce executable
FAIL: gfortran.dg/argument_checking_1.f90  -O3 -fomit-frame-pointer -funroll-loops  (internal compiler error)
FAIL: gfortran.dg/argument_checking_1.f90  -O3 -fomit-frame-pointer -funroll-loops  (test for excess errors)
WARNING: gfortran.dg/argument_checking_1.f90  -O3 -fomit-frame-pointer -funroll-loops  compilation failed to produce executable
FAIL: gfortran.dg/argument_checking_1.f90  -O3 -fomit-frame-pointer -funroll-all-loops -finline-functions  (internal compiler error)
FAIL: gfortran.dg/argument_checking_1.f90  -O3 -fomit-frame-pointer -funroll-all-loops -finline-functions  (test for excess errors)
WARNING: gfortran.dg/argument_checking_1.f90  -O3 -fomit-frame-pointer -funroll-all-loops -finline-functions  compilation failed to produce executable
FAIL: gfortran.dg/argument_checking_1.f90  -O3 -g  (internal compiler error)
FAIL: gfortran.dg/argument_checking_1.f90  -O3 -g  (test for excess errors)
WARNING: gfortran.dg/argument_checking_1.f90  -O3 -g  compilation failed to produce executable
FAIL: gfortran.dg/array_constructor_10.f90  -O3 -fomit-frame-pointer  (internal compiler error)
FAIL: gfortran.dg/array_constructor_10.f90  -O3 -fomit-frame-pointer  (test for excess errors)
WARNING: gfortran.dg/array_constructor_10.f90  -O3 -fomit-frame-pointer  compilation failed to produce executable
FAIL: gfortran.dg/array_constructor_10.f90  -O3 -fomit-frame-pointer -funroll-loops  (internal compiler error)
FAIL: gfortran.dg/array_constructor_10.f90  -O3 -fomit-frame-pointer -funroll-loops  (test for excess errors)
WARNING: gfortran.dg/array_constructor_10.f90  -O3 -fomit-frame-pointer -funroll-loops  compilation failed to produce executable
FAIL: gfortran.dg/array_constructor_10.f90  -O3 -fomit-frame-pointer -funroll-all-loops -finline-functions  (internal compiler error)
FAIL: gfortran.dg/array_constructor_10.f90  -O3 -fomit-frame-pointer -funroll-all-loops -finline-functions  (test for excess errors)
WARNING: gfortran.dg/array_constructor_10.f90  -O3 -fomit-frame-pointer -funroll-all-loops -finline-functions  compilation failed to produce executable
FAIL: gfortran.dg/array_constructor_10.f90  -O3 -g  (internal compiler error)
FAIL: gfortran.dg/array_constructor_10.f90  -O3 -g  (test for excess errors)
WARNING: gfortran.dg/array_constructor_10.f90  -O3 -g  compilation failed to produce executable
FAIL: gfortran.dg/array_constructor_11.f90  -O3 -fomit-frame-pointer  (internal compiler error)
FAIL: gfortran.dg/array_constructor_11.f90  -O3 -fomit-frame-pointer  (test for excess errors)
WARNING: gfortran.dg/array_constructor_11.f90  -O3 -fomit-frame-pointer  compilation failed to produce executable
FAIL: gfortran.dg/array_constructor_11.f90  -O3 -fomit-frame-pointer -funroll-loops  (internal compiler error)
FAIL: gfortran.dg/array_constructor_11.f90  -O3 -fomit-frame-pointer -funroll-loops  (test for excess errors)
WARNING: gfortran.dg/array_constructor_11.f90  -O3 -fomit-frame-pointer -funroll-loops  compilation failed to produce executable
FAIL: gfortran.dg/array_constructor_11.f90  -O3 -fomit-frame-pointer -funroll-all-loops -finline-functions  (internal compiler error)
FAIL: gfortran.dg/array_constructor_11.f90  -O3 -fomit-frame-pointer -funroll-all-loops -finline-functions  (test for excess errors)
WARNING: gfortran.dg/array_constructor_11.f90  -O3 -fomit-frame-pointer -funroll-all-loops -finline-functions  compilation failed to produce executable
FAIL: gfortran.dg/array_constructor_11.f90  -O3 -g  (internal compiler error)
FAIL: gfortran.dg/array_constructor_11.f90  -O3 -g  (test for excess errors)
WARNING: gfortran.dg/array_constructor_11.f90  -O3 -g  compilation failed to produce executable
FAIL: gfortran.dg/array_constructor_6.f90  -O3 -fomit-frame-pointer  (internal compiler error)
FAIL: gfortran.dg/array_constructor_6.f90  -O3 -fomit-frame-pointer  (test for excess errors)
WARNING: gfortran.dg/array_constructor_6.f90  -O3 -fomit-frame-pointer  compilation failed to produce executable
FAIL: gfortran.dg/array_constructor_6.f90  -O3 -fomit-frame-pointer -funroll-loops  (internal compiler error)
FAIL: gfortran.dg/array_constructor_6.f90  -O3 -fomit-frame-pointer -funroll-loops  (test for excess errors)
WARNING: gfortran.dg/array_constructor_6.f90  -O3 -fomit-frame-pointer -funroll-loops  compilation failed to produce executable
FAIL: gfortran.dg/array_constructor_6.f90  -O3 -fomit-frame-pointer -funroll-all-loops -finline-functions  (internal compiler error)
FAIL: gfortran.dg/array_constructor_6.f90  -O3 -fomit-frame-pointer -funroll-all-loops -finline-functions  (test for excess errors)
WARNING: gfortran.dg/array_constructor_6.f90  -O3 -fomit-frame-pointer -funroll-all-loops -finline-functions  compilation failed to produce executable
FAIL: gfortran.dg/array_constructor_6.f90  -O3 -g  (internal compiler error)
FAIL: gfortran.dg/array_constructor_6.f90  -O3 -g  (test for excess errors)
WARNING: gfortran.dg/array_constructor_6.f90  -O3 -g  compilation failed to produce executable
FAIL: gfortran.dg/array_constructor_7.f90  -O3 -fomit-frame-pointer  (internal compiler error)
FAIL: gfortran.dg/array_constructor_7.f90  -O3 -fomit-frame-pointer  (test for excess errors)
WARNING: gfortran.dg/array_constructor_7.f90  -O3 -fomit-frame-pointer  compilation failed to produce executable
FAIL: gfortran.dg/array_constructor_7.f90  -O3 -fomit-frame-pointer -funroll-loops  (internal compiler error)
FAIL: gfortran.dg/array_constructor_7.f90  -O3 -fomit-frame-pointer -funroll-loops  (test for excess errors)
WARNING: gfortran.dg/array_constructor_7.f90  -O3 -fomit-frame-pointer -funroll-loops  compilation failed to produce executable
FAIL: gfortran.dg/array_constructor_7.f90  -O3 -fomit-frame-pointer -funroll-all-loops -finline-functions  (internal compiler error)
FAIL: gfortran.dg/array_constructor_7.f90  -O3 -fomit-frame-pointer -funroll-all-loops -finline-functions  (test for excess errors)
WARNING: gfortran.dg/array_constructor_7.f90  -O3 -fomit-frame-pointer -funroll-all-loops -finline-functions  compilation failed to produce executable
FAIL: gfortran.dg/array_constructor_7.f90  -O3 -g  (internal compiler error)
FAIL: gfortran.dg/array_constructor_7.f90  -O3 -g  (test for excess errors)
WARNING: gfortran.dg/array_constructor_7.f90  -O3 -g  compilation failed to produce executable
FAIL: gfortran.dg/array_constructor_8.f90  -O3 -fomit-frame-pointer  (internal compiler error)
FAIL: gfortran.dg/array_constructor_8.f90  -O3 -fomit-frame-pointer  (test for excess errors)
WARNING: gfortran.dg/array_constructor_8.f90  -O3 -fomit-frame-pointer  compilation failed to produce executable
FAIL: gfortran.dg/array_constructor_8.f90  -O3 -fomit-frame-pointer -funroll-loops  (internal compiler error)
FAIL: gfortran.dg/array_constructor_8.f90  -O3 -fomit-frame-pointer -funroll-loops  (test for excess errors)
WARNING: gfortran.dg/array_constructor_8.f90  -O3 -fomit-frame-pointer -funroll-loops  compilation failed to produce executable
FAIL: gfortran.dg/array_constructor_8.f90  -O3 -fomit-frame-pointer -funroll-all-loops -finline-functions  (internal compiler error)
FAIL: gfortran.dg/array_constructor_8.f90  -O3 -fomit-frame-pointer -funroll-all-loops -finline-functions  (test for excess errors)
WARNING: gfortran.dg/array_constructor_8.f90  -O3 -fomit-frame-pointer -funroll-all-loops -finline-functions  compilation failed to produce executable
FAIL: gfortran.dg/array_constructor_8.f90  -O3 -g  (internal compiler error)
FAIL: gfortran.dg/array_constructor_8.f90  -O3 -g  (test for excess errors)
WARNING: gfortran.dg/array_constructor_8.f90  -O3 -g  compilation failed to produce executable
FAIL: gfortran.dg/boz_9.f90  -O2  execution test
FAIL: gfortran.dg/boz_9.f90  -O3 -fomit-frame-pointer  execution test
FAIL: gfortran.dg/boz_9.f90  -O3 -fomit-frame-pointer -funroll-loops  execution test
FAIL: gfortran.dg/boz_9.f90  -O3 -fomit-frame-pointer -funroll-all-loops -finline-functions  execution test
FAIL: gfortran.dg/boz_9.f90  -O3 -g  execution test
FAIL: gfortran.dg/boz_9.f90  -Os  execution test
FAIL: gfortran.dg/cray_pointers_2.f90  -O3 -fomit-frame-pointer  (internal compiler error)
FAIL: gfortran.dg/cray_pointers_2.f90  -O3 -fomit-frame-pointer  (test for excess errors)
WARNING: gfortran.dg/cray_pointers_2.f90  -O3 -fomit-frame-pointer  compilation failed to produce executable
FAIL: gfortran.dg/cray_pointers_2.f90  -O3 -fomit-frame-pointer -funroll-loops  (internal compiler error)
FAIL: gfortran.dg/cray_pointers_2.f90  -O3 -fomit-frame-pointer -funroll-loops  (test for excess errors)
WARNING: gfortran.dg/cray_pointers_2.f90  -O3 -fomit-frame-pointer -funroll-loops  compilation failed to produce executable
FAIL: gfortran.dg/cray_pointers_2.f90  -O3 -fomit-frame-pointer -funroll-all-loops -finline-functions  (internal compiler error)
FAIL: gfortran.dg/cray_pointers_2.f90  -O3 -fomit-frame-pointer -funroll-all-loops -finline-functions  (test for excess errors)
WARNING: gfortran.dg/cray_pointers_2.f90  -O3 -fomit-frame-pointer -funroll-all-loops -finline-functions  compilation failed to produce executable
FAIL: gfortran.dg/cray_pointers_2.f90  -O3 -g  (internal compiler error)
FAIL: gfortran.dg/cray_pointers_2.f90  -O3 -g  (test for excess errors)
WARNING: gfortran.dg/cray_pointers_2.f90  -O3 -g  compilation failed to produce executable
FAIL: gfortran.dg/derived_init_1.f90  -O3 -fomit-frame-pointer  (internal compiler error)
FAIL: gfortran.dg/derived_init_1.f90  -O3 -fomit-frame-pointer  (test for excess errors)
WARNING: gfortran.dg/derived_init_1.f90  -O3 -fomit-frame-pointer  compilation failed to produce executable
FAIL: gfortran.dg/derived_init_1.f90  -O3 -fomit-frame-pointer -funroll-loops  (internal compiler error)
FAIL: gfortran.dg/derived_init_1.f90  -O3 -fomit-frame-pointer -funroll-loops  (test for excess errors)
WARNING: gfortran.dg/derived_init_1.f90  -O3 -fomit-frame-pointer -funroll-loops  compilation failed to produce executable
FAIL: gfortran.dg/derived_init_1.f90  -O3 -fomit-frame-pointer -funroll-all-loops -finline-functions  (internal compiler error)
FAIL: gfortran.dg/derived_init_1.f90  -O3 -fomit-frame-pointer -funroll-all-loops -finline-functions  (test for excess errors)
WARNING: gfortran.dg/derived_init_1.f90  -O3 -fomit-frame-pointer -funroll-all-loops -finline-functions  compilation failed to produce executable
FAIL: gfortran.dg/derived_init_1.f90  -O3 -g  (internal compiler error)
FAIL: gfortran.dg/derived_init_1.f90  -O3 -g  (test for excess errors)
WARNING: gfortran.dg/derived_init_1.f90  -O3 -g  compilation failed to produce executable
FAIL: gfortran.dg/elemental_subroutine_7.f90  -O3 -fomit-frame-pointer  (internal compiler error)
FAIL: gfortran.dg/elemental_subroutine_7.f90  -O3 -fomit-frame-pointer  (test for excess errors)
WARNING: gfortran.dg/elemental_subroutine_7.f90  -O3 -fomit-frame-pointer  compilation failed to produce executable
FAIL: gfortran.dg/elemental_subroutine_7.f90  -O3 -fomit-frame-pointer -funroll-loops  (internal compiler error)
FAIL: gfortran.dg/elemental_subroutine_7.f90  -O3 -fomit-frame-pointer -funroll-loops  (test for excess errors)
WARNING: gfortran.dg/elemental_subroutine_7.f90  -O3 -fomit-frame-pointer -funroll-loops  compilation failed to produce executable
FAIL: gfortran.dg/elemental_subroutine_7.f90  -O3 -fomit-frame-pointer -funroll-all-loops -finline-functions  (internal compiler error)
FAIL: gfortran.dg/elemental_subroutine_7.f90  -O3 -fomit-frame-pointer -funroll-all-loops -finline-functions  (test for excess errors)
WARNING: gfortran.dg/elemental_subroutine_7.f90  -O3 -fomit-frame-pointer -funroll-all-loops -finline-functions  compilation failed to produce executable
FAIL: gfortran.dg/elemental_subroutine_7.f90  -O3 -g  (internal compiler error)
FAIL: gfortran.dg/elemental_subroutine_7.f90  -O3 -g  (test for excess errors)
WARNING: gfortran.dg/elemental_subroutine_7.f90  -O3 -g  compilation failed to produce executable
FAIL: gfortran.dg/interface_assignment_2.f90  -O3 -fomit-frame-pointer  (internal compiler error)
FAIL: gfortran.dg/interface_assignment_2.f90  -O3 -fomit-frame-pointer  (test for excess errors)
WARNING: gfortran.dg/interface_assignment_2.f90  -O3 -fomit-frame-pointer  compilation failed to produce executable
FAIL: gfortran.dg/interface_assignment_2.f90  -O3 -fomit-frame-pointer -funroll-loops  (internal compiler error)
FAIL: gfortran.dg/interface_assignment_2.f90  -O3 -fomit-frame-pointer -funroll-loops  (test for excess errors)
WARNING: gfortran.dg/interface_assignment_2.f90  -O3 -fomit-frame-pointer -funroll-loops  compilation failed to produce executable
FAIL: gfortran.dg/interface_assignment_2.f90  -O3 -fomit-frame-pointer -funroll-all-loops -finline-functions  (internal compiler error)
FAIL: gfortran.dg/interface_assignment_2.f90  -O3 -fomit-frame-pointer -funroll-all-loops -finline-functions  (test for excess errors)
WARNING: gfortran.dg/interface_assignment_2.f90  -O3 -fomit-frame-pointer -funroll-all-loops -finline-functions  compilation failed to produce executable
FAIL: gfortran.dg/interface_assignment_2.f90  -O3 -g  (internal compiler error)
FAIL: gfortran.dg/interface_assignment_2.f90  -O3 -g  (test for excess errors)
WARNING: gfortran.dg/interface_assignment_2.f90  -O3 -g  compilation failed to produce executable
FAIL: gfortran.dg/intrinsic_product_1.f90  -O3 -fomit-frame-pointer  (internal compiler error)
FAIL: gfortran.dg/intrinsic_product_1.f90  -O3 -fomit-frame-pointer  (test for excess errors)
WARNING: gfortran.dg/intrinsic_product_1.f90  -O3 -fomit-frame-pointer  compilation failed to produce executable
FAIL: gfortran.dg/intrinsic_product_1.f90  -O3 -fomit-frame-pointer -funroll-loops  (internal compiler error)
FAIL: gfortran.dg/intrinsic_product_1.f90  -O3 -fomit-frame-pointer -funroll-loops  (test for excess errors)
WARNING: gfortran.dg/intrinsic_product_1.f90  -O3 -fomit-frame-pointer -funroll-loops  compilation failed to produce executable
FAIL: gfortran.dg/intrinsic_product_1.f90  -O3 -fomit-frame-pointer -funroll-all-loops -finline-functions  (internal compiler error)
FAIL: gfortran.dg/intrinsic_product_1.f90  -O3 -fomit-frame-pointer -funroll-all-loops -finline-functions  (test for excess errors)
WARNING: gfortran.dg/intrinsic_product_1.f90  -O3 -fomit-frame-pointer -funroll-all-loops -finline-functions  compilation failed to produce executable
FAIL: gfortran.dg/intrinsic_product_1.f90  -O3 -g  (internal compiler error)
FAIL: gfortran.dg/intrinsic_product_1.f90  -O3 -g  (test for excess errors)
WARNING: gfortran.dg/intrinsic_product_1.f90  -O3 -g  compilation failed to produce executable
FAIL: gfortran.dg/large_real_kind_2.F90  -O0  execution test
FAIL: gfortran.dg/large_real_kind_2.F90  -O1  execution test
FAIL: gfortran.dg/large_real_kind_2.F90  -O2  execution test
FAIL: gfortran.dg/large_real_kind_2.F90  -O3 -fomit-frame-pointer  execution test
FAIL: gfortran.dg/large_real_kind_2.F90  -O3 -fomit-frame-pointer -funroll-loops  execution test
FAIL: gfortran.dg/large_real_kind_2.F90  -O3 -fomit-frame-pointer -funroll-all-loops -finline-functions  execution test
FAIL: gfortran.dg/large_real_kind_2.F90  -O3 -g  execution test
FAIL: gfortran.dg/large_real_kind_2.F90  -Os  execution test
FAIL: gfortran.dg/mapping_1.f90  -O3 -fomit-frame-pointer  (internal compiler error)
FAIL: gfortran.dg/mapping_1.f90  -O3 -fomit-frame-pointer  (test for excess errors)
WARNING: gfortran.dg/mapping_1.f90  -O3 -fomit-frame-pointer  compilation failed to produce executable
FAIL: gfortran.dg/mapping_1.f90  -O3 -fomit-frame-pointer -funroll-loops  (internal compiler error)
FAIL: gfortran.dg/mapping_1.f90  -O3 -fomit-frame-pointer -funroll-loops  (test for excess errors)
WARNING: gfortran.dg/mapping_1.f90  -O3 -fomit-frame-pointer -funroll-loops  compilation failed to produce executable
FAIL: gfortran.dg/mapping_1.f90  -O3 -fomit-frame-pointer -funroll-all-loops -finline-functions  (internal compiler error)
FAIL: gfortran.dg/mapping_1.f90  -O3 -fomit-frame-pointer -funroll-all-loops -finline-functions  (test for excess errors)
WARNING: gfortran.dg/mapping_1.f90  -O3 -fomit-frame-pointer -funroll-all-loops -finline-functions  compilation failed to produce executable
FAIL: gfortran.dg/mapping_1.f90  -O3 -g  (internal compiler error)
FAIL: gfortran.dg/mapping_1.f90  -O3 -g  (test for excess errors)
WARNING: gfortran.dg/mapping_1.f90  -O3 -g  compilation failed to produce executable
FAIL: gfortran.dg/maxloc_bounds_8.f90  -O3 -fomit-frame-pointer  (internal compiler error)
FAIL: gfortran.dg/maxloc_bounds_8.f90  -O3 -fomit-frame-pointer  (test for excess errors)
WARNING: gfortran.dg/maxloc_bounds_8.f90  -O3 -fomit-frame-pointer  compilation failed to produce executable
FAIL: gfortran.dg/maxloc_bounds_8.f90  -O3 -fomit-frame-pointer -funroll-loops  (internal compiler error)
FAIL: gfortran.dg/maxloc_bounds_8.f90  -O3 -fomit-frame-pointer -funroll-loops  (test for excess errors)
WARNING: gfortran.dg/maxloc_bounds_8.f90  -O3 -fomit-frame-pointer -funroll-loops  compilation failed to produce executable
FAIL: gfortran.dg/maxloc_bounds_8.f90  -O3 -fomit-frame-pointer -funroll-all-loops -finline-functions  (internal compiler error)
FAIL: gfortran.dg/maxloc_bounds_8.f90  -O3 -fomit-frame-pointer -funroll-all-loops -finline-functions  (test for excess errors)
WARNING: gfortran.dg/maxloc_bounds_8.f90  -O3 -fomit-frame-pointer -funroll-all-loops -finline-functions  compilation failed to produce executable
FAIL: gfortran.dg/maxloc_bounds_8.f90  -O3 -g  (internal compiler error)
FAIL: gfortran.dg/maxloc_bounds_8.f90  -O3 -g  (test for excess errors)
WARNING: gfortran.dg/maxloc_bounds_8.f90  -O3 -g  compilation failed to produce executable
FAIL: gfortran.dg/mvbits_5.f90  -O3 -fomit-frame-pointer  (internal compiler error)
FAIL: gfortran.dg/mvbits_5.f90  -O3 -fomit-frame-pointer  (test for excess errors)
WARNING: gfortran.dg/mvbits_5.f90  -O3 -fomit-frame-pointer  compilation failed to produce executable
FAIL: gfortran.dg/mvbits_5.f90  -O3 -fomit-frame-pointer -funroll-loops  (internal compiler error)
FAIL: gfortran.dg/mvbits_5.f90  -O3 -fomit-frame-pointer -funroll-loops  (test for excess errors)
WARNING: gfortran.dg/mvbits_5.f90  -O3 -fomit-frame-pointer -funroll-loops  compilation failed to produce executable
FAIL: gfortran.dg/mvbits_5.f90  -O3 -fomit-frame-pointer -funroll-all-loops -finline-functions  (internal compiler error)
FAIL: gfortran.dg/mvbits_5.f90  -O3 -fomit-frame-pointer -funroll-all-loops -finline-functions  (test for excess errors)
WARNING: gfortran.dg/mvbits_5.f90  -O3 -fomit-frame-pointer -funroll-all-loops -finline-functions  compilation failed to produce executable
FAIL: gfortran.dg/mvbits_5.f90  -O3 -g  (internal compiler error)
FAIL: gfortran.dg/mvbits_5.f90  -O3 -g  (test for excess errors)
WARNING: gfortran.dg/mvbits_5.f90  -O3 -g  compilation failed to produce executable
FAIL: gfortran.dg/nested_modules_2.f90  -O3 -fomit-frame-pointer  (internal compiler error)
FAIL: gfortran.dg/nested_modules_2.f90  -O3 -fomit-frame-pointer  (test for excess errors)
WARNING: gfortran.dg/nested_modules_2.f90  -O3 -fomit-frame-pointer  compilation failed to produce executable
FAIL: gfortran.dg/nested_modules_2.f90  -O3 -fomit-frame-pointer -funroll-loops  (internal compiler error)
FAIL: gfortran.dg/nested_modules_2.f90  -O3 -fomit-frame-pointer -funroll-loops  (test for excess errors)
WARNING: gfortran.dg/nested_modules_2.f90  -O3 -fomit-frame-pointer -funroll-loops  compilation failed to produce executable
FAIL: gfortran.dg/nested_modules_2.f90  -O3 -fomit-frame-pointer -funroll-all-loops -finline-functions  (internal compiler error)
FAIL: gfortran.dg/nested_modules_2.f90  -O3 -fomit-frame-pointer -funroll-all-loops -finline-functions  (test for excess errors)
WARNING: gfortran.dg/nested_modules_2.f90  -O3 -fomit-frame-pointer -funroll-all-loops -finline-functions  compilation failed to produce executable
FAIL: gfortran.dg/nested_modules_2.f90  -O3 -g  (internal compiler error)
FAIL: gfortran.dg/nested_modules_2.f90  -O3 -g  (test for excess errors)
WARNING: gfortran.dg/nested_modules_2.f90  -O3 -g  compilation failed to produce executable
FAIL: gfortran.dg/nested_modules_3.f90  -O3 -fomit-frame-pointer  (internal compiler error)
FAIL: gfortran.dg/nested_modules_3.f90  -O3 -fomit-frame-pointer  (test for excess errors)
WARNING: gfortran.dg/nested_modules_3.f90  -O3 -fomit-frame-pointer  compilation failed to produce executable
FAIL: gfortran.dg/nested_modules_3.f90  -O3 -fomit-frame-pointer -funroll-loops  (internal compiler error)
FAIL: gfortran.dg/nested_modules_3.f90  -O3 -fomit-frame-pointer -funroll-loops  (test for excess errors)
WARNING: gfortran.dg/nested_modules_3.f90  -O3 -fomit-frame-pointer -funroll-loops  compilation failed to produce executable
FAIL: gfortran.dg/nested_modules_3.f90  -O3 -fomit-frame-pointer -funroll-all-loops -finline-functions  (internal compiler error)
FAIL: gfortran.dg/nested_modules_3.f90  -O3 -fomit-frame-pointer -funroll-all-loops -finline-functions  (test for excess errors)
WARNING: gfortran.dg/nested_modules_3.f90  -O3 -fomit-frame-pointer -funroll-all-loops -finline-functions  compilation failed to produce executable
FAIL: gfortran.dg/nested_modules_3.f90  -O3 -g  (internal compiler error)
FAIL: gfortran.dg/nested_modules_3.f90  -O3 -g  (test for excess errors)
WARNING: gfortran.dg/nested_modules_3.f90  -O3 -g  compilation failed to produce executable
FAIL: gfortran.dg/nint_2.f90  -O0  execution test
FAIL: gfortran.dg/stat_1.f90  -O0  execution test
FAIL: gfortran.dg/stat_1.f90  -O1  execution test
FAIL: gfortran.dg/stat_1.f90  -O2  execution test
FAIL: gfortran.dg/stat_1.f90  -O3 -fomit-frame-pointer  execution test
FAIL: gfortran.dg/stat_1.f90  -O3 -fomit-frame-pointer -funroll-loops  execution test
FAIL: gfortran.dg/stat_1.f90  -O3 -fomit-frame-pointer -funroll-all-loops -finline-functions  execution test
FAIL: gfortran.dg/stat_1.f90  -O3 -g  execution test
FAIL: gfortran.dg/stat_1.f90  -Os  execution test
FAIL: gfortran.dg/stat_2.f90  -O0  execution test
FAIL: gfortran.dg/stat_2.f90  -O1  execution test
FAIL: gfortran.dg/stat_2.f90  -O2  execution test
FAIL: gfortran.dg/stat_2.f90  -O3 -fomit-frame-pointer  execution test
FAIL: gfortran.dg/stat_2.f90  -O3 -fomit-frame-pointer -funroll-loops  execution test
FAIL: gfortran.dg/stat_2.f90  -O3 -fomit-frame-pointer -funroll-all-loops -finline-functions  execution test
FAIL: gfortran.dg/stat_2.f90  -O3 -g  execution test
FAIL: gfortran.dg/stat_2.f90  -Os  execution test
FAIL: gfortran.dg/vector_subscript_2.f90  -O3 -fomit-frame-pointer  (internal compiler error)
FAIL: gfortran.dg/vector_subscript_2.f90  -O3 -fomit-frame-pointer  (test for excess errors)
WARNING: gfortran.dg/vector_subscript_2.f90  -O3 -fomit-frame-pointer  compilation failed to produce executable
FAIL: gfortran.dg/vector_subscript_2.f90  -O3 -fomit-frame-pointer -funroll-loops  (internal compiler error)
FAIL: gfortran.dg/vector_subscript_2.f90  -O3 -fomit-frame-pointer -funroll-loops  (test for excess errors)
WARNING: gfortran.dg/vector_subscript_2.f90  -O3 -fomit-frame-pointer -funroll-loops  compilation failed to produce executable
FAIL: gfortran.dg/vector_subscript_2.f90  -O3 -fomit-frame-pointer -funroll-all-loops -finline-functions  (internal compiler error)
FAIL: gfortran.dg/vector_subscript_2.f90  -O3 -fomit-frame-pointer -funroll-all-loops -finline-functions  (test for excess errors)
WARNING: gfortran.dg/vector_subscript_2.f90  -O3 -fomit-frame-pointer -funroll-all-loops -finline-functions  compilation failed to produce executable
FAIL: gfortran.dg/vector_subscript_2.f90  -O3 -g  (internal compiler error)
FAIL: gfortran.dg/vector_subscript_2.f90  -O3 -g  (test for excess errors)
WARNING: gfortran.dg/vector_subscript_2.f90  -O3 -g  compilation failed to produce executable
FAIL: gfortran.dg/widechar_2.f90  -O3 -fomit-frame-pointer  (internal compiler error)
FAIL: gfortran.dg/widechar_2.f90  -O3 -fomit-frame-pointer  (test for excess errors)
WARNING: gfortran.dg/widechar_2.f90  -O3 -fomit-frame-pointer  compilation failed to produce executable
FAIL: gfortran.dg/widechar_2.f90  -O3 -fomit-frame-pointer -funroll-loops  (internal compiler error)
FAIL: gfortran.dg/widechar_2.f90  -O3 -fomit-frame-pointer -funroll-loops  (test for excess errors)
WARNING: gfortran.dg/widechar_2.f90  -O3 -fomit-frame-pointer -funroll-loops  compilation failed to produce executable
FAIL: gfortran.dg/widechar_2.f90  -O3 -fomit-frame-pointer -funroll-all-loops -finline-functions  (internal compiler error)
FAIL: gfortran.dg/widechar_2.f90  -O3 -fomit-frame-pointer -funroll-all-loops -finline-functions  (test for excess errors)
WARNING: gfortran.dg/widechar_2.f90  -O3 -fomit-frame-pointer -funroll-all-loops -finline-functions  compilation failed to produce executable
FAIL: gfortran.dg/widechar_2.f90  -O3 -g  (internal compiler error)
FAIL: gfortran.dg/widechar_2.f90  -O3 -g  (test for excess errors)
WARNING: gfortran.dg/widechar_2.f90  -O3 -g  compilation failed to produce executable
FAIL: gfortran.dg/widechar_intrinsics_4.f90  -O3 -fomit-frame-pointer  (internal compiler error)
FAIL: gfortran.dg/widechar_intrinsics_4.f90  -O3 -fomit-frame-pointer  (test for excess errors)
WARNING: gfortran.dg/widechar_intrinsics_4.f90  -O3 -fomit-frame-pointer  compilation failed to produce executable
FAIL: gfortran.dg/widechar_intrinsics_4.f90  -O3 -fomit-frame-pointer -funroll-loops  (internal compiler error)
FAIL: gfortran.dg/widechar_intrinsics_4.f90  -O3 -fomit-frame-pointer -funroll-loops  (test for excess errors)
WARNING: gfortran.dg/widechar_intrinsics_4.f90  -O3 -fomit-frame-pointer -funroll-loops  compilation failed to produce executable
FAIL: gfortran.dg/widechar_intrinsics_4.f90  -O3 -fomit-frame-pointer -funroll-all-loops -finline-functions  (internal compiler error)
FAIL: gfortran.dg/widechar_intrinsics_4.f90  -O3 -fomit-frame-pointer -funroll-all-loops -finline-functions  (test for excess errors)
WARNING: gfortran.dg/widechar_intrinsics_4.f90  -O3 -fomit-frame-pointer -funroll-all-loops -finline-functions  compilation failed to produce executable
FAIL: gfortran.dg/widechar_intrinsics_4.f90  -O3 -g  (internal compiler error)
FAIL: gfortran.dg/widechar_intrinsics_4.f90  -O3 -g  (test for excess errors)
WARNING: gfortran.dg/widechar_intrinsics_4.f90  -O3 -g  compilation failed to produce executable
FAIL: gfortran.dg/zero_sized_1.f90  -O3 -fomit-frame-pointer  (internal compiler error)
FAIL: gfortran.dg/zero_sized_1.f90  -O3 -fomit-frame-pointer  (test for excess errors)
WARNING: gfortran.dg/zero_sized_1.f90  -O3 -fomit-frame-pointer  compilation failed to produce executable
FAIL: gfortran.dg/zero_sized_1.f90  -O3 -fomit-frame-pointer -funroll-loops  (internal compiler error)
FAIL: gfortran.dg/zero_sized_1.f90  -O3 -fomit-frame-pointer -funroll-loops  (test for excess errors)
WARNING: gfortran.dg/zero_sized_1.f90  -O3 -fomit-frame-pointer -funroll-loops  compilation failed to produce executable
FAIL: gfortran.dg/zero_sized_1.f90  -O3 -fomit-frame-pointer -funroll-all-loops -finline-functions  (internal compiler error)
FAIL: gfortran.dg/zero_sized_1.f90  -O3 -fomit-frame-pointer -funroll-all-loops -finline-functions  (test for excess errors)
WARNING: gfortran.dg/zero_sized_1.f90  -O3 -fomit-frame-pointer -funroll-all-loops -finline-functions  compilation failed to produce executable
FAIL: gfortran.dg/zero_sized_1.f90  -O3 -g  (internal compiler error)
FAIL: gfortran.dg/zero_sized_1.f90  -O3 -g  (test for excess errors)
WARNING: gfortran.dg/zero_sized_1.f90  -O3 -g  compilation failed to produce executable
FAIL: gfortran.fortran-torture/execute/forall_1.f90, -O2 -ftree-vectorize -mmax  (internal compiler error)
FAIL: gfortran.fortran-torture/execute/forall_3.f90,  -O3 -g  (internal compiler error)
FAIL: gfortran.fortran-torture/execute/forall_3.f90, -O2 -ftree-vectorize -mmax  (internal compiler error)
FAIL: gfortran.fortran-torture/execute/in-pack.f90,  -O3 -g  (internal compiler error)
FAIL: gfortran.fortran-torture/execute/in-pack.f90, -O2 -ftree-vectorize -mmax  (internal compiler error)
FAIL: gfortran.fortran-torture/execute/intrinsic_associated.f90,  -O3 -g  (internal compiler error)
FAIL: gfortran.fortran-torture/execute/intrinsic_associated.f90, -O2 -ftree-vectorize -mmax  (internal compiler error)
FAIL: gfortran.fortran-torture/execute/intrinsic_nearest.f90 execution,  -O2 
FAIL: gfortran.fortran-torture/execute/intrinsic_nearest.f90 execution,  -O2 -fomit-frame-pointer -finline-functions 
FAIL: gfortran.fortran-torture/execute/intrinsic_nearest.f90 execution,  -O2 -fomit-frame-pointer -finline-functions -funroll-loops 
FAIL: gfortran.fortran-torture/execute/intrinsic_nearest.f90 execution,  -O2 -fbounds-check 
FAIL: gfortran.fortran-torture/execute/intrinsic_nearest.f90 execution,  -O3 -g 
FAIL: gfortran.fortran-torture/execute/intrinsic_nearest.f90 execution,  -Os 
FAIL: gfortran.fortran-torture/execute/intrinsic_nearest.f90 execution, -O2 -ftree-vectorize -mmax 
FAIL: gfortran.fortran-torture/execute/scalarize2.f90,  -O3 -g  (internal compiler error)
FAIL: gfortran.fortran-torture/execute/scalarize2.f90, -O2 -ftree-vectorize -mmax  (internal compiler error)
FAIL: gfortran.fortran-torture/execute/where_3.f90,  -O3 -g  (internal compiler error)
FAIL: gfortran.fortran-torture/execute/where_3.f90, -O2 -ftree-vectorize -mmax  (internal compiler error)
FAIL: gfortran.fortran-torture/execute/where_7.f90,  -O3 -g  (internal compiler error)
FAIL: gfortran.fortran-torture/execute/where_7.f90, -O2 -ftree-vectorize -mmax  (internal compiler error)

		=== gfortran Summary ===

# of expected passes		30408
# of unexpected failures	227
# of expected failures		20
# of unsupported tests		70
/amnt/galeras/export/vol/gccsrc/obj/alpha/gcc-4.5.0-20090612/5.1b-gcc/gcc/testsuite/gfortran/../../gfortran  version 4.5.0 20090612 (experimental) [trunk revision 148427] (GCC) 

		=== gnat tests ===


Running target unix
FAIL: gnat.dg/aliased_prefix_accessibility.adb execution test
FAIL: gnat.dg/atomic1.adb scan-tree-dump-times gimple "v_16" 1
FAIL: gnat.dg/conv_bug.adb execution test
FAIL: gnat.dg/curr_task.adb execution test
FAIL: gnat.dg/expect1.adb execution test
FAIL: gnat.dg/handle_raise_from_pure.adb execution test
FAIL: gnat.dg/iprot_test.adb execution test
FAIL: gnat.dg/missing_acc_check.adb execution test
FAIL: gnat.dg/nested_controlled_alloc.adb execution test
FAIL: gnat.dg/not_null.adb execution test
FAIL: gnat.dg/regpat1.adb execution test
FAIL: gnat.dg/tag1.adb execution test
FAIL: gnat.dg/test_enum_io.adb execution test
FAIL: gnat.dg/test_fixed_io.adb execution test
FAIL: gnat.dg/test_image.adb execution test
FAIL: gnat.dg/test_overflow_sum.adb execution test
FAIL: gnat.dg/test_prio.adb execution test
FAIL: gnat.dg/test_raise_from_pure.adb execution test
FAIL: gnat.dg/specs/alignment1.ads (test for excess errors)
FAIL: gnat.dg/specs/alignment2.ads  (test for warnings, line 12)
FAIL: gnat.dg/specs/alignment2.ads  (test for warnings, line 18)
FAIL: gnat.dg/specs/alignment2.ads  (test for warnings, line 36)
FAIL: gnat.dg/specs/alignment2.ads  (test for warnings, line 40)
FAIL: gnat.dg/specs/alignment2.ads (test for excess errors)

		=== gnat Summary ===

# of expected passes		636
# of unexpected failures	24
# of expected failures		5
		=== objc tests ===


Running target unix
FAIL: objc/execute/forward-1.m execution,  -O0 -fgnu-runtime
FAIL: objc/execute/forward-1.m execution,  -O1 -fgnu-runtime
FAIL: objc/execute/forward-1.m execution,  -O2 -fgnu-runtime
FAIL: objc/execute/forward-1.m execution,  -O3 -fomit-frame-pointer -fgnu-runtime
FAIL: objc/execute/forward-1.m execution,  -O3 -fomit-frame-pointer -funroll-loops -fgnu-runtime
FAIL: objc/execute/forward-1.m execution,  -O3 -fomit-frame-pointer -funroll-all-loops -finline-functions -fgnu-runtime
FAIL: objc/execute/forward-1.m execution,  -O3 -g -fgnu-runtime
FAIL: objc/execute/forward-1.m execution,  -Os -fgnu-runtime
FAIL: objc.dg/dwarf-1.m (test for excess errors)
ERROR: objc.dg/dwarf-1.m: error executing dg-final: couldn't open "dwarf-1.s": no such file or directory
UNRESOLVED: objc.dg/dwarf-1.m: error executing dg-final: couldn't open "dwarf-1.s": no such file or directory
FAIL: objc.dg/dwarf-2.m (test for excess errors)
ERROR: objc.dg/dwarf-2.m: error executing dg-final: couldn't open "dwarf-2.s": no such file or directory
UNRESOLVED: objc.dg/dwarf-2.m: error executing dg-final: couldn't open "dwarf-2.s": no such file or directory

		=== objc Summary ===

# of expected passes		1857
# of unexpected failures	10
# of expected failures		7
# of unresolved testcases	2
# of unsupported tests		26
/amnt/galeras/export/vol/gccsrc/obj/alpha/gcc-4.5.0-20090612/5.1b-gcc/gcc/xgcc  version 4.5.0 20090612 (experimental) [trunk revision 148427] (GCC) 


Compiler version: 4.5.0 20090612 (experimental) [trunk revision 148427] (GCC) 
Platform: alpha-dec-osf5.1b
configure flags: --prefix=/vol/gcc --with-local-prefix=/vol/gcc --disable-nls --host alpha-dec-osf5.1b --build alpha-dec-osf5.1b --target alpha-dec-osf5.1b --with-gmp=/vol/gcc --with-mpfr=/vol/gcc --enable-languages=c,c++,fortran,java,objc,ada --disable-libmudflap
BOOT_CFLAGS=-g -O2


Index Nav: [Date Index] [Subject Index] [Author Index] [Thread Index]
Message Nav: [Date Prev] [Date Next] [Thread Prev] [Thread Next]