This is the mail archive of the gcc-testresults@gcc.gnu.org mailing list for the GCC project.


Index Nav: [Date Index] [Subject Index] [Author Index] [Thread Index]
Message Nav: [Date Prev] [Date Next] [Thread Prev] [Thread Next]
Other format: [Raw text]

Results for 4.5.0 20090708 (experimental) [trunk revision 149391] (GCC) testsuite on x86_64-unknown-linux-gnu


LAST_UPDATED: Wed Jul  8 21:48:25 UTC 2009 (revision 149391)

Native configuration is x86_64-unknown-linux-gnu

		=== gcc tests ===


Running target unix
FAIL: gcc.c-torture/compile/limits-exprparen.c  -O0  (test for excess errors)
FAIL: gcc.c-torture/compile/limits-exprparen.c  -O1  (test for excess errors)
FAIL: gcc.c-torture/compile/limits-exprparen.c  -O2  (test for excess errors)
FAIL: gcc.c-torture/compile/limits-exprparen.c  -O3 -fomit-frame-pointer  (test for excess errors)
FAIL: gcc.c-torture/compile/limits-exprparen.c  -O3 -g  (test for excess errors)
FAIL: gcc.c-torture/compile/limits-exprparen.c  -Os  (test for excess errors)
XPASS: gcc.dg/Warray-bounds.c  (test for warnings, line 59)
XPASS: gcc.dg/Warray-bounds.c  (test for warnings, line 65)
FAIL: gcc.dg/Wshadow-3.c  (test for warnings, line 47)
FAIL: gcc.dg/Wshadow-3.c (test for excess errors)
XPASS: gcc.dg/Wunreachable-8.c  (test for bogus messages, line 7)
FAIL: gcc.dg/pr34989-1.c (internal compiler error)
FAIL: gcc.dg/pr34989-1.c (test for excess errors)
FAIL: gcc.dg/pr36902.c  (test for warnings, line 47)
FAIL: gcc.dg/pr36902.c (test for excess errors)
FAIL: gcc.dg/special/gcsec-1.c (test for excess errors)
WARNING: gcc.dg/special/gcsec-1.c compilation failed to produce executable
XPASS: gcc.dg/struct/wo_prof_array_through_pointer.c scan-ipa-dump ipa_struct_reorg "Number of structures to transform is 1"
FAIL: gcc.dg/struct/wo_prof_double_malloc.c (internal compiler error)
FAIL: gcc.dg/struct/wo_prof_double_malloc.c (test for excess errors)
WARNING: gcc.dg/struct/wo_prof_double_malloc.c compilation failed to produce executable
FAIL: gcc.dg/tree-prof/bb-reorg.c compilation,  -fprofile-use -D_PROFILE_USE
UNRESOLVED: gcc.dg/tree-prof/bb-reorg.c execution,    -fprofile-use -D_PROFILE_USE
FAIL: gcc.dg/tree-prof/pr34999.c compilation,  -fprofile-use -D_PROFILE_USE
UNRESOLVED: gcc.dg/tree-prof/pr34999.c execution,    -fprofile-use -D_PROFILE_USE

		=== gcc Summary ===

# of expected passes		58792
# of unexpected failures	17
# of unexpected successes	4
# of expected failures		193
# of unresolved testcases	2
# of unsupported tests		802
/home/mark/src/gcc-obj/gcc/xgcc  version 4.5.0 20090708 (experimental) [trunk revision 149391] (GCC) 

		=== gfortran tests ===


Running target unix

		=== gfortran Summary ===

# of expected passes		31218
# of expected failures		20
# of unsupported tests		51
/home/mark/src/gcc-obj/gcc/testsuite/gfortran/../../gfortran  version 4.5.0 20090708 (experimental) [trunk revision 149391] (GCC) 

		=== g++ tests ===


Running target unix
FAIL: g++.old-deja/g++.law/weak.C (test for excess errors)

		=== g++ Summary ===

# of expected passes		19895
# of unexpected failures	1
# of expected failures		148
# of unsupported tests		263
/home/mark/src/gcc-obj/gcc/testsuite/g++/../../g++  version 4.5.0 20090708 (experimental) [trunk revision 149391] (GCC) 

		=== objc tests ===


Running target unix

		=== objc Summary ===

# of expected passes		1867
# of expected failures		15
# of unsupported tests		24
/home/mark/src/gcc-obj/gcc/xgcc  version 4.5.0 20090708 (experimental) [trunk revision 149391] (GCC) 

		=== libffi tests ===


Running target unix

		=== libffi Summary ===

# of expected passes		1584
# of expected failures		20
# of unsupported tests		15
		=== libgomp tests ===


Running target unix

		=== libgomp Summary ===

# of expected passes		2408
		=== libjava tests ===


Running target unix

		=== libjava Summary ===

# of expected passes		2574
		=== libmudflap tests ===


Running target unix
FAIL: libmudflap.c/fail31-frag.c (-O3) output pattern test
FAIL: libmudflap.c/pass45-frag.c (-O3) execution test
FAIL: libmudflap.c/pass45-frag.c (-O3) output pattern test
FAIL: libmudflap.c/pass45-frag.c (-O3) execution test
FAIL: libmudflap.c/pass45-frag.c (-O3) output pattern test
FAIL: libmudflap.c++/pass41-frag.cxx execution test
FAIL: libmudflap.c++/pass41-frag.cxx ( -O) execution test
FAIL: libmudflap.c++/pass41-frag.cxx (-O2) execution test
FAIL: libmudflap.c++/pass41-frag.cxx (-O3) execution test

		=== libmudflap Summary ===

# of expected passes		1418
# of unexpected failures	9
		=== libstdc++ tests ===


Running target unix
XPASS: 26_numerics/headers/cmath/c99_classification_macros_c.cc (test for excess errors)

		=== libstdc++ Summary ===

# of expected passes		6890
# of unexpected successes	1
# of expected failures		84
# of unsupported tests		13

Compiler version: 4.5.0 20090708 (experimental) [trunk revision 149391] (GCC) 
Platform: x86_64-unknown-linux-gnu
configure flags: --prefix=/usr/local/gcc --enable-languages=c,c++,fortran,java,objc --no-create --no-recursion


Index Nav: [Date Index] [Subject Index] [Author Index] [Thread Index]
Message Nav: [Date Prev] [Date Next] [Thread Prev] [Thread Next]