This is the mail archive of the gcc-testresults@gcc.gnu.org mailing list for the GCC project.


Index Nav: [Date Index] [Subject Index] [Author Index] [Thread Index]
Message Nav: [Date Prev] [Date Next] [Thread Prev] [Thread Next]
Other format: [Raw text]

Results for 4.5.0 20090704 (experimental) [trunk revision 149223] (GCC) testsuite on ia64-suse-linux-gnu


LAST_UPDATED: Sat Jul  4 08:00:43 UTC 2009 (revision 149223)

		=== acats tests ===
FAIL:	c94007b
FAIL:	c94008d

		=== acats Summary ===
# of expected passes		2313
# of unexpected failures	2
Native configuration is ia64-suse-linux-gnu

		=== g++ tests ===


Running target unix

		=== g++ Summary ===

# of expected passes		18856
# of expected failures		148
# of unsupported tests		168
/usr/local/gcc/gcc-20090704/Build/gcc/testsuite/g++/../../g++  version 4.5.0 20090704 (experimental) [trunk revision 149223] (GCC) 

		=== gcc tests ===


Running target unix
ERROR: tcl error sourcing /usr/local/gcc/gcc-20090704/gcc/testsuite/gcc.dg/compat/struct-layout-1.exp.
ERROR: can't read "ld_library_path": no such variable
XPASS: gcc.dg/Warray-bounds.c  (test for warnings, line 59)
XPASS: gcc.dg/Warray-bounds.c  (test for warnings, line 65)
FAIL: gcc.dg/Wshadow-3.c  (test for warnings, line 47)
FAIL: gcc.dg/Wshadow-3.c (test for excess errors)
XPASS: gcc.dg/Wunreachable-8.c  (test for bogus messages, line 7)
FAIL: gcc.dg/builtin-apply4.c execution test
FAIL: gcc.dg/pr34989-1.c (internal compiler error)
FAIL: gcc.dg/pr34989-1.c (test for excess errors)
FAIL: gcc.dg/pr36902.c  (test for warnings, line 47)
FAIL: gcc.dg/pr36902.c (test for excess errors)
FAIL: gcc.dg/pr37106-1.c (internal compiler error)
FAIL: gcc.dg/pr37106-1.c (test for excess errors)
XPASS: gcc.dg/struct/wo_prof_array_through_pointer.c scan-ipa-dump ipa_struct_reorg "Number of structures to transform is 1"
FAIL: gcc.dg/struct/wo_prof_double_malloc.c (internal compiler error)
FAIL: gcc.dg/struct/wo_prof_double_malloc.c (test for excess errors)
WARNING: gcc.dg/struct/wo_prof_double_malloc.c compilation failed to produce executable
XPASS: gcc.dg/tree-ssa/loop-1.c scan-assembler-times foo 5

		=== gcc Summary ===

# of expected passes		51908
# of unexpected failures	11
# of unexpected successes	5
# of expected failures		212
# of unsupported tests		598
/usr/local/gcc/gcc-20090704/Build/gcc/xgcc  version 4.5.0 20090704 (experimental) [trunk revision 149223] (GCC) 

		=== gfortran tests ===


Running target unix
WARNING: program timed out.
FAIL: gfortran.dg/vect/fast-math-pr38968.f90 execution test

		=== gfortran Summary ===

# of expected passes		31114
# of unexpected failures	1
# of expected failures		21
# of unsupported tests		28
/usr/local/gcc/gcc-20090704/Build/gcc/testsuite/gfortran/../../gfortran  version 4.5.0 20090704 (experimental) [trunk revision 149223] (GCC) 

		=== gnat tests ===


Running target unix

		=== gnat Summary ===

# of expected passes		676
# of expected failures		5
		=== obj-c++ tests ===


Running target unix
FAIL: obj-c++.dg/basic.mm (internal compiler error)
FAIL: obj-c++.dg/basic.mm (test for excess errors)
WARNING: obj-c++.dg/basic.mm compilation failed to produce executable
FAIL: obj-c++.dg/cxx-scope-2.mm (internal compiler error)
FAIL: obj-c++.dg/cxx-scope-2.mm  (test for warnings, line 14)
FAIL: obj-c++.dg/cxx-scope-2.mm  (test for warnings, line 16)
FAIL: obj-c++.dg/cxx-scope-2.mm (test for excess errors)
WARNING: obj-c++.dg/lookup-2.mm compilation failed to produce executable
FAIL: obj-c++.dg/no-extra-load.mm (internal compiler error)
FAIL: obj-c++.dg/no-extra-load.mm (test for excess errors)
ERROR: obj-c++.dg/no-extra-load.mm: error executing dg-final: couldn't open "no-extra-load.s": no such file or directory
UNRESOLVED: obj-c++.dg/no-extra-load.mm: error executing dg-final: couldn't open "no-extra-load.s": no such file or directory
WARNING: obj-c++.dg/try-catch-2.mm compilation failed to produce executable
WARNING: obj-c++.dg/try-catch-9.mm compilation failed to produce executable

		=== obj-c++ Summary ===

# of expected passes		420
# of unexpected failures	8
# of expected failures		21
# of unresolved testcases	1
# of unsupported tests		13
/usr/local/gcc/gcc-20090704/Build/gcc/testsuite/obj-c++/../../g++  version 4.5.0 20090704 (experimental) [trunk revision 149223] (GCC) 

		=== objc tests ===


Running target unix

		=== objc Summary ===

# of expected passes		1865
# of expected failures		15
# of unsupported tests		25
/usr/local/gcc/gcc-20090704/Build/gcc/xgcc  version 4.5.0 20090704 (experimental) [trunk revision 149223] (GCC) 

		=== libffi tests ===


Running target unix
FAIL: libffi.call/cls_longdouble_va.c -O0 -W -Wall output pattern test, is %.1f
FAIL: libffi.call/cls_longdouble_va.c -O2 output pattern test, is %.1f
FAIL: libffi.call/cls_longdouble_va.c -O3 output pattern test, is %.1f
FAIL: libffi.call/cls_longdouble_va.c -Os output pattern test, is %.1f
FAIL: libffi.call/cls_longdouble_va.c -O2 -fomit-frame-pointer output pattern test, is %.1f

		=== libffi Summary ===

# of expected passes		1589
# of unexpected failures	5
# of expected failures		10
# of unsupported tests		15
		=== libgomp tests ===


Running target unix
FAIL: libgomp.c/omp-loop03.c execution test
FAIL: libgomp.c++/loop-3.C  -O  execution test

		=== libgomp Summary ===

# of expected passes		2406
# of unexpected failures	2
		=== libjava tests ===


Running target unix
FAIL: TestClosureGC run
FAIL: getlocalvartable output
FAIL: Array_3 execution - source compiled test
FAIL: Array_3 -findirect-dispatch execution - source compiled test
FAIL: Array_3 -O3 execution - source compiled test
FAIL: Array_3 -O3 -findirect-dispatch execution - source compiled test
FAIL: Invoke_1 execution - source compiled test
FAIL: Invoke_1 -findirect-dispatch execution - source compiled test
FAIL: Invoke_1 -O3 execution - source compiled test
FAIL: Invoke_1 -O3 -findirect-dispatch execution - source compiled test
FAIL: Throw_3 -O3 output - source compiled test
FAIL: Throw_3 -O3 -findirect-dispatch output - source compiled test
FAIL: pr83 -findirect-dispatch execution - source compiled test
FAIL: pr83 -O3 -findirect-dispatch execution - source compiled test

		=== libjava Summary ===

# of expected passes		2550
# of unexpected failures	14
# of untested testcases		11
		=== libmudflap tests ===


Running target unix
FAIL: libmudflap.c/pass54-frag.c execution test
FAIL: libmudflap.c/pass54-frag.c execution test
FAIL: libmudflap.c/pass54-frag.c (-static) execution test
FAIL: libmudflap.c/pass54-frag.c (-static) execution test
FAIL: libmudflap.c/fail31-frag.c (-O3) crash test
FAIL: libmudflap.c/fail31-frag.c (-O3) output pattern test
FAIL: libmudflap.c/pass45-frag.c (-O3) execution test
FAIL: libmudflap.c/pass45-frag.c (-O3) output pattern test
FAIL: libmudflap.c/pass45-frag.c (-O3) execution test
FAIL: libmudflap.c/pass45-frag.c (-O3) output pattern test
FAIL: libmudflap.c++/pass41-frag.cxx execution test
FAIL: libmudflap.c++/pass41-frag.cxx (-static) execution test
FAIL: libmudflap.c++/pass41-frag.cxx ( -O) execution test
FAIL: libmudflap.c++/pass41-frag.cxx (-O2) execution test
FAIL: libmudflap.c++/pass41-frag.cxx (-O3) execution test

		=== libmudflap Summary ===

# of expected passes		1879
# of unexpected failures	15
		=== libstdc++ tests ===


Running target unix
XPASS: 26_numerics/headers/cmath/c99_classification_macros_c.cc (test for excess errors)

		=== libstdc++ Summary ===

# of expected passes		6878
# of unexpected successes	1
# of expected failures		84
# of unsupported tests		15

Compiler version: 4.5.0 20090704 (experimental) [trunk revision 149223] (GCC) 
Platform: ia64-suse-linux-gnu
configure flags: --prefix=/usr --build=ia64-suse-linux --host=ia64-suse-linux --enable-shared --enable-threads --enable-__cxa_atexit --with-system-zlib --with-system-libunwind


Index Nav: [Date Index] [Subject Index] [Author Index] [Thread Index]
Message Nav: [Date Prev] [Date Next] [Thread Prev] [Thread Next]