This is the mail archive of the gcc-testresults@gcc.gnu.org mailing list for the GCC project.


Index Nav: [Date Index] [Subject Index] [Author Index] [Thread Index]
Message Nav: [Date Prev] [Date Next] [Thread Prev] [Thread Next]
Other format: [Raw text]

Results for 4.5.0 20090702 (experimental) (GCC) testsuite on ia64-hp-hpux11.23


Native configuration is ia64-hp-hpux11.23

		=== g++ tests ===


Running target unix/-milp32
WARNING: program timed out.
FAIL: g++.dg/eh/cleanup1.C (test for excess errors)

		=== g++ Summary for unix/-milp32 ===

# of expected passes		18817
# of unexpected failures	1
# of expected failures		154
# of unsupported tests		195

Running target unix/-mlp64

		=== g++ Summary for unix/-mlp64 ===

# of expected passes		18779
# of expected failures		154
# of unsupported tests		196

		=== g++ Summary ===

# of expected passes		37596
# of unexpected failures	1
# of expected failures		308
# of unsupported tests		391
/proj/opensrc_nobackup/nightly2/build-ia64-hp-hpux11.23-trunk/obj_gcc/gcc/testsuite/g++/../../g++  version 4.5.0 20090702 (experimental) (GCC) 

		=== gcc tests ===


Running target unix/-milp32
ERROR: tcl error sourcing /proj/opensrc/nightly2/src/trunk/gcc/testsuite/gcc.dg/compat/struct-layout-1.exp.
ERROR: can't read "ld_library_path": no such variable
XPASS: gcc.dg/Warray-bounds.c  (test for warnings, line 59)
XPASS: gcc.dg/Warray-bounds.c  (test for warnings, line 65)
FAIL: gcc.dg/Wshadow-3.c  (test for warnings, line 47)
FAIL: gcc.dg/Wshadow-3.c (test for excess errors)
FAIL: gcc.dg/builtin-apply4.c execution test
FAIL: gcc.dg/pr34989-1.c (internal compiler error)
FAIL: gcc.dg/pr34989-1.c (test for excess errors)
FAIL: gcc.dg/pr36902.c  (test for warnings, line 47)
FAIL: gcc.dg/pr36902.c (test for excess errors)
FAIL: gcc.dg/pr37106-1.c (internal compiler error)
FAIL: gcc.dg/pr37106-1.c (test for excess errors)
XPASS: gcc.dg/struct/wo_prof_array_through_pointer.c scan-ipa-dump ipa_struct_reorg "Number of structures to transform is 1"
FAIL: gcc.dg/struct/wo_prof_double_malloc.c (internal compiler error)
FAIL: gcc.dg/struct/wo_prof_double_malloc.c (test for excess errors)
WARNING: gcc.dg/struct/wo_prof_double_malloc.c compilation failed to produce executable
FAIL: gcc.dg/torture/pr26565.c  -O1  execution test
FAIL: gcc.dg/torture/pr26565.c  -O2  execution test
FAIL: gcc.dg/torture/pr26565.c  -Os  execution test

		=== gcc Summary for unix/-milp32 ===

# of expected passes		51716
# of unexpected successes	3
# of unexpected failures	14
# of expected failures		213
# of unsupported tests		673

Running target unix/-mlp64
WARNING: program timed out.
FAIL: gcc.c-torture/compile/limits-fnargs.c  -O2  (test for excess errors)
ERROR: tcl error sourcing /proj/opensrc/nightly2/src/trunk/gcc/testsuite/gcc.dg/compat/struct-layout-1.exp.
ERROR: can't read "ld_library_path": no such variable
XPASS: gcc.dg/Warray-bounds.c  (test for warnings, line 59)
XPASS: gcc.dg/Warray-bounds.c  (test for warnings, line 65)
FAIL: gcc.dg/Wshadow-3.c  (test for warnings, line 47)
FAIL: gcc.dg/Wshadow-3.c (test for excess errors)
FAIL: gcc.dg/builtin-apply4.c execution test
FAIL: gcc.dg/pr34989-1.c (internal compiler error)
FAIL: gcc.dg/pr34989-1.c (test for excess errors)
FAIL: gcc.dg/pr36902.c  (test for warnings, line 47)
FAIL: gcc.dg/pr36902.c (test for excess errors)
FAIL: gcc.dg/pr37106-1.c (internal compiler error)
FAIL: gcc.dg/pr37106-1.c (test for excess errors)
XPASS: gcc.dg/struct/wo_prof_array_through_pointer.c scan-ipa-dump ipa_struct_reorg "Number of structures to transform is 1"
FAIL: gcc.dg/struct/wo_prof_double_malloc.c (internal compiler error)
FAIL: gcc.dg/struct/wo_prof_double_malloc.c (test for excess errors)
WARNING: gcc.dg/struct/wo_prof_double_malloc.c compilation failed to produce executable
FAIL: gcc.dg/torture/pr26565.c  -O1  execution test
FAIL: gcc.dg/torture/pr26565.c  -O2  execution test
FAIL: gcc.dg/torture/pr26565.c  -Os  execution test

		=== gcc Summary for unix/-mlp64 ===

# of expected passes		51730
# of unexpected successes	3
# of unexpected failures	15
# of expected failures		214
# of unsupported tests		662

		=== gcc Summary ===

# of expected passes		103446
# of unexpected failures	29
# of unexpected successes	6
# of expected failures		427
# of unsupported tests		1335
/proj/opensrc_nobackup/nightly2/build-ia64-hp-hpux11.23-trunk/obj_gcc/gcc/xgcc  version 4.5.0 20090702 (experimental) (GCC) 

		=== gfortran tests ===


Running target unix/-milp32
WARNING: program timed out.
FAIL: gfortran.dg/vect/fast-math-pr38968.f90 execution test

		=== gfortran Summary for unix/-milp32 ===

# of expected passes		31063
# of unexpected failures	1
# of expected failures		21
# of unsupported tests		44

Running target unix/-mlp64

		=== gfortran Summary for unix/-mlp64 ===

# of expected passes		31064
# of expected failures		21
# of unsupported tests		44

		=== gfortran Summary ===

# of expected passes		62127
# of unexpected failures	1
# of expected failures		42
# of unsupported tests		88
/proj/opensrc_nobackup/nightly2/build-ia64-hp-hpux11.23-trunk/obj_gcc/gcc/testsuite/gfortran/../../gfortran  version 4.5.0 20090702 (experimental) (GCC) 

		=== libgomp tests ===


Running target unix/-mlp64

		=== libgomp Summary for unix/-mlp64 ===

# of expected passes		2404
# of unsupported tests		2

Running target unix/-milp32

		=== libgomp Summary for unix/-milp32 ===

# of expected passes		2404
# of unsupported tests		2

		=== libgomp Summary ===

# of expected passes		4808
# of unsupported tests		4
		=== libstdc++ tests ===


Running target unix/-milp32
XPASS: 22_locale/collate/hash/char/1.cc (test for excess errors)
XPASS: 22_locale/collate/requirements/base_classes.cc (test for excess errors)
XPASS: 22_locale/collate/transform/wchar_t/28277.cc (test for excess errors)
XPASS: 22_locale/collate_byname/requirements/base_classes.cc (test for excess errors)
FAIL: 27_io/objects/wchar_t/7.cc execution test
FAIL: 27_io/objects/wchar_t/9661-1.cc execution test
FAIL: ext/codecvt/wchar_t.cc execution test
FAIL: ext/new_allocator/deallocate_global.cc execution test
FAIL: ext/throw_allocator/deallocate_global.cc execution test
WARNING: program timed out.
WARNING: program timed out.

		=== libstdc++ Summary for unix/-milp32 ===

# of expected passes		5679
# of unexpected successes	4
# of unexpected failures	5
# of expected failures		74
# of unsupported tests		618

Running target unix/-mlp64
XPASS: 22_locale/collate/hash/char/1.cc (test for excess errors)
XPASS: 22_locale/collate/requirements/base_classes.cc (test for excess errors)
XPASS: 22_locale/collate/transform/wchar_t/28277.cc (test for excess errors)
XPASS: 22_locale/collate_byname/requirements/base_classes.cc (test for excess errors)
FAIL: 27_io/objects/wchar_t/7.cc execution test
FAIL: 27_io/objects/wchar_t/9661-1.cc execution test
FAIL: ext/codecvt/wchar_t.cc execution test
FAIL: ext/new_allocator/deallocate_global.cc execution test
FAIL: ext/throw_allocator/deallocate_global.cc execution test
WARNING: program timed out.
WARNING: program timed out.

		=== libstdc++ Summary for unix/-mlp64 ===

# of expected passes		5746
# of unexpected successes	4
# of unexpected failures	5
# of expected failures		80
# of unsupported tests		583

		=== libstdc++ Summary ===

# of expected passes		11425
# of unexpected failures	10
# of unexpected successes	8
# of expected failures		154
# of unsupported tests		1201

		=== libstdc++ Summary ===


Compiler version: 4.5.0 20090702 (experimental) (GCC) 
Platform: ia64-hp-hpux11.23
configure flags: --host=ia64-hp-hpux11.23 --build=ia64-hp-hpux11.23 --prefix=/proj/opensrc/nightly2/gcc-ia64-hp-hpux11.23-trunk --with-local-prefix=/proj/opensrc/nightly2/gcc-ia64-hp-hpux11.23-trunk --disable-nls --with-gmp=/proj/opensrc/be/ia64-hp-hpux11.23 --with-mpfr=/proj/opensrc/be/ia64-hp-hpux11.23 --enable-libunwind-exceptions --enable-languages=c,c++,fortran


Index Nav: [Date Index] [Subject Index] [Author Index] [Thread Index]
Message Nav: [Date Prev] [Date Next] [Thread Prev] [Thread Next]