This is the mail archive of the
gcc-testresults@gcc.gnu.org
mailing list for the GCC project.
Results for 4.5.0 20090629 (experimental) (GCC) gcc testsuite on xtensa-unknown-elf
- From: Sterling Augustine <sterling at tensilica dot com>
- To: gcc-testresults at gcc dot gnu dot org
- Date: Mon, 29 Jun 2009 13:58:40 -0700
- Subject: Results for 4.5.0 20090629 (experimental) (GCC) gcc testsuite on xtensa-unknown-elf
Target is xtensa-unknown-elf
Host is i686-pc-linux-gnu
=== gcc tests ===
Running target xtensa-sim
FAIL: gcc.c-torture/compile/20010518-1.c (test for excess errors)
FAIL: gcc.c-torture/compile/20011109-1.c (test for excess errors)
FAIL: gcc.c-torture/compile/20011109-1.c (test for excess errors)
FAIL: gcc.c-torture/compile/20011109-1.c (test for excess errors)
FAIL: gcc.c-torture/compile/20011109-1.c (test for excess errors)
FAIL: gcc.c-torture/compile/20020315-1.c (test for excess errors)
FAIL: gcc.c-torture/compile/20020315-1.c (test for excess errors)
FAIL: gcc.c-torture/compile/20020315-1.c (test for excess errors)
FAIL: gcc.c-torture/compile/20020315-1.c (test for excess errors)
FAIL: gcc.c-torture/compile/20020315-1.c (test for excess errors)
FAIL: gcc.c-torture/compile/20020315-1.c (test for excess errors)
FAIL: gcc.c-torture/compile/20020701-1.c (test for excess errors)
FAIL: gcc.c-torture/compile/20030821-1.c (test for excess errors)
FAIL: gcc.c-torture/compile/20030821-1.c (test for excess errors)
FAIL: gcc.c-torture/compile/20030821-1.c (test for excess errors)
FAIL: gcc.c-torture/compile/20030821-1.c (test for excess errors)
FAIL: gcc.c-torture/compile/20030821-1.c (test for excess errors)
FAIL: gcc.c-torture/compile/20030821-1.c (test for excess errors)
FAIL: gcc.c-torture/compile/20030904-1.c (test for excess errors)
FAIL: gcc.c-torture/compile/20030904-1.c (test for excess errors)
FAIL: gcc.c-torture/compile/20030904-1.c (test for excess errors)
FAIL: gcc.c-torture/compile/20040419-1.c (test for excess errors)
FAIL: gcc.c-torture/compile/20040419-1.c (test for excess errors)
FAIL: gcc.c-torture/compile/20040419-1.c (test for excess errors)
FAIL: gcc.c-torture/compile/20040419-1.c (test for excess errors)
FAIL: gcc.c-torture/compile/20040419-1.c (test for excess errors)
FAIL: gcc.c-torture/compile/20041026-1.c (test for excess errors)
FAIL: gcc.c-torture/compile/20041026-1.c (test for excess errors)
FAIL: gcc.c-torture/compile/20041026-1.c (test for excess errors)
FAIL: gcc.c-torture/compile/20041026-1.c (test for excess errors)
FAIL: gcc.c-torture/compile/20041026-1.c (test for excess errors)
FAIL: gcc.c-torture/compile/20050423-1.c (test for excess errors)
FAIL: gcc.c-torture/compile/20051216-1.c (test for excess errors)
FAIL: gcc.c-torture/compile/20051216-1.c (test for excess errors)
FAIL: gcc.c-torture/compile/20051216-1.c (test for excess errors)
FAIL: gcc.c-torture/compile/20051216-1.c (test for excess errors)
FAIL: gcc.c-torture/compile/20051216-1.c (test for excess errors)
FAIL: gcc.c-torture/compile/20051216-1.c (test for excess errors)
FAIL: gcc.c-torture/compile/20051216-1.c (test for excess errors)
FAIL: gcc.c-torture/compile/20070827-1.c (test for excess errors)
FAIL: gcc.c-torture/compile/20070827-1.c (test for excess errors)
FAIL: gcc.c-torture/compile/20070827-1.c (test for excess errors)
FAIL: gcc.c-torture/compile/20070827-1.c (test for excess errors)
FAIL: gcc.c-torture/compile/20070827-1.c (test for excess errors)
FAIL: gcc.c-torture/compile/20070827-1.c (test for excess errors)
FAIL: gcc.c-torture/compile/20070827-1.c (test for excess errors)
FAIL: gcc.c-torture/compile/20071214-1.c (test for excess errors)
FAIL: gcc.c-torture/compile/20080812-1.c (test for excess errors)
FAIL: gcc.c-torture/compile/20080812-1.c (test for excess errors)
FAIL: gcc.c-torture/compile/20080812-1.c (test for excess errors)
FAIL: gcc.c-torture/compile/20080812-1.c (test for excess errors)
FAIL: gcc.c-torture/compile/20080812-1.c (test for excess errors)
FAIL: gcc.c-torture/compile/20080812-1.c (test for excess errors)
FAIL: gcc.c-torture/compile/20080812-1.c (test for excess errors)
FAIL: gcc.c-torture/compile/20080812-1.c (test for excess errors)
FAIL: gcc.c-torture/compile/20081203-1.c (test for excess errors)
FAIL: gcc.c-torture/compile/20081203-1.c (test for excess errors)
FAIL: gcc.c-torture/compile/920501-15.c (test for excess errors)
FAIL: gcc.c-torture/compile/920501-15.c (test for excess errors)
FAIL: gcc.c-torture/compile/920501-15.c (test for excess errors)
FAIL: gcc.c-torture/compile/920501-15.c (test for excess errors)
FAIL: gcc.c-torture/compile/920501-15.c (test for excess errors)
FAIL: gcc.c-torture/compile/920501-4.c (test for excess errors)
FAIL: gcc.c-torture/compile/920501-4.c (test for excess errors)
FAIL: gcc.c-torture/compile/920501-4.c (test for excess errors)
FAIL: gcc.c-torture/compile/920501-4.c (test for excess errors)
FAIL: gcc.c-torture/compile/920501-4.c (test for excess errors)
FAIL: gcc.c-torture/compile/920501-4.c (test for excess errors)
FAIL: gcc.c-torture/compile/920501-4.c (test for excess errors)
FAIL: gcc.c-torture/compile/920608-1.c (test for excess errors)
FAIL: gcc.c-torture/compile/920608-1.c (test for excess errors)
FAIL: gcc.c-torture/compile/920608-1.c (test for excess errors)
FAIL: gcc.c-torture/compile/920608-1.c (test for excess errors)
FAIL: gcc.c-torture/compile/920608-1.c (test for excess errors)
FAIL: gcc.c-torture/compile/920608-1.c (test for excess errors)
FAIL: gcc.c-torture/compile/920828-1.c (test for excess errors)
FAIL: gcc.c-torture/compile/920828-1.c (test for excess errors)
FAIL: gcc.c-torture/compile/920828-1.c (test for excess errors)
FAIL: gcc.c-torture/compile/920828-1.c (test for excess errors)
FAIL: gcc.c-torture/compile/920828-1.c (test for excess errors)
FAIL: gcc.c-torture/compile/920928-3.c (test for excess errors)
FAIL: gcc.c-torture/compile/930222-1.c (test for excess errors)
FAIL: gcc.c-torture/compile/930222-1.c (test for excess errors)
FAIL: gcc.c-torture/compile/930222-1.c (test for excess errors)
FAIL: gcc.c-torture/compile/930222-1.c (test for excess errors)
FAIL: gcc.c-torture/compile/930222-1.c (test for excess errors)
FAIL: gcc.c-torture/compile/930621-1.c (test for excess errors)
FAIL: gcc.c-torture/compile/930621-1.c (test for excess errors)
FAIL: gcc.c-torture/compile/930621-1.c (test for excess errors)
FAIL: gcc.c-torture/compile/930621-1.c (test for excess errors)
FAIL: gcc.c-torture/compile/930621-1.c (test for excess errors)
FAIL: gcc.c-torture/compile/930621-1.c (test for excess errors)
FAIL: gcc.c-torture/compile/930621-1.c (test for excess errors)
FAIL: gcc.c-torture/compile/931102-1.c (test for excess errors)
FAIL: gcc.c-torture/compile/941014-3.c (test for excess errors)
FAIL: gcc.c-torture/compile/941014-3.c (test for excess errors)
FAIL: gcc.c-torture/compile/941014-3.c (test for excess errors)
FAIL: gcc.c-torture/compile/941014-3.c (test for excess errors)
FAIL: gcc.c-torture/compile/941014-3.c (test for excess errors)
FAIL: gcc.c-torture/compile/941014-3.c (test for excess errors)
FAIL: gcc.c-torture/compile/941014-3.c (test for excess errors)
FAIL: gcc.c-torture/compile/980506-2.c (test for excess errors)
FAIL: gcc.c-torture/compile/980506-2.c (test for excess errors)
FAIL: gcc.c-torture/compile/980506-2.c (test for excess errors)
FAIL: gcc.c-torture/compile/980506-2.c (test for excess errors)
FAIL: gcc.c-torture/compile/980506-2.c (test for excess errors)
FAIL: gcc.c-torture/compile/990829-1.c (test for excess errors)
FAIL: gcc.c-torture/compile/990829-1.c (test for excess errors)
FAIL: gcc.c-torture/compile/990829-1.c (test for excess errors)
FAIL: gcc.c-torture/compile/990829-1.c (test for excess errors)
FAIL: gcc.c-torture/compile/990829-1.c (test for excess errors)
FAIL: gcc.c-torture/compile/990829-1.c (test for excess errors)
FAIL: gcc.c-torture/compile/limits-exprparen.c (test for excess errors)
FAIL: gcc.c-torture/compile/limits-exprparen.c (test for excess errors)
FAIL: gcc.c-torture/compile/limits-exprparen.c (test for excess errors)
FAIL: gcc.c-torture/compile/limits-exprparen.c (test for excess errors)
FAIL: gcc.c-torture/compile/limits-exprparen.c (test for excess errors)
FAIL: gcc.c-torture/compile/limits-exprparen.c (test for excess errors)
FAIL: gcc.c-torture/compile/pr23476.c (test for excess errors)
FAIL: gcc.c-torture/compile/pr23946.c (test for excess errors)
FAIL: gcc.c-torture/compile/pr23946.c (test for excess errors)
FAIL: gcc.c-torture/compile/pr23946.c (test for excess errors)
FAIL: gcc.c-torture/compile/pr23946.c (test for excess errors)
FAIL: gcc.c-torture/compile/pr23946.c (test for excess errors)
FAIL: gcc.c-torture/compile/pr23946.c (test for excess errors)
FAIL: gcc.c-torture/compile/pr23946.c (test for excess errors)
FAIL: gcc.c-torture/compile/pr24883.c (test for excess errors)
FAIL: gcc.c-torture/compile/pr25224.c (test for excess errors)
FAIL: gcc.c-torture/compile/pr25224.c (test for excess errors)
FAIL: gcc.c-torture/compile/pr25224.c (test for excess errors)
FAIL: gcc.c-torture/compile/pr25224.c (test for excess errors)
FAIL: gcc.c-torture/compile/pr25224.c (test for excess errors)
FAIL: gcc.c-torture/compile/pr25224.c (test for excess errors)
FAIL: gcc.c-torture/compile/pr25224.c (test for excess errors)
FAIL: gcc.c-torture/compile/pr26833.c (test for excess errors)
FAIL: gcc.c-torture/compile/pr26833.c (test for excess errors)
FAIL: gcc.c-torture/compile/pr26833.c (test for excess errors)
FAIL: gcc.c-torture/compile/pr26833.c (test for excess errors)
FAIL: gcc.c-torture/compile/pr26833.c (test for excess errors)
FAIL: gcc.c-torture/compile/pr26833.c (test for excess errors)
FAIL: gcc.c-torture/compile/pr34030.c (test for excess errors)
FAIL: gcc.c-torture/compile/pr34030.c (test for excess errors)
FAIL: gcc.c-torture/compile/pr34030.c (test for excess errors)
FAIL: gcc.c-torture/compile/pr34030.c (test for excess errors)
FAIL: gcc.c-torture/compile/pr34030.c (test for excess errors)
FAIL: gcc.c-torture/compile/pr37341.c (test for excess errors)
FAIL: gcc.c-torture/compile/pr37341.c (test for excess errors)
FAIL: gcc.c-torture/compile/pr37341.c (test for excess errors)
FAIL: gcc.c-torture/compile/pr37341.c (test for excess errors)
FAIL: gcc.c-torture/compile/pr37341.c (test for excess errors)
FAIL: gcc.c-torture/compile/pr37662.c (test for excess errors)
FAIL: gcc.c-torture/execute/20000403-1.c compilation, -O0
UNRESOLVED: gcc.c-torture/execute/20000403-1.c execution, -O0
FAIL: gcc.c-torture/execute/20000403-1.c compilation, -O1
UNRESOLVED: gcc.c-torture/execute/20000403-1.c execution, -O1
FAIL: gcc.c-torture/execute/20000403-1.c compilation, -O2
UNRESOLVED: gcc.c-torture/execute/20000403-1.c execution, -O2
FAIL: gcc.c-torture/execute/20000403-1.c compilation, -O3 -fomit-frame-pointer
UNRESOLVED: gcc.c-torture/execute/20000403-1.c execution, -O3 -fomit-frame-pointer
FAIL: gcc.c-torture/execute/20000403-1.c compilation, -O3 -g
UNRESOLVED: gcc.c-torture/execute/20000403-1.c execution, -O3 -g
FAIL: gcc.c-torture/execute/20000403-1.c compilation, -Os
UNRESOLVED: gcc.c-torture/execute/20000403-1.c execution, -Os
FAIL: gcc.c-torture/execute/20000731-2.c compilation, -O1
UNRESOLVED: gcc.c-torture/execute/20000731-2.c execution, -O1
FAIL: gcc.c-torture/execute/20000731-2.c compilation, -Os
UNRESOLVED: gcc.c-torture/execute/20000731-2.c execution, -Os
FAIL: gcc.c-torture/execute/20001013-1.c compilation, -O1
UNRESOLVED: gcc.c-torture/execute/20001013-1.c execution, -O1
FAIL: gcc.c-torture/execute/20001013-1.c compilation, -O2
UNRESOLVED: gcc.c-torture/execute/20001013-1.c execution, -O2
FAIL: gcc.c-torture/execute/20001013-1.c compilation, -O3 -fomit-frame-pointer
UNRESOLVED: gcc.c-torture/execute/20001013-1.c execution, -O3 -fomit-frame-pointer
FAIL: gcc.c-torture/execute/20001013-1.c compilation, -O3 -g
UNRESOLVED: gcc.c-torture/execute/20001013-1.c execution, -O3 -g
FAIL: gcc.c-torture/execute/20001013-1.c compilation, -Os
UNRESOLVED: gcc.c-torture/execute/20001013-1.c execution, -Os
FAIL: gcc.c-torture/execute/20010915-1.c compilation, -O0
UNRESOLVED: gcc.c-torture/execute/20010915-1.c execution, -O0
FAIL: gcc.c-torture/execute/20010915-1.c compilation, -O1
UNRESOLVED: gcc.c-torture/execute/20010915-1.c execution, -O1
FAIL: gcc.c-torture/execute/20010915-1.c compilation, -O2
UNRESOLVED: gcc.c-torture/execute/20010915-1.c execution, -O2
FAIL: gcc.c-torture/execute/20010915-1.c compilation, -O3 -fomit-frame-pointer
UNRESOLVED: gcc.c-torture/execute/20010915-1.c execution, -O3 -fomit-frame-pointer
FAIL: gcc.c-torture/execute/20010915-1.c compilation, -O3 -fomit-frame-pointer -funroll-loops
UNRESOLVED: gcc.c-torture/execute/20010915-1.c execution, -O3 -fomit-frame-pointer -funroll-loops
FAIL: gcc.c-torture/execute/20010915-1.c compilation, -O3 -fomit-frame-pointer -funroll-all-loops -finline-functions
UNRESOLVED: gcc.c-torture/execute/20010915-1.c execution, -O3 -fomit-frame-pointer -funroll-all-loops -finline-functions
FAIL: gcc.c-torture/execute/20010915-1.c compilation, -O3 -g
UNRESOLVED: gcc.c-torture/execute/20010915-1.c execution, -O3 -g
FAIL: gcc.c-torture/execute/20010915-1.c compilation, -Os
UNRESOLVED: gcc.c-torture/execute/20010915-1.c execution, -Os
FAIL: gcc.c-torture/execute/20020413-1.c compilation, -O0
UNRESOLVED: gcc.c-torture/execute/20020413-1.c execution, -O0
FAIL: gcc.c-torture/execute/20020418-1.c compilation, -O0
UNRESOLVED: gcc.c-torture/execute/20020418-1.c execution, -O0
FAIL: gcc.c-torture/execute/20020529-1.c compilation, -O0
UNRESOLVED: gcc.c-torture/execute/20020529-1.c execution, -O0
FAIL: gcc.c-torture/execute/20020529-1.c compilation, -O1
UNRESOLVED: gcc.c-torture/execute/20020529-1.c execution, -O1
FAIL: gcc.c-torture/execute/20020529-1.c compilation, -O2
UNRESOLVED: gcc.c-torture/execute/20020529-1.c execution, -O2
FAIL: gcc.c-torture/execute/20020529-1.c compilation, -O3 -fomit-frame-pointer
UNRESOLVED: gcc.c-torture/execute/20020529-1.c execution, -O3 -fomit-frame-pointer
FAIL: gcc.c-torture/execute/20020529-1.c compilation, -O3 -fomit-frame-pointer -funroll-loops
UNRESOLVED: gcc.c-torture/execute/20020529-1.c execution, -O3 -fomit-frame-pointer -funroll-loops
FAIL: gcc.c-torture/execute/20020529-1.c compilation, -O3 -fomit-frame-pointer -funroll-all-loops -finline-functions
UNRESOLVED: gcc.c-torture/execute/20020529-1.c execution, -O3 -fomit-frame-pointer -funroll-all-loops -finline-functions
FAIL: gcc.c-torture/execute/20020529-1.c compilation, -O3 -g
UNRESOLVED: gcc.c-torture/execute/20020529-1.c execution, -O3 -g
FAIL: gcc.c-torture/execute/20020529-1.c compilation, -Os
UNRESOLVED: gcc.c-torture/execute/20020529-1.c execution, -Os
FAIL: gcc.c-torture/execute/20020615-1.c compilation, -O1
UNRESOLVED: gcc.c-torture/execute/20020615-1.c execution, -O1
FAIL: gcc.c-torture/execute/20020615-1.c compilation, -O2
UNRESOLVED: gcc.c-torture/execute/20020615-1.c execution, -O2
FAIL: gcc.c-torture/execute/20020615-1.c compilation, -Os
UNRESOLVED: gcc.c-torture/execute/20020615-1.c execution, -Os
FAIL: gcc.c-torture/execute/20020916-1.c compilation, -O1
UNRESOLVED: gcc.c-torture/execute/20020916-1.c execution, -O1
FAIL: gcc.c-torture/execute/20021204-1.c compilation, -O1
UNRESOLVED: gcc.c-torture/execute/20021204-1.c execution, -O1
FAIL: gcc.c-torture/execute/20021204-1.c compilation, -O2
UNRESOLVED: gcc.c-torture/execute/20021204-1.c execution, -O2
FAIL: gcc.c-torture/execute/20021204-1.c compilation, -Os
UNRESOLVED: gcc.c-torture/execute/20021204-1.c execution, -Os
FAIL: gcc.c-torture/execute/20040307-1.c compilation, -O0
UNRESOLVED: gcc.c-torture/execute/20040307-1.c execution, -O0
FAIL: gcc.c-torture/execute/20050826-2.c compilation, -O2
UNRESOLVED: gcc.c-torture/execute/20050826-2.c execution, -O2
FAIL: gcc.c-torture/execute/20050826-2.c compilation, -O3 -fomit-frame-pointer
UNRESOLVED: gcc.c-torture/execute/20050826-2.c execution, -O3 -fomit-frame-pointer
FAIL: gcc.c-torture/execute/20050826-2.c compilation, -O3 -fomit-frame-pointer -funroll-loops
UNRESOLVED: gcc.c-torture/execute/20050826-2.c execution, -O3 -fomit-frame-pointer -funroll-loops
FAIL: gcc.c-torture/execute/20050826-2.c compilation, -O3 -fomit-frame-pointer -funroll-all-loops -finline-functions
UNRESOLVED: gcc.c-torture/execute/20050826-2.c execution, -O3 -fomit-frame-pointer -funroll-all-loops -finline-functions
FAIL: gcc.c-torture/execute/20050826-2.c compilation, -O3 -g
UNRESOLVED: gcc.c-torture/execute/20050826-2.c execution, -O3 -g
FAIL: gcc.c-torture/execute/20050826-2.c compilation, -Os
UNRESOLVED: gcc.c-torture/execute/20050826-2.c execution, -Os
FAIL: gcc.c-torture/execute/20070623-1.c compilation, -O0
UNRESOLVED: gcc.c-torture/execute/20070623-1.c execution, -O0
FAIL: gcc.c-torture/execute/20070623-1.c compilation, -O1
UNRESOLVED: gcc.c-torture/execute/20070623-1.c execution, -O1
FAIL: gcc.c-torture/execute/20070623-1.c compilation, -O2
UNRESOLVED: gcc.c-torture/execute/20070623-1.c execution, -O2
FAIL: gcc.c-torture/execute/20070623-1.c compilation, -O3 -fomit-frame-pointer
UNRESOLVED: gcc.c-torture/execute/20070623-1.c execution, -O3 -fomit-frame-pointer
FAIL: gcc.c-torture/execute/20070623-1.c compilation, -O3 -g
UNRESOLVED: gcc.c-torture/execute/20070623-1.c execution, -O3 -g
FAIL: gcc.c-torture/execute/20070623-1.c compilation, -Os
UNRESOLVED: gcc.c-torture/execute/20070623-1.c execution, -Os
FAIL: gcc.c-torture/execute/20080408-1.c compilation, -O0
UNRESOLVED: gcc.c-torture/execute/20080408-1.c execution, -O0
FAIL: gcc.c-torture/execute/920612-1.c compilation, -O0
UNRESOLVED: gcc.c-torture/execute/920612-1.c execution, -O0
FAIL: gcc.c-torture/execute/920612-1.c compilation, -O1
UNRESOLVED: gcc.c-torture/execute/920612-1.c execution, -O1
FAIL: gcc.c-torture/execute/920612-1.c compilation, -O2
UNRESOLVED: gcc.c-torture/execute/920612-1.c execution, -O2
FAIL: gcc.c-torture/execute/920612-1.c compilation, -O3 -fomit-frame-pointer
UNRESOLVED: gcc.c-torture/execute/920612-1.c execution, -O3 -fomit-frame-pointer
FAIL: gcc.c-torture/execute/920612-1.c compilation, -O3 -g
UNRESOLVED: gcc.c-torture/execute/920612-1.c execution, -O3 -g
FAIL: gcc.c-torture/execute/920612-1.c compilation, -Os
UNRESOLVED: gcc.c-torture/execute/920612-1.c execution, -Os
FAIL: gcc.c-torture/execute/920711-1.c compilation, -O0
UNRESOLVED: gcc.c-torture/execute/920711-1.c execution, -O0
FAIL: gcc.c-torture/execute/920711-1.c compilation, -O1
UNRESOLVED: gcc.c-torture/execute/920711-1.c execution, -O1
FAIL: gcc.c-torture/execute/920711-1.c compilation, -O2
UNRESOLVED: gcc.c-torture/execute/920711-1.c execution, -O2
FAIL: gcc.c-torture/execute/920711-1.c compilation, -O3 -fomit-frame-pointer
UNRESOLVED: gcc.c-torture/execute/920711-1.c execution, -O3 -fomit-frame-pointer
FAIL: gcc.c-torture/execute/920711-1.c compilation, -O3 -g
UNRESOLVED: gcc.c-torture/execute/920711-1.c execution, -O3 -g
FAIL: gcc.c-torture/execute/920711-1.c compilation, -Os
UNRESOLVED: gcc.c-torture/execute/920711-1.c execution, -Os
FAIL: gcc.c-torture/execute/930429-2.c compilation, -O0
UNRESOLVED: gcc.c-torture/execute/930429-2.c execution, -O0
FAIL: gcc.c-torture/execute/930429-2.c compilation, -O1
UNRESOLVED: gcc.c-torture/execute/930429-2.c execution, -O1
FAIL: gcc.c-torture/execute/930429-2.c compilation, -O2
UNRESOLVED: gcc.c-torture/execute/930429-2.c execution, -O2
FAIL: gcc.c-torture/execute/930429-2.c compilation, -O3 -fomit-frame-pointer
UNRESOLVED: gcc.c-torture/execute/930429-2.c execution, -O3 -fomit-frame-pointer
FAIL: gcc.c-torture/execute/930429-2.c compilation, -O3 -g
UNRESOLVED: gcc.c-torture/execute/930429-2.c execution, -O3 -g
FAIL: gcc.c-torture/execute/930429-2.c compilation, -Os
UNRESOLVED: gcc.c-torture/execute/930429-2.c execution, -Os
FAIL: gcc.c-torture/execute/950706-1.c compilation, -O0
UNRESOLVED: gcc.c-torture/execute/950706-1.c execution, -O0
FAIL: gcc.c-torture/execute/950706-1.c compilation, -O1
UNRESOLVED: gcc.c-torture/execute/950706-1.c execution, -O1
FAIL: gcc.c-torture/execute/950706-1.c compilation, -O2
UNRESOLVED: gcc.c-torture/execute/950706-1.c execution, -O2
FAIL: gcc.c-torture/execute/950706-1.c compilation, -O3 -fomit-frame-pointer
UNRESOLVED: gcc.c-torture/execute/950706-1.c execution, -O3 -fomit-frame-pointer
FAIL: gcc.c-torture/execute/950706-1.c compilation, -O3 -g
UNRESOLVED: gcc.c-torture/execute/950706-1.c execution, -O3 -g
FAIL: gcc.c-torture/execute/950706-1.c compilation, -Os
UNRESOLVED: gcc.c-torture/execute/950706-1.c execution, -Os
FAIL: gcc.c-torture/execute/990628-1.c compilation, -O1
UNRESOLVED: gcc.c-torture/execute/990628-1.c execution, -O1
FAIL: gcc.c-torture/execute/990628-1.c compilation, -O2
UNRESOLVED: gcc.c-torture/execute/990628-1.c execution, -O2
FAIL: gcc.c-torture/execute/990628-1.c compilation, -O3 -fomit-frame-pointer
UNRESOLVED: gcc.c-torture/execute/990628-1.c execution, -O3 -fomit-frame-pointer
FAIL: gcc.c-torture/execute/990628-1.c compilation, -O3 -fomit-frame-pointer -funroll-loops
UNRESOLVED: gcc.c-torture/execute/990628-1.c execution, -O3 -fomit-frame-pointer -funroll-loops
FAIL: gcc.c-torture/execute/990628-1.c compilation, -O3 -fomit-frame-pointer -funroll-all-loops -finline-functions
UNRESOLVED: gcc.c-torture/execute/990628-1.c execution, -O3 -fomit-frame-pointer -funroll-all-loops -finline-functions
FAIL: gcc.c-torture/execute/990628-1.c compilation, -O3 -g
UNRESOLVED: gcc.c-torture/execute/990628-1.c execution, -O3 -g
FAIL: gcc.c-torture/execute/990628-1.c compilation, -Os
UNRESOLVED: gcc.c-torture/execute/990628-1.c execution, -Os
FAIL: gcc.c-torture/execute/990804-1.c compilation, -O0
UNRESOLVED: gcc.c-torture/execute/990804-1.c execution, -O0
FAIL: gcc.c-torture/execute/compare-2.c compilation, -O1
UNRESOLVED: gcc.c-torture/execute/compare-2.c execution, -O1
FAIL: gcc.c-torture/execute/compare-2.c compilation, -O2
UNRESOLVED: gcc.c-torture/execute/compare-2.c execution, -O2
FAIL: gcc.c-torture/execute/compare-2.c compilation, -O3 -fomit-frame-pointer
UNRESOLVED: gcc.c-torture/execute/compare-2.c execution, -O3 -fomit-frame-pointer
FAIL: gcc.c-torture/execute/compare-2.c compilation, -O3 -g
UNRESOLVED: gcc.c-torture/execute/compare-2.c execution, -O3 -g
FAIL: gcc.c-torture/execute/compare-2.c compilation, -Os
UNRESOLVED: gcc.c-torture/execute/compare-2.c execution, -Os
FAIL: gcc.c-torture/execute/conversion.c compilation, -O1
UNRESOLVED: gcc.c-torture/execute/conversion.c execution, -O1
FAIL: gcc.c-torture/execute/conversion.c compilation, -O2
UNRESOLVED: gcc.c-torture/execute/conversion.c execution, -O2
FAIL: gcc.c-torture/execute/conversion.c compilation, -O3 -fomit-frame-pointer
UNRESOLVED: gcc.c-torture/execute/conversion.c execution, -O3 -fomit-frame-pointer
FAIL: gcc.c-torture/execute/conversion.c compilation, -O3 -g
UNRESOLVED: gcc.c-torture/execute/conversion.c execution, -O3 -g
FAIL: gcc.c-torture/execute/conversion.c compilation, -Os
UNRESOLVED: gcc.c-torture/execute/conversion.c execution, -Os
FAIL: gcc.c-torture/execute/divcmp-1.c compilation, -O0
UNRESOLVED: gcc.c-torture/execute/divcmp-1.c execution, -O0
FAIL: gcc.c-torture/execute/divcmp-1.c compilation, -O1
UNRESOLVED: gcc.c-torture/execute/divcmp-1.c execution, -O1
FAIL: gcc.c-torture/execute/divcmp-1.c compilation, -O2
UNRESOLVED: gcc.c-torture/execute/divcmp-1.c execution, -O2
FAIL: gcc.c-torture/execute/divcmp-1.c compilation, -O3 -fomit-frame-pointer
UNRESOLVED: gcc.c-torture/execute/divcmp-1.c execution, -O3 -fomit-frame-pointer
FAIL: gcc.c-torture/execute/divcmp-1.c compilation, -O3 -g
UNRESOLVED: gcc.c-torture/execute/divcmp-1.c execution, -O3 -g
FAIL: gcc.c-torture/execute/divcmp-1.c compilation, -Os
UNRESOLVED: gcc.c-torture/execute/divcmp-1.c execution, -Os
FAIL: gcc.c-torture/execute/divcmp-4.c compilation, -O0
UNRESOLVED: gcc.c-torture/execute/divcmp-4.c execution, -O0
FAIL: gcc.c-torture/execute/divcmp-4.c compilation, -O1
UNRESOLVED: gcc.c-torture/execute/divcmp-4.c execution, -O1
FAIL: gcc.c-torture/execute/divcmp-4.c compilation, -O2
UNRESOLVED: gcc.c-torture/execute/divcmp-4.c execution, -O2
FAIL: gcc.c-torture/execute/divcmp-4.c compilation, -O3 -fomit-frame-pointer
UNRESOLVED: gcc.c-torture/execute/divcmp-4.c execution, -O3 -fomit-frame-pointer
FAIL: gcc.c-torture/execute/divcmp-4.c compilation, -O3 -g
UNRESOLVED: gcc.c-torture/execute/divcmp-4.c execution, -O3 -g
FAIL: gcc.c-torture/execute/divcmp-4.c compilation, -Os
UNRESOLVED: gcc.c-torture/execute/divcmp-4.c execution, -Os
FAIL: gcc.c-torture/execute/gofast.c compilation, -O1
UNRESOLVED: gcc.c-torture/execute/gofast.c execution, -O1
FAIL: gcc.c-torture/execute/gofast.c compilation, -O2
UNRESOLVED: gcc.c-torture/execute/gofast.c execution, -O2
FAIL: gcc.c-torture/execute/gofast.c compilation, -O3 -fomit-frame-pointer
UNRESOLVED: gcc.c-torture/execute/gofast.c execution, -O3 -fomit-frame-pointer
FAIL: gcc.c-torture/execute/gofast.c compilation, -O3 -g
UNRESOLVED: gcc.c-torture/execute/gofast.c execution, -O3 -g
FAIL: gcc.c-torture/execute/gofast.c compilation, -Os
UNRESOLVED: gcc.c-torture/execute/gofast.c execution, -Os
FAIL: gcc.c-torture/execute/int-compare.c compilation, -O0
UNRESOLVED: gcc.c-torture/execute/int-compare.c execution, -O0
FAIL: gcc.c-torture/execute/int-compare.c compilation, -O1
UNRESOLVED: gcc.c-torture/execute/int-compare.c execution, -O1
FAIL: gcc.c-torture/execute/int-compare.c compilation, -O2
UNRESOLVED: gcc.c-torture/execute/int-compare.c execution, -O2
FAIL: gcc.c-torture/execute/int-compare.c compilation, -O3 -fomit-frame-pointer
UNRESOLVED: gcc.c-torture/execute/int-compare.c execution, -O3 -fomit-frame-pointer
FAIL: gcc.c-torture/execute/int-compare.c compilation, -O3 -g
UNRESOLVED: gcc.c-torture/execute/int-compare.c execution, -O3 -g
FAIL: gcc.c-torture/execute/int-compare.c compilation, -Os
UNRESOLVED: gcc.c-torture/execute/int-compare.c execution, -Os
FAIL: gcc.c-torture/execute/loop-7.c compilation, -O1
UNRESOLVED: gcc.c-torture/execute/loop-7.c execution, -O1
FAIL: gcc.c-torture/execute/loop-7.c compilation, -O2
UNRESOLVED: gcc.c-torture/execute/loop-7.c execution, -O2
FAIL: gcc.c-torture/execute/loop-7.c compilation, -O3 -fomit-frame-pointer
UNRESOLVED: gcc.c-torture/execute/loop-7.c execution, -O3 -fomit-frame-pointer
FAIL: gcc.c-torture/execute/loop-7.c compilation, -O3 -fomit-frame-pointer -funroll-loops
UNRESOLVED: gcc.c-torture/execute/loop-7.c execution, -O3 -fomit-frame-pointer -funroll-loops
FAIL: gcc.c-torture/execute/loop-7.c compilation, -O3 -fomit-frame-pointer -funroll-all-loops -finline-functions
UNRESOLVED: gcc.c-torture/execute/loop-7.c execution, -O3 -fomit-frame-pointer -funroll-all-loops -finline-functions
FAIL: gcc.c-torture/execute/loop-7.c compilation, -O3 -g
UNRESOLVED: gcc.c-torture/execute/loop-7.c execution, -O3 -g
FAIL: gcc.c-torture/execute/loop-7.c compilation, -Os
UNRESOLVED: gcc.c-torture/execute/loop-7.c execution, -Os
FAIL: gcc.c-torture/execute/nestfunc-1.c compilation, -O0
UNRESOLVED: gcc.c-torture/execute/nestfunc-1.c execution, -O0
FAIL: gcc.c-torture/execute/nestfunc-1.c compilation, -O1
UNRESOLVED: gcc.c-torture/execute/nestfunc-1.c execution, -O1
FAIL: gcc.c-torture/execute/nestfunc-1.c compilation, -O2
UNRESOLVED: gcc.c-torture/execute/nestfunc-1.c execution, -O2
FAIL: gcc.c-torture/execute/nestfunc-1.c compilation, -O3 -fomit-frame-pointer
UNRESOLVED: gcc.c-torture/execute/nestfunc-1.c execution, -O3 -fomit-frame-pointer
FAIL: gcc.c-torture/execute/nestfunc-1.c compilation, -O3 -g
UNRESOLVED: gcc.c-torture/execute/nestfunc-1.c execution, -O3 -g
FAIL: gcc.c-torture/execute/nestfunc-1.c compilation, -Os
UNRESOLVED: gcc.c-torture/execute/nestfunc-1.c execution, -Os
FAIL: gcc.c-torture/execute/pr28651.c compilation, -O0
UNRESOLVED: gcc.c-torture/execute/pr28651.c execution, -O0
FAIL: gcc.c-torture/execute/pr28651.c compilation, -O1
UNRESOLVED: gcc.c-torture/execute/pr28651.c execution, -O1
FAIL: gcc.c-torture/execute/pr28651.c compilation, -O2
UNRESOLVED: gcc.c-torture/execute/pr28651.c execution, -O2
FAIL: gcc.c-torture/execute/pr28651.c compilation, -O3 -fomit-frame-pointer
UNRESOLVED: gcc.c-torture/execute/pr28651.c execution, -O3 -fomit-frame-pointer
FAIL: gcc.c-torture/execute/pr28651.c compilation, -O3 -g
UNRESOLVED: gcc.c-torture/execute/pr28651.c execution, -O3 -g
FAIL: gcc.c-torture/execute/pr28651.c compilation, -Os
UNRESOLVED: gcc.c-torture/execute/pr28651.c execution, -Os
FAIL: gcc.c-torture/execute/pr33142.c compilation, -O0
UNRESOLVED: gcc.c-torture/execute/pr33142.c execution, -O0
FAIL: gcc.c-torture/execute/pr33142.c compilation, -O1
UNRESOLVED: gcc.c-torture/execute/pr33142.c execution, -O1
FAIL: gcc.c-torture/execute/pr33142.c compilation, -O2
UNRESOLVED: gcc.c-torture/execute/pr33142.c execution, -O2
FAIL: gcc.c-torture/execute/pr33142.c compilation, -O3 -fomit-frame-pointer
UNRESOLVED: gcc.c-torture/execute/pr33142.c execution, -O3 -fomit-frame-pointer
FAIL: gcc.c-torture/execute/pr33142.c compilation, -O3 -g
UNRESOLVED: gcc.c-torture/execute/pr33142.c execution, -O3 -g
FAIL: gcc.c-torture/execute/pr33142.c compilation, -Os
UNRESOLVED: gcc.c-torture/execute/pr33142.c execution, -Os
FAIL: gcc.c-torture/execute/pr34176.c compilation, -O0
UNRESOLVED: gcc.c-torture/execute/pr34176.c execution, -O0
FAIL: gcc.c-torture/execute/pr38819.c execution, -O2
FAIL: gcc.c-torture/execute/pr38819.c execution, -O3 -fomit-frame-pointer
FAIL: gcc.c-torture/execute/pr38819.c execution, -O3 -fomit-frame-pointer -funroll-loops
FAIL: gcc.c-torture/execute/pr38819.c execution, -O3 -fomit-frame-pointer -funroll-all-loops -finline-functions
FAIL: gcc.c-torture/execute/pr38819.c execution, -O3 -g
FAIL: gcc.c-torture/execute/pr39228.c compilation, -O1
UNRESOLVED: gcc.c-torture/execute/pr39228.c execution, -O1
FAIL: gcc.c-torture/execute/pr39228.c compilation, -O2
UNRESOLVED: gcc.c-torture/execute/pr39228.c execution, -O2
FAIL: gcc.c-torture/execute/pr39228.c compilation, -O3 -fomit-frame-pointer
UNRESOLVED: gcc.c-torture/execute/pr39228.c execution, -O3 -fomit-frame-pointer
FAIL: gcc.c-torture/execute/pr39228.c compilation, -O3 -g
UNRESOLVED: gcc.c-torture/execute/pr39228.c execution, -O3 -g
FAIL: gcc.c-torture/execute/pr39228.c compilation, -Os
UNRESOLVED: gcc.c-torture/execute/pr39228.c execution, -Os
FAIL: gcc.c-torture/execute/stdarg-3.c compilation, -O0
UNRESOLVED: gcc.c-torture/execute/stdarg-3.c execution, -O0
FAIL: gcc.c-torture/execute/strcmp-1.c compilation, -O1
UNRESOLVED: gcc.c-torture/execute/strcmp-1.c execution, -O1
FAIL: gcc.c-torture/execute/strcmp-1.c compilation, -O2
UNRESOLVED: gcc.c-torture/execute/strcmp-1.c execution, -O2
FAIL: gcc.c-torture/execute/strcmp-1.c compilation, -O3 -fomit-frame-pointer
UNRESOLVED: gcc.c-torture/execute/strcmp-1.c execution, -O3 -fomit-frame-pointer
FAIL: gcc.c-torture/execute/strcmp-1.c compilation, -O3 -fomit-frame-pointer -funroll-loops
UNRESOLVED: gcc.c-torture/execute/strcmp-1.c execution, -O3 -fomit-frame-pointer -funroll-loops
FAIL: gcc.c-torture/execute/strcmp-1.c compilation, -O3 -fomit-frame-pointer -funroll-all-loops -finline-functions
UNRESOLVED: gcc.c-torture/execute/strcmp-1.c execution, -O3 -fomit-frame-pointer -funroll-all-loops -finline-functions
FAIL: gcc.c-torture/execute/strcmp-1.c compilation, -O3 -g
UNRESOLVED: gcc.c-torture/execute/strcmp-1.c execution, -O3 -g
FAIL: gcc.c-torture/execute/strcmp-1.c compilation, -Os
UNRESOLVED: gcc.c-torture/execute/strcmp-1.c execution, -Os
FAIL: gcc.c-torture/execute/strncmp-1.c compilation, -O1
UNRESOLVED: gcc.c-torture/execute/strncmp-1.c execution, -O1
FAIL: gcc.c-torture/execute/strncmp-1.c compilation, -O2
UNRESOLVED: gcc.c-torture/execute/strncmp-1.c execution, -O2
FAIL: gcc.c-torture/execute/strncmp-1.c compilation, -O3 -fomit-frame-pointer
UNRESOLVED: gcc.c-torture/execute/strncmp-1.c execution, -O3 -fomit-frame-pointer
FAIL: gcc.c-torture/execute/strncmp-1.c compilation, -O3 -fomit-frame-pointer -funroll-loops
UNRESOLVED: gcc.c-torture/execute/strncmp-1.c execution, -O3 -fomit-frame-pointer -funroll-loops
FAIL: gcc.c-torture/execute/strncmp-1.c compilation, -O3 -fomit-frame-pointer -funroll-all-loops -finline-functions
UNRESOLVED: gcc.c-torture/execute/strncmp-1.c execution, -O3 -fomit-frame-pointer -funroll-all-loops -finline-functions
FAIL: gcc.c-torture/execute/strncmp-1.c compilation, -O3 -g
UNRESOLVED: gcc.c-torture/execute/strncmp-1.c execution, -O3 -g
FAIL: gcc.c-torture/execute/strncmp-1.c compilation, -Os
UNRESOLVED: gcc.c-torture/execute/strncmp-1.c execution, -Os
FAIL: gcc.c-torture/execute/ieee/compare-fp-1.c compilation, -O1
UNRESOLVED: gcc.c-torture/execute/ieee/compare-fp-1.c execution, -O1
FAIL: gcc.c-torture/execute/ieee/compare-fp-1.c compilation, -O2
UNRESOLVED: gcc.c-torture/execute/ieee/compare-fp-1.c execution, -O2
FAIL: gcc.c-torture/execute/ieee/compare-fp-1.c compilation, -O3 -fomit-frame-pointer
UNRESOLVED: gcc.c-torture/execute/ieee/compare-fp-1.c execution, -O3 -fomit-frame-pointer
FAIL: gcc.c-torture/execute/ieee/compare-fp-1.c compilation, -O3 -g
UNRESOLVED: gcc.c-torture/execute/ieee/compare-fp-1.c execution, -O3 -g
FAIL: gcc.c-torture/execute/ieee/compare-fp-1.c compilation, -Os
UNRESOLVED: gcc.c-torture/execute/ieee/compare-fp-1.c execution, -Os
FAIL: gcc.c-torture/execute/ieee/compare-fp-4.c compilation, -O1
UNRESOLVED: gcc.c-torture/execute/ieee/compare-fp-4.c execution, -O1
FAIL: gcc.c-torture/execute/ieee/compare-fp-4.c compilation, -O2
UNRESOLVED: gcc.c-torture/execute/ieee/compare-fp-4.c execution, -O2
FAIL: gcc.c-torture/execute/ieee/compare-fp-4.c compilation, -O3 -fomit-frame-pointer
UNRESOLVED: gcc.c-torture/execute/ieee/compare-fp-4.c execution, -O3 -fomit-frame-pointer
FAIL: gcc.c-torture/execute/ieee/compare-fp-4.c compilation, -O3 -g
UNRESOLVED: gcc.c-torture/execute/ieee/compare-fp-4.c execution, -O3 -g
FAIL: gcc.c-torture/execute/ieee/compare-fp-4.c compilation, -Os
UNRESOLVED: gcc.c-torture/execute/ieee/compare-fp-4.c execution, -Os
FAIL: gcc.c-torture/execute/ieee/fp-cmp-5.c compilation, -O1
UNRESOLVED: gcc.c-torture/execute/ieee/fp-cmp-5.c execution, -O1
FAIL: gcc.c-torture/execute/ieee/fp-cmp-5.c compilation, -O2
UNRESOLVED: gcc.c-torture/execute/ieee/fp-cmp-5.c execution, -O2
FAIL: gcc.c-torture/execute/ieee/fp-cmp-5.c compilation, -O3 -fomit-frame-pointer
UNRESOLVED: gcc.c-torture/execute/ieee/fp-cmp-5.c execution, -O3 -fomit-frame-pointer
FAIL: gcc.c-torture/execute/ieee/fp-cmp-5.c compilation, -O3 -fomit-frame-pointer -funroll-loops
UNRESOLVED: gcc.c-torture/execute/ieee/fp-cmp-5.c execution, -O3 -fomit-frame-pointer -funroll-loops
FAIL: gcc.c-torture/execute/ieee/fp-cmp-5.c compilation, -O3 -fomit-frame-pointer -funroll-all-loops -finline-functions
UNRESOLVED: gcc.c-torture/execute/ieee/fp-cmp-5.c execution, -O3 -fomit-frame-pointer -funroll-all-loops -finline-functions
FAIL: gcc.c-torture/execute/ieee/fp-cmp-5.c compilation, -O3 -g
UNRESOLVED: gcc.c-torture/execute/ieee/fp-cmp-5.c execution, -O3 -g
FAIL: gcc.c-torture/execute/ieee/fp-cmp-5.c compilation, -Os
UNRESOLVED: gcc.c-torture/execute/ieee/fp-cmp-5.c execution, -Os
FAIL: gcc.c-torture/execute/ieee/pr36332.c compilation, -O1
UNRESOLVED: gcc.c-torture/execute/ieee/pr36332.c execution, -O1
FAIL: gcc.c-torture/execute/ieee/pr36332.c compilation, -O2
UNRESOLVED: gcc.c-torture/execute/ieee/pr36332.c execution, -O2
FAIL: gcc.c-torture/execute/ieee/pr36332.c compilation, -O3 -fomit-frame-pointer
UNRESOLVED: gcc.c-torture/execute/ieee/pr36332.c execution, -O3 -fomit-frame-pointer
FAIL: gcc.c-torture/execute/ieee/pr36332.c compilation, -O3 -g
UNRESOLVED: gcc.c-torture/execute/ieee/pr36332.c execution, -O3 -g
FAIL: gcc.c-torture/execute/ieee/pr36332.c compilation, -Os
UNRESOLVED: gcc.c-torture/execute/ieee/pr36332.c execution, -Os
FAIL: gcc.c-torture/unsorted/DFcmp.c, -O1
FAIL: gcc.c-torture/unsorted/DFcmp.c, -O2
FAIL: gcc.c-torture/unsorted/DFcmp.c, -O3 -fomit-frame-pointer
FAIL: gcc.c-torture/unsorted/DFcmp.c, -O3 -g
FAIL: gcc.c-torture/unsorted/DFcmp.c, -Os
FAIL: gcc.c-torture/unsorted/HIcmp.c, -O1
FAIL: gcc.c-torture/unsorted/HIcmp.c, -O2
FAIL: gcc.c-torture/unsorted/HIcmp.c, -O3 -fomit-frame-pointer
FAIL: gcc.c-torture/unsorted/HIcmp.c, -O3 -g
FAIL: gcc.c-torture/unsorted/HIcmp.c, -Os
FAIL: gcc.c-torture/unsorted/PYRBUG.c, -O1
FAIL: gcc.c-torture/unsorted/PYRBUG.c, -O2
FAIL: gcc.c-torture/unsorted/PYRBUG.c, -O3 -fomit-frame-pointer
FAIL: gcc.c-torture/unsorted/PYRBUG.c, -O3 -g
FAIL: gcc.c-torture/unsorted/PYRBUG.c, -Os
FAIL: gcc.c-torture/unsorted/QIcmp.c, -O1
FAIL: gcc.c-torture/unsorted/QIcmp.c, -O2
FAIL: gcc.c-torture/unsorted/QIcmp.c, -O3 -fomit-frame-pointer
FAIL: gcc.c-torture/unsorted/QIcmp.c, -O3 -g
FAIL: gcc.c-torture/unsorted/QIcmp.c, -Os
FAIL: gcc.c-torture/unsorted/SIcmp.c, -O1
FAIL: gcc.c-torture/unsorted/SIcmp.c, -O2
FAIL: gcc.c-torture/unsorted/SIcmp.c, -O3 -fomit-frame-pointer
FAIL: gcc.c-torture/unsorted/SIcmp.c, -O3 -g
FAIL: gcc.c-torture/unsorted/SIcmp.c, -Os
FAIL: gcc.c-torture/unsorted/UHIcmp.c, -O1
FAIL: gcc.c-torture/unsorted/UHIcmp.c, -O2
FAIL: gcc.c-torture/unsorted/UHIcmp.c, -O3 -fomit-frame-pointer
FAIL: gcc.c-torture/unsorted/UHIcmp.c, -O3 -g
FAIL: gcc.c-torture/unsorted/UHIcmp.c, -Os
FAIL: gcc.c-torture/unsorted/UQIcmp.c, -O1
FAIL: gcc.c-torture/unsorted/UQIcmp.c, -O2
FAIL: gcc.c-torture/unsorted/UQIcmp.c, -O3 -fomit-frame-pointer
FAIL: gcc.c-torture/unsorted/UQIcmp.c, -O3 -g
FAIL: gcc.c-torture/unsorted/UQIcmp.c, -Os
FAIL: gcc.c-torture/unsorted/addcc.c, -O1
FAIL: gcc.c-torture/unsorted/addcc.c, -O2
FAIL: gcc.c-torture/unsorted/addcc.c, -O3 -fomit-frame-pointer
FAIL: gcc.c-torture/unsorted/addcc.c, -O3 -g
FAIL: gcc.c-torture/unsorted/addcc.c, -Os
FAIL: gcc.c-torture/unsorted/aos.c, -O1
FAIL: gcc.c-torture/unsorted/aos.c, -O2
FAIL: gcc.c-torture/unsorted/aos.c, -O3 -fomit-frame-pointer
FAIL: gcc.c-torture/unsorted/aos.c, -O3 -g
FAIL: gcc.c-torture/unsorted/aos.c, -Os
FAIL: gcc.c-torture/unsorted/cc.c, -O1
FAIL: gcc.c-torture/unsorted/cc.c, -O2
FAIL: gcc.c-torture/unsorted/cc.c, -O3 -fomit-frame-pointer
FAIL: gcc.c-torture/unsorted/cc.c, -O3 -g
FAIL: gcc.c-torture/unsorted/cc.c, -Os
FAIL: gcc.c-torture/unsorted/cmphi.c, -O0
FAIL: gcc.c-torture/unsorted/cmphi.c, -O1
FAIL: gcc.c-torture/unsorted/cmphi.c, -O2
FAIL: gcc.c-torture/unsorted/cmphi.c, -O3 -fomit-frame-pointer
FAIL: gcc.c-torture/unsorted/cmphi.c, -O3 -g
FAIL: gcc.c-torture/unsorted/cmphi.c, -Os
FAIL: gcc.c-torture/unsorted/forgetcc.c, -O1
FAIL: gcc.c-torture/unsorted/forgetcc.c, -O2
FAIL: gcc.c-torture/unsorted/forgetcc.c, -O3 -fomit-frame-pointer
FAIL: gcc.c-torture/unsorted/forgetcc.c, -O3 -g
FAIL: gcc.c-torture/unsorted/forgetcc.c, -Os
FAIL: gcc.c-torture/unsorted/hi.c, -O0
FAIL: gcc.c-torture/unsorted/hi.c, -O1
FAIL: gcc.c-torture/unsorted/hi.c, -O2
FAIL: gcc.c-torture/unsorted/hi.c, -O3 -fomit-frame-pointer
FAIL: gcc.c-torture/unsorted/hi.c, -O3 -g
FAIL: gcc.c-torture/unsorted/hi.c, -Os
FAIL: gcc.c-torture/unsorted/ic.c, -O1
FAIL: gcc.c-torture/unsorted/ic.c, -O2
FAIL: gcc.c-torture/unsorted/ic.c, -O3 -fomit-frame-pointer
FAIL: gcc.c-torture/unsorted/ic.c, -O3 -g
FAIL: gcc.c-torture/unsorted/ic.c, -Os
FAIL: gcc.c-torture/unsorted/mcmp.c, -O1
FAIL: gcc.c-torture/unsorted/mcmp.c, -O2
FAIL: gcc.c-torture/unsorted/mcmp.c, -O3 -fomit-frame-pointer
FAIL: gcc.c-torture/unsorted/mcmp.c, -O3 -g
FAIL: gcc.c-torture/unsorted/mcmp.c, -Os
FAIL: gcc.c-torture/unsorted/mregtst.c, -O1
FAIL: gcc.c-torture/unsorted/mregtst.c, -O2
FAIL: gcc.c-torture/unsorted/mregtst.c, -O3 -fomit-frame-pointer
FAIL: gcc.c-torture/unsorted/mregtst.c, -O3 -fomit-frame-pointer -funroll-loops
FAIL: gcc.c-torture/unsorted/mregtst.c, -O3 -fomit-frame-pointer -funroll-all-loops -finline-functions
FAIL: gcc.c-torture/unsorted/mregtst.c, -O3 -g
FAIL: gcc.c-torture/unsorted/mregtst.c, -Os
FAIL: gcc.c-torture/unsorted/n1.c, -O1
FAIL: gcc.c-torture/unsorted/n1.c, -O2
FAIL: gcc.c-torture/unsorted/n1.c, -O3 -fomit-frame-pointer
FAIL: gcc.c-torture/unsorted/n1.c, -O3 -g
FAIL: gcc.c-torture/unsorted/n1.c, -Os
FAIL: gcc.c-torture/unsorted/r.c, -O1
FAIL: gcc.c-torture/unsorted/r.c, -O2
FAIL: gcc.c-torture/unsorted/r.c, -O3 -fomit-frame-pointer
FAIL: gcc.c-torture/unsorted/r.c, -O3 -g
FAIL: gcc.c-torture/unsorted/r.c, -Os
FAIL: gcc.c-torture/unsorted/r1.c, -O0
FAIL: gcc.c-torture/unsorted/r1.c, -O1
FAIL: gcc.c-torture/unsorted/r1.c, -O2
FAIL: gcc.c-torture/unsorted/r1.c, -O3 -fomit-frame-pointer
FAIL: gcc.c-torture/unsorted/r1.c, -O3 -g
FAIL: gcc.c-torture/unsorted/r1.c, -Os
FAIL: gcc.c-torture/unsorted/rmsc.c, -O1
FAIL: gcc.c-torture/unsorted/rmsc.c, -O2
FAIL: gcc.c-torture/unsorted/rmsc.c, -O3 -fomit-frame-pointer
FAIL: gcc.c-torture/unsorted/rmsc.c, -O3 -g
FAIL: gcc.c-torture/unsorted/rmsc.c, -Os
FAIL: gcc.c-torture/unsorted/sc.c, -O0
FAIL: gcc.c-torture/unsorted/scond.c, -O0
FAIL: gcc.c-torture/unsorted/scond.c, -O1
FAIL: gcc.c-torture/unsorted/scond.c, -O2
FAIL: gcc.c-torture/unsorted/scond.c, -O3 -fomit-frame-pointer
FAIL: gcc.c-torture/unsorted/scond.c, -O3 -g
FAIL: gcc.c-torture/unsorted/scond.c, -Os
FAIL: gcc.c-torture/unsorted/set386.c, -O0
FAIL: gcc.c-torture/unsorted/set386.c, -O1
FAIL: gcc.c-torture/unsorted/set386.c, -O2
FAIL: gcc.c-torture/unsorted/set386.c, -O3 -fomit-frame-pointer
FAIL: gcc.c-torture/unsorted/set386.c, -O3 -g
FAIL: gcc.c-torture/unsorted/set386.c, -Os
FAIL: gcc.c-torture/unsorted/xb.c, -O1
FAIL: gcc.c-torture/unsorted/xb.c, -O2
FAIL: gcc.c-torture/unsorted/xb.c, -O3 -fomit-frame-pointer
FAIL: gcc.c-torture/unsorted/xb.c, -O3 -g
FAIL: gcc.c-torture/unsorted/xb.c, -Os
UNRESOLVED: gcc.dg/compat/fnptr-by-value-1 c_compat_x_tst.o-c_compat_y_tst.o link
UNRESOLVED: gcc.dg/compat/fnptr-by-value-1 c_compat_x_tst.o-c_compat_y_tst.o execute
UNRESOLVED: gcc.dg/compat/scalar-by-value-1 c_compat_x_tst.o-c_compat_y_tst.o link
UNRESOLVED: gcc.dg/compat/scalar-by-value-1 c_compat_x_tst.o-c_compat_y_tst.o execute
UNRESOLVED: gcc.dg/compat/scalar-by-value-2 c_compat_x_tst.o-c_compat_y_tst.o link
UNRESOLVED: gcc.dg/compat/scalar-by-value-2 c_compat_x_tst.o-c_compat_y_tst.o execute
UNRESOLVED: gcc.dg/compat/scalar-by-value-3 c_compat_x_tst.o-c_compat_y_tst.o link
UNRESOLVED: gcc.dg/compat/scalar-by-value-3 c_compat_x_tst.o-c_compat_y_tst.o execute
UNRESOLVED: gcc.dg/compat/scalar-by-value-4 c_compat_x_tst.o-c_compat_y_tst.o link
UNRESOLVED: gcc.dg/compat/scalar-by-value-4 c_compat_x_tst.o-c_compat_y_tst.o execute
UNRESOLVED: gcc.dg/compat/scalar-by-value-5 c_compat_x_tst.o-c_compat_y_tst.o link
UNRESOLVED: gcc.dg/compat/scalar-by-value-5 c_compat_x_tst.o-c_compat_y_tst.o execute
UNRESOLVED: gcc.dg/compat/scalar-by-value-6 c_compat_x_tst.o-c_compat_y_tst.o link
UNRESOLVED: gcc.dg/compat/scalar-by-value-6 c_compat_x_tst.o-c_compat_y_tst.o execute
UNRESOLVED: gcc.dg/compat/scalar-return-1 c_compat_x_tst.o-c_compat_y_tst.o link
UNRESOLVED: gcc.dg/compat/scalar-return-1 c_compat_x_tst.o-c_compat_y_tst.o execute
UNRESOLVED: gcc.dg/compat/scalar-return-2 c_compat_x_tst.o-c_compat_y_tst.o link
UNRESOLVED: gcc.dg/compat/scalar-return-2 c_compat_x_tst.o-c_compat_y_tst.o execute
UNRESOLVED: gcc.dg/compat/scalar-return-3 c_compat_x_tst.o-c_compat_y_tst.o link
UNRESOLVED: gcc.dg/compat/scalar-return-3 c_compat_x_tst.o-c_compat_y_tst.o execute
UNRESOLVED: gcc.dg/compat/scalar-return-4 c_compat_x_tst.o-c_compat_y_tst.o link
UNRESOLVED: gcc.dg/compat/scalar-return-4 c_compat_x_tst.o-c_compat_y_tst.o execute
UNRESOLVED: gcc.dg/compat/sdata-1 c_compat_x_tst.o-c_compat_y_tst.o link
UNRESOLVED: gcc.dg/compat/sdata-1 c_compat_x_tst.o-c_compat_y_tst.o execute
UNRESOLVED: gcc.dg/compat/struct-align-1 c_compat_x_tst.o-c_compat_y_tst.o link
UNRESOLVED: gcc.dg/compat/struct-align-1 c_compat_x_tst.o-c_compat_y_tst.o execute
UNRESOLVED: gcc.dg/compat/struct-align-2 c_compat_x_tst.o-c_compat_y_tst.o link
UNRESOLVED: gcc.dg/compat/struct-align-2 c_compat_x_tst.o-c_compat_y_tst.o execute
UNRESOLVED: gcc.dg/compat/struct-by-value-10 c_compat_x_tst.o-c_compat_y_tst.o link
UNRESOLVED: gcc.dg/compat/struct-by-value-10 c_compat_x_tst.o-c_compat_y_tst.o execute
UNRESOLVED: gcc.dg/compat/struct-by-value-11 c_compat_x_tst.o-c_compat_y_tst.o link
UNRESOLVED: gcc.dg/compat/struct-by-value-11 c_compat_x_tst.o-c_compat_y_tst.o execute
UNRESOLVED: gcc.dg/compat/struct-by-value-12 c_compat_x_tst.o-c_compat_y_tst.o link
UNRESOLVED: gcc.dg/compat/struct-by-value-12 c_compat_x_tst.o-c_compat_y_tst.o execute
UNRESOLVED: gcc.dg/compat/struct-by-value-13 c_compat_x_tst.o-c_compat_y_tst.o link
UNRESOLVED: gcc.dg/compat/struct-by-value-13 c_compat_x_tst.o-c_compat_y_tst.o execute
UNRESOLVED: gcc.dg/compat/struct-by-value-14 c_compat_x_tst.o-c_compat_y_tst.o link
UNRESOLVED: gcc.dg/compat/struct-by-value-14 c_compat_x_tst.o-c_compat_y_tst.o execute
UNRESOLVED: gcc.dg/compat/struct-by-value-15 c_compat_x_tst.o-c_compat_y_tst.o link
UNRESOLVED: gcc.dg/compat/struct-by-value-15 c_compat_x_tst.o-c_compat_y_tst.o execute
UNRESOLVED: gcc.dg/compat/struct-by-value-16 c_compat_x_tst.o-c_compat_y_tst.o link
UNRESOLVED: gcc.dg/compat/struct-by-value-16 c_compat_x_tst.o-c_compat_y_tst.o execute
UNRESOLVED: gcc.dg/compat/struct-by-value-16a c_compat_x_tst.o-c_compat_y_tst.o link
UNRESOLVED: gcc.dg/compat/struct-by-value-16a c_compat_x_tst.o-c_compat_y_tst.o execute
UNRESOLVED: gcc.dg/compat/struct-by-value-17 c_compat_x_tst.o-c_compat_y_tst.o link
UNRESOLVED: gcc.dg/compat/struct-by-value-17 c_compat_x_tst.o-c_compat_y_tst.o execute
UNRESOLVED: gcc.dg/compat/struct-by-value-17a c_compat_x_tst.o-c_compat_y_tst.o link
UNRESOLVED: gcc.dg/compat/struct-by-value-17a c_compat_x_tst.o-c_compat_y_tst.o execute
UNRESOLVED: gcc.dg/compat/struct-by-value-18 c_compat_x_tst.o-c_compat_y_tst.o link
UNRESOLVED: gcc.dg/compat/struct-by-value-18 c_compat_x_tst.o-c_compat_y_tst.o execute
UNRESOLVED: gcc.dg/compat/struct-by-value-18a c_compat_x_tst.o-c_compat_y_tst.o link
UNRESOLVED: gcc.dg/compat/struct-by-value-18a c_compat_x_tst.o-c_compat_y_tst.o execute
UNRESOLVED: gcc.dg/compat/struct-by-value-19 c_compat_x_tst.o-c_compat_y_tst.o link
UNRESOLVED: gcc.dg/compat/struct-by-value-19 c_compat_x_tst.o-c_compat_y_tst.o execute
UNRESOLVED: gcc.dg/compat/struct-by-value-1 c_compat_x_tst.o-c_compat_y_tst.o link
UNRESOLVED: gcc.dg/compat/struct-by-value-1 c_compat_x_tst.o-c_compat_y_tst.o execute
UNRESOLVED: gcc.dg/compat/struct-by-value-20 c_compat_x_tst.o-c_compat_y_tst.o link
UNRESOLVED: gcc.dg/compat/struct-by-value-20 c_compat_x_tst.o-c_compat_y_tst.o execute
UNRESOLVED: gcc.dg/compat/struct-by-value-21 c_compat_x_tst.o-c_compat_y_tst.o link
UNRESOLVED: gcc.dg/compat/struct-by-value-21 c_compat_x_tst.o-c_compat_y_tst.o execute
UNRESOLVED: gcc.dg/compat/struct-by-value-22 c_compat_x_tst.o-c_compat_y_tst.o link
UNRESOLVED: gcc.dg/compat/struct-by-value-22 c_compat_x_tst.o-c_compat_y_tst.o execute
UNRESOLVED: gcc.dg/compat/struct-by-value-2 c_compat_x_tst.o-c_compat_y_tst.o link
UNRESOLVED: gcc.dg/compat/struct-by-value-2 c_compat_x_tst.o-c_compat_y_tst.o execute
UNRESOLVED: gcc.dg/compat/struct-by-value-3 c_compat_x_tst.o-c_compat_y_tst.o link
UNRESOLVED: gcc.dg/compat/struct-by-value-3 c_compat_x_tst.o-c_compat_y_tst.o execute
UNRESOLVED: gcc.dg/compat/struct-by-value-4 c_compat_x_tst.o-c_compat_y_tst.o link
UNRESOLVED: gcc.dg/compat/struct-by-value-4 c_compat_x_tst.o-c_compat_y_tst.o execute
UNRESOLVED: gcc.dg/compat/struct-by-value-5a c_compat_x_tst.o-c_compat_y_tst.o link
UNRESOLVED: gcc.dg/compat/struct-by-value-5a c_compat_x_tst.o-c_compat_y_tst.o execute
UNRESOLVED: gcc.dg/compat/struct-by-value-5b c_compat_x_tst.o-c_compat_y_tst.o link
UNRESOLVED: gcc.dg/compat/struct-by-value-5b c_compat_x_tst.o-c_compat_y_tst.o execute
UNRESOLVED: gcc.dg/compat/struct-by-value-6a c_compat_x_tst.o-c_compat_y_tst.o link
UNRESOLVED: gcc.dg/compat/struct-by-value-6a c_compat_x_tst.o-c_compat_y_tst.o execute
UNRESOLVED: gcc.dg/compat/struct-by-value-6b c_compat_x_tst.o-c_compat_y_tst.o link
UNRESOLVED: gcc.dg/compat/struct-by-value-6b c_compat_x_tst.o-c_compat_y_tst.o execute
UNRESOLVED: gcc.dg/compat/struct-by-value-7a c_compat_x_tst.o-c_compat_y_tst.o link
UNRESOLVED: gcc.dg/compat/struct-by-value-7a c_compat_x_tst.o-c_compat_y_tst.o execute
UNRESOLVED: gcc.dg/compat/struct-by-value-7b c_compat_x_tst.o-c_compat_y_tst.o link
UNRESOLVED: gcc.dg/compat/struct-by-value-7b c_compat_x_tst.o-c_compat_y_tst.o execute
UNRESOLVED: gcc.dg/compat/struct-by-value-8 c_compat_x_tst.o-c_compat_y_tst.o link
UNRESOLVED: gcc.dg/compat/struct-by-value-8 c_compat_x_tst.o-c_compat_y_tst.o execute
UNRESOLVED: gcc.dg/compat/struct-by-value-9 c_compat_x_tst.o-c_compat_y_tst.o link
UNRESOLVED: gcc.dg/compat/struct-by-value-9 c_compat_x_tst.o-c_compat_y_tst.o execute
UNRESOLVED: gcc.dg/compat/struct-complex-1 c_compat_x_tst.o-c_compat_y_tst.o link
UNRESOLVED: gcc.dg/compat/struct-complex-1 c_compat_x_tst.o-c_compat_y_tst.o execute
UNRESOLVED: gcc.dg/compat/struct-complex-2 c_compat_x_tst.o-c_compat_y_tst.o link
UNRESOLVED: gcc.dg/compat/struct-complex-2 c_compat_x_tst.o-c_compat_y_tst.o execute
UNRESOLVED: gcc.dg/compat/struct-layout-1 c_compat_x_tst.o-c_compat_y_tst.o link
UNRESOLVED: gcc.dg/compat/struct-layout-1 c_compat_x_tst.o-c_compat_y_tst.o execute
UNRESOLVED: gcc.dg/compat/struct-return-10 c_compat_x_tst.o-c_compat_y_tst.o link
UNRESOLVED: gcc.dg/compat/struct-return-10 c_compat_x_tst.o-c_compat_y_tst.o execute
UNRESOLVED: gcc.dg/compat/struct-return-19 c_compat_x_tst.o-c_compat_y_tst.o link
UNRESOLVED: gcc.dg/compat/struct-return-19 c_compat_x_tst.o-c_compat_y_tst.o execute
UNRESOLVED: gcc.dg/compat/struct-return-20 c_compat_x_tst.o-c_compat_y_tst.o link
UNRESOLVED: gcc.dg/compat/struct-return-20 c_compat_x_tst.o-c_compat_y_tst.o execute
UNRESOLVED: gcc.dg/compat/struct-return-21 c_compat_x_tst.o-c_compat_y_tst.o link
UNRESOLVED: gcc.dg/compat/struct-return-21 c_compat_x_tst.o-c_compat_y_tst.o execute
UNRESOLVED: gcc.dg/compat/struct-return-2 c_compat_x_tst.o-c_compat_y_tst.o link
UNRESOLVED: gcc.dg/compat/struct-return-2 c_compat_x_tst.o-c_compat_y_tst.o execute
UNRESOLVED: gcc.dg/compat/struct-return-3 c_compat_x_tst.o-c_compat_y_tst.o link
UNRESOLVED: gcc.dg/compat/struct-return-3 c_compat_x_tst.o-c_compat_y_tst.o execute
UNRESOLVED: gcc.dg/compat/union-by-value-1 c_compat_x_tst.o-c_compat_y_tst.o link
UNRESOLVED: gcc.dg/compat/union-by-value-1 c_compat_x_tst.o-c_compat_y_tst.o execute
FAIL: gcc.dg/compat/union-m128-1 c_compat_main_tst.o compile
FAIL: gcc.dg/compat/union-m128-1 c_compat_x_tst.o compile
FAIL: gcc.dg/compat/union-m128-1 c_compat_y_tst.o compile
UNRESOLVED: gcc.dg/compat/union-m128-1 c_compat_x_tst.o-c_compat_y_tst.o link
UNRESOLVED: gcc.dg/compat/union-m128-1 c_compat_x_tst.o-c_compat_y_tst.o execute
UNRESOLVED: gcc.dg/compat/union-return-1 c_compat_x_tst.o-c_compat_y_tst.o link
UNRESOLVED: gcc.dg/compat/union-return-1 c_compat_x_tst.o-c_compat_y_tst.o execute
UNRESOLVED: gcc.dg/compat/vector-1 c_compat_x_tst.o-c_compat_y_tst.o link
UNRESOLVED: gcc.dg/compat/vector-1 c_compat_x_tst.o-c_compat_y_tst.o execute
FAIL: gcc.dg/compat/vector-1a c_compat_main_tst.o compile
FAIL: gcc.dg/compat/vector-1a c_compat_x_tst.o compile
FAIL: gcc.dg/compat/vector-1a c_compat_y_tst.o compile
UNRESOLVED: gcc.dg/compat/vector-1a c_compat_x_tst.o-c_compat_y_tst.o link
UNRESOLVED: gcc.dg/compat/vector-1a c_compat_x_tst.o-c_compat_y_tst.o execute
UNRESOLVED: gcc.dg/compat/vector-2 c_compat_x_tst.o-c_compat_y_tst.o link
UNRESOLVED: gcc.dg/compat/vector-2 c_compat_x_tst.o-c_compat_y_tst.o execute
FAIL: gcc.dg/compat/vector-2a c_compat_main_tst.o compile
FAIL: gcc.dg/compat/vector-2a c_compat_x_tst.o compile
FAIL: gcc.dg/compat/vector-2a c_compat_y_tst.o compile
UNRESOLVED: gcc.dg/compat/vector-2a c_compat_x_tst.o-c_compat_y_tst.o link
UNRESOLVED: gcc.dg/compat/vector-2a c_compat_x_tst.o-c_compat_y_tst.o execute
UNRESOLVED: tmpdir-gcc.dg-struct-layout-1/t001 c_compat_x_tst.o-c_compat_y_tst.o link
UNRESOLVED: tmpdir-gcc.dg-struct-layout-1/t001 c_compat_x_tst.o-c_compat_y_tst.o execute
UNRESOLVED: tmpdir-gcc.dg-struct-layout-1/t002 c_compat_x_tst.o-c_compat_y_tst.o link
UNRESOLVED: tmpdir-gcc.dg-struct-layout-1/t002 c_compat_x_tst.o-c_compat_y_tst.o execute
UNRESOLVED: tmpdir-gcc.dg-struct-layout-1/t003 c_compat_x_tst.o-c_compat_y_tst.o link
UNRESOLVED: tmpdir-gcc.dg-struct-layout-1/t003 c_compat_x_tst.o-c_compat_y_tst.o execute
UNRESOLVED: tmpdir-gcc.dg-struct-layout-1/t004 c_compat_x_tst.o-c_compat_y_tst.o link
UNRESOLVED: tmpdir-gcc.dg-struct-layout-1/t004 c_compat_x_tst.o-c_compat_y_tst.o execute
UNRESOLVED: tmpdir-gcc.dg-struct-layout-1/t005 c_compat_x_tst.o-c_compat_y_tst.o link
UNRESOLVED: tmpdir-gcc.dg-struct-layout-1/t005 c_compat_x_tst.o-c_compat_y_tst.o execute
UNRESOLVED: tmpdir-gcc.dg-struct-layout-1/t006 c_compat_x_tst.o-c_compat_y_tst.o link
UNRESOLVED: tmpdir-gcc.dg-struct-layout-1/t006 c_compat_x_tst.o-c_compat_y_tst.o execute
UNRESOLVED: tmpdir-gcc.dg-struct-layout-1/t007 c_compat_x_tst.o-c_compat_y_tst.o link
UNRESOLVED: tmpdir-gcc.dg-struct-layout-1/t007 c_compat_x_tst.o-c_compat_y_tst.o execute
UNRESOLVED: tmpdir-gcc.dg-struct-layout-1/t008 c_compat_x_tst.o-c_compat_y_tst.o link
UNRESOLVED: tmpdir-gcc.dg-struct-layout-1/t008 c_compat_x_tst.o-c_compat_y_tst.o execute
UNRESOLVED: tmpdir-gcc.dg-struct-layout-1/t009 c_compat_x_tst.o-c_compat_y_tst.o link
UNRESOLVED: tmpdir-gcc.dg-struct-layout-1/t009 c_compat_x_tst.o-c_compat_y_tst.o execute
UNRESOLVED: tmpdir-gcc.dg-struct-layout-1/t010 c_compat_x_tst.o-c_compat_y_tst.o link
UNRESOLVED: tmpdir-gcc.dg-struct-layout-1/t010 c_compat_x_tst.o-c_compat_y_tst.o execute
UNRESOLVED: tmpdir-gcc.dg-struct-layout-1/t011 c_compat_x_tst.o-c_compat_y_tst.o link
UNRESOLVED: tmpdir-gcc.dg-struct-layout-1/t011 c_compat_x_tst.o-c_compat_y_tst.o execute
UNRESOLVED: tmpdir-gcc.dg-struct-layout-1/t012 c_compat_x_tst.o-c_compat_y_tst.o link
UNRESOLVED: tmpdir-gcc.dg-struct-layout-1/t012 c_compat_x_tst.o-c_compat_y_tst.o execute
UNRESOLVED: tmpdir-gcc.dg-struct-layout-1/t013 c_compat_x_tst.o-c_compat_y_tst.o link
UNRESOLVED: tmpdir-gcc.dg-struct-layout-1/t013 c_compat_x_tst.o-c_compat_y_tst.o execute
UNRESOLVED: tmpdir-gcc.dg-struct-layout-1/t014 c_compat_x_tst.o-c_compat_y_tst.o link
UNRESOLVED: tmpdir-gcc.dg-struct-layout-1/t014 c_compat_x_tst.o-c_compat_y_tst.o execute
UNRESOLVED: tmpdir-gcc.dg-struct-layout-1/t015 c_compat_x_tst.o-c_compat_y_tst.o link
UNRESOLVED: tmpdir-gcc.dg-struct-layout-1/t015 c_compat_x_tst.o-c_compat_y_tst.o execute
UNRESOLVED: tmpdir-gcc.dg-struct-layout-1/t016 c_compat_x_tst.o-c_compat_y_tst.o link
UNRESOLVED: tmpdir-gcc.dg-struct-layout-1/t016 c_compat_x_tst.o-c_compat_y_tst.o execute
UNRESOLVED: tmpdir-gcc.dg-struct-layout-1/t017 c_compat_x_tst.o-c_compat_y_tst.o link
UNRESOLVED: tmpdir-gcc.dg-struct-layout-1/t017 c_compat_x_tst.o-c_compat_y_tst.o execute
UNRESOLVED: tmpdir-gcc.dg-struct-layout-1/t018 c_compat_x_tst.o-c_compat_y_tst.o link
UNRESOLVED: tmpdir-gcc.dg-struct-layout-1/t018 c_compat_x_tst.o-c_compat_y_tst.o execute
UNRESOLVED: tmpdir-gcc.dg-struct-layout-1/t019 c_compat_x_tst.o-c_compat_y_tst.o link
UNRESOLVED: tmpdir-gcc.dg-struct-layout-1/t019 c_compat_x_tst.o-c_compat_y_tst.o execute
UNRESOLVED: tmpdir-gcc.dg-struct-layout-1/t020 c_compat_x_tst.o-c_compat_y_tst.o link
UNRESOLVED: tmpdir-gcc.dg-struct-layout-1/t020 c_compat_x_tst.o-c_compat_y_tst.o execute
UNRESOLVED: tmpdir-gcc.dg-struct-layout-1/t021 c_compat_x_tst.o-c_compat_y_tst.o link
UNRESOLVED: tmpdir-gcc.dg-struct-layout-1/t021 c_compat_x_tst.o-c_compat_y_tst.o execute
UNRESOLVED: tmpdir-gcc.dg-struct-layout-1/t022 c_compat_x_tst.o-c_compat_y_tst.o link
UNRESOLVED: tmpdir-gcc.dg-struct-layout-1/t022 c_compat_x_tst.o-c_compat_y_tst.o execute
UNRESOLVED: tmpdir-gcc.dg-struct-layout-1/t023 c_compat_x_tst.o-c_compat_y_tst.o link
UNRESOLVED: tmpdir-gcc.dg-struct-layout-1/t023 c_compat_x_tst.o-c_compat_y_tst.o execute
UNRESOLVED: tmpdir-gcc.dg-struct-layout-1/t024 c_compat_x_tst.o-c_compat_y_tst.o link
UNRESOLVED: tmpdir-gcc.dg-struct-layout-1/t024 c_compat_x_tst.o-c_compat_y_tst.o execute
UNRESOLVED: tmpdir-gcc.dg-struct-layout-1/t025 c_compat_x_tst.o-c_compat_y_tst.o link
UNRESOLVED: tmpdir-gcc.dg-struct-layout-1/t025 c_compat_x_tst.o-c_compat_y_tst.o execute
UNRESOLVED: tmpdir-gcc.dg-struct-layout-1/t026 c_compat_x_tst.o-c_compat_y_tst.o link
UNRESOLVED: tmpdir-gcc.dg-struct-layout-1/t026 c_compat_x_tst.o-c_compat_y_tst.o execute
UNRESOLVED: tmpdir-gcc.dg-struct-layout-1/t027 c_compat_x_tst.o-c_compat_y_tst.o link
UNRESOLVED: tmpdir-gcc.dg-struct-layout-1/t027 c_compat_x_tst.o-c_compat_y_tst.o execute
UNRESOLVED: tmpdir-gcc.dg-struct-layout-1/t028 c_compat_x_tst.o-c_compat_y_tst.o link
UNRESOLVED: tmpdir-gcc.dg-struct-layout-1/t028 c_compat_x_tst.o-c_compat_y_tst.o execute
FAIL: gcc.dg/cpp/_Pragma3.c (test for excess errors)
FAIL: gcc.dg/20020430-1.c (test for excess errors)
FAIL: gcc.dg/20030414-2.c (test for excess errors)
WARNING: gcc.dg/20030414-2.c compilation failed to produce executable
XPASS: gcc.dg/Warray-bounds.c (test for warnings, line 59)
XPASS: gcc.dg/Warray-bounds.c (test for warnings, line 65)
FAIL: gcc.dg/Wparentheses-11.c (test for excess errors)
FAIL: gcc.dg/Wparentheses-2.c (test for excess errors)
FAIL: gcc.dg/Wparentheses-6.c (test for excess errors)
FAIL: gcc.dg/Wparentheses-7.c (test for excess errors)
FAIL: gcc.dg/Wparentheses-8.c (test for excess errors)
FAIL: gcc.dg/Wshadow-3.c (test for warnings, line 47)
FAIL: gcc.dg/Wshadow-3.c (test for excess errors)
FAIL: gcc.dg/Wstrict-overflow-1.c (test for excess errors)
FAIL: gcc.dg/Wstrict-overflow-2.c (test for excess errors)
FAIL: gcc.dg/Wstrict-overflow-20.c (test for excess errors)
FAIL: gcc.dg/Wstrict-overflow-5.c (test for excess errors)
FAIL: gcc.dg/Wstrict-overflow-6.c (test for excess errors)
FAIL: gcc.dg/builtins-6.c (test for excess errors)
WARNING: gcc.dg/builtins-6.c compilation failed to produce executable
FAIL: gcc.dg/builtins-63.c (test for excess errors)
FAIL: gcc.dg/c99-stdint-1.c (test for excess errors)
FAIL: gcc.dg/c99-stdint-3.c (test for excess errors)
FAIL: gcc.dg/c99-stdint-5.c (test for excess errors)
FAIL: gcc.dg/c99-stdint-7.c (test for excess errors)
FAIL: gcc.dg/compare3.c (test for excess errors)
FAIL: gcc.dg/fastmath-1.c (test for excess errors)
WARNING: gcc.dg/fastmath-1.c compilation failed to produce executable
FAIL: gcc.dg/fold-compare-1.c (test for excess errors)
FAIL: gcc.dg/intmax_t-1.c (test for excess errors)
FAIL: gcc.dg/loop-3.c (test for excess errors)
FAIL: gcc.dg/no-strict-overflow-1.c (test for excess errors)
FAIL: gcc.dg/no-strict-overflow-3.c (test for excess errors)
FAIL: gcc.dg/no-strict-overflow-4.c (test for excess errors)
FAIL: gcc.dg/pr20922-2.c (test for excess errors)
FAIL: gcc.dg/pr20922-5.c (test for excess errors)
FAIL: gcc.dg/pr21041.c (test for excess errors)
FAIL: gcc.dg/pr28187.c (test for excess errors)
FAIL: gcc.dg/pr28796-2.c (test for excess errors)
WARNING: gcc.dg/pr28796-2.c compilation failed to produce executable
FAIL: gcc.dg/pr31959.c (test for excess errors)
FAIL: gcc.dg/pr33673.c (test for excess errors)
FAIL: gcc.dg/pr34989-1.c (internal compiler error)
FAIL: gcc.dg/pr34989-1.c (test for excess errors)
FAIL: gcc.dg/pr35065.c (test for excess errors)
FAIL: gcc.dg/pr35635.c (test for excess errors)
FAIL: gcc.dg/pr36584.c (test for excess errors)
WARNING: gcc.dg/pr36584.c compilation failed to produce executable
FAIL: gcc.dg/pr36902.c (test for warnings, line 47)
FAIL: gcc.dg/pr36902.c (test for excess errors)
FAIL: gcc.dg/pr37663.c (test for excess errors)
FAIL: gcc.dg/profile-generate-3.c (test for excess errors)
FAIL: gcc.dg/strict-overflow-1.c (test for excess errors)
FAIL: gcc.dg/strict-overflow-3.c (test for excess errors)
FAIL: gcc.dg/pch/common-1.c -O0 -g
FAIL: gcc.dg/pch/common-1.c -O0 -g assembly comparison
FAIL: gcc.dg/pch/common-1.c -O0
FAIL: gcc.dg/pch/common-1.c -O0 assembly comparison
FAIL: gcc.dg/pch/common-1.c -O1
FAIL: gcc.dg/pch/common-1.c -O1 assembly comparison
FAIL: gcc.dg/pch/common-1.c -O2
FAIL: gcc.dg/pch/common-1.c -O2 assembly comparison
FAIL: gcc.dg/pch/common-1.c -O3 -fomit-frame-pointer
FAIL: gcc.dg/pch/common-1.c -O3 -fomit-frame-pointer assembly comparison
FAIL: gcc.dg/pch/common-1.c -O3 -g
FAIL: gcc.dg/pch/common-1.c -O3 -g assembly comparison
FAIL: gcc.dg/pch/common-1.c -Os
FAIL: gcc.dg/pch/common-1.c -Os assembly comparison
FAIL: gcc.dg/pch/counter-1.c -O0 -g
FAIL: gcc.dg/pch/counter-1.c -O0 -g assembly comparison
FAIL: gcc.dg/pch/counter-1.c -O0
FAIL: gcc.dg/pch/counter-1.c -O0 assembly comparison
FAIL: gcc.dg/pch/counter-1.c -O1
FAIL: gcc.dg/pch/counter-1.c -O1 assembly comparison
FAIL: gcc.dg/pch/counter-1.c -O2
FAIL: gcc.dg/pch/counter-1.c -O2 assembly comparison
FAIL: gcc.dg/pch/counter-1.c -O3 -fomit-frame-pointer
FAIL: gcc.dg/pch/counter-1.c -O3 -fomit-frame-pointer assembly comparison
FAIL: gcc.dg/pch/counter-1.c -O3 -g
FAIL: gcc.dg/pch/counter-1.c -O3 -g assembly comparison
FAIL: gcc.dg/pch/counter-1.c -Os
FAIL: gcc.dg/pch/counter-1.c -Os assembly comparison
FAIL: gcc.dg/pch/counter-2.c -O0 -g
FAIL: gcc.dg/pch/counter-2.c -O0
FAIL: gcc.dg/pch/counter-2.c -O1
FAIL: gcc.dg/pch/counter-2.c -O2
FAIL: gcc.dg/pch/counter-2.c -O3 -fomit-frame-pointer
FAIL: gcc.dg/pch/counter-2.c -O3 -g
FAIL: gcc.dg/pch/counter-2.c -Os
FAIL: gcc.dg/pch/counter-3.c -O0 -g
FAIL: gcc.dg/pch/counter-3.c -O0 -g assembly comparison
FAIL: gcc.dg/pch/counter-3.c -O0
FAIL: gcc.dg/pch/counter-3.c -O0 assembly comparison
FAIL: gcc.dg/pch/counter-3.c -O1
FAIL: gcc.dg/pch/counter-3.c -O1 assembly comparison
FAIL: gcc.dg/pch/counter-3.c -O2
FAIL: gcc.dg/pch/counter-3.c -O2 assembly comparison
FAIL: gcc.dg/pch/counter-3.c -O3 -fomit-frame-pointer
FAIL: gcc.dg/pch/counter-3.c -O3 -fomit-frame-pointer assembly comparison
FAIL: gcc.dg/pch/counter-3.c -O3 -g
FAIL: gcc.dg/pch/counter-3.c -O3 -g assembly comparison
FAIL: gcc.dg/pch/counter-3.c -Os
FAIL: gcc.dg/pch/counter-3.c -Os assembly comparison
FAIL: gcc.dg/pch/cpp-1.c -O0 -g
FAIL: gcc.dg/pch/cpp-1.c -O0 -g assembly comparison
FAIL: gcc.dg/pch/cpp-1.c -O0
FAIL: gcc.dg/pch/cpp-1.c -O0 assembly comparison
FAIL: gcc.dg/pch/cpp-1.c -O1
FAIL: gcc.dg/pch/cpp-1.c -O1 assembly comparison
FAIL: gcc.dg/pch/cpp-1.c -O2
FAIL: gcc.dg/pch/cpp-1.c -O2 assembly comparison
FAIL: gcc.dg/pch/cpp-1.c -O3 -fomit-frame-pointer
FAIL: gcc.dg/pch/cpp-1.c -O3 -fomit-frame-pointer assembly comparison
FAIL: gcc.dg/pch/cpp-1.c -O3 -g
FAIL: gcc.dg/pch/cpp-1.c -O3 -g assembly comparison
FAIL: gcc.dg/pch/cpp-1.c -Os
FAIL: gcc.dg/pch/cpp-1.c -Os assembly comparison
FAIL: gcc.dg/pch/cpp-2.c -O0 -g
FAIL: gcc.dg/pch/cpp-2.c -O0 -g assembly comparison
FAIL: gcc.dg/pch/cpp-2.c -O0
FAIL: gcc.dg/pch/cpp-2.c -O0 assembly comparison
FAIL: gcc.dg/pch/cpp-2.c -O1
FAIL: gcc.dg/pch/cpp-2.c -O1 assembly comparison
FAIL: gcc.dg/pch/cpp-2.c -O2
FAIL: gcc.dg/pch/cpp-2.c -O2 assembly comparison
FAIL: gcc.dg/pch/cpp-2.c -O3 -fomit-frame-pointer
FAIL: gcc.dg/pch/cpp-2.c -O3 -fomit-frame-pointer assembly comparison
FAIL: gcc.dg/pch/cpp-2.c -O3 -g
FAIL: gcc.dg/pch/cpp-2.c -O3 -g assembly comparison
FAIL: gcc.dg/pch/cpp-2.c -Os
FAIL: gcc.dg/pch/cpp-2.c -Os assembly comparison
FAIL: gcc.dg/pch/cpp-3.c -O0 -g
FAIL: gcc.dg/pch/cpp-3.c -O0 -g assembly comparison
FAIL: gcc.dg/pch/cpp-3.c -O0
FAIL: gcc.dg/pch/cpp-3.c -O0 assembly comparison
FAIL: gcc.dg/pch/cpp-3.c -O1
FAIL: gcc.dg/pch/cpp-3.c -O1 assembly comparison
FAIL: gcc.dg/pch/cpp-3.c -O2
FAIL: gcc.dg/pch/cpp-3.c -O2 assembly comparison
FAIL: gcc.dg/pch/cpp-3.c -O3 -fomit-frame-pointer
FAIL: gcc.dg/pch/cpp-3.c -O3 -fomit-frame-pointer assembly comparison
FAIL: gcc.dg/pch/cpp-3.c -O3 -g
FAIL: gcc.dg/pch/cpp-3.c -O3 -g assembly comparison
FAIL: gcc.dg/pch/cpp-3.c -Os
FAIL: gcc.dg/pch/cpp-3.c -Os assembly comparison
FAIL: gcc.dg/pch/decl-1.c -O0 -g
FAIL: gcc.dg/pch/decl-1.c -O0 -g assembly comparison
FAIL: gcc.dg/pch/decl-1.c -O0
FAIL: gcc.dg/pch/decl-1.c -O0 assembly comparison
FAIL: gcc.dg/pch/decl-1.c -O1
FAIL: gcc.dg/pch/decl-1.c -O1 assembly comparison
FAIL: gcc.dg/pch/decl-1.c -O2
FAIL: gcc.dg/pch/decl-1.c -O2 assembly comparison
FAIL: gcc.dg/pch/decl-1.c -O3 -fomit-frame-pointer
FAIL: gcc.dg/pch/decl-1.c -O3 -fomit-frame-pointer assembly comparison
FAIL: gcc.dg/pch/decl-1.c -O3 -g
FAIL: gcc.dg/pch/decl-1.c -O3 -g assembly comparison
FAIL: gcc.dg/pch/decl-1.c -Os
FAIL: gcc.dg/pch/decl-1.c -Os assembly comparison
FAIL: gcc.dg/pch/decl-2.c -O0 -g
FAIL: gcc.dg/pch/decl-2.c -O0 -g assembly comparison
FAIL: gcc.dg/pch/decl-2.c -O0
FAIL: gcc.dg/pch/decl-2.c -O0 assembly comparison
FAIL: gcc.dg/pch/decl-2.c -O1
FAIL: gcc.dg/pch/decl-2.c -O1 assembly comparison
FAIL: gcc.dg/pch/decl-2.c -O2
FAIL: gcc.dg/pch/decl-2.c -O2 assembly comparison
FAIL: gcc.dg/pch/decl-2.c -O3 -fomit-frame-pointer
FAIL: gcc.dg/pch/decl-2.c -O3 -fomit-frame-pointer assembly comparison
FAIL: gcc.dg/pch/decl-2.c -O3 -g
FAIL: gcc.dg/pch/decl-2.c -O3 -g assembly comparison
FAIL: gcc.dg/pch/decl-2.c -Os
FAIL: gcc.dg/pch/decl-2.c -Os assembly comparison
FAIL: gcc.dg/pch/decl-3.c -O0 -g
FAIL: gcc.dg/pch/decl-3.c -O0 -g assembly comparison
FAIL: gcc.dg/pch/decl-3.c -O0
FAIL: gcc.dg/pch/decl-3.c -O0 assembly comparison
FAIL: gcc.dg/pch/decl-3.c -O1
FAIL: gcc.dg/pch/decl-3.c -O1 assembly comparison
FAIL: gcc.dg/pch/decl-3.c -O2
FAIL: gcc.dg/pch/decl-3.c -O2 assembly comparison
FAIL: gcc.dg/pch/decl-3.c -O3 -fomit-frame-pointer
FAIL: gcc.dg/pch/decl-3.c -O3 -fomit-frame-pointer assembly comparison
FAIL: gcc.dg/pch/decl-3.c -O3 -g
FAIL: gcc.dg/pch/decl-3.c -O3 -g assembly comparison
FAIL: gcc.dg/pch/decl-3.c -Os
FAIL: gcc.dg/pch/decl-3.c -Os assembly comparison
FAIL: gcc.dg/pch/decl-4.c -O0 -g
FAIL: gcc.dg/pch/decl-4.c -O0 -g assembly comparison
FAIL: gcc.dg/pch/decl-4.c -O0
FAIL: gcc.dg/pch/decl-4.c -O0 assembly comparison
FAIL: gcc.dg/pch/decl-4.c -O1
FAIL: gcc.dg/pch/decl-4.c -O1 assembly comparison
FAIL: gcc.dg/pch/decl-4.c -O2
FAIL: gcc.dg/pch/decl-4.c -O2 assembly comparison
FAIL: gcc.dg/pch/decl-4.c -O3 -fomit-frame-pointer
FAIL: gcc.dg/pch/decl-4.c -O3 -fomit-frame-pointer assembly comparison
FAIL: gcc.dg/pch/decl-4.c -O3 -g
FAIL: gcc.dg/pch/decl-4.c -O3 -g assembly comparison
FAIL: gcc.dg/pch/decl-4.c -Os
FAIL: gcc.dg/pch/decl-4.c -Os assembly comparison
FAIL: gcc.dg/pch/decl-5.c -O0 -g
FAIL: gcc.dg/pch/decl-5.c -O0 -g assembly comparison
FAIL: gcc.dg/pch/decl-5.c -O0
FAIL: gcc.dg/pch/decl-5.c -O0 assembly comparison
FAIL: gcc.dg/pch/decl-5.c -O1
FAIL: gcc.dg/pch/decl-5.c -O1 assembly comparison
FAIL: gcc.dg/pch/decl-5.c -O2
FAIL: gcc.dg/pch/decl-5.c -O2 assembly comparison
FAIL: gcc.dg/pch/decl-5.c -O3 -fomit-frame-pointer
FAIL: gcc.dg/pch/decl-5.c -O3 -fomit-frame-pointer assembly comparison
FAIL: gcc.dg/pch/decl-5.c -O3 -g
FAIL: gcc.dg/pch/decl-5.c -O3 -g assembly comparison
FAIL: gcc.dg/pch/decl-5.c -Os
FAIL: gcc.dg/pch/decl-5.c -Os assembly comparison
FAIL: gcc.dg/pch/empty.c -O0 -g
FAIL: gcc.dg/pch/empty.c -O0 -g assembly comparison
FAIL: gcc.dg/pch/empty.c -O0
FAIL: gcc.dg/pch/empty.c -O0 assembly comparison
FAIL: gcc.dg/pch/empty.c -O1
FAIL: gcc.dg/pch/empty.c -O1 assembly comparison
FAIL: gcc.dg/pch/empty.c -O2
FAIL: gcc.dg/pch/empty.c -O2 assembly comparison
FAIL: gcc.dg/pch/empty.c -O3 -fomit-frame-pointer
FAIL: gcc.dg/pch/empty.c -O3 -fomit-frame-pointer assembly comparison
FAIL: gcc.dg/pch/empty.c -O3 -g
FAIL: gcc.dg/pch/empty.c -O3 -g assembly comparison
FAIL: gcc.dg/pch/empty.c -Os
FAIL: gcc.dg/pch/empty.c -Os assembly comparison
FAIL: gcc.dg/pch/except-1.c -O0 -g
FAIL: gcc.dg/pch/except-1.c -O0 -g assembly comparison
FAIL: gcc.dg/pch/except-1.c -O0
FAIL: gcc.dg/pch/except-1.c -O0 assembly comparison
FAIL: gcc.dg/pch/except-1.c -O1
FAIL: gcc.dg/pch/except-1.c -O1 assembly comparison
FAIL: gcc.dg/pch/except-1.c -O2
FAIL: gcc.dg/pch/except-1.c -O2 assembly comparison
FAIL: gcc.dg/pch/except-1.c -O3 -fomit-frame-pointer
FAIL: gcc.dg/pch/except-1.c -O3 -fomit-frame-pointer assembly comparison
FAIL: gcc.dg/pch/except-1.c -O3 -g
FAIL: gcc.dg/pch/except-1.c -O3 -g assembly comparison
FAIL: gcc.dg/pch/except-1.c -Os
FAIL: gcc.dg/pch/except-1.c -Os assembly comparison
FAIL: gcc.dg/pch/global-1.c -O0 -g
FAIL: gcc.dg/pch/global-1.c -O0 -g assembly comparison
FAIL: gcc.dg/pch/global-1.c -O0
FAIL: gcc.dg/pch/global-1.c -O0 assembly comparison
FAIL: gcc.dg/pch/global-1.c -O1
FAIL: gcc.dg/pch/global-1.c -O1 assembly comparison
FAIL: gcc.dg/pch/global-1.c -O2
FAIL: gcc.dg/pch/global-1.c -O2 assembly comparison
FAIL: gcc.dg/pch/global-1.c -O3 -fomit-frame-pointer
FAIL: gcc.dg/pch/global-1.c -O3 -fomit-frame-pointer assembly comparison
FAIL: gcc.dg/pch/global-1.c -O3 -g
FAIL: gcc.dg/pch/global-1.c -O3 -g assembly comparison
FAIL: gcc.dg/pch/global-1.c -Os
FAIL: gcc.dg/pch/global-1.c -Os assembly comparison
FAIL: gcc.dg/pch/import-1.c -O0 -g
FAIL: gcc.dg/pch/import-1.c -O0 -g assembly comparison
FAIL: gcc.dg/pch/import-1.c -O0
FAIL: gcc.dg/pch/import-1.c -O0 assembly comparison
FAIL: gcc.dg/pch/import-1.c -O1
FAIL: gcc.dg/pch/import-1.c -O1 assembly comparison
FAIL: gcc.dg/pch/import-1.c -O2
FAIL: gcc.dg/pch/import-1.c -O2 assembly comparison
FAIL: gcc.dg/pch/import-1.c -O3 -fomit-frame-pointer
FAIL: gcc.dg/pch/import-1.c -O3 -fomit-frame-pointer assembly comparison
FAIL: gcc.dg/pch/import-1.c -O3 -g
FAIL: gcc.dg/pch/import-1.c -O3 -g assembly comparison
FAIL: gcc.dg/pch/import-1.c -Os
FAIL: gcc.dg/pch/import-1.c -Os assembly comparison
FAIL: gcc.dg/pch/import-2.c -O0 -g
FAIL: gcc.dg/pch/import-2.c -O0 -g assembly comparison
FAIL: gcc.dg/pch/import-2.c -O0
FAIL: gcc.dg/pch/import-2.c -O0 assembly comparison
FAIL: gcc.dg/pch/import-2.c -O1
FAIL: gcc.dg/pch/import-2.c -O1 assembly comparison
FAIL: gcc.dg/pch/import-2.c -O2
FAIL: gcc.dg/pch/import-2.c -O2 assembly comparison
FAIL: gcc.dg/pch/import-2.c -O3 -fomit-frame-pointer
FAIL: gcc.dg/pch/import-2.c -O3 -fomit-frame-pointer assembly comparison
FAIL: gcc.dg/pch/import-2.c -O3 -g
FAIL: gcc.dg/pch/import-2.c -O3 -g assembly comparison
FAIL: gcc.dg/pch/import-2.c -Os
FAIL: gcc.dg/pch/import-2.c -Os assembly comparison
FAIL: gcc.dg/pch/inline-1.c -O0 -g
FAIL: gcc.dg/pch/inline-1.c -O0 -g assembly comparison
FAIL: gcc.dg/pch/inline-1.c -O0
FAIL: gcc.dg/pch/inline-1.c -O0 assembly comparison
FAIL: gcc.dg/pch/inline-1.c -O1
FAIL: gcc.dg/pch/inline-1.c -O1 assembly comparison
FAIL: gcc.dg/pch/inline-1.c -O2
FAIL: gcc.dg/pch/inline-1.c -O2 assembly comparison
FAIL: gcc.dg/pch/inline-1.c -O3 -fomit-frame-pointer
FAIL: gcc.dg/pch/inline-1.c -O3 -fomit-frame-pointer assembly comparison
FAIL: gcc.dg/pch/inline-1.c -O3 -g
FAIL: gcc.dg/pch/inline-1.c -O3 -g assembly comparison
FAIL: gcc.dg/pch/inline-1.c -Os
FAIL: gcc.dg/pch/inline-1.c -Os assembly comparison
FAIL: gcc.dg/pch/inline-2.c -O0 -g
FAIL: gcc.dg/pch/inline-2.c -O0 -g assembly comparison
FAIL: gcc.dg/pch/inline-2.c -O0
FAIL: gcc.dg/pch/inline-2.c -O0 assembly comparison
FAIL: gcc.dg/pch/inline-2.c -O1
FAIL: gcc.dg/pch/inline-2.c -O1 assembly comparison
FAIL: gcc.dg/pch/inline-2.c -O2
FAIL: gcc.dg/pch/inline-2.c -O2 assembly comparison
FAIL: gcc.dg/pch/inline-2.c -O3 -fomit-frame-pointer
FAIL: gcc.dg/pch/inline-2.c -O3 -fomit-frame-pointer assembly comparison
FAIL: gcc.dg/pch/inline-2.c -O3 -g
FAIL: gcc.dg/pch/inline-2.c -O3 -g assembly comparison
FAIL: gcc.dg/pch/inline-2.c -Os
FAIL: gcc.dg/pch/inline-2.c -Os assembly comparison
FAIL: gcc.dg/pch/inline-3.c -O0 -g
FAIL: gcc.dg/pch/inline-3.c -O0 -g assembly comparison
FAIL: gcc.dg/pch/inline-3.c -O0
FAIL: gcc.dg/pch/inline-3.c -O0 assembly comparison
FAIL: gcc.dg/pch/inline-3.c -O1
FAIL: gcc.dg/pch/inline-3.c -O1 assembly comparison
FAIL: gcc.dg/pch/inline-3.c -O2
FAIL: gcc.dg/pch/inline-3.c -O2 assembly comparison
FAIL: gcc.dg/pch/inline-3.c -O3 -fomit-frame-pointer
FAIL: gcc.dg/pch/inline-3.c -O3 -fomit-frame-pointer assembly comparison
FAIL: gcc.dg/pch/inline-3.c -O3 -g
FAIL: gcc.dg/pch/inline-3.c -O3 -g assembly comparison
FAIL: gcc.dg/pch/inline-3.c -Os
FAIL: gcc.dg/pch/inline-3.c -Os assembly comparison
FAIL: gcc.dg/pch/inline-4.c -O0 -g
FAIL: gcc.dg/pch/inline-4.c -O0 -g assembly comparison
FAIL: gcc.dg/pch/inline-4.c -O0
FAIL: gcc.dg/pch/inline-4.c -O0 assembly comparison
FAIL: gcc.dg/pch/inline-4.c -O1
FAIL: gcc.dg/pch/inline-4.c -O1 assembly comparison
FAIL: gcc.dg/pch/inline-4.c -O2
FAIL: gcc.dg/pch/inline-4.c -O2 assembly comparison
FAIL: gcc.dg/pch/inline-4.c -O3 -fomit-frame-pointer
FAIL: gcc.dg/pch/inline-4.c -O3 -fomit-frame-pointer assembly comparison
FAIL: gcc.dg/pch/inline-4.c -O3 -g
FAIL: gcc.dg/pch/inline-4.c -O3 -g assembly comparison
FAIL: gcc.dg/pch/inline-4.c -Os
FAIL: gcc.dg/pch/inline-4.c -Os assembly comparison
FAIL: gcc.dg/pch/macro-1.c -O0 -g
FAIL: gcc.dg/pch/macro-1.c -O0 -g assembly comparison
FAIL: gcc.dg/pch/macro-1.c -O0
FAIL: gcc.dg/pch/macro-1.c -O0 assembly comparison
FAIL: gcc.dg/pch/macro-1.c -O1
FAIL: gcc.dg/pch/macro-1.c -O1 assembly comparison
FAIL: gcc.dg/pch/macro-1.c -O2
FAIL: gcc.dg/pch/macro-1.c -O2 assembly comparison
FAIL: gcc.dg/pch/macro-1.c -O3 -fomit-frame-pointer
FAIL: gcc.dg/pch/macro-1.c -O3 -fomit-frame-pointer assembly comparison
FAIL: gcc.dg/pch/macro-1.c -O3 -g
FAIL: gcc.dg/pch/macro-1.c -O3 -g assembly comparison
FAIL: gcc.dg/pch/macro-1.c -Os
FAIL: gcc.dg/pch/macro-1.c -Os assembly comparison
FAIL: gcc.dg/pch/macro-2.c -O0 -g
FAIL: gcc.dg/pch/macro-2.c -O0 -g assembly comparison
FAIL: gcc.dg/pch/macro-2.c -O0
FAIL: gcc.dg/pch/macro-2.c -O0 assembly comparison
FAIL: gcc.dg/pch/macro-2.c -O1
FAIL: gcc.dg/pch/macro-2.c -O1 assembly comparison
FAIL: gcc.dg/pch/macro-2.c -O2
FAIL: gcc.dg/pch/macro-2.c -O2 assembly comparison
FAIL: gcc.dg/pch/macro-2.c -O3 -fomit-frame-pointer
FAIL: gcc.dg/pch/macro-2.c -O3 -fomit-frame-pointer assembly comparison
FAIL: gcc.dg/pch/macro-2.c -O3 -g
FAIL: gcc.dg/pch/macro-2.c -O3 -g assembly comparison
FAIL: gcc.dg/pch/macro-2.c -Os
FAIL: gcc.dg/pch/macro-2.c -Os assembly comparison
FAIL: gcc.dg/pch/macro-3.c -O0 -g
FAIL: gcc.dg/pch/macro-3.c -O0 -g assembly comparison
FAIL: gcc.dg/pch/macro-3.c -O0
FAIL: gcc.dg/pch/macro-3.c -O0 assembly comparison
FAIL: gcc.dg/pch/macro-3.c -O1
FAIL: gcc.dg/pch/macro-3.c -O1 assembly comparison
FAIL: gcc.dg/pch/macro-3.c -O2
FAIL: gcc.dg/pch/macro-3.c -O2 assembly comparison
FAIL: gcc.dg/pch/macro-3.c -O3 -fomit-frame-pointer
FAIL: gcc.dg/pch/macro-3.c -O3 -fomit-frame-pointer assembly comparison
FAIL: gcc.dg/pch/macro-3.c -O3 -g
FAIL: gcc.dg/pch/macro-3.c -O3 -g assembly comparison
FAIL: gcc.dg/pch/macro-3.c -Os
FAIL: gcc.dg/pch/macro-3.c -Os assembly comparison
FAIL: gcc.dg/pch/macro-4.c -O0 -g
FAIL: gcc.dg/pch/macro-4.c -O0 -g assembly comparison
FAIL: gcc.dg/pch/macro-4.c -O0
FAIL: gcc.dg/pch/macro-4.c -O0 assembly comparison
FAIL: gcc.dg/pch/macro-4.c -O1
FAIL: gcc.dg/pch/macro-4.c -O1 assembly comparison
FAIL: gcc.dg/pch/macro-4.c -O2
FAIL: gcc.dg/pch/macro-4.c -O2 assembly comparison
FAIL: gcc.dg/pch/macro-4.c -O3 -fomit-frame-pointer
FAIL: gcc.dg/pch/macro-4.c -O3 -fomit-frame-pointer assembly comparison
FAIL: gcc.dg/pch/macro-4.c -O3 -g
FAIL: gcc.dg/pch/macro-4.c -O3 -g assembly comparison
FAIL: gcc.dg/pch/macro-4.c -Os
FAIL: gcc.dg/pch/macro-4.c -Os assembly comparison
FAIL: gcc.dg/pch/save-temps-1.c -O0 -g
FAIL: gcc.dg/pch/save-temps-1.c -O0 -g assembly comparison
FAIL: gcc.dg/pch/save-temps-1.c -O0
FAIL: gcc.dg/pch/save-temps-1.c -O0 assembly comparison
FAIL: gcc.dg/pch/save-temps-1.c -O1
FAIL: gcc.dg/pch/save-temps-1.c -O1 assembly comparison
FAIL: gcc.dg/pch/save-temps-1.c -O2
FAIL: gcc.dg/pch/save-temps-1.c -O2 assembly comparison
FAIL: gcc.dg/pch/save-temps-1.c -O3 -fomit-frame-pointer
FAIL: gcc.dg/pch/save-temps-1.c -O3 -fomit-frame-pointer assembly comparison
FAIL: gcc.dg/pch/save-temps-1.c -O3 -g
FAIL: gcc.dg/pch/save-temps-1.c -O3 -g assembly comparison
FAIL: gcc.dg/pch/save-temps-1.c -Os
FAIL: gcc.dg/pch/save-temps-1.c -Os assembly comparison
FAIL: gcc.dg/pch/static-1.c -O0 -g
FAIL: gcc.dg/pch/static-1.c -O0 -g assembly comparison
FAIL: gcc.dg/pch/static-1.c -O0
FAIL: gcc.dg/pch/static-1.c -O0 assembly comparison
FAIL: gcc.dg/pch/static-1.c -O1
FAIL: gcc.dg/pch/static-1.c -O1 assembly comparison
FAIL: gcc.dg/pch/static-1.c -O2
FAIL: gcc.dg/pch/static-1.c -O2 assembly comparison
FAIL: gcc.dg/pch/static-1.c -O3 -fomit-frame-pointer
FAIL: gcc.dg/pch/static-1.c -O3 -fomit-frame-pointer assembly comparison
FAIL: gcc.dg/pch/static-1.c -O3 -g
FAIL: gcc.dg/pch/static-1.c -O3 -g assembly comparison
FAIL: gcc.dg/pch/static-1.c -Os
FAIL: gcc.dg/pch/static-1.c -Os assembly comparison
FAIL: gcc.dg/pch/static-2.c -O0 -g
FAIL: gcc.dg/pch/static-2.c -O0 -g assembly comparison
FAIL: gcc.dg/pch/static-2.c -O0
FAIL: gcc.dg/pch/static-2.c -O0 assembly comparison
FAIL: gcc.dg/pch/static-2.c -O1
FAIL: gcc.dg/pch/static-2.c -O1 assembly comparison
FAIL: gcc.dg/pch/static-2.c -O2
FAIL: gcc.dg/pch/static-2.c -O2 assembly comparison
FAIL: gcc.dg/pch/static-2.c -O3 -fomit-frame-pointer
FAIL: gcc.dg/pch/static-2.c -O3 -fomit-frame-pointer assembly comparison
FAIL: gcc.dg/pch/static-2.c -O3 -g
FAIL: gcc.dg/pch/static-2.c -O3 -g assembly comparison
FAIL: gcc.dg/pch/static-2.c -Os
FAIL: gcc.dg/pch/static-2.c -Os assembly comparison
FAIL: gcc.dg/pch/static-3.c -O0 -g
FAIL: gcc.dg/pch/static-3.c -O0 -g assembly comparison
FAIL: gcc.dg/pch/static-3.c -O0
FAIL: gcc.dg/pch/static-3.c -O0 assembly comparison
FAIL: gcc.dg/pch/static-3.c -O1
FAIL: gcc.dg/pch/static-3.c -O1 assembly comparison
FAIL: gcc.dg/pch/static-3.c -O2
FAIL: gcc.dg/pch/static-3.c -O2 assembly comparison
FAIL: gcc.dg/pch/static-3.c -O3 -fomit-frame-pointer
FAIL: gcc.dg/pch/static-3.c -O3 -fomit-frame-pointer assembly comparison
FAIL: gcc.dg/pch/static-3.c -O3 -g
FAIL: gcc.dg/pch/static-3.c -O3 -g assembly comparison
FAIL: gcc.dg/pch/static-3.c -Os
FAIL: gcc.dg/pch/static-3.c -Os assembly comparison
FAIL: gcc.dg/pch/struct-1.c -O0 -g
FAIL: gcc.dg/pch/struct-1.c -O0 -g assembly comparison
FAIL: gcc.dg/pch/struct-1.c -O0
FAIL: gcc.dg/pch/struct-1.c -O0 assembly comparison
FAIL: gcc.dg/pch/struct-1.c -O1
FAIL: gcc.dg/pch/struct-1.c -O1 assembly comparison
FAIL: gcc.dg/pch/struct-1.c -O2
FAIL: gcc.dg/pch/struct-1.c -O2 assembly comparison
FAIL: gcc.dg/pch/struct-1.c -O3 -fomit-frame-pointer
FAIL: gcc.dg/pch/struct-1.c -O3 -fomit-frame-pointer assembly comparison
FAIL: gcc.dg/pch/struct-1.c -O3 -g
FAIL: gcc.dg/pch/struct-1.c -O3 -g assembly comparison
FAIL: gcc.dg/pch/struct-1.c -Os
FAIL: gcc.dg/pch/struct-1.c -Os assembly comparison
FAIL: gcc.dg/pch/system-1.c -O0 -g
FAIL: gcc.dg/pch/system-1.c -O0 -g assembly comparison
FAIL: gcc.dg/pch/system-1.c -O0
FAIL: gcc.dg/pch/system-1.c -O0 assembly comparison
FAIL: gcc.dg/pch/system-1.c -O1
FAIL: gcc.dg/pch/system-1.c -O1 assembly comparison
FAIL: gcc.dg/pch/system-1.c -O2
FAIL: gcc.dg/pch/system-1.c -O2 assembly comparison
FAIL: gcc.dg/pch/system-1.c -O3 -fomit-frame-pointer
FAIL: gcc.dg/pch/system-1.c -O3 -fomit-frame-pointer assembly comparison
FAIL: gcc.dg/pch/system-1.c -O3 -g
FAIL: gcc.dg/pch/system-1.c -O3 -g assembly comparison
FAIL: gcc.dg/pch/system-1.c -Os
FAIL: gcc.dg/pch/system-1.c -Os assembly comparison
FAIL: ./valid-1.h (test for excess errors)
FAIL: gcc.dg/pch/valid-1.c -O0 -g
FAIL: ./valid-1.h (test for excess errors)
FAIL: gcc.dg/pch/valid-1.c -O0
FAIL: ./valid-1.h (test for excess errors)
FAIL: gcc.dg/pch/valid-1.c -O1
FAIL: ./valid-1.h (test for excess errors)
FAIL: gcc.dg/pch/valid-1.c -O2
FAIL: ./valid-1.h (test for excess errors)
FAIL: gcc.dg/pch/valid-1.c -O3 -fomit-frame-pointer
FAIL: ./valid-1.h (test for excess errors)
FAIL: gcc.dg/pch/valid-1.c -O3 -g
FAIL: ./valid-1.h (test for excess errors)
FAIL: gcc.dg/pch/valid-1.c -Os
FAIL: ./valid-1b.h (test for excess errors)
FAIL: gcc.dg/pch/valid-1b.c -O0 -g
FAIL: gcc.dg/pch/valid-1b.c -O0 -g assembly comparison
FAIL: ./valid-1b.h (test for excess errors)
FAIL: gcc.dg/pch/valid-1b.c -O0
FAIL: gcc.dg/pch/valid-1b.c -O0 assembly comparison
FAIL: ./valid-1b.h (test for excess errors)
FAIL: gcc.dg/pch/valid-1b.c -O1
FAIL: gcc.dg/pch/valid-1b.c -O1 assembly comparison
FAIL: ./valid-1b.h (test for excess errors)
FAIL: gcc.dg/pch/valid-1b.c -O2
FAIL: gcc.dg/pch/valid-1b.c -O2 assembly comparison
FAIL: ./valid-1b.h (test for excess errors)
FAIL: gcc.dg/pch/valid-1b.c -O3 -fomit-frame-pointer
FAIL: gcc.dg/pch/valid-1b.c -O3 -fomit-frame-pointer assembly comparison
FAIL: ./valid-1b.h (test for excess errors)
FAIL: gcc.dg/pch/valid-1b.c -O3 -g
FAIL: gcc.dg/pch/valid-1b.c -O3 -g assembly comparison
FAIL: ./valid-1b.h (test for excess errors)
FAIL: gcc.dg/pch/valid-1b.c -Os
FAIL: gcc.dg/pch/valid-1b.c -Os assembly comparison
FAIL: gcc.dg/pch/valid-2.c -O0 -g
FAIL: gcc.dg/pch/valid-2.c -O0
FAIL: gcc.dg/pch/valid-2.c -O1
FAIL: gcc.dg/pch/valid-2.c -O2
FAIL: gcc.dg/pch/valid-2.c -O3 -fomit-frame-pointer
FAIL: gcc.dg/pch/valid-2.c -O3 -g
FAIL: gcc.dg/pch/valid-2.c -Os
FAIL: gcc.dg/pch/valid-4.c -O0 -g
FAIL: gcc.dg/pch/valid-4.c -O0 -g assembly comparison
FAIL: gcc.dg/pch/valid-4.c -O0
FAIL: gcc.dg/pch/valid-4.c -O0 assembly comparison
FAIL: gcc.dg/pch/valid-4.c -O1
FAIL: gcc.dg/pch/valid-4.c -O1 assembly comparison
FAIL: gcc.dg/pch/valid-4.c -O2
FAIL: gcc.dg/pch/valid-4.c -O2 assembly comparison
FAIL: gcc.dg/pch/valid-4.c -O3 -fomit-frame-pointer
FAIL: gcc.dg/pch/valid-4.c -O3 -fomit-frame-pointer assembly comparison
FAIL: gcc.dg/pch/valid-4.c -O3 -g
FAIL: gcc.dg/pch/valid-4.c -O3 -g assembly comparison
FAIL: gcc.dg/pch/valid-4.c -Os
FAIL: gcc.dg/pch/valid-4.c -Os assembly comparison
FAIL: gcc.dg/pch/valid-5.c -O0 -g
FAIL: gcc.dg/pch/valid-5.c -O0 -g assembly comparison
FAIL: gcc.dg/pch/valid-5.c -O0
FAIL: gcc.dg/pch/valid-5.c -O0 assembly comparison
FAIL: gcc.dg/pch/valid-5.c -O1
FAIL: gcc.dg/pch/valid-5.c -O1 assembly comparison
FAIL: gcc.dg/pch/valid-5.c -O2
FAIL: gcc.dg/pch/valid-5.c -O2 assembly comparison
FAIL: gcc.dg/pch/valid-5.c -O3 -fomit-frame-pointer
FAIL: gcc.dg/pch/valid-5.c -O3 -fomit-frame-pointer assembly comparison
FAIL: gcc.dg/pch/valid-5.c -O3 -g
FAIL: gcc.dg/pch/valid-5.c -O3 -g assembly comparison
FAIL: gcc.dg/pch/valid-5.c -Os
FAIL: gcc.dg/pch/valid-5.c -Os assembly comparison
FAIL: gcc.dg/pch/valid-6.c -O0 -g
FAIL: gcc.dg/pch/valid-6.c -O0 -g assembly comparison
FAIL: gcc.dg/pch/valid-6.c -O0
FAIL: gcc.dg/pch/valid-6.c -O0 assembly comparison
FAIL: gcc.dg/pch/valid-6.c -O1
FAIL: gcc.dg/pch/valid-6.c -O1 assembly comparison
FAIL: gcc.dg/pch/valid-6.c -O2
FAIL: gcc.dg/pch/valid-6.c -O2 assembly comparison
FAIL: gcc.dg/pch/valid-6.c -O3 -fomit-frame-pointer
FAIL: gcc.dg/pch/valid-6.c -O3 -fomit-frame-pointer assembly comparison
FAIL: gcc.dg/pch/valid-6.c -O3 -g
FAIL: gcc.dg/pch/valid-6.c -O3 -g assembly comparison
FAIL: gcc.dg/pch/valid-6.c -Os
FAIL: gcc.dg/pch/valid-6.c -Os assembly comparison
FAIL: gcc.dg/pch/warn-1.c -O0 -g
FAIL: gcc.dg/pch/warn-1.c -O0
FAIL: gcc.dg/pch/warn-1.c -O1
FAIL: gcc.dg/pch/warn-1.c -O2
FAIL: gcc.dg/pch/warn-1.c -O3 -fomit-frame-pointer
FAIL: gcc.dg/pch/warn-1.c -O3 -g
FAIL: gcc.dg/pch/warn-1.c -Os
FAIL: gcc.dg/pch/largefile.c -O0 -g
FAIL: gcc.dg/pch/largefile.c -O0 -g assembly comparison
FAIL: gcc.dg/pch/largefile.c -O0
FAIL: gcc.dg/pch/largefile.c -O0 assembly comparison
FAIL: gcc.dg/pch/largefile.c -O1
FAIL: gcc.dg/pch/largefile.c -O1 assembly comparison
FAIL: gcc.dg/pch/largefile.c -O2
FAIL: gcc.dg/pch/largefile.c -O2 assembly comparison
FAIL: gcc.dg/pch/largefile.c -O3 -fomit-frame-pointer
FAIL: gcc.dg/pch/largefile.c -O3 -fomit-frame-pointer assembly comparison
FAIL: gcc.dg/pch/largefile.c -O3 -g
FAIL: gcc.dg/pch/largefile.c -O3 -g assembly comparison
FAIL: gcc.dg/pch/largefile.c -Os
FAIL: gcc.dg/pch/largefile.c -Os assembly comparison
FAIL: gcc.dg/special/gcsec-1.c execution test
XPASS: gcc.dg/struct/wo_prof_array_through_pointer.c scan-ipa-dump ipa_struct_reorg "Number of structures to transform is 1"
FAIL: gcc.dg/struct/wo_prof_double_malloc.c (internal compiler error)
FAIL: gcc.dg/struct/wo_prof_double_malloc.c (test for excess errors)
WARNING: gcc.dg/struct/wo_prof_double_malloc.c compilation failed to produce executable
FAIL: gcc.dg/torture/pr26565.c execution test
FAIL: gcc.dg/torture/pr26565.c execution test
FAIL: gcc.dg/torture/pr26565.c execution test
FAIL: gcc.dg/torture/pr26763-2.c (test for excess errors)
WARNING: gcc.dg/torture/pr26763-2.c compilation failed to produce executable
FAIL: gcc.dg/torture/pr26763-2.c (test for excess errors)
WARNING: gcc.dg/torture/pr26763-2.c compilation failed to produce executable
FAIL: gcc.dg/torture/pr26763-2.c (test for excess errors)
WARNING: gcc.dg/torture/pr26763-2.c compilation failed to produce executable
FAIL: gcc.dg/torture/pr26763-2.c (test for excess errors)
WARNING: gcc.dg/torture/pr26763-2.c compilation failed to produce executable
FAIL: gcc.dg/torture/pr26998.c (test for excess errors)
FAIL: gcc.dg/torture/pr26998.c (test for excess errors)
FAIL: gcc.dg/torture/pr26998.c (test for excess errors)
FAIL: gcc.dg/torture/pr26998.c (test for excess errors)
FAIL: gcc.dg/torture/pr26998.c (test for excess errors)
FAIL: gcc.dg/torture/pr26998.c (test for excess errors)
FAIL: gcc.dg/torture/pr28900.c (test for excess errors)
FAIL: gcc.dg/torture/pr28900.c (test for excess errors)
FAIL: gcc.dg/torture/pr28900.c (test for excess errors)
FAIL: gcc.dg/torture/pr28900.c (test for excess errors)
FAIL: gcc.dg/torture/pr28900.c (test for excess errors)
FAIL: gcc.dg/torture/pr28900.c (test for excess errors)
FAIL: gcc.dg/torture/pr30364-1.c (test for excess errors)
WARNING: gcc.dg/torture/pr30364-1.c compilation failed to produce executable
FAIL: gcc.dg/torture/pr30364-1.c (test for excess errors)
WARNING: gcc.dg/torture/pr30364-1.c compilation failed to produce executable
FAIL: gcc.dg/torture/pr30364-1.c (test for excess errors)
WARNING: gcc.dg/torture/pr30364-1.c compilation failed to produce executable
FAIL: gcc.dg/torture/pr30364-1.c (test for excess errors)
WARNING: gcc.dg/torture/pr30364-1.c compilation failed to produce executable
FAIL: gcc.dg/torture/pr30364-1.c (test for excess errors)
WARNING: gcc.dg/torture/pr30364-1.c compilation failed to produce executable
FAIL: gcc.dg/torture/pr30364-1.c (test for excess errors)
WARNING: gcc.dg/torture/pr30364-1.c compilation failed to produce executable
FAIL: gcc.dg/torture/pr30364-2.c (test for excess errors)
WARNING: gcc.dg/torture/pr30364-2.c compilation failed to produce executable
FAIL: gcc.dg/torture/pr30364-2.c (test for excess errors)
WARNING: gcc.dg/torture/pr30364-2.c compilation failed to produce executable
FAIL: gcc.dg/torture/pr30364-2.c (test for excess errors)
WARNING: gcc.dg/torture/pr30364-2.c compilation failed to produce executable
FAIL: gcc.dg/torture/pr30364-2.c (test for excess errors)
WARNING: gcc.dg/torture/pr30364-2.c compilation failed to produce executable
FAIL: gcc.dg/torture/pr30364-2.c (test for excess errors)
WARNING: gcc.dg/torture/pr30364-2.c compilation failed to produce executable
FAIL: gcc.dg/torture/pr30364-2.c (test for excess errors)
WARNING: gcc.dg/torture/pr30364-2.c compilation failed to produce executable
FAIL: gcc.dg/torture/pr30364-3.c (test for excess errors)
WARNING: gcc.dg/torture/pr30364-3.c compilation failed to produce executable
FAIL: gcc.dg/torture/pr30364-3.c (test for excess errors)
WARNING: gcc.dg/torture/pr30364-3.c compilation failed to produce executable
FAIL: gcc.dg/torture/pr30364-3.c (test for excess errors)
WARNING: gcc.dg/torture/pr30364-3.c compilation failed to produce executable
FAIL: gcc.dg/torture/pr30364-3.c (test for excess errors)
WARNING: gcc.dg/torture/pr30364-3.c compilation failed to produce executable
FAIL: gcc.dg/torture/pr30364-3.c (test for excess errors)
WARNING: gcc.dg/torture/pr30364-3.c compilation failed to produce executable
FAIL: gcc.dg/torture/pr30364-3.c (test for excess errors)
WARNING: gcc.dg/torture/pr30364-3.c compilation failed to produce executable
FAIL: gcc.dg/torture/pr38774.c (test for excess errors)
FAIL: gcc.dg/torture/pr38774.c (test for excess errors)
FAIL: gcc.dg/torture/pr38774.c (test for excess errors)
FAIL: gcc.dg/torture/pr38774.c (test for excess errors)
FAIL: gcc.dg/torture/pr38774.c (test for excess errors)
FAIL: gcc.dg/torture/pr38774.c (test for excess errors)
FAIL: gcc.dg/torture/tree-loop-1.c (test for excess errors)
FAIL: gcc.dg/torture/tree-loop-1.c (test for excess errors)
FAIL: gcc.dg/torture/tree-loop-1.c (test for excess errors)
FAIL: gcc.dg/torture/tree-loop-1.c (test for excess errors)
FAIL: gcc.dg/torture/tree-loop-1.c (test for excess errors)
FAIL: gcc.dg/torture/tree-loop-1.c (test for excess errors)
FAIL: gcc.dg/torture/tree-loop-1.c (test for excess errors)
FAIL: gcc.dg/torture/type-generic-1.c (test for excess errors)
WARNING: gcc.dg/torture/type-generic-1.c compilation failed to produce executable
FAIL: gcc.dg/torture/type-generic-1.c (test for excess errors)
WARNING: gcc.dg/torture/type-generic-1.c compilation failed to produce executable
FAIL: gcc.dg/torture/type-generic-1.c (test for excess errors)
WARNING: gcc.dg/torture/type-generic-1.c compilation failed to produce executable
FAIL: gcc.dg/torture/type-generic-1.c (test for excess errors)
WARNING: gcc.dg/torture/type-generic-1.c compilation failed to produce executable
FAIL: gcc.dg/torture/type-generic-1.c (test for excess errors)
WARNING: gcc.dg/torture/type-generic-1.c compilation failed to produce executable
FAIL: gcc.dg/tree-ssa/ifc-20040816-1.c (test for excess errors)
ERROR: gcc.dg/tree-ssa/inline-3.c: error executing dg-final: couldn't open "inline-3.c.025t.einline2 inline-3.c.027t.einline2": no such file or directory
UNRESOLVED: gcc.dg/tree-ssa/inline-3.c: error executing dg-final: couldn't open "inline-3.c.025t.einline2 inline-3.c.027t.einline2": no such file or directory
FAIL: gcc.dg/tree-ssa/pr14490-1.c (test for excess errors)
FAIL: gcc.dg/tree-ssa/pr14490-3.c (test for excess errors)
FAIL: gcc.dg/tree-ssa/pr21829.c (test for excess errors)
FAIL: gcc.dg/tree-ssa/pr23115.c (test for excess errors)
WARNING: gcc.dg/tree-ssa/pr23115.c compilation failed to produce executable
FAIL: gcc.dg/tree-ssa/pr25485.c (test for excess errors)
FAIL: gcc.dg/tree-ssa/pr30978.c (test for excess errors)
FAIL: gcc.dg/tree-ssa/pr32681.c (test for excess errors)
FAIL: gcc.dg/tree-ssa/ssa-ccp-25.c scan-tree-dump ccp1 "&a\\[[iD]\\."
FAIL: gcc.dg/tree-ssa/ssa-ccp-25.c scan-tree-dump forwprop1 "= a\\[[iD]\\."
FAIL: gcc.dg/tree-ssa/ssa-ifcombine-3.c (test for excess errors)
FAIL: gcc.dg/tree-ssa/ssa-ifcombine-7.c (test for excess errors)
FAIL: gcc.dg/tree-ssa/vrp30.c (test for excess errors)
FAIL: gcc.dg/tree-ssa/vrp35.c (test for excess errors)
=== gcc Summary ===
# of expected passes 48679
# of unexpected failures 1124
# of unexpected successes 3
# of expected failures 76
# of unresolved testcases 358
# of unsupported tests 737
/fac/vol6/software/sterling/gcc_tot/build/gcc/xgcc version 4.5.0 20090629 (experimental) (GCC)
Compiler version: 4.5.0 20090629 (experimental) (GCC) gcc
Platform: xtensa-unknown-elf
configure flags: --target=xtensa-elf --with-mpfr=/fac/vol6/software/sterling/gcc_stuff --with-gmp=/fac/vol6/software/sterling/gcc_stuff/ --prefix=/fac/vol6/software/sterling/gcc_tot/install/ --with-newlib --disable-shared target_alias=xtensa-elf --enable-languages=c --no-create --no-recursion