This is the mail archive of the
gcc-testresults@gcc.gnu.org
mailing list for the GCC project.
Results for 4.5.0 20090618 (experimental) [trunk revision 148658] (GCC) testsuite on i686-pc-linux-gnu
- From: hjl at gnu-3 dot sc dot intel dot com (H.J. Lu (ia32))
- To: gcc-testresults at gcc dot gnu dot org
- Date: Thu, 18 Jun 2009 13:12:54 -0700 (PDT)
- Subject: Results for 4.5.0 20090618 (experimental) [trunk revision 148658] (GCC) testsuite on i686-pc-linux-gnu
LAST_UPDATED: Thu Jun 18 13:20:11 UTC 2009 (revision 148658)
Native configuration is i686-pc-linux-gnu
=== gcc tests ===
Running target emx-avx-sim
FAIL: gcc.c-torture/compile/limits-exprparen.c -O0 (test for excess errors)
FAIL: gcc.c-torture/compile/limits-exprparen.c -O1 (test for excess errors)
FAIL: gcc.c-torture/compile/limits-exprparen.c -O2 (test for excess errors)
FAIL: gcc.c-torture/compile/limits-exprparen.c -O3 -fomit-frame-pointer (test for excess errors)
FAIL: gcc.c-torture/compile/limits-exprparen.c -O3 -g (test for excess errors)
FAIL: gcc.c-torture/compile/limits-exprparen.c -Os (test for excess errors)
XPASS: gcc.dg/Warray-bounds.c (test for warnings, line 59)
XPASS: gcc.dg/Warray-bounds.c (test for warnings, line 65)
FAIL: gcc.dg/Wshadow-3.c (test for warnings, line 47)
FAIL: gcc.dg/Wshadow-3.c (test for excess errors)
FAIL: gcc.dg/pr36902.c (test for warnings, line 47)
FAIL: gcc.dg/pr36902.c (test for excess errors)
XPASS: gcc.dg/struct/wo_prof_array_through_pointer.c scan-ipa-dump ipa_struct_reorg "Number of structures to transform is 1"
FAIL: gcc.dg/torture/stackalign/builtin-apply-4.c -O0 execution test
FAIL: gcc.dg/torture/stackalign/builtin-apply-4.c -O1 execution test
FAIL: gcc.dg/torture/stackalign/builtin-apply-4.c -O2 execution test
FAIL: gcc.dg/torture/stackalign/builtin-apply-4.c -O3 -fomit-frame-pointer execution test
FAIL: gcc.dg/torture/stackalign/builtin-apply-4.c -O3 -g execution test
FAIL: gcc.dg/torture/stackalign/builtin-apply-4.c -Os execution test
FAIL: gcc.dg/torture/stackalign/builtin-apply-4.c -O0 execution test
FAIL: gcc.dg/torture/stackalign/builtin-apply-4.c -O1 execution test
FAIL: gcc.dg/torture/stackalign/builtin-apply-4.c -O2 execution test
FAIL: gcc.dg/torture/stackalign/builtin-apply-4.c -O3 -fomit-frame-pointer execution test
FAIL: gcc.dg/torture/stackalign/builtin-apply-4.c -O3 -g execution test
FAIL: gcc.dg/torture/stackalign/builtin-apply-4.c -Os execution test
FAIL: gcc.dg/torture/stackalign/builtin-apply-4.c -O0 execution test
FAIL: gcc.dg/torture/stackalign/builtin-apply-4.c -O1 execution test
FAIL: gcc.dg/torture/stackalign/builtin-apply-4.c -O2 execution test
FAIL: gcc.dg/torture/stackalign/builtin-apply-4.c -O3 -fomit-frame-pointer execution test
FAIL: gcc.dg/torture/stackalign/builtin-apply-4.c -O3 -g execution test
FAIL: gcc.dg/torture/stackalign/builtin-apply-4.c -Os execution test
FAIL: gcc.dg/torture/stackalign/builtin-apply-4.c -O0 execution test
FAIL: gcc.dg/torture/stackalign/builtin-apply-4.c -O1 execution test
FAIL: gcc.dg/torture/stackalign/builtin-apply-4.c -O2 execution test
FAIL: gcc.dg/torture/stackalign/builtin-apply-4.c -O3 -fomit-frame-pointer execution test
FAIL: gcc.dg/torture/stackalign/builtin-apply-4.c -O3 -g execution test
FAIL: gcc.dg/torture/stackalign/builtin-apply-4.c -Os execution test
FAIL: gcc.dg/tree-ssa/gen-vect-26.c scan-tree-dump-times vect "Vectorizing an unaligned access" 0
FAIL: gcc.dg/tree-ssa/gen-vect-26.c scan-tree-dump-times vect "Alignment of access forced using peeling" 1
FAIL: gcc.dg/tree-ssa/gen-vect-28.c scan-tree-dump-times vect "Vectorizing an unaligned access" 0
FAIL: gcc.dg/tree-ssa/gen-vect-28.c scan-tree-dump-times vect "Alignment of access forced using peeling" 1
FAIL: gcc.misc-tests/i386-pf-none-1.c scan-assembler-not fetch
FAIL: gcc.misc-tests/i386-pf-none-1.c scan-assembler-not fetch
FAIL: gcc.misc-tests/i386-pf-none-1.c scan-assembler-not fetch
FAIL: gcc.misc-tests/i386-pf-none-1.c scan-assembler-not fetch
FAIL: gcc.misc-tests/i386-pf-none-1.c scan-assembler-not fetch
FAIL: gcc.misc-tests/i386-pf-none-1.c scan-assembler-not fetch
FAIL: gcc.misc-tests/i386-pf-none-1.c scan-assembler-not fetch
FAIL: gcc.misc-tests/i386-pf-none-1.c scan-assembler-not fetch
FAIL: gcc.misc-tests/i386-pf-none-1.c scan-assembler-not fetch
FAIL: gcc.misc-tests/i386-pf-none-1.c scan-assembler-not fetch
FAIL: gcc.misc-tests/i386-pf-none-1.c scan-assembler-not fetch
FAIL: gcc.misc-tests/i386-pf-none-1.c scan-assembler-not fetch
FAIL: gcc.misc-tests/i386-pf-none-1.c scan-assembler-not fetch
FAIL: gcc.misc-tests/i386-pf-none-1.c scan-assembler-not fetch
FAIL: gcc.misc-tests/i386-pf-3dnow-1.c scan-assembler-not prefetchnta
FAIL: gcc.misc-tests/i386-pf-3dnow-1.c scan-assembler-not prefetcht
FAIL: gcc.misc-tests/i386-pf-3dnow-1.c scan-assembler-not prefetchnta
FAIL: gcc.misc-tests/i386-pf-3dnow-1.c scan-assembler-not prefetcht
FAIL: gcc.misc-tests/i386-pf-3dnow-1.c scan-assembler-not prefetchnta
FAIL: gcc.misc-tests/i386-pf-3dnow-1.c scan-assembler-not prefetcht
FAIL: gcc.target/i386/defines-1.c (test for excess errors)
FAIL: gcc.target/i386/funcspec-1.c scan-assembler fsubs[ \\t]
FAIL: gcc.target/i386/funcspec-10.c scan-assembler-not cmov
FAIL: gcc.target/i386/funcspec-8.c (test for errors, line 27)
FAIL: gcc.target/i386/funcspec-8.c (test for errors, line 46)
FAIL: gcc.target/i386/funcspec-8.c (test for errors, line 65)
FAIL: gcc.target/i386/funcspec-8.c (test for errors, line 84)
FAIL: gcc.target/i386/funcspec-8.c (test for errors, line 103)
FAIL: gcc.target/i386/funcspec-8.c (test for errors, line 122)
FAIL: gcc.target/i386/funcspec-8.c (test for errors, line 141)
FAIL: gcc.target/i386/funcspec-8.c (test for errors, line 160)
FAIL: gcc.target/i386/funcspec-8.c (test for excess errors)
FAIL: gcc.target/i386/isa-10.c execution test
FAIL: gcc.target/i386/isa-11.c execution test
FAIL: gcc.target/i386/isa-12.c execution test
FAIL: gcc.target/i386/isa-13.c execution test
FAIL: gcc.target/i386/isa-14.c execution test
FAIL: gcc.target/i386/isa-4.c execution test
FAIL: gcc.target/i386/isa-5.c execution test
FAIL: gcc.target/i386/isa-6.c execution test
FAIL: gcc.target/i386/isa-7.c execution test
FAIL: gcc.target/i386/isa-8.c execution test
FAIL: gcc.target/i386/isa-9.c execution test
FAIL: gcc.target/i386/parity-1.c scan-assembler setnp
FAIL: gcc.target/i386/parity-2.c scan-assembler setnp
FAIL: gcc.target/i386/pr38824.c scan-assembler-not addps[^\\\\n]*%[er]
FAIL: gcc.target/i386/pr39162.c (test for warnings, line 7)
FAIL: gcc.target/i386/sse-5.c (test for warnings, line 7)
FAIL: gcc.target/i386/ssefn-1.c scan-assembler-not movsd
FAIL: gcc.target/i386/ssefn-1.c scan-assembler-not mulsd
FAIL: gcc.target/i386/sseregparm-2.c (test for errors, line 7)
FAIL: gcc.target/i386/sseregparm-2.c (test for errors, line 8)
FAIL: gcc.target/i386/sseregparm-8.c (test for errors, line 13)
FAIL: gcc.target/i386/sseregparm-8.c (test for errors, line 14)
FAIL: gcc.target/i386/sseregparm-8.c (test for errors, line 15)
FAIL: gcc.target/i386/sseregparm-8.c (test for errors, line 16)
FAIL: gcc.target/i386/vecinit-1.c scan-assembler-not xor
FAIL: gcc.target/i386/vecinit-2.c scan-assembler-not xor
FAIL: gcc.target/i386/xorps-sse.c scan-assembler xorps[ \\t]
=== gcc Summary ===
# of expected passes 57733
# of unexpected failures 97
# of unexpected successes 3
# of expected failures 193
# of unsupported tests 531
/export/build/gnu/gcc-avx/build-i686-linux/gcc/xgcc version 4.5.0 20090618 (experimental) [trunk revision 148658] (GCC)
=== gfortran tests ===
Running target emx-avx-sim
FAIL: gfortran.dg/bind_c_usage_13.f03 -O scan-tree-dump original "mult_array .&.abc..1..lb: 1 sz: 1., &.ab..1..lb: 1 sz: 1., 3, 2.;"
FAIL: gfortran.dg/bind_c_usage_13.f03 -O scan-tree-dump original "mult .&.u..1..lb: 1 sz: 1., &.x..1..lb: 1 sz: 1., 1, 1.;"
FAIL: gfortran.dg/bind_c_usage_13.f03 -O scan-tree-dump original "mult_val ..x., .x., 1, 1.;"
FAIL: gfortran.dg/bind_c_usage_13.f03 -O scan-tree-dump original "sub_array .&.abc..1..lb: 1 sz: 1., 3.;"
FAIL: gfortran.dg/bind_c_usage_13.f03 -O scan-tree-dump original "sub .&.u..1..lb: 1 sz: 1., 1.;"
FAIL: gfortran.dg/bind_c_usage_13.f03 -O scan-tree-dump original "sub_val ..x., 1.;"
FAIL: gfortran.dg/bind_c_usage_14.f03 -O scan-tree-dump original "master.0.sub3noiso .0, 0B, 0B, 0B, b, a, 0, 0, 1, 1\\);"
FAIL: gfortran.dg/bind_c_usage_14.f03 -O scan-tree-dump original "master.0.sub3noiso .1, z, y, x, 0B, 0B, 1, 1, 0, 0\\);"
FAIL: gfortran.dg/bind_c_usage_14.f03 -O scan-tree-dump original "master.1.sub4iso .0, 0B, 0B, 0B, b, a, 0, 0, 1, 1\\);"
FAIL: gfortran.dg/bind_c_usage_14.f03 -O scan-tree-dump original "master.1.sub4iso .1, z, y, x, 0B, 0B, 1, 1, 0, 0\\);"
FAIL: gfortran.dg/bind_c_usage_14.f03 -O scan-tree-dump original "master.2.sub5iso .0, 0B, 0B, 0B, b, a, 0, 0, 1, 1\\);"
FAIL: gfortran.dg/bind_c_usage_14.f03 -O scan-tree-dump original "master.2.sub5iso .1, z, y, x, 0B, 0B, 1, 1, 0, 0\\);"
FAIL: gfortran.dg/bind_c_usage_14.f03 -O scan-tree-dump original "master.3.sub6noiso .0, 0B, 0B, 0B, b, a, 0, 0, 1, 1\\);"
FAIL: gfortran.dg/bind_c_usage_14.f03 -O scan-tree-dump original "master.3.sub6noiso .1, z, y, x, 0B, 0B, 1, 1, 0, 0\\);"
FAIL: gfortran.dg/c_f_pointer_tests_3.f90 -O scan-tree-dump-times original "c_f" 1
FAIL: gfortran.dg/c_f_pointer_tests_3.f90 -O scan-tree-dump-times original "c_f_pointer" 1
FAIL: gfortran.dg/c_f_pointer_tests_3.f90 -O scan-tree-dump-times original "c_f_pointer_i4" 1
FAIL: gfortran.dg/missing_optional_dummy_4.f90 -O scan-tree-dump original " tm_doit \\(0B, 0\\);"
FAIL: gfortran.dg/missing_optional_dummy_5.f90 -O scan-tree-dump original " tm_doit \\(&parm.(6|7), 0B, 0\\);"
WARNING: program timed out.
FAIL: gfortran.dg/vect/fast-math-pr38968.f90 execution test
=== gfortran Summary ===
# of expected passes 30707
# of unexpected failures 20
# of expected failures 20
# of unsupported tests 103
/export/build/gnu/gcc-avx/build-i686-linux/gcc/testsuite/gfortran/../../gfortran version 4.5.0 20090618 (experimental) [trunk revision 148658] (GCC)
=== g++ tests ===
Running target emx-avx-sim
=== g++ Summary ===
# of expected passes 20169
# of expected failures 148
# of unsupported tests 114
/export/build/gnu/gcc-avx/build-i686-linux/gcc/testsuite/g++/../../g++ version 4.5.0 20090618 (experimental) [trunk revision 148658] (GCC)
=== objc tests ===
Running target emx-avx-sim
=== objc Summary ===
# of expected passes 1873
# of expected failures 7
# of unsupported tests 24
/export/build/gnu/gcc-avx/build-i686-linux/gcc/xgcc version 4.5.0 20090618 (experimental) [trunk revision 148658] (GCC)
=== libffi tests ===
Running target emx-avx-sim
=== libffi Summary ===
# of expected passes 1589
# of expected failures 15
# of unsupported tests 15
=== libgomp tests ===
Running target emx-avx-sim
=== libgomp Summary ===
# of expected passes 2408
=== libjava tests ===
Running target emx-avx-sim
=== libjava Summary ===
# of expected passes 2574
=== libmudflap tests ===
Running target emx-avx-sim
FAIL: libmudflap.c/fail17-frag.c (-static) (test for excess errors)
FAIL: libmudflap.c/fail23-frag.c (-static) (test for excess errors)
FAIL: libmudflap.c/fail25-frag.c (-static) (test for excess errors)
FAIL: libmudflap.c/fail4-frag.c (-static) (test for excess errors)
FAIL: libmudflap.c/fail5-frag.c (-static) (test for excess errors)
FAIL: libmudflap.c/fail6-frag.c (-static) (test for excess errors)
FAIL: libmudflap.c/fail7-frag.c (-static) (test for excess errors)
FAIL: libmudflap.c/fail8-frag.c (-static) (test for excess errors)
FAIL: libmudflap.c/fail9-frag.c (-static) (test for excess errors)
FAIL: libmudflap.c/heap-scalestress.c (-static) (test for excess errors)
FAIL: libmudflap.c/hook-allocstuff.c (-static) (test for excess errors)
FAIL: libmudflap.c/pass-stratcliff.c (-static) (test for excess errors)
FAIL: libmudflap.c/pass30-frag.c (-static) (test for excess errors)
FAIL: libmudflap.c/pass30-frag.c (-static) (test for excess errors)
FAIL: libmudflap.c/pass4-frag.c (-static) (test for excess errors)
FAIL: libmudflap.c/pass4-frag.c (-static) (test for excess errors)
FAIL: libmudflap.c/pass45-frag.c (-static) (test for excess errors)
FAIL: libmudflap.c/pass45-frag.c (-static) (test for excess errors)
FAIL: libmudflap.c/pass46-frag.c (-static) (test for excess errors)
FAIL: libmudflap.c/pass46-frag.c (-static) (test for excess errors)
FAIL: libmudflap.c/pass47-frag.c (-static) (test for excess errors)
FAIL: libmudflap.c/pass47-frag.c (-static) (test for excess errors)
FAIL: libmudflap.c/pass49-frag.c (-static) (test for excess errors)
FAIL: libmudflap.c/pass49-frag.c (-static) (test for excess errors)
FAIL: libmudflap.c/pass5-frag.c (-static) (test for excess errors)
FAIL: libmudflap.c/pass5-frag.c (-static) (test for excess errors)
FAIL: libmudflap.c/pass51-frag.c (-static) (test for excess errors)
FAIL: libmudflap.c/pass51-frag.c (-static) (test for excess errors)
FAIL: libmudflap.c/pass52-frag.c (-static) (test for excess errors)
FAIL: libmudflap.c/pass52-frag.c (-static) (test for excess errors)
FAIL: libmudflap.c/pass6-frag.c (-static) (test for excess errors)
FAIL: libmudflap.c/pass6-frag.c (-static) (test for excess errors)
FAIL: libmudflap.c/pass7-frag.c (-static) (test for excess errors)
FAIL: libmudflap.c/pass7-frag.c (-static) (test for excess errors)
FAIL: libmudflap.c/pass8-frag.c (-static) (test for excess errors)
FAIL: libmudflap.c/pass8-frag.c (-static) (test for excess errors)
FAIL: libmudflap.c/pass9-frag.c (-static) (test for excess errors)
FAIL: libmudflap.c/pass9-frag.c (-static) (test for excess errors)
FAIL: libmudflap.c++/pass41-frag.cxx execution test
FAIL: libmudflap.c++/fail24-frag.cxx (-static) (test for excess errors)
FAIL: libmudflap.c++/pass31-frag.cxx (-static) (test for excess errors)
FAIL: libmudflap.c++/pass41-frag.cxx (-static) execution test
FAIL: libmudflap.c++/pass41-frag.cxx ( -O) execution test
FAIL: libmudflap.c++/pass41-frag.cxx (-O2) execution test
FAIL: libmudflap.c++/pass41-frag.cxx (-O3) execution test
FAIL: libmudflap.cth/pass37-frag.c (-static -DSTATIC) (test for excess errors)
FAIL: libmudflap.cth/pass39-frag.c (-static -DSTATIC) (test for excess errors)
FAIL: libmudflap.cth/pass40-frag.c (-static -DSTATIC) (test for excess errors)
FAIL: libmudflap.cth/pass59-frag.c (-static -DSTATIC) (test for excess errors)
WARNING: program timed out.
FAIL: libmudflap.cth/pass39-frag.c (-O3) execution test
FAIL: libmudflap.cth/pass39-frag.c (-O3) output pattern test
WARNING: program timed out.
FAIL: libmudflap.cth/pass39-frag.c (-O3) (rerun 2) execution test
FAIL: libmudflap.cth/pass39-frag.c (-O3) (rerun 2) output pattern test
=== libmudflap Summary ===
# of expected passes 1841
# of unexpected failures 53
=== libstdc++ tests ===
Running target emx-avx-sim
FAIL: 21_strings/basic_string/cons/char/1.cc execution test
FAIL: 21_strings/basic_string/cons/wchar_t/1.cc execution test
FAIL: 21_strings/basic_string/init-list.cc execution test
FAIL: 21_strings/basic_string/insert/char/1.cc execution test
FAIL: 21_strings/basic_string/insert/wchar_t/1.cc execution test
FAIL: 22_locale/locale/cons/12438.cc execution test
FAIL: 23_containers/map/init-list.cc execution test
FAIL: 23_containers/multimap/init-list.cc execution test
FAIL: 23_containers/multiset/init-list.cc execution test
FAIL: 23_containers/set/init-list.cc execution test
FAIL: 23_containers/unordered_map/init-list.cc execution test
FAIL: 23_containers/unordered_multimap/init-list.cc execution test
FAIL: 23_containers/unordered_multiset/init-list.cc execution test
FAIL: 23_containers/unordered_set/init-list.cc execution test
XPASS: 26_numerics/headers/cmath/c99_classification_macros_c.cc (test for excess errors)
FAIL: 26_numerics/valarray/init-list.cc execution test
FAIL: 27_io/ios_base/storage/1.cc execution test
FAIL: 27_io/ios_base/storage/2.cc execution test
FAIL: 27_io/ios_base/storage/3.cc execution test
FAIL: ext/pb_ds/regression/list_update_data_map_rand.cc execution test
FAIL: ext/vstring/init-list.cc execution test
=== libstdc++ Summary ===
# of expected passes 6713
# of unexpected failures 20
# of unexpected successes 1
# of expected failures 81
# of unsupported tests 25
Compiler version: 4.5.0 20090618 (experimental) [trunk revision 148658] (GCC)
Platform: i686-pc-linux-gnu
configure flags: --enable-clocale=gnu --with-system-zlib --enable-checking=assert --with-demangler-in-ld --enable-shared --enable-threads=posix --enable-haifa --prefix=/usr/gcc-4.5-avx --with-local-prefix=/usr/local